[INFO] cloning repository https://github.com/Madzy007/rust-hero-api
[INFO] running `Command { std: "git" "-c" "credential.helper=" "-c" "credential.helper=/workspace/cargo-home/bin/git-credential-null" "clone" "--bare" "https://github.com/Madzy007/rust-hero-api" "/workspace/cache/git-repos/https%3A%2F%2Fgithub.com%2FMadzy007%2Frust-hero-api", kill_on_drop: false }`
[INFO] [stderr] Cloning into bare repository '/workspace/cache/git-repos/https%3A%2F%2Fgithub.com%2FMadzy007%2Frust-hero-api'...
[INFO] running `Command { std: "git" "rev-parse" "HEAD", kill_on_drop: false }`
[INFO] [stdout] 03a8b359718dcc7c3f9062d4e7be872e11873581
[INFO] testing Madzy007/rust-hero-api against beta-2021-08-01 for beta-1.55-1
[INFO] running `Command { std: "git" "clone" "/workspace/cache/git-repos/https%3A%2F%2Fgithub.com%2FMadzy007%2Frust-hero-api" "/workspace/builds/worker-0/source", kill_on_drop: false }`
[INFO] [stderr] Cloning into '/workspace/builds/worker-0/source'...
[INFO] [stderr] done.
[INFO] validating manifest of git repo https://github.com/Madzy007/rust-hero-api on toolchain beta-2021-08-01
[INFO] running `Command { std: "/workspace/cargo-home/bin/cargo" "+beta-2021-08-01" "metadata" "--manifest-path" "Cargo.toml" "--no-deps", kill_on_drop: false }`
[INFO] started tweaking git repo https://github.com/Madzy007/rust-hero-api
[INFO] finished tweaking git repo https://github.com/Madzy007/rust-hero-api
[INFO] tweaked toml for git repo https://github.com/Madzy007/rust-hero-api written to /workspace/builds/worker-0/source/Cargo.toml
[INFO] crate git repo https://github.com/Madzy007/rust-hero-api already has a lockfile, it will not be regenerated
[INFO] running `Command { std: "/workspace/cargo-home/bin/cargo" "+beta-2021-08-01" "fetch" "--manifest-path" "Cargo.toml", kill_on_drop: false }`
[INFO] [stderr]  Downloading crates ...
[INFO] [stderr]   Downloaded diesel v1.4.4
[INFO] running `Command { std: "docker" "create" "-v" "/var/lib/crater-agent-workspace/builds/worker-0/target:/opt/rustwide/target:rw,Z" "-v" "/var/lib/crater-agent-workspace/builds/worker-0/source:/opt/rustwide/workdir:ro,Z" "-v" "/var/lib/crater-agent-workspace/cargo-home:/opt/rustwide/cargo-home:ro,Z" "-v" "/var/lib/crater-agent-workspace/rustup-home:/opt/rustwide/rustup-home:ro,Z" "-e" "SOURCE_DIR=/opt/rustwide/workdir" "-e" "CARGO_TARGET_DIR=/opt/rustwide/target" "-e" "CARGO_HOME=/opt/rustwide/cargo-home" "-e" "RUSTUP_HOME=/opt/rustwide/rustup-home" "-w" "/opt/rustwide/workdir" "-m" "1610612736" "--user" "0:0" "--network" "none" "ghcr.io/rust-lang/crates-build-env/linux@sha256:34b6a614d2c27851fe6cbf88fbd1137609cefab8b10d0615aaeb6fd47975d74e" "/opt/rustwide/cargo-home/bin/cargo" "+beta-2021-08-01" "metadata" "--no-deps" "--format-version=1", kill_on_drop: false }`
[INFO] [stdout] 4a21162d183e1e6f656ca81f37f723830369388fdaf5c6c3661fa16541e80e54
[INFO] running `Command { std: "docker" "start" "-a" "4a21162d183e1e6f656ca81f37f723830369388fdaf5c6c3661fa16541e80e54", kill_on_drop: false }`
[INFO] running `Command { std: "docker" "inspect" "4a21162d183e1e6f656ca81f37f723830369388fdaf5c6c3661fa16541e80e54", kill_on_drop: false }`
[INFO] running `Command { std: "docker" "rm" "-f" "4a21162d183e1e6f656ca81f37f723830369388fdaf5c6c3661fa16541e80e54", kill_on_drop: false }`
[INFO] [stdout] 4a21162d183e1e6f656ca81f37f723830369388fdaf5c6c3661fa16541e80e54
[INFO] running `Command { std: "docker" "create" "-v" "/var/lib/crater-agent-workspace/builds/worker-0/target:/opt/rustwide/target:rw,Z" "-v" "/var/lib/crater-agent-workspace/builds/worker-0/source:/opt/rustwide/workdir:ro,Z" "-v" "/var/lib/crater-agent-workspace/cargo-home:/opt/rustwide/cargo-home:ro,Z" "-v" "/var/lib/crater-agent-workspace/rustup-home:/opt/rustwide/rustup-home:ro,Z" "-e" "SOURCE_DIR=/opt/rustwide/workdir" "-e" "CARGO_TARGET_DIR=/opt/rustwide/target" "-e" "CARGO_INCREMENTAL=0" "-e" "RUST_BACKTRACE=full" "-e" "RUSTFLAGS=--cap-lints=warn" "-e" "CARGO_HOME=/opt/rustwide/cargo-home" "-e" "RUSTUP_HOME=/opt/rustwide/rustup-home" "-w" "/opt/rustwide/workdir" "-m" "1610612736" "--user" "0:0" "--network" "none" "ghcr.io/rust-lang/crates-build-env/linux@sha256:34b6a614d2c27851fe6cbf88fbd1137609cefab8b10d0615aaeb6fd47975d74e" "/opt/rustwide/cargo-home/bin/cargo" "+beta-2021-08-01" "build" "--frozen" "--message-format=json", kill_on_drop: false }`
[INFO] [stdout] 8475cc12d76018120230f23c1c249727f7fa1758062128aba60fb888f4cf1ff0
[INFO] running `Command { std: "docker" "start" "-a" "8475cc12d76018120230f23c1c249727f7fa1758062128aba60fb888f4cf1ff0", kill_on_drop: false }`
[INFO] [stderr]     Blocking waiting for file lock on package cache
[INFO] [stderr]    Compiling smallvec v1.3.0
[INFO] [stderr]    Compiling cc v1.0.50
[INFO] [stderr]    Compiling serde v1.0.106
[INFO] [stderr]    Compiling syn v1.0.17
[INFO] [stderr]    Compiling pkg-config v0.3.17
[INFO] [stderr]    Compiling ryu v1.0.3
[INFO] [stderr]    Compiling indexmap v1.3.2
[INFO] [stderr]    Compiling rocket_codegen v0.4.4
[INFO] [stderr]    Compiling rocket v0.4.4
[INFO] [stderr]    Compiling pear_codegen v0.1.2
[INFO] [stderr]    Compiling memchr v2.3.3
[INFO] [stderr]    Compiling walkdir v2.3.1
[INFO] [stderr]    Compiling base64 v0.9.3
[INFO] [stderr]    Compiling time v0.1.42
[INFO] [stderr]    Compiling net2 v0.2.33
[INFO] [stderr]    Compiling iovec v0.1.4
[INFO] [stderr]    Compiling inotify-sys v0.1.3
[INFO] [stderr]    Compiling base64 v0.10.1
[INFO] [stderr]    Compiling filetime v0.2.9
[INFO] [stderr]    Compiling devise_core v0.2.0
[INFO] [stdout] error[E0554]: `#![feature]` may not be used on the beta release channel
[INFO] [stdout]  --> /opt/rustwide/cargo-home/registry/src/github.com-1ecc6299db9ec823/devise_core-0.2.0/src/lib.rs:1:1
[INFO] [stdout]   |
[INFO] [stdout] 1 | #![feature(proc_macro_diagnostic, proc_macro_span)]
[INFO] [stdout]   | ^^^^^^^^^^^^^^^^^^^^^^^^^^^^^^^^^^^^^^^^^^^^^^^^^^^
[INFO] [stdout] 
[INFO] [stdout] 
[INFO] [stdout] error[E0554]: `#![feature]` may not be used on the beta release channel
[INFO] [stdout]  --> /opt/rustwide/cargo-home/registry/src/github.com-1ecc6299db9ec823/devise_core-0.2.0/src/lib.rs:2:1
[INFO] [stdout]   |
[INFO] [stdout] 2 | #![feature(crate_visibility_modifier)]
[INFO] [stdout]   | ^^^^^^^^^^^^^^^^^^^^^^^^^^^^^^^^^^^^^^
[INFO] [stdout] 
[INFO] [stdout] 
[INFO] [stdout] error[E0554]: `#![feature]` may not be used on the beta release channel
[INFO] [stdout]  --> /opt/rustwide/cargo-home/registry/src/github.com-1ecc6299db9ec823/devise_core-0.2.0/src/lib.rs:3:1
[INFO] [stdout]   |
[INFO] [stdout] 3 | #![feature(concat_idents)]
[INFO] [stdout]   | ^^^^^^^^^^^^^^^^^^^^^^^^^^
[INFO] [stdout] 
[INFO] [stdout] 
[INFO] [stdout] error: aborting due to 3 previous errors
[INFO] [stdout] 
[INFO] [stdout] 
[INFO] [stdout] For more information about this error, try `rustc --explain E0554`.
[INFO] [stdout] 
[INFO] [stderr] error: could not compile `devise_core` due to 4 previous errors
[INFO] [stderr] warning: build failed, waiting for other jobs to finish...
[INFO] [stderr] error: build failed
[INFO] running `Command { std: "docker" "inspect" "8475cc12d76018120230f23c1c249727f7fa1758062128aba60fb888f4cf1ff0", kill_on_drop: false }`
[INFO] running `Command { std: "docker" "rm" "-f" "8475cc12d76018120230f23c1c249727f7fa1758062128aba60fb888f4cf1ff0", kill_on_drop: false }`
[INFO] [stdout] 8475cc12d76018120230f23c1c249727f7fa1758062128aba60fb888f4cf1ff0
