[INFO] cloning repository https://github.com/Machtan/karelizisto
[INFO] running `Command { std: "git" "-c" "credential.helper=" "-c" "credential.helper=/workspace/cargo-home/bin/git-credential-null" "clone" "--bare" "https://github.com/Machtan/karelizisto" "/workspace/cache/git-repos/https%3A%2F%2Fgithub.com%2FMachtan%2Fkarelizisto", kill_on_drop: false }`
[INFO] [stderr] Cloning into bare repository '/workspace/cache/git-repos/https%3A%2F%2Fgithub.com%2FMachtan%2Fkarelizisto'...
[INFO] running `Command { std: "git" "rev-parse" "HEAD", kill_on_drop: false }`
[INFO] [stdout] 275ec87e5ec98b36cbbff60fffb0f22b45708b7e
[INFO] testing Machtan/karelizisto against beta-2021-08-01 for beta-1.55-1
[INFO] running `Command { std: "git" "clone" "/workspace/cache/git-repos/https%3A%2F%2Fgithub.com%2FMachtan%2Fkarelizisto" "/workspace/builds/worker-14/source", kill_on_drop: false }`
[INFO] [stderr] Cloning into '/workspace/builds/worker-14/source'...
[INFO] [stderr] done.
[INFO] validating manifest of git repo https://github.com/Machtan/karelizisto on toolchain beta-2021-08-01
[INFO] running `Command { std: "/workspace/cargo-home/bin/cargo" "+beta-2021-08-01" "metadata" "--manifest-path" "Cargo.toml" "--no-deps", kill_on_drop: false }`
[INFO] started tweaking git repo https://github.com/Machtan/karelizisto
[INFO] finished tweaking git repo https://github.com/Machtan/karelizisto
[INFO] tweaked toml for git repo https://github.com/Machtan/karelizisto written to /workspace/builds/worker-14/source/Cargo.toml
[INFO] crate git repo https://github.com/Machtan/karelizisto already has a lockfile, it will not be regenerated
[INFO] running `Command { std: "/workspace/cargo-home/bin/cargo" "+beta-2021-08-01" "fetch" "--manifest-path" "Cargo.toml", kill_on_drop: false }`
[INFO] [stderr]     Blocking waiting for file lock on package cache
[INFO] [stderr]  Downloading crates ...
[INFO] [stderr]   Downloaded argonaut v0.11.0
[INFO] running `Command { std: "docker" "create" "-v" "/var/lib/crater-agent-workspace/builds/worker-14/target:/opt/rustwide/target:rw,Z" "-v" "/var/lib/crater-agent-workspace/builds/worker-14/source:/opt/rustwide/workdir:ro,Z" "-v" "/var/lib/crater-agent-workspace/cargo-home:/opt/rustwide/cargo-home:ro,Z" "-v" "/var/lib/crater-agent-workspace/rustup-home:/opt/rustwide/rustup-home:ro,Z" "-e" "SOURCE_DIR=/opt/rustwide/workdir" "-e" "CARGO_TARGET_DIR=/opt/rustwide/target" "-e" "CARGO_HOME=/opt/rustwide/cargo-home" "-e" "RUSTUP_HOME=/opt/rustwide/rustup-home" "-w" "/opt/rustwide/workdir" "-m" "1610612736" "--user" "0:0" "--network" "none" "ghcr.io/rust-lang/crates-build-env/linux@sha256:34b6a614d2c27851fe6cbf88fbd1137609cefab8b10d0615aaeb6fd47975d74e" "/opt/rustwide/cargo-home/bin/cargo" "+beta-2021-08-01" "metadata" "--no-deps" "--format-version=1", kill_on_drop: false }`
[INFO] [stdout] 5b13230f975933f9cad66df1c4ac2decc66b893aecab001ce6f03750e6b93a82
[INFO] running `Command { std: "docker" "start" "-a" "5b13230f975933f9cad66df1c4ac2decc66b893aecab001ce6f03750e6b93a82", kill_on_drop: false }`
[INFO] running `Command { std: "docker" "inspect" "5b13230f975933f9cad66df1c4ac2decc66b893aecab001ce6f03750e6b93a82", kill_on_drop: false }`
[INFO] running `Command { std: "docker" "rm" "-f" "5b13230f975933f9cad66df1c4ac2decc66b893aecab001ce6f03750e6b93a82", kill_on_drop: false }`
[INFO] [stdout] 5b13230f975933f9cad66df1c4ac2decc66b893aecab001ce6f03750e6b93a82
[INFO] running `Command { std: "docker" "create" "-v" "/var/lib/crater-agent-workspace/builds/worker-14/target:/opt/rustwide/target:rw,Z" "-v" "/var/lib/crater-agent-workspace/builds/worker-14/source:/opt/rustwide/workdir:ro,Z" "-v" "/var/lib/crater-agent-workspace/cargo-home:/opt/rustwide/cargo-home:ro,Z" "-v" "/var/lib/crater-agent-workspace/rustup-home:/opt/rustwide/rustup-home:ro,Z" "-e" "SOURCE_DIR=/opt/rustwide/workdir" "-e" "CARGO_TARGET_DIR=/opt/rustwide/target" "-e" "CARGO_INCREMENTAL=0" "-e" "RUST_BACKTRACE=full" "-e" "RUSTFLAGS=--cap-lints=warn" "-e" "CARGO_HOME=/opt/rustwide/cargo-home" "-e" "RUSTUP_HOME=/opt/rustwide/rustup-home" "-w" "/opt/rustwide/workdir" "-m" "1610612736" "--user" "0:0" "--network" "none" "ghcr.io/rust-lang/crates-build-env/linux@sha256:34b6a614d2c27851fe6cbf88fbd1137609cefab8b10d0615aaeb6fd47975d74e" "/opt/rustwide/cargo-home/bin/cargo" "+beta-2021-08-01" "build" "--frozen" "--message-format=json", kill_on_drop: false }`
[INFO] [stdout] 22bb218ee770a9ab9a80f21a38b240ffde9f2555bddc2b2084b89a9653f9d7e1
[INFO] running `Command { std: "docker" "start" "-a" "22bb218ee770a9ab9a80f21a38b240ffde9f2555bddc2b2084b89a9653f9d7e1", kill_on_drop: false }`
[INFO] [stderr]    Compiling libc v0.2.11
[INFO] [stderr]    Compiling num-traits v0.1.32
[INFO] [stderr]    Compiling rustc-serialize v0.3.19
[INFO] [stderr]    Compiling sdl2-sys v0.19.0
[INFO] [stderr]    Compiling winapi v0.2.7
[INFO] [stderr]    Compiling bitflags v0.6.0
[INFO] [stderr]    Compiling lazy_static v0.2.1
[INFO] [stderr]    Compiling aster v0.17.0
[INFO] [stderr]    Compiling bitflags v0.5.0
[INFO] [stderr]    Compiling serde_codegen v0.7.8
[INFO] [stderr]    Compiling quasi v0.11.0
[INFO] [stderr]    Compiling regex-syntax v0.3.3
[INFO] [stderr]    Compiling serde v0.7.8
[INFO] [stderr]    Compiling ref_filter_map v1.0.1
[INFO] [stderr]    Compiling log v0.3.6
[INFO] [stderr]    Compiling argonaut v0.11.0
[INFO] [stderr]    Compiling kernel32-sys v0.2.2
[INFO] [stdout] error[E0463]: can't find crate for `syntax`
[INFO] [stdout]   --> /opt/rustwide/cargo-home/registry/src/github.com-1ecc6299db9ec823/quasi-0.11.0/src/lib.rs:19:1
[INFO] [stdout]    |
[INFO] [stdout] 19 | extern crate syntax;
[INFO] [stdout]    | ^^^^^^^^^^^^^^^^^^^^ can't find crate
[INFO] [stdout] 
[INFO] [stdout] 
[INFO] [stdout] error: aborting due to previous error
[INFO] [stdout] 
[INFO] [stdout] 
[INFO] [stdout] For more information about this error, try `rustc --explain E0463`.
[INFO] [stdout] 
[INFO] [stderr] error: could not compile `quasi` due to 2 previous errors
[INFO] [stderr] warning: build failed, waiting for other jobs to finish...
[INFO] [stdout] error[E0642]: patterns aren't allowed in functions without bodies
[INFO] [stdout]    --> /opt/rustwide/cargo-home/registry/src/github.com-1ecc6299db9ec823/rustc-serialize-0.3.19/src/serialize.rs:147:45
[INFO] [stdout]     |
[INFO] [stdout] 147 | ...                   &f_name: &str,
[INFO] [stdout]     |                       ^^^^^^^ pattern not allowed in function without body
[INFO] [stdout] 
[INFO] [stdout] 
[INFO] [stdout] error[E0463]: can't find crate for `syntax`
[INFO] [stdout]   --> /opt/rustwide/cargo-home/registry/src/github.com-1ecc6299db9ec823/aster-0.17.0/src/lib.rs:10:1
[INFO] [stdout]    |
[INFO] [stdout] 10 | extern crate syntax;
[INFO] [stdout]    | ^^^^^^^^^^^^^^^^^^^^ can't find crate
[INFO] [stdout] 
[INFO] [stdout] 
[INFO] [stdout] error: aborting due to previous error
[INFO] [stdout] 
[INFO] [stdout] 
[INFO] [stdout] For more information about this error, try `rustc --explain E0463`.
[INFO] [stdout] 
[INFO] [stdout] error: aborting due to previous error
[INFO] [stdout] 
[INFO] [stdout] 
[INFO] [stdout] For more information about this error, try `rustc --explain E0642`.
[INFO] [stdout] 
[INFO] [stderr] error: build failed
[INFO] running `Command { std: "docker" "inspect" "22bb218ee770a9ab9a80f21a38b240ffde9f2555bddc2b2084b89a9653f9d7e1", kill_on_drop: false }`
[INFO] running `Command { std: "docker" "rm" "-f" "22bb218ee770a9ab9a80f21a38b240ffde9f2555bddc2b2084b89a9653f9d7e1", kill_on_drop: false }`
[INFO] [stdout] 22bb218ee770a9ab9a80f21a38b240ffde9f2555bddc2b2084b89a9653f9d7e1
