[INFO] cloning repository https://github.com/MTRNord/sway_launchpad
[INFO] running `Command { std: "git" "-c" "credential.helper=" "-c" "credential.helper=/workspace/cargo-home/bin/git-credential-null" "clone" "--bare" "https://github.com/MTRNord/sway_launchpad" "/workspace/cache/git-repos/https%3A%2F%2Fgithub.com%2FMTRNord%2Fsway_launchpad", kill_on_drop: false }`
[INFO] [stderr] Cloning into bare repository '/workspace/cache/git-repos/https%3A%2F%2Fgithub.com%2FMTRNord%2Fsway_launchpad'...
[INFO] running `Command { std: "git" "rev-parse" "HEAD", kill_on_drop: false }`
[INFO] [stdout] 6723646c23faf26cadcd78179ba562b802d8649e
[INFO] testing MTRNord/sway_launchpad against 1.54.0 for beta-1.55-1
[INFO] running `Command { std: "git" "clone" "/workspace/cache/git-repos/https%3A%2F%2Fgithub.com%2FMTRNord%2Fsway_launchpad" "/workspace/builds/worker-9/source", kill_on_drop: false }`
[INFO] [stderr] Cloning into '/workspace/builds/worker-9/source'...
[INFO] [stderr] done.
[INFO] validating manifest of git repo https://github.com/MTRNord/sway_launchpad on toolchain 1.54.0
[INFO] running `Command { std: "/workspace/cargo-home/bin/cargo" "+1.54.0" "metadata" "--manifest-path" "Cargo.toml" "--no-deps", kill_on_drop: false }`
[INFO] started tweaking git repo https://github.com/MTRNord/sway_launchpad
[INFO] finished tweaking git repo https://github.com/MTRNord/sway_launchpad
[INFO] tweaked toml for git repo https://github.com/MTRNord/sway_launchpad written to /workspace/builds/worker-9/source/Cargo.toml
[INFO] crate git repo https://github.com/MTRNord/sway_launchpad already has a lockfile, it will not be regenerated
[INFO] running `Command { std: "/workspace/cargo-home/bin/cargo" "+1.54.0" "fetch" "--manifest-path" "Cargo.toml", kill_on_drop: false }`
[INFO] [stderr]     Blocking waiting for file lock on package cache
[INFO] [stderr]     Blocking waiting for file lock on package cache
[INFO] [stderr]  Downloading crates ...
[INFO] [stderr]   Downloaded libdbus-sys v0.2.1
[INFO] [stderr]   Downloaded color-spantrace v0.1.6
[INFO] [stderr]   Downloaded coremidi-sys v2.0.2
[INFO] [stderr]   Downloaded wasm-bindgen-test v0.3.19
[INFO] [stderr]   Downloaded olm-rs v1.0.0
[INFO] [stderr]   Downloaded notify-rust v4.0.0
[INFO] [stderr]   Downloaded swayipc-types v1.0.0-alpha.1
[INFO] [stderr]   Downloaded ctr v0.5.0
[INFO] [stderr]   Downloaded loom v0.3.6
[INFO] [stderr]   Downloaded assign v1.1.0
[INFO] [stderr]   Downloaded openssl-sys v0.9.59
[INFO] [stderr]   Downloaded thirtyfour v0.21.1
[INFO] [stderr]   Downloaded native-tls v0.2.6
[INFO] [stderr]   Downloaded cjson v0.1.1
[INFO] [stderr]   Downloaded openssl v0.10.31
[INFO] [stderr]   Downloaded generator v0.6.23
[INFO] [stderr]   Downloaded tokio v0.3.5
[INFO] [stderr]   Downloaded indenter v0.3.0
[INFO] [stderr]   Downloaded sharded-slab v0.1.0
[INFO] [stderr]   Downloaded aes-ctr v0.5.0
[INFO] [stderr]   Downloaded users v0.11.0
[INFO] [stderr]   Downloaded js_int v0.1.9
[INFO] [stderr]   Downloaded reqwest v0.10.9
[INFO] [stderr]   Downloaded swayipc-async v2.0.0-alpha.1
[INFO] [stderr]   Downloaded futures-locks v0.6.0
[INFO] [stderr]   Downloaded midir v0.7.0
[INFO] [stderr]   Downloaded memalloc v0.1.0
[INFO] [stderr]   Downloaded coremidi v0.4.0
[INFO] [stderr]   Downloaded olm-sys v1.0.2
[INFO] [stderr]   Downloaded eyre v0.6.3
[INFO] [stderr]   Downloaded dbus v0.9.0
[INFO] [stderr]   Downloaded owo-colors v1.2.1
[INFO] [stderr]   Downloaded aesni v0.9.0
[INFO] [stderr]   Downloaded wasm-bindgen-test-macro v0.3.19
[INFO] [stderr]   Downloaded libsqlite3-sys v0.17.3
[INFO] [stderr]   Downloaded dbus v0.8.4
[INFO] [stderr]   Downloaded color-eyre v0.5.10
[INFO] [stderr]   Downloaded sqlformat v0.1.5
[INFO] running `Command { std: "docker" "create" "-v" "/var/lib/crater-agent-workspace/builds/worker-9/target:/opt/rustwide/target:rw,Z" "-v" "/var/lib/crater-agent-workspace/builds/worker-9/source:/opt/rustwide/workdir:ro,Z" "-v" "/var/lib/crater-agent-workspace/cargo-home:/opt/rustwide/cargo-home:ro,Z" "-v" "/var/lib/crater-agent-workspace/rustup-home:/opt/rustwide/rustup-home:ro,Z" "-e" "SOURCE_DIR=/opt/rustwide/workdir" "-e" "CARGO_TARGET_DIR=/opt/rustwide/target" "-e" "CARGO_HOME=/opt/rustwide/cargo-home" "-e" "RUSTUP_HOME=/opt/rustwide/rustup-home" "-w" "/opt/rustwide/workdir" "-m" "1610612736" "--user" "0:0" "--network" "none" "ghcr.io/rust-lang/crates-build-env/linux@sha256:34b6a614d2c27851fe6cbf88fbd1137609cefab8b10d0615aaeb6fd47975d74e" "/opt/rustwide/cargo-home/bin/cargo" "+1.54.0" "metadata" "--no-deps" "--format-version=1", kill_on_drop: false }`
[INFO] [stdout] 97e97cf5e63280b07c276ae23e412664e2b31aeda9945122057c05b98fc973d1
[INFO] running `Command { std: "docker" "start" "-a" "97e97cf5e63280b07c276ae23e412664e2b31aeda9945122057c05b98fc973d1", kill_on_drop: false }`
[INFO] running `Command { std: "docker" "inspect" "97e97cf5e63280b07c276ae23e412664e2b31aeda9945122057c05b98fc973d1", kill_on_drop: false }`
[INFO] running `Command { std: "docker" "rm" "-f" "97e97cf5e63280b07c276ae23e412664e2b31aeda9945122057c05b98fc973d1", kill_on_drop: false }`
[INFO] [stdout] 97e97cf5e63280b07c276ae23e412664e2b31aeda9945122057c05b98fc973d1
[INFO] running `Command { std: "docker" "create" "-v" "/var/lib/crater-agent-workspace/builds/worker-9/target:/opt/rustwide/target:rw,Z" "-v" "/var/lib/crater-agent-workspace/builds/worker-9/source:/opt/rustwide/workdir:ro,Z" "-v" "/var/lib/crater-agent-workspace/cargo-home:/opt/rustwide/cargo-home:ro,Z" "-v" "/var/lib/crater-agent-workspace/rustup-home:/opt/rustwide/rustup-home:ro,Z" "-e" "SOURCE_DIR=/opt/rustwide/workdir" "-e" "CARGO_TARGET_DIR=/opt/rustwide/target" "-e" "CARGO_INCREMENTAL=0" "-e" "RUST_BACKTRACE=full" "-e" "RUSTFLAGS=--cap-lints=warn" "-e" "CARGO_HOME=/opt/rustwide/cargo-home" "-e" "RUSTUP_HOME=/opt/rustwide/rustup-home" "-w" "/opt/rustwide/workdir" "-m" "1610612736" "--user" "0:0" "--network" "none" "ghcr.io/rust-lang/crates-build-env/linux@sha256:34b6a614d2c27851fe6cbf88fbd1137609cefab8b10d0615aaeb6fd47975d74e" "/opt/rustwide/cargo-home/bin/cargo" "+1.54.0" "build" "--frozen" "--message-format=json", kill_on_drop: false }`
[INFO] [stdout] ce0d4149f89f7092156160ed24d2ecbe0c90ee3328819d73da61fc97dca2b59d
[INFO] running `Command { std: "docker" "start" "-a" "ce0d4149f89f7092156160ed24d2ecbe0c90ee3328819d73da61fc97dca2b59d", kill_on_drop: false }`
[INFO] [stderr]     Blocking waiting for file lock on package cache
[INFO] [stderr]     Blocking waiting for file lock on package cache
[INFO] [stderr]     Blocking waiting for file lock on package cache
[INFO] [stderr]    Compiling syn v1.0.53
[INFO] [stderr]    Compiling libc v0.2.80
[INFO] [stderr]    Compiling serde v1.0.117
[INFO] [stderr]    Compiling memchr v2.3.4
[INFO] [stderr]    Compiling serde_json v1.0.60
[INFO] [stderr]    Compiling futures-core v0.3.8
[INFO] [stderr]    Compiling cc v1.0.66
[INFO] [stderr]    Compiling once_cell v1.5.2
[INFO] [stderr]    Compiling pin-project-lite v0.1.11
[INFO] [stderr]    Compiling futures-sink v0.3.8
[INFO] [stderr]    Compiling futures-io v0.3.8
[INFO] [stderr]    Compiling pin-project-lite v0.2.0
[INFO] [stderr]    Compiling regex-syntax v0.6.21
[INFO] [stderr]    Compiling openssl v0.10.31
[INFO] [stderr]    Compiling native-tls v0.2.6
[INFO] [stderr]    Compiling pin-project-internal v0.4.27
[INFO] [stderr]    Compiling radium v0.5.3
[INFO] [stderr]    Compiling const_fn v0.4.4
[INFO] [stderr]    Compiling wasm-bindgen-shared v0.2.69
[INFO] [stderr]    Compiling lexical-core v0.7.4
[INFO] [stderr]    Compiling tap v1.0.0
[INFO] [stderr]    Compiling wyz v0.2.0
[INFO] [stderr]    Compiling maplit v1.0.2
[INFO] [stderr]    Compiling funty v1.0.1
[INFO] [stderr]    Compiling getrandom v0.1.15
[INFO] [stderr]    Compiling getrandom v0.2.0
[INFO] [stderr]    Compiling arrayvec v0.5.2
[INFO] [stderr]    Compiling bumpalo v3.4.0
[INFO] [stderr]    Compiling smallvec v1.5.1
[INFO] [stderr]    Compiling unicode_categories v0.1.1
[INFO] [stderr]    Compiling wasm-bindgen v0.2.69
[INFO] [stderr]    Compiling subtle v2.4.0
[INFO] [stderr]    Compiling encoding_rs v0.8.26
[INFO] [stderr]    Compiling assign v1.1.0
[INFO] [stderr]    Compiling hex v0.4.2
[INFO] [stderr]    Compiling eyre v0.6.3
[INFO] [stderr]    Compiling dotenv v0.15.0
[INFO] [stderr]    Compiling gimli v0.23.0
[INFO] [stderr]    Compiling object v0.22.0
[INFO] [stderr]    Compiling fastrand v1.4.0
[INFO] [stderr]    Compiling indenter v0.3.0
[INFO] [stderr]    Compiling owo-colors v1.2.1
[INFO] [stderr]    Compiling rustc-demangle v0.1.18
[INFO] [stderr]    Compiling cpuid-bool v0.1.2
[INFO] [stderr]    Compiling ipnet v2.3.0
[INFO] [stderr]    Compiling vec-arena v1.0.0
[INFO] [stderr]    Compiling send_wrapper v0.4.0
[INFO] [stderr]    Compiling memalloc v0.1.0
[INFO] [stderr]    Compiling urlparse v0.7.3
[INFO] [stderr]    Compiling bytes v0.6.0
[INFO] [stderr]    Compiling indexmap v1.6.0
[INFO] [stderr]    Compiling tracing-core v0.1.17
[INFO] [stderr]    Compiling standback v0.2.13
[INFO] [stderr]    Compiling time v0.2.23
[INFO] [stderr]    Compiling nom v6.0.1
[INFO] [stderr]    Compiling unicase v2.6.0
[INFO] [stderr]    Compiling crossbeam-utils v0.7.2
[INFO] [stderr]    Compiling miniz_oxide v0.4.3
[INFO] [stderr]    Compiling sharded-slab v0.1.0
[INFO] [stderr]    Compiling atomic v0.5.0
[INFO] [stderr]    Compiling libdbus-sys v0.2.1
[INFO] [stderr]    Compiling alsa-sys v0.3.0
[INFO] [stderr]    Compiling tokio v0.3.5
[INFO] [stderr]    Compiling form_urlencoded v1.0.0
[INFO] [stderr]    Compiling heck v0.3.1
[INFO] [stderr]    Compiling http v0.2.1
[INFO] [stderr]    Compiling tinyvec v1.1.0
[INFO] [stderr]    Compiling futures-task v0.3.8
[INFO] [stderr]    Compiling futures-channel v0.3.8
[INFO] [stderr]    Compiling lock_api v0.4.2
[INFO] [stderr]    Compiling yaml-rust v0.4.4
[INFO] [stderr]    Compiling want v0.3.0
[INFO] [stderr]    Compiling cmake v0.1.45
[INFO] [stderr]    Compiling tiny-keccak v2.0.2
[INFO] [stderr]    Compiling block-cipher v0.8.0
[INFO] [stderr]    Compiling crypto-mac v0.9.1
[INFO] [stderr]    Compiling digest v0.9.0
[INFO] [stderr]    Compiling block-buffer v0.9.0
[INFO] [stderr]    Compiling tracing-log v0.1.1
[INFO] [stderr]    Compiling bitvec v0.19.4
[INFO] [stderr]    Compiling pbkdf2 v0.5.0
[INFO] [stderr]    Compiling hmac v0.9.0
[INFO] [stderr]    Compiling stream-cipher v0.7.1
[INFO] [stderr]    Compiling aes-soft v0.5.0
[INFO] [stderr]    Compiling aho-corasick v0.7.15
[INFO] [stderr]    Compiling futures-lite v1.11.2
[INFO] [stderr]    Compiling sha2 v0.9.2
[INFO] [stderr]    Compiling http-body v0.3.1
[INFO] [stderr]    Compiling ctr v0.5.0
[INFO] [stdout] error[E0308]: mismatched types
[INFO] [stdout]   --> /opt/rustwide/cargo-home/registry/src/github.com-1ecc6299db9ec823/lexical-core-0.7.4/src/atof/algorithm/bhcomp.rs:62:24
[INFO] [stdout]    |
[INFO] [stdout] 62 |     let bytes = bits / Limb::BITS;
[INFO] [stdout]    |                        ^^^^^^^^^^ expected `usize`, found `u32`
[INFO] [stdout] 
[INFO] [stdout] 
[INFO] [stdout] error[E0277]: cannot divide `usize` by `u32`
[INFO] [stdout]   --> /opt/rustwide/cargo-home/registry/src/github.com-1ecc6299db9ec823/lexical-core-0.7.4/src/atof/algorithm/bhcomp.rs:62:22
[INFO] [stdout]    |
[INFO] [stdout] 62 |     let bytes = bits / Limb::BITS;
[INFO] [stdout]    |                      ^ no implementation for `usize / u32`
[INFO] [stdout]    |
[INFO] [stdout]    = help: the trait `Div<u32>` is not implemented for `usize`
[INFO] [stdout] 
[INFO] [stdout] 
[INFO] [stdout] error[E0308]: mismatched types
[INFO] [stdout]    --> /opt/rustwide/cargo-home/registry/src/github.com-1ecc6299db9ec823/lexical-core-0.7.4/src/atof/algorithm/bigcomp.rs:157:55
[INFO] [stdout]     |
[INFO] [stdout] 157 |     let nlz = den.leading_zeros().wrapping_sub(wlz) & (u32::BITS - 1);
[INFO] [stdout]     |                                                       ^^^^^^^^^^^^^^^ expected `usize`, found `u32`
[INFO] [stdout] 
[INFO] [stdout] 
[INFO] [stdout] error[E0277]: no implementation for `usize & u32`
[INFO] [stdout]    --> /opt/rustwide/cargo-home/registry/src/github.com-1ecc6299db9ec823/lexical-core-0.7.4/src/atof/algorithm/bigcomp.rs:157:53
[INFO] [stdout]     |
[INFO] [stdout] 157 |     let nlz = den.leading_zeros().wrapping_sub(wlz) & (u32::BITS - 1);
[INFO] [stdout]     |                                                     ^ no implementation for `usize & u32`
[INFO] [stdout]     |
[INFO] [stdout]     = help: the trait `BitAnd<u32>` is not implemented for `usize`
[INFO] [stdout] 
[INFO] [stdout] 
[INFO] [stdout] error[E0308]: mismatched types
[INFO] [stdout]    --> /opt/rustwide/cargo-home/registry/src/github.com-1ecc6299db9ec823/lexical-core-0.7.4/src/atof/algorithm/bigcomp.rs:175:40
[INFO] [stdout]     |
[INFO] [stdout] 175 |         let (q, r) = shift.ceil_divmod(Limb::BITS);
[INFO] [stdout]     |                                        ^^^^^^^^^^ expected `usize`, found `u32`
[INFO] [stdout]     |
[INFO] [stdout] help: you can convert a `u32` to a `usize` and panic if the converted value doesn't fit
[INFO] [stdout]     |
[INFO] [stdout] 175 |         let (q, r) = shift.ceil_divmod(Limb::BITS.try_into().unwrap());
[INFO] [stdout]     |                                        ^^^^^^^^^^^^^^^^^^^^^^^^^^^^^^
[INFO] [stdout] 
[INFO] [stdout] 
[INFO] [stderr]    Compiling unicode-normalization v0.1.16
[INFO] [stdout] error[E0308]: mismatched types
[INFO] [stdout]     --> /opt/rustwide/cargo-home/registry/src/github.com-1ecc6299db9ec823/lexical-core-0.7.4/src/atof/algorithm/math.rs:1043:42
[INFO] [stdout]      |
[INFO] [stdout] 1043 |     let mut count = index.saturating_mul(Limb::BITS);
[INFO] [stdout]      |                                          ^^^^^^^^^^ expected `usize`, found `u32`
[INFO] [stdout]      |
[INFO] [stdout] help: you can convert a `u32` to a `usize` and panic if the converted value doesn't fit
[INFO] [stdout]      |
[INFO] [stdout] 1043 |     let mut count = index.saturating_mul(Limb::BITS.try_into().unwrap());
[INFO] [stdout]      |                                          ^^^^^^^^^^^^^^^^^^^^^^^^^^^^^^
[INFO] [stdout] 
[INFO] [stdout] 
[INFO] [stdout] error[E0308]: mismatched types
[INFO] [stdout]     --> /opt/rustwide/cargo-home/registry/src/github.com-1ecc6299db9ec823/lexical-core-0.7.4/src/atof/algorithm/math.rs:1058:28
[INFO] [stdout]      |
[INFO] [stdout] 1058 |     Limb::BITS.checked_mul(x.len())
[INFO] [stdout]      |                            ^^^^^^^ expected `u32`, found `usize`
[INFO] [stdout]      |
[INFO] [stdout] help: you can convert a `usize` to a `u32` and panic if the converted value doesn't fit
[INFO] [stdout]      |
[INFO] [stdout] 1058 |     Limb::BITS.checked_mul(x.len().try_into().unwrap())
[INFO] [stdout]      |                            ^^^^^^^^^^^^^^^^^^^^^^^^^^^
[INFO] [stdout] 
[INFO] [stdout] 
[INFO] [stdout] error[E0308]: mismatched types
[INFO] [stdout]     --> /opt/rustwide/cargo-home/registry/src/github.com-1ecc6299db9ec823/lexical-core-0.7.4/src/atof/algorithm/math.rs:1059:22
[INFO] [stdout]      |
[INFO] [stdout] 1059 |         .map(|v| v - nlz)
[INFO] [stdout]      |                      ^^^ expected `u32`, found `usize`
[INFO] [stdout] 
[INFO] [stdout] 
[INFO] [stdout] error[E0277]: cannot subtract `usize` from `u32`
[INFO] [stdout]     --> /opt/rustwide/cargo-home/registry/src/github.com-1ecc6299db9ec823/lexical-core-0.7.4/src/atof/algorithm/math.rs:1059:20
[INFO] [stdout]      |
[INFO] [stdout] 1059 |         .map(|v| v - nlz)
[INFO] [stdout]      |                    ^ no implementation for `u32 - usize`
[INFO] [stdout]      |
[INFO] [stdout]      = help: the trait `Sub<usize>` is not implemented for `u32`
[INFO] [stdout] 
[INFO] [stdout] 
[INFO] [stdout] error[E0308]: mismatched types
[INFO] [stdout]     --> /opt/rustwide/cargo-home/registry/src/github.com-1ecc6299db9ec823/lexical-core-0.7.4/src/atof/algorithm/math.rs:1060:20
[INFO] [stdout]      |
[INFO] [stdout] 1060 |         .unwrap_or(usize::max_value())
[INFO] [stdout]      |                    ^^^^^^^^^^^^^^^^^^ expected `u32`, found `usize`
[INFO] [stdout]      |
[INFO] [stdout] help: you can convert a `usize` to a `u32` and panic if the converted value doesn't fit
[INFO] [stdout]      |
[INFO] [stdout] 1060 |         .unwrap_or(usize::max_value().try_into().unwrap())
[INFO] [stdout]      |                    ^^^^^^^^^^^^^^^^^^^^^^^^^^^^^^^^^^^^^^
[INFO] [stdout] 
[INFO] [stdout] 
[INFO] [stdout] error[E0308]: mismatched types
[INFO] [stdout]     --> /opt/rustwide/cargo-home/registry/src/github.com-1ecc6299db9ec823/lexical-core-0.7.4/src/atof/algorithm/math.rs:1058:5
[INFO] [stdout]      |
[INFO] [stdout] 1054 |   pub fn bit_length(x: &[Limb]) -> usize {
[INFO] [stdout]      |                                    ----- expected `usize` because of return type
[INFO] [stdout] ...
[INFO] [stdout] 1058 | /     Limb::BITS.checked_mul(x.len())
[INFO] [stdout] 1059 | |         .map(|v| v - nlz)
[INFO] [stdout] 1060 | |         .unwrap_or(usize::max_value())
[INFO] [stdout]      | |______________________________________^ expected `usize`, found `u32`
[INFO] [stdout]      |
[INFO] [stdout] help: you can convert a `u32` to a `usize` and panic if the converted value doesn't fit
[INFO] [stdout]      |
[INFO] [stdout] 1058 |     Limb::BITS.checked_mul(x.len())
[INFO] [stdout] 1059 |         .map(|v| v - nlz)
[INFO] [stdout] 1060 |         .unwrap_or(usize::max_value()).try_into().unwrap()
[INFO] [stdout]      |
[INFO] [stdout] 
[INFO] [stdout] 
[INFO] [stdout] error[E0308]: mismatched types
[INFO] [stdout]     --> /opt/rustwide/cargo-home/registry/src/github.com-1ecc6299db9ec823/lexical-core-0.7.4/src/atof/algorithm/math.rs:1085:23
[INFO] [stdout]      |
[INFO] [stdout] 1085 |     debug_assert!(n < bits && n != 0);
[INFO] [stdout]      |                       ^^^^ expected `usize`, found `u32`
[INFO] [stdout]      |
[INFO] [stdout] help: you can convert a `u32` to a `usize` and panic if the converted value doesn't fit
[INFO] [stdout]      |
[INFO] [stdout] 1085 |     debug_assert!(n < bits.try_into().unwrap() && n != 0);
[INFO] [stdout]      |                       ^^^^^^^^^^^^^^^^^^^^^^^^
[INFO] [stdout] 
[INFO] [stdout] 
[INFO] [stdout] error[E0308]: mismatched types
[INFO] [stdout]     --> /opt/rustwide/cargo-home/registry/src/github.com-1ecc6299db9ec823/lexical-core-0.7.4/src/atof/algorithm/math.rs:1092:25
[INFO] [stdout]      |
[INFO] [stdout] 1092 |     let lshift = bits - n;
[INFO] [stdout]      |                         ^ expected `u32`, found `usize`
[INFO] [stdout] 
[INFO] [stdout] 
[INFO] [stdout] error[E0277]: cannot subtract `usize` from `u32`
[INFO] [stdout]     --> /opt/rustwide/cargo-home/registry/src/github.com-1ecc6299db9ec823/lexical-core-0.7.4/src/atof/algorithm/math.rs:1092:23
[INFO] [stdout]      |
[INFO] [stdout] 1092 |     let lshift = bits - n;
[INFO] [stdout]      |                       ^ no implementation for `u32 - usize`
[INFO] [stdout]      |
[INFO] [stdout]      = help: the trait `Sub<usize>` is not implemented for `u32`
[INFO] [stdout] 
[INFO] [stdout] 
[INFO] [stdout] error[E0308]: mismatched types
[INFO] [stdout]     --> /opt/rustwide/cargo-home/registry/src/github.com-1ecc6299db9ec823/lexical-core-0.7.4/src/atof/algorithm/math.rs:1134:19
[INFO] [stdout]      |
[INFO] [stdout] 1134 |     let rem = n % bits;
[INFO] [stdout]      |                   ^^^^ expected `usize`, found `u32`
[INFO] [stdout] 
[INFO] [stdout] 
[INFO] [stdout] error[E0277]: cannot mod `usize` by `u32`
[INFO] [stdout]     --> /opt/rustwide/cargo-home/registry/src/github.com-1ecc6299db9ec823/lexical-core-0.7.4/src/atof/algorithm/math.rs:1134:17
[INFO] [stdout]      |
[INFO] [stdout] 1134 |     let rem = n % bits;
[INFO] [stdout]      |                 ^ no implementation for `usize % u32`
[INFO] [stdout]      |
[INFO] [stdout]      = help: the trait `Rem<u32>` is not implemented for `usize`
[INFO] [stdout] 
[INFO] [stdout] 
[INFO] [stdout] error[E0308]: mismatched types
[INFO] [stdout]     --> /opt/rustwide/cargo-home/registry/src/github.com-1ecc6299db9ec823/lexical-core-0.7.4/src/atof/algorithm/math.rs:1135:19
[INFO] [stdout]      |
[INFO] [stdout] 1135 |     let div = n / bits;
[INFO] [stdout]      |                   ^^^^ expected `usize`, found `u32`
[INFO] [stdout] 
[INFO] [stdout] 
[INFO] [stdout] error[E0277]: cannot divide `usize` by `u32`
[INFO] [stdout]     --> /opt/rustwide/cargo-home/registry/src/github.com-1ecc6299db9ec823/lexical-core-0.7.4/src/atof/algorithm/math.rs:1135:17
[INFO] [stdout]      |
[INFO] [stdout] 1135 |     let div = n / bits;
[INFO] [stdout]      |                 ^ no implementation for `usize / u32`
[INFO] [stdout]      |
[INFO] [stdout]      = help: the trait `Div<u32>` is not implemented for `usize`
[INFO] [stdout] 
[INFO] [stdout] 
[INFO] [stdout] error[E0308]: mismatched types
[INFO] [stdout]     --> /opt/rustwide/cargo-home/registry/src/github.com-1ecc6299db9ec823/lexical-core-0.7.4/src/atof/algorithm/math.rs:1191:23
[INFO] [stdout]      |
[INFO] [stdout] 1191 |     debug_assert!(n < bits);
[INFO] [stdout]      |                       ^^^^ expected `usize`, found `u32`
[INFO] [stdout]      |
[INFO] [stdout] help: you can convert a `u32` to a `usize` and panic if the converted value doesn't fit
[INFO] [stdout]      |
[INFO] [stdout] 1191 |     debug_assert!(n < bits.try_into().unwrap());
[INFO] [stdout]      |                       ^^^^^^^^^^^^^^^^^^^^^^^^
[INFO] [stdout] 
[INFO] [stdout] 
[INFO] [stdout] error[E0308]: mismatched types
[INFO] [stdout]     --> /opt/rustwide/cargo-home/registry/src/github.com-1ecc6299db9ec823/lexical-core-0.7.4/src/atof/algorithm/math.rs:1201:25
[INFO] [stdout]      |
[INFO] [stdout] 1201 |     let rshift = bits - n;
[INFO] [stdout]      |                         ^ expected `u32`, found `usize`
[INFO] [stdout] 
[INFO] [stdout] 
[INFO] [stdout] error[E0277]: cannot subtract `usize` from `u32`
[INFO] [stdout]     --> /opt/rustwide/cargo-home/registry/src/github.com-1ecc6299db9ec823/lexical-core-0.7.4/src/atof/algorithm/math.rs:1201:23
[INFO] [stdout]      |
[INFO] [stdout] 1201 |     let rshift = bits - n;
[INFO] [stdout]      |                       ^ no implementation for `u32 - usize`
[INFO] [stdout]      |
[INFO] [stdout]      = help: the trait `Sub<usize>` is not implemented for `u32`
[INFO] [stdout] 
[INFO] [stdout] 
[INFO] [stderr] error: could not compile `lexical-core`
[INFO] [stderr] 
[INFO] [stderr] Caused by:
[INFO] [stderr]   process didn't exit successfully: `rustc --crate-name lexical_core --edition=2018 /opt/rustwide/cargo-home/registry/src/github.com-1ecc6299db9ec823/lexical-core-0.7.4/src/lib.rs --error-format=json --json=diagnostic-rendered-ansi,artifacts --crate-type lib --emit=dep-info,metadata,link -C embed-bitcode=no -C debuginfo=2 --cfg 'feature="arrayvec"' --cfg 'feature="correct"' --cfg 'feature="default"' --cfg 'feature="ryu"' --cfg 'feature="static_assertions"' --cfg 'feature="std"' --cfg 'feature="table"' -C metadata=38e78df81107e5b9 -C extra-filename=-38e78df81107e5b9 --out-dir /opt/rustwide/target/debug/deps -L dependency=/opt/rustwide/target/debug/deps --extern arrayvec=/opt/rustwide/target/debug/deps/libarrayvec-71699604eba329ee.rmeta --extern bitflags=/opt/rustwide/target/debug/deps/libbitflags-f89ae4b715176e2d.rmeta --extern cfg_if=/opt/rustwide/target/debug/deps/libcfg_if-e7a28af79b261e75.rmeta --extern ryu=/opt/rustwide/target/debug/deps/libryu-059aa1fbb24cd15e.rmeta --extern static_assertions=/opt/rustwide/target/debug/deps/libstatic_assertions-3572c7a6c8acd33d.rmeta --cap-lints allow --cap-lints=warn --cfg limb_width_64` (signal: 9, SIGKILL: kill)
[INFO] [stderr] warning: build failed, waiting for other jobs to finish...
[INFO] [stderr] error: build failed
[INFO] running `Command { std: "docker" "inspect" "ce0d4149f89f7092156160ed24d2ecbe0c90ee3328819d73da61fc97dca2b59d", kill_on_drop: false }`
[INFO] running `Command { std: "docker" "rm" "-f" "ce0d4149f89f7092156160ed24d2ecbe0c90ee3328819d73da61fc97dca2b59d", kill_on_drop: false }`
[INFO] [stdout] ce0d4149f89f7092156160ed24d2ecbe0c90ee3328819d73da61fc97dca2b59d
