[INFO] cloning repository https://github.com/Lynss/capnp-demo
[INFO] running `Command { std: "git" "-c" "credential.helper=" "-c" "credential.helper=/workspace/cargo-home/bin/git-credential-null" "clone" "--bare" "https://github.com/Lynss/capnp-demo" "/workspace/cache/git-repos/https%3A%2F%2Fgithub.com%2FLynss%2Fcapnp-demo", kill_on_drop: false }`
[INFO] [stderr] Cloning into bare repository '/workspace/cache/git-repos/https%3A%2F%2Fgithub.com%2FLynss%2Fcapnp-demo'...
[INFO] running `Command { std: "git" "rev-parse" "HEAD", kill_on_drop: false }`
[INFO] [stdout] 23cdc4a9b9ac616c51b468f28d50e77b58035c7f
[INFO] testing Lynss/capnp-demo against 1.54.0 for beta-1.55-1
[INFO] running `Command { std: "git" "clone" "/workspace/cache/git-repos/https%3A%2F%2Fgithub.com%2FLynss%2Fcapnp-demo" "/workspace/builds/worker-15/source", kill_on_drop: false }`
[INFO] [stderr] Cloning into '/workspace/builds/worker-15/source'...
[INFO] [stderr] done.
[INFO] validating manifest of git repo https://github.com/Lynss/capnp-demo on toolchain 1.54.0
[INFO] running `Command { std: "/workspace/cargo-home/bin/cargo" "+1.54.0" "metadata" "--manifest-path" "Cargo.toml" "--no-deps", kill_on_drop: false }`
[INFO] started tweaking git repo https://github.com/Lynss/capnp-demo
[INFO] finished tweaking git repo https://github.com/Lynss/capnp-demo
[INFO] tweaked toml for git repo https://github.com/Lynss/capnp-demo written to /workspace/builds/worker-15/source/Cargo.toml
[INFO] crate git repo https://github.com/Lynss/capnp-demo already has a lockfile, it will not be regenerated
[INFO] running `Command { std: "/workspace/cargo-home/bin/cargo" "+1.54.0" "fetch" "--manifest-path" "Cargo.toml", kill_on_drop: false }`
[INFO] [stderr]     Blocking waiting for file lock on package cache
[INFO] running `Command { std: "docker" "create" "-v" "/var/lib/crater-agent-workspace/builds/worker-15/target:/opt/rustwide/target:rw,Z" "-v" "/var/lib/crater-agent-workspace/builds/worker-15/source:/opt/rustwide/workdir:ro,Z" "-v" "/var/lib/crater-agent-workspace/cargo-home:/opt/rustwide/cargo-home:ro,Z" "-v" "/var/lib/crater-agent-workspace/rustup-home:/opt/rustwide/rustup-home:ro,Z" "-e" "SOURCE_DIR=/opt/rustwide/workdir" "-e" "CARGO_TARGET_DIR=/opt/rustwide/target" "-e" "CARGO_HOME=/opt/rustwide/cargo-home" "-e" "RUSTUP_HOME=/opt/rustwide/rustup-home" "-w" "/opt/rustwide/workdir" "-m" "1610612736" "--user" "0:0" "--network" "none" "ghcr.io/rust-lang/crates-build-env/linux@sha256:34b6a614d2c27851fe6cbf88fbd1137609cefab8b10d0615aaeb6fd47975d74e" "/opt/rustwide/cargo-home/bin/cargo" "+1.54.0" "metadata" "--no-deps" "--format-version=1", kill_on_drop: false }`
[INFO] [stdout] 9b7ec34279b72f55237d3d8831d30039d62eae2a3e508e01b0433f85f45568be
[INFO] running `Command { std: "docker" "start" "-a" "9b7ec34279b72f55237d3d8831d30039d62eae2a3e508e01b0433f85f45568be", kill_on_drop: false }`
[INFO] running `Command { std: "docker" "inspect" "9b7ec34279b72f55237d3d8831d30039d62eae2a3e508e01b0433f85f45568be", kill_on_drop: false }`
[INFO] running `Command { std: "docker" "rm" "-f" "9b7ec34279b72f55237d3d8831d30039d62eae2a3e508e01b0433f85f45568be", kill_on_drop: false }`
[INFO] [stdout] 9b7ec34279b72f55237d3d8831d30039d62eae2a3e508e01b0433f85f45568be
[INFO] running `Command { std: "docker" "create" "-v" "/var/lib/crater-agent-workspace/builds/worker-15/target:/opt/rustwide/target:rw,Z" "-v" "/var/lib/crater-agent-workspace/builds/worker-15/source:/opt/rustwide/workdir:ro,Z" "-v" "/var/lib/crater-agent-workspace/cargo-home:/opt/rustwide/cargo-home:ro,Z" "-v" "/var/lib/crater-agent-workspace/rustup-home:/opt/rustwide/rustup-home:ro,Z" "-e" "SOURCE_DIR=/opt/rustwide/workdir" "-e" "CARGO_TARGET_DIR=/opt/rustwide/target" "-e" "CARGO_INCREMENTAL=0" "-e" "RUST_BACKTRACE=full" "-e" "RUSTFLAGS=--cap-lints=warn" "-e" "CARGO_HOME=/opt/rustwide/cargo-home" "-e" "RUSTUP_HOME=/opt/rustwide/rustup-home" "-w" "/opt/rustwide/workdir" "-m" "1610612736" "--user" "0:0" "--network" "none" "ghcr.io/rust-lang/crates-build-env/linux@sha256:34b6a614d2c27851fe6cbf88fbd1137609cefab8b10d0615aaeb6fd47975d74e" "/opt/rustwide/cargo-home/bin/cargo" "+1.54.0" "build" "--frozen" "--message-format=json", kill_on_drop: false }`
[INFO] [stdout] f891051d98fa401e4bde87b9967afaf70d408da9a40fd1bf402d57eef0d9076d
[INFO] running `Command { std: "docker" "start" "-a" "f891051d98fa401e4bde87b9967afaf70d408da9a40fd1bf402d57eef0d9076d", kill_on_drop: false }`
[INFO] [stderr]    Compiling libc v0.2.51
[INFO] [stderr]    Compiling cfg-if v0.1.7
[INFO] [stderr]    Compiling autocfg v0.1.2
[INFO] [stderr]    Compiling byteorder v1.3.1
[INFO] [stderr]    Compiling futures v0.1.26
[INFO] [stderr]    Compiling rand_core v0.4.0
[INFO] [stderr]    Compiling lazy_static v1.3.0
[INFO] [stderr]    Compiling version_check v0.1.5
[INFO] [stderr]    Compiling smallvec v0.6.9
[INFO] [stderr]    Compiling cc v1.0.35
[INFO] [stderr]    Compiling proc-macro2 v0.4.27
[INFO] [stderr]    Compiling stable_deref_trait v1.1.1
[INFO] [stderr]    Compiling syn v0.15.31
[INFO] [stderr]    Compiling encoding_index_tests v0.1.4
[INFO] [stderr]    Compiling arrayvec v0.4.10
[INFO] [stderr]    Compiling nodrop v0.1.13
[INFO] [stderr]    Compiling memchr v2.2.0
[INFO] [stderr]    Compiling matches v0.1.8
[INFO] [stderr]    Compiling failure_derive v0.1.5
[INFO] [stderr]    Compiling rustc-demangle v0.1.14
[INFO] [stderr]    Compiling quick-error v1.2.2
[INFO] [stderr]    Compiling itoa v0.4.3
[INFO] [stderr]    Compiling serde v1.0.90
[INFO] [stderr]    Compiling arc-swap v0.3.11
[INFO] [stderr]    Compiling regex v1.1.5
[INFO] [stderr]    Compiling ucd-util v0.1.3
[INFO] [stderr]    Compiling ryu v0.2.7
[INFO] [stderr]    Compiling untrusted v0.6.2
[INFO] [stderr]    Compiling bitflags v1.0.4
[INFO] [stderr]    Compiling safemem v0.3.0
[INFO] [stderr]    Compiling httparse v1.3.3
[INFO] [stderr]    Compiling utf8-ranges v1.0.2
[INFO] [stderr]    Compiling indexmap v1.0.2
[INFO] [stderr]    Compiling string v0.1.3
[INFO] [stderr]    Compiling sha1 v0.6.0
[INFO] [stderr]    Compiling termcolor v1.0.4
[INFO] [stderr]    Compiling lru-cache v0.1.2
[INFO] [stderr]    Compiling log v0.4.6
[INFO] [stderr]    Compiling owning_ref v0.4.0
[INFO] [stderr]    Compiling encoding-index-korean v1.20141219.5
[INFO] [stderr]    Compiling encoding-index-singlebyte v1.20141219.5
[INFO] [stderr]    Compiling encoding-index-simpchinese v1.20141219.5
[INFO] [stderr]    Compiling encoding-index-tradchinese v1.20141219.5
[INFO] [stderr]    Compiling encoding-index-japanese v1.20141219.5
[INFO] [stderr]    Compiling humantime v1.2.0
[INFO] [stderr]    Compiling regex-syntax v0.6.6
[INFO] [stderr]    Compiling crc32fast v1.2.0
[INFO] [stderr]    Compiling unicode-bidi v0.3.4
[INFO] [stderr]    Compiling crossbeam-utils v0.6.5
[INFO] [stderr]    Compiling tokio-trace-core v0.1.0
[INFO] [stderr]    Compiling thread_local v0.3.6
[INFO] [stderr]    Compiling rand_core v0.3.1
[INFO] [stderr]    Compiling rand_jitter v0.1.3
[INFO] [stderr]    Compiling unicode-normalization v0.1.8
[INFO] [stderr]    Compiling parking_lot_core v0.4.0
[INFO] [stderr]    Compiling lock_api v0.1.5
[INFO] [stderr]    Compiling rand_chacha v0.1.1
[INFO] [stderr]    Compiling rand_pcg v0.1.2
[INFO] [stderr]    Compiling rand v0.6.5
[INFO] [stderr]    Compiling backtrace v0.3.15
[INFO] [stderr]    Compiling rand_isaac v0.1.1
[INFO] [stderr]    Compiling rand_xorshift v0.1.1
[INFO] [stderr]    Compiling rand_hc v0.1.0
[INFO] [stderr]    Compiling unicase v1.4.2
[INFO] [stderr]    Compiling nom v4.2.3
[INFO] [stderr]    Compiling v_escape v0.7.2
[INFO] [stderr]    Compiling unicase v2.3.0
[INFO] [stderr]    Compiling actix-web v0.7.19
[INFO] [stderr]    Compiling encoding v0.2.33
[INFO] [stderr]    Compiling crossbeam-queue v0.1.2
[INFO] [stderr]    Compiling crossbeam-channel v0.3.8
[INFO] [stderr]    Compiling tokio-executor v0.1.7
[INFO] [stderr]    Compiling tokio-sync v0.1.4
[INFO] [stderr]    Compiling tower-service v0.1.0
[INFO] [stderr]    Compiling crossbeam-epoch v0.7.1
[INFO] [stderr]    Compiling aho-corasick v0.7.3
[INFO] [stderr]    Compiling rand_os v0.1.3
[INFO] [stderr]    Compiling iovec v0.1.2
[INFO] [stderr]    Compiling num_cpus v1.10.0
[INFO] [stderr]    Compiling net2 v0.2.33
[INFO] [stderr]    Compiling rand v0.5.6
[INFO] [stderr]    Compiling socket2 v0.3.8
[INFO] [stderr]    Compiling hostname v0.1.5
[INFO] [stderr]    Compiling signal-hook v0.1.8
[INFO] [stderr]    Compiling time v0.1.42
[INFO] [stderr]    Compiling atty v0.2.11
[INFO] [stderr]    Compiling listenfd v0.3.3
[INFO] [stderr]    Compiling tokio-timer v0.2.10
[INFO] [stderr]    Compiling tokio-current-thread v0.1.6
[INFO] [stderr]    Compiling capnp v0.9.4
[INFO] [stderr]    Compiling base64 v0.9.3
[INFO] [stderr]    Compiling base64 v0.10.1
[INFO] [stderr]    Compiling bytes v0.4.12
[INFO] [stderr]    Compiling futures-cpupool v0.1.8
[INFO] [stderr]    Compiling quote v0.6.12
[INFO] [stderr]    Compiling resolv-conf v0.6.2
[INFO] [stderr]    Compiling mio v0.6.16
[INFO] [stderr]    Compiling crossbeam-deque v0.7.1
[INFO] [stderr]    Compiling backtrace-sys v0.1.28
[INFO] [stderr]    Compiling brotli-sys v0.3.2
[INFO] [stderr]    Compiling miniz-sys v0.1.11
[INFO] [stderr]    Compiling ring v0.13.5
[INFO] [stderr]    Compiling phf_shared v0.7.24
[INFO] [stderr]    Compiling capnpc v0.9.3
[INFO] [stderr]    Compiling capnp-futures v0.9.1
[INFO] [stderr]    Compiling mime v0.3.13
[INFO] [stderr]    Compiling tokio-io v0.1.12
[INFO] [stderr]    Compiling http v0.1.17
[INFO] [stderr]    Compiling phf v0.7.24
[INFO] [stderr]    Compiling mio-uds v0.6.7
[INFO] [stderr]    Compiling idna v0.1.5
[INFO] [stderr]    Compiling tokio-codec v0.1.1
[INFO] [stderr]    Compiling tokio-async-await v0.1.6
[INFO] [stderr]    Compiling tokio-threadpool v0.1.13
[INFO] [stderr]    Compiling phf_generator v0.7.24
[INFO] [stderr]    Compiling uuid v0.7.4
[INFO] [stdout] error[E0557]: feature has been removed
[INFO] [stdout]  --> /opt/rustwide/cargo-home/registry/src/github.com-1ecc6299db9ec823/tokio-async-await-0.1.6/src/lib.rs:2:44
[INFO] [stdout]   |
[INFO] [stdout] 2 | #![feature(rust_2018_preview, async_await, await_macro, futures_api)]
[INFO] [stdout]   |                                            ^^^^^^^^^^^ feature has been removed
[INFO] [stdout]   |
[INFO] [stdout]   = note: subsumed by `.await` syntax
[INFO] [stdout] 
[INFO] [stdout] 
[INFO] [stdout] error[E0432]: unresolved import `std::await`
[INFO] [stdout]   --> /opt/rustwide/cargo-home/registry/src/github.com-1ecc6299db9ec823/tokio-async-await-0.1.6/src/lib.rs:67:9
[INFO] [stdout]    |
[INFO] [stdout] 67 | pub use std::await as std_await;
[INFO] [stdout]    |         ^^^^^^^^^^^^^^^^^^^^^^^ no `await` in the root
[INFO] [stdout] 
[INFO] [stdout] 
[INFO] [stdout] error[E0554]: `#![feature]` may not be used on the stable release channel
[INFO] [stdout]  --> /opt/rustwide/cargo-home/registry/src/github.com-1ecc6299db9ec823/tokio-async-await-0.1.6/src/lib.rs:2:1
[INFO] [stdout]   |
[INFO] [stdout] 2 | #![feature(rust_2018_preview, async_await, await_macro, futures_api)]
[INFO] [stdout]   | ^^^^^^^^^^^^^^^^^^^^^^^^^^^^^^^^^^^^^^^^^^^^^^^^^^^^^^^^^^^^^^^^^^^^^
[INFO] [stdout]   |
[INFO] [stdout]   = help: the feature `async_await` has been stable since 1.39.0 and no longer requires an attribute to enable
[INFO] [stdout] 
[INFO] [stdout] 
[INFO] [stderr]    Compiling flate2 v1.0.7
[INFO] [stdout] error: cannot construct `RawWakerVTable` with struct literal syntax due to inaccessible fields
[INFO] [stdout]   --> /opt/rustwide/cargo-home/registry/src/github.com-1ecc6299db9ec823/tokio-async-await-0.1.6/src/compat/backward.rs:79:43
[INFO] [stdout]    |
[INFO] [stdout] 79 | const NOOP_WAKER_VTABLE: RawWakerVTable = RawWakerVTable {
[INFO] [stdout]    |                                           ^^^^^^^^^^^^^^
[INFO] [stdout] 
[INFO] [stdout] 
[INFO] [stdout] error[E0053]: method `poll` has an incompatible type for trait
[INFO] [stdout]   --> /opt/rustwide/cargo-home/registry/src/github.com-1ecc6299db9ec823/tokio-async-await-0.1.6/src/compat/forward.rs:56:47
[INFO] [stdout]    |
[INFO] [stdout] 56 |     fn poll(mut self: Pin<&mut Self>, _waker: &Waker) -> StdPoll<Self::Output> {
[INFO] [stdout]    |                                               ^^^^^^
[INFO] [stdout]    |                                               |
[INFO] [stdout]    |                                               types differ in mutability
[INFO] [stdout]    |                                               help: change the parameter type to match the trait: `&mut Context<'_>`
[INFO] [stdout]    |
[INFO] [stdout]    = note: expected fn pointer `fn(Pin<&mut forward::Compat<T>>, &mut Context<'_>) -> Poll<_>`
[INFO] [stdout]               found fn pointer `fn(Pin<&mut forward::Compat<T>>, &Waker) -> Poll<_>`
[INFO] [stdout] 
[INFO] [stdout] 
[INFO] [stdout] error[E0053]: method `poll` has an incompatible type for trait
[INFO] [stdout]   --> /opt/rustwide/cargo-home/registry/src/github.com-1ecc6299db9ec823/tokio-async-await-0.1.6/src/io/flush.rs:26:44
[INFO] [stdout]    |
[INFO] [stdout] 26 |     fn poll(mut self: Pin<&mut Self>, _wx: &Waker) -> Poll<Self::Output> {
[INFO] [stdout]    |                                            ^^^^^^
[INFO] [stdout]    |                                            |
[INFO] [stdout]    |                                            types differ in mutability
[INFO] [stdout]    |                                            help: change the parameter type to match the trait: `&mut Context<'_>`
[INFO] [stdout]    |
[INFO] [stdout]    = note: expected fn pointer `fn(Pin<&mut flush::Flush<'a, T>>, &mut Context<'_>) -> Poll<_>`
[INFO] [stdout]               found fn pointer `fn(Pin<&mut flush::Flush<'a, T>>, &Waker) -> Poll<_>`
[INFO] [stdout] 
[INFO] [stdout] 
[INFO] [stdout] error[E0053]: method `poll` has an incompatible type for trait
[INFO] [stdout]   --> /opt/rustwide/cargo-home/registry/src/github.com-1ecc6299db9ec823/tokio-async-await-0.1.6/src/io/read.rs:28:47
[INFO] [stdout]    |
[INFO] [stdout] 28 |     fn poll(mut self: Pin<&mut Self>, _waker: &task::Waker) -> Poll<Self::Output> {
[INFO] [stdout]    |                                               ^^^^^^^^^^^^
[INFO] [stdout]    |                                               |
[INFO] [stdout]    |                                               types differ in mutability
[INFO] [stdout]    |                                               help: change the parameter type to match the trait: `&mut Context<'_>`
[INFO] [stdout]    |
[INFO] [stdout]    = note: expected fn pointer `fn(Pin<&mut read::Read<'a, T>>, &mut Context<'_>) -> Poll<_>`
[INFO] [stdout]               found fn pointer `fn(Pin<&mut read::Read<'a, T>>, &Waker) -> Poll<_>`
[INFO] [stdout] 
[INFO] [stdout] 
[INFO] [stdout] error[E0053]: method `poll` has an incompatible type for trait
[INFO] [stdout]   --> /opt/rustwide/cargo-home/registry/src/github.com-1ecc6299db9ec823/tokio-async-await-0.1.6/src/io/read_exact.rs:33:47
[INFO] [stdout]    |
[INFO] [stdout] 33 |     fn poll(mut self: Pin<&mut Self>, _waker: &task::Waker) -> Poll<Self::Output> {
[INFO] [stdout]    |                                               ^^^^^^^^^^^^
[INFO] [stdout]    |                                               |
[INFO] [stdout]    |                                               types differ in mutability
[INFO] [stdout]    |                                               help: change the parameter type to match the trait: `&mut Context<'_>`
[INFO] [stdout]    |
[INFO] [stdout]    = note: expected fn pointer `fn(Pin<&mut read_exact::ReadExact<'a, T>>, &mut Context<'_>) -> Poll<_>`
[INFO] [stdout]               found fn pointer `fn(Pin<&mut read_exact::ReadExact<'a, T>>, &Waker) -> Poll<_>`
[INFO] [stdout] 
[INFO] [stdout] 
[INFO] [stdout] error[E0053]: method `poll` has an incompatible type for trait
[INFO] [stdout]   --> /opt/rustwide/cargo-home/registry/src/github.com-1ecc6299db9ec823/tokio-async-await-0.1.6/src/io/write.rs:28:47
[INFO] [stdout]    |
[INFO] [stdout] 28 |     fn poll(mut self: Pin<&mut Self>, _waker: &task::Waker) -> Poll<io::Result<usize>> {
[INFO] [stdout]    |                                               ^^^^^^^^^^^^
[INFO] [stdout]    |                                               |
[INFO] [stdout]    |                                               types differ in mutability
[INFO] [stdout]    |                                               help: change the parameter type to match the trait: `&mut Context<'_>`
[INFO] [stdout]    |
[INFO] [stdout]    = note: expected fn pointer `fn(Pin<&mut write::Write<'a, T>>, &mut Context<'_>) -> Poll<_>`
[INFO] [stdout]               found fn pointer `fn(Pin<&mut write::Write<'a, T>>, &Waker) -> Poll<_>`
[INFO] [stdout] 
[INFO] [stdout] 
[INFO] [stdout] error[E0053]: method `poll` has an incompatible type for trait
[INFO] [stdout]   --> /opt/rustwide/cargo-home/registry/src/github.com-1ecc6299db9ec823/tokio-async-await-0.1.6/src/io/write_all.rs:33:47
[INFO] [stdout]    |
[INFO] [stdout] 33 |     fn poll(mut self: Pin<&mut Self>, _waker: &task::Waker) -> Poll<io::Result<()>> {
[INFO] [stdout]    |                                               ^^^^^^^^^^^^
[INFO] [stdout]    |                                               |
[INFO] [stdout]    |                                               types differ in mutability
[INFO] [stdout]    |                                               help: change the parameter type to match the trait: `&mut Context<'_>`
[INFO] [stdout]    |
[INFO] [stdout]    = note: expected fn pointer `fn(Pin<&mut write_all::WriteAll<'a, T>>, &mut Context<'_>) -> Poll<_>`
[INFO] [stdout]               found fn pointer `fn(Pin<&mut write_all::WriteAll<'a, T>>, &Waker) -> Poll<_>`
[INFO] [stdout] 
[INFO] [stdout] 
[INFO] [stdout] error[E0053]: method `poll` has an incompatible type for trait
[INFO] [stdout]   --> /opt/rustwide/cargo-home/registry/src/github.com-1ecc6299db9ec823/tokio-async-await-0.1.6/src/sink/send.rs:30:47
[INFO] [stdout]    |
[INFO] [stdout] 30 |     fn poll(mut self: Pin<&mut Self>, _waker: &task::Waker) -> Poll<Self::Output> {
[INFO] [stdout]    |                                               ^^^^^^^^^^^^
[INFO] [stdout]    |                                               |
[INFO] [stdout]    |                                               types differ in mutability
[INFO] [stdout]    |                                               help: change the parameter type to match the trait: `&mut Context<'_>`
[INFO] [stdout]    |
[INFO] [stdout]    = note: expected fn pointer `fn(Pin<&mut send::Send<'_, T>>, &mut Context<'_>) -> Poll<_>`
[INFO] [stdout]               found fn pointer `fn(Pin<&mut send::Send<'_, T>>, &Waker) -> Poll<_>`
[INFO] [stdout] 
[INFO] [stdout] 
[INFO] [stdout] error[E0053]: method `poll` has an incompatible type for trait
[INFO] [stdout]   --> /opt/rustwide/cargo-home/registry/src/github.com-1ecc6299db9ec823/tokio-async-await-0.1.6/src/stream/next.rs:24:47
[INFO] [stdout]    |
[INFO] [stdout] 24 |     fn poll(mut self: Pin<&mut Self>, _waker: &Waker) -> Poll<Self::Output> {
[INFO] [stdout]    |                                               ^^^^^^
[INFO] [stdout]    |                                               |
[INFO] [stdout]    |                                               types differ in mutability
[INFO] [stdout]    |                                               help: change the parameter type to match the trait: `&mut Context<'_>`
[INFO] [stdout]    |
[INFO] [stdout]    = note: expected fn pointer `fn(Pin<&mut Next<'a, T>>, &mut Context<'_>) -> Poll<_>`
[INFO] [stdout]               found fn pointer `fn(Pin<&mut Next<'a, T>>, &Waker) -> Poll<_>`
[INFO] [stdout] 
[INFO] [stdout] 
[INFO] [stdout] error[E0308]: mismatched types
[INFO] [stdout]   --> /opt/rustwide/cargo-home/registry/src/github.com-1ecc6299db9ec823/tokio-async-await-0.1.6/src/compat/backward.rs:49:40
[INFO] [stdout]    |
[INFO] [stdout] 49 |         let res = self.0.as_mut().poll(&waker);
[INFO] [stdout]    |                                        ^^^^^^ types differ in mutability
[INFO] [stdout]    |
[INFO] [stdout]    = note: expected mutable reference `&mut Context<'_>`
[INFO] [stdout]                       found reference `&Waker`
[INFO] [stdout] 
[INFO] [stdout] 
[INFO] [stdout] error[E0599]: no function or associated item named `new_unchecked` found for struct `Waker` in the current scope
[INFO] [stdout]   --> /opt/rustwide/cargo-home/registry/src/github.com-1ecc6299db9ec823/tokio-async-await-0.1.6/src/compat/backward.rs:66:21
[INFO] [stdout]    |
[INFO] [stdout] 66 |     unsafe { Waker::new_unchecked(noop_raw_waker()) }
[INFO] [stdout]    |                     ^^^^^^^^^^^^^ function or associated item not found in `Waker`
[INFO] [stdout] 
[INFO] [stdout] 
[INFO] [stdout] error: aborting due to 14 previous errors
[INFO] [stdout] 
[INFO] [stdout] 
[INFO] [stdout] Some errors have detailed explanations: E0053, E0308, E0432, E0554, E0557, E0599.
[INFO] [stdout] 
[INFO] [stdout] For more information about an error, try `rustc --explain E0053`.
[INFO] [stdout] 
[INFO] [stderr] error: could not compile `tokio-async-await`
[INFO] [stderr] 
[INFO] [stderr] To learn more, run the command again with --verbose.
[INFO] [stderr] warning: build failed, waiting for other jobs to finish...
[INFO] [stderr] error: build failed
[INFO] running `Command { std: "docker" "inspect" "f891051d98fa401e4bde87b9967afaf70d408da9a40fd1bf402d57eef0d9076d", kill_on_drop: false }`
[INFO] running `Command { std: "docker" "rm" "-f" "f891051d98fa401e4bde87b9967afaf70d408da9a40fd1bf402d57eef0d9076d", kill_on_drop: false }`
[INFO] [stdout] f891051d98fa401e4bde87b9967afaf70d408da9a40fd1bf402d57eef0d9076d
