[INFO] cloning repository https://github.com/LuisBarroso37/Newsletter
[INFO] running `Command { std: "git" "-c" "credential.helper=" "-c" "credential.helper=/workspace/cargo-home/bin/git-credential-null" "clone" "--bare" "https://github.com/LuisBarroso37/Newsletter" "/workspace/cache/git-repos/https%3A%2F%2Fgithub.com%2FLuisBarroso37%2FNewsletter", kill_on_drop: false }`
[INFO] [stderr] Cloning into bare repository '/workspace/cache/git-repos/https%3A%2F%2Fgithub.com%2FLuisBarroso37%2FNewsletter'...
[INFO] running `Command { std: "git" "rev-parse" "HEAD", kill_on_drop: false }`
[INFO] [stdout] 54c7741d1094b5ea094dfca7f304c91099066b15
[INFO] testing LuisBarroso37/Newsletter against beta-2021-08-01 for beta-1.55-1
[INFO] running `Command { std: "git" "clone" "/workspace/cache/git-repos/https%3A%2F%2Fgithub.com%2FLuisBarroso37%2FNewsletter" "/workspace/builds/worker-13/source", kill_on_drop: false }`
[INFO] [stderr] Cloning into '/workspace/builds/worker-13/source'...
[INFO] [stderr] done.
[INFO] validating manifest of git repo https://github.com/LuisBarroso37/Newsletter on toolchain beta-2021-08-01
[INFO] running `Command { std: "/workspace/cargo-home/bin/cargo" "+beta-2021-08-01" "metadata" "--manifest-path" "Cargo.toml" "--no-deps", kill_on_drop: false }`
[INFO] started tweaking git repo https://github.com/LuisBarroso37/Newsletter
[INFO] finished tweaking git repo https://github.com/LuisBarroso37/Newsletter
[INFO] tweaked toml for git repo https://github.com/LuisBarroso37/Newsletter written to /workspace/builds/worker-13/source/Cargo.toml
[INFO] crate git repo https://github.com/LuisBarroso37/Newsletter already has a lockfile, it will not be regenerated
[INFO] running `Command { std: "/workspace/cargo-home/bin/cargo" "+beta-2021-08-01" "fetch" "--manifest-path" "Cargo.toml", kill_on_drop: false }`
[INFO] [stderr]  Downloading crates ...
[INFO] [stderr]   Downloaded validator v0.13.0
[INFO] [stderr]   Downloaded serde-aux v2.2.0
[INFO] [stderr]   Downloaded tokio v1.7.0
[INFO] [stderr]   Downloaded claim v0.5.0
[INFO] [stderr]   Downloaded wiremock v0.5.3
[INFO] running `Command { std: "docker" "create" "-v" "/var/lib/crater-agent-workspace/builds/worker-13/target:/opt/rustwide/target:rw,Z" "-v" "/var/lib/crater-agent-workspace/builds/worker-13/source:/opt/rustwide/workdir:ro,Z" "-v" "/var/lib/crater-agent-workspace/cargo-home:/opt/rustwide/cargo-home:ro,Z" "-v" "/var/lib/crater-agent-workspace/rustup-home:/opt/rustwide/rustup-home:ro,Z" "-e" "SOURCE_DIR=/opt/rustwide/workdir" "-e" "CARGO_TARGET_DIR=/opt/rustwide/target" "-e" "CARGO_HOME=/opt/rustwide/cargo-home" "-e" "RUSTUP_HOME=/opt/rustwide/rustup-home" "-w" "/opt/rustwide/workdir" "-m" "1610612736" "--user" "0:0" "--network" "none" "ghcr.io/rust-lang/crates-build-env/linux@sha256:34b6a614d2c27851fe6cbf88fbd1137609cefab8b10d0615aaeb6fd47975d74e" "/opt/rustwide/cargo-home/bin/cargo" "+beta-2021-08-01" "metadata" "--no-deps" "--format-version=1", kill_on_drop: false }`
[INFO] [stdout] 2689482e2c48f4841d37d4f3c80a2533e55b07f57679226844ebd93dec97d415
[INFO] running `Command { std: "docker" "start" "-a" "2689482e2c48f4841d37d4f3c80a2533e55b07f57679226844ebd93dec97d415", kill_on_drop: false }`
[INFO] running `Command { std: "docker" "inspect" "2689482e2c48f4841d37d4f3c80a2533e55b07f57679226844ebd93dec97d415", kill_on_drop: false }`
[INFO] running `Command { std: "docker" "rm" "-f" "2689482e2c48f4841d37d4f3c80a2533e55b07f57679226844ebd93dec97d415", kill_on_drop: false }`
[INFO] [stdout] 2689482e2c48f4841d37d4f3c80a2533e55b07f57679226844ebd93dec97d415
[INFO] running `Command { std: "docker" "create" "-v" "/var/lib/crater-agent-workspace/builds/worker-13/target:/opt/rustwide/target:rw,Z" "-v" "/var/lib/crater-agent-workspace/builds/worker-13/source:/opt/rustwide/workdir:ro,Z" "-v" "/var/lib/crater-agent-workspace/cargo-home:/opt/rustwide/cargo-home:ro,Z" "-v" "/var/lib/crater-agent-workspace/rustup-home:/opt/rustwide/rustup-home:ro,Z" "-e" "SOURCE_DIR=/opt/rustwide/workdir" "-e" "CARGO_TARGET_DIR=/opt/rustwide/target" "-e" "CARGO_INCREMENTAL=0" "-e" "RUST_BACKTRACE=full" "-e" "RUSTFLAGS=--cap-lints=warn" "-e" "CARGO_HOME=/opt/rustwide/cargo-home" "-e" "RUSTUP_HOME=/opt/rustwide/rustup-home" "-w" "/opt/rustwide/workdir" "-m" "1610612736" "--user" "0:0" "--network" "none" "ghcr.io/rust-lang/crates-build-env/linux@sha256:34b6a614d2c27851fe6cbf88fbd1137609cefab8b10d0615aaeb6fd47975d74e" "/opt/rustwide/cargo-home/bin/cargo" "+beta-2021-08-01" "build" "--frozen" "--message-format=json", kill_on_drop: false }`
[INFO] [stdout] cea31942320de4de0bb7dccc6ad6fc91046d0fee6ec4c448f7058ff60aaaf78a
[INFO] running `Command { std: "docker" "start" "-a" "cea31942320de4de0bb7dccc6ad6fc91046d0fee6ec4c448f7058ff60aaaf78a", kill_on_drop: false }`
[INFO] [stderr]    Compiling libc v0.2.97
[INFO] [stderr]    Compiling syn v1.0.73
[INFO] [stderr]    Compiling once_cell v1.8.0
[INFO] [stderr]    Compiling serde v1.0.126
[INFO] [stderr]    Compiling serde_json v1.0.64
[INFO] [stderr]    Compiling crossbeam-utils v0.8.5
[INFO] [stderr]    Compiling lexical-core v0.7.6
[INFO] [stderr]    Compiling static_assertions v1.1.0
[INFO] [stderr]    Compiling radium v0.5.3
[INFO] [stderr]    Compiling arrayvec v0.5.2
[INFO] [stderr]    Compiling local-waker v0.1.1
[INFO] [stderr]    Compiling tap v1.0.1
[INFO] [stderr]    Compiling zstd-safe v3.1.0+zstd.1.4.9
[INFO] [stderr]    Compiling funty v1.1.0
[INFO] [stderr]    Compiling build_const v0.2.2
[INFO] [stderr]    Compiling wyz v0.2.0
[INFO] [stderr]    Compiling whoami v1.1.2
[INFO] [stderr]    Compiling crossbeam-queue v0.3.2
[INFO] [stderr]    Compiling try-lock v0.2.3
[INFO] [stderr]    Compiling unicode_categories v0.1.1
[INFO] [stderr]    Compiling language-tags v0.3.2
[INFO] [stderr]    Compiling httpdate v1.0.1
[INFO] [stderr]    Compiling byteorder v1.4.3
[INFO] [stderr]    Compiling tower-service v0.3.1
[INFO] [stderr]    Compiling dotenv v0.15.0
[INFO] [stderr]    Compiling ipnet v2.3.1
[INFO] [stderr]    Compiling validator_types v0.12.0
[INFO] [stderr]    Compiling tokio v1.7.0
[INFO] [stderr]    Compiling nom v6.1.2
[INFO] [stderr]    Compiling time v0.2.27
[INFO] [stderr]    Compiling cookie v0.15.0
[INFO] [stderr]    Compiling nom v5.1.2
[INFO] [stderr]    Compiling ahash v0.7.4
[INFO] [stderr]    Compiling matchers v0.0.1
[INFO] [stderr]    Compiling actix-utils v3.0.0
[INFO] [stderr]    Compiling http-body v0.4.2
[INFO] [stderr]    Compiling aho-corasick v0.7.18
[INFO] [stderr]    Compiling tracing-log v0.1.2
[INFO] [stderr]    Compiling actix-service v2.0.0
[INFO] [stderr]    Compiling thread_local v1.1.3
[INFO] [stderr]    Compiling stringprep v0.1.2
[INFO] [stderr]    Compiling want v0.3.0
[INFO] [stderr]    Compiling crypto-mac v0.10.0
[INFO] [stderr]    Compiling num-integer v0.1.44
[INFO] [stderr]    Compiling atoi v0.4.0
[INFO] [stderr]    Compiling md-5 v0.9.1
[INFO] [stderr]    Compiling crc v1.8.1
[INFO] [stderr]    Compiling hmac v0.10.1
[INFO] [stderr]    Compiling bitvec v0.19.5
[INFO] [stderr]    Compiling crossbeam-channel v0.5.1
[INFO] [stderr]    Compiling regex v1.5.4
[INFO] [stderr]    Compiling jobserver v0.1.22
[INFO] [stderr]    Compiling parking_lot_core v0.8.3
[INFO] [stderr]    Compiling signal-hook-registry v1.4.0
[INFO] [stderr]    Compiling mio v0.7.13
[INFO] [stderr]    Compiling num_cpus v1.13.0
[INFO] [stderr]    Compiling getrandom v0.2.3
[INFO] [stderr]    Compiling time v0.1.44
[INFO] [stderr]    Compiling socket2 v0.4.0
[INFO] [stderr]    Compiling dirs-sys v0.3.6
[INFO] [stderr]    Compiling flate2 v1.0.20
[INFO] [stderr]    Compiling gethostname v0.2.1
[INFO] [stderr]    Compiling dirs v3.0.2
[INFO] [stderr]    Compiling rand_core v0.6.3
[INFO] [stderr]    Compiling uuid v0.8.2
[INFO] [stderr]    Compiling parking_lot v0.11.1
[INFO] [stderr]    Compiling rand_chacha v0.3.1
[INFO] [stderr]    Compiling cc v1.0.68
[INFO] [stderr]    Compiling chrono v0.4.19
[INFO] [stderr]    Compiling hashbrown v0.11.2
[INFO] [stderr]    Compiling rand v0.8.4
[INFO] [stderr]    Compiling hashlink v0.7.0
[INFO] [stderr]    Compiling ring v0.16.20
[INFO] [stderr]    Compiling zstd-sys v1.5.0+zstd.1.4.9
[INFO] [stderr]    Compiling brotli-sys v0.3.2
[INFO] [stderr]    Compiling brotli2 v0.3.2
[INFO] [stderr]    Compiling sqlformat v0.1.6
[INFO] [stderr]    Compiling webpki v0.21.4
[INFO] [stderr]    Compiling sct v0.6.1
[INFO] [stderr]    Compiling rustls v0.19.1
[INFO] [stderr]    Compiling webpki-roots v0.21.1
[INFO] [stderr]    Compiling serde_derive v1.0.126
[INFO] [stderr]    Compiling tokio-macros v1.2.0
[INFO] [stderr]    Compiling futures-macro v0.3.15
[INFO] [stderr]    Compiling tracing-attributes v0.1.15
[INFO] [stderr]    Compiling actix-macros v0.2.1
[INFO] [stderr]    Compiling pin-project-internal v1.0.7
[INFO] [stderr]    Compiling thiserror-impl v1.0.26
[INFO] [stderr]    Compiling time-macros-impl v0.1.2
[INFO] [stderr]    Compiling derive_more v0.99.14
[INFO] [stderr]    Compiling async-trait v0.1.50
[INFO] [stderr]    Compiling actix-web-codegen v0.5.0-beta.2
[INFO] [stderr]    Compiling time-macros v0.1.1
[INFO] [stderr]    Compiling tracing v0.1.26
[INFO] [stderr]    Compiling futures-util v0.3.15
[INFO] [stderr]    Compiling thiserror v1.0.26
[INFO] [stderr]    Compiling pin-project v1.0.7
[INFO] [stderr]    Compiling tracing-futures v0.2.5
[INFO] [stderr]    Compiling futures-executor v0.3.15
[INFO] [stderr]    Compiling local-channel v0.1.2
[INFO] [stderr]    Compiling futures v0.3.15
[INFO] [stderr]    Compiling opentelemetry v0.14.0
[INFO] [stderr]    Compiling tokio-util v0.6.7
[INFO] [stderr]    Compiling actix-rt v2.2.0
[INFO] [stderr]    Compiling tokio-rustls v0.22.0
[INFO] [stderr]    Compiling tokio-stream v0.1.6
[INFO] [stderr]    Compiling actix-server v2.0.0-beta.4
[INFO] [stderr]    Compiling sqlx-rt v0.5.5
[INFO] [stderr]    Compiling h2 v0.3.3
[INFO] [stderr]    Compiling actix-codec v0.4.0
[INFO] [stderr]    Compiling actix-tls v3.0.0-beta.5
[INFO] [stderr]    Compiling url v2.2.2
[INFO] [stderr]    Compiling either v1.6.1
[INFO] [stderr]    Compiling tracing-serde v0.1.2
[INFO] [stderr]    Compiling serde_urlencoded v0.7.0
[INFO] [stderr]    Compiling actix-router v0.2.7
[INFO] [stderr]    Compiling config v0.11.0
[INFO] [stderr]    Compiling tracing-subscriber v0.2.18
[INFO] [stderr]    Compiling sqlx-core v0.5.5
[INFO] [stderr]    Compiling validator v0.13.0
[INFO] [stderr]    Compiling serde-aux v2.2.0
[INFO] [stderr]    Compiling hyper v0.14.9
[INFO] [stderr]    Compiling tracing-opentelemetry v0.13.0
[INFO] [stderr]    Compiling tracing-bunyan-formatter v0.2.4
[INFO] [stderr]    Compiling zstd v0.7.0+zstd.1.4.9
[INFO] [stderr]    Compiling actix-http v3.0.0-beta.8
[INFO] [stderr]    Compiling hyper-rustls v0.22.1
[INFO] [stderr]    Compiling sqlx-macros v0.5.5
[INFO] [stderr]    Compiling reqwest v0.11.3
[INFO] [stderr]    Compiling actix-web v4.0.0-beta.8
[INFO] [stderr]    Compiling tracing-actix-web v0.4.0-beta.8
[INFO] [stderr]    Compiling sqlx v0.5.5
[INFO] [stderr]    Compiling newsletter v0.1.0 (/opt/rustwide/workdir)
[INFO] [stdout] error: error communicating with the server: Cannot assign requested address (os error 99)
[INFO] [stdout]    --> src/routes/subscriptions.rs:134:5
[INFO] [stdout]     |
[INFO] [stdout] 134 | /     sqlx::query!(
[INFO] [stdout] 135 | |         r#"
[INFO] [stdout] 136 | |         INSERT INTO subscriptions (id, email, name, subscribed_at, status)
[INFO] [stdout] 137 | |         VALUES ($1, $2, $3, $4, 'pending_confirmation')
[INFO] [stdout] ...   |
[INFO] [stdout] 142 | |         Utc::now()
[INFO] [stdout] 143 | |     )
[INFO] [stdout]     | |_____^
[INFO] [stdout]     |
[INFO] [stdout]     = note: this error originates in the macro `$crate::sqlx_macros::expand_query` (in Nightly builds, run with -Z macro-backtrace for more info)
[INFO] [stdout] 
[INFO] [stdout] 
[INFO] [stdout] error: error communicating with the server: Cannot assign requested address (os error 99)
[INFO] [stdout]    --> src/routes/subscriptions.rs:190:5
[INFO] [stdout]     |
[INFO] [stdout] 190 | /     sqlx::query!(
[INFO] [stdout] 191 | |         r#"INSERT INTO subscription_tokens (subscription_token, subscriber_id) VALUES ($1, $2)"#,
[INFO] [stdout] 192 | |         subscription_token,
[INFO] [stdout] 193 | |         subscriber_id
[INFO] [stdout] 194 | |     )
[INFO] [stdout]     | |_____^
[INFO] [stdout]     |
[INFO] [stdout]     = note: this error originates in the macro `$crate::sqlx_macros::expand_query` (in Nightly builds, run with -Z macro-backtrace for more info)
[INFO] [stdout] 
[INFO] [stdout] 
[INFO] [stdout] error: error communicating with the server: Cannot assign requested address (os error 99)
[INFO] [stdout]   --> src/routes/subscriptions_confirm.rs:66:18
[INFO] [stdout]    |
[INFO] [stdout] 66 |       let result = sqlx::query!(
[INFO] [stdout]    |  __________________^
[INFO] [stdout] 67 | |         r#"SELECT subscriber_id FROM subscription_tokens WHERE subscription_token = $1"#,
[INFO] [stdout] 68 | |         subscription_token
[INFO] [stdout] 69 | |     )
[INFO] [stdout]    | |_____^
[INFO] [stdout]    |
[INFO] [stdout]    = note: this error originates in the macro `$crate::sqlx_macros::expand_query` (in Nightly builds, run with -Z macro-backtrace for more info)
[INFO] [stdout] 
[INFO] [stdout] 
[INFO] [stdout] error: error communicating with the server: Cannot assign requested address (os error 99)
[INFO] [stdout]   --> src/routes/subscriptions_confirm.rs:84:5
[INFO] [stdout]    |
[INFO] [stdout] 84 | /     sqlx::query!(
[INFO] [stdout] 85 | |         r#"UPDATE subscriptions SET status = 'confirmed' WHERE id = $1"#,
[INFO] [stdout] 86 | |         subscriber_id
[INFO] [stdout] 87 | |     )
[INFO] [stdout]    | |_____^
[INFO] [stdout]    |
[INFO] [stdout]    = note: this error originates in the macro `$crate::sqlx_macros::expand_query` (in Nightly builds, run with -Z macro-backtrace for more info)
[INFO] [stdout] 
[INFO] [stdout] 
[INFO] [stdout] warning: unused import: `chrono::Utc`
[INFO] [stdout]  --> src/routes/subscriptions.rs:5:5
[INFO] [stdout]   |
[INFO] [stdout] 5 | use chrono::Utc;
[INFO] [stdout]   |     ^^^^^^^^^^^
[INFO] [stdout]   |
[INFO] [stdout]   = note: `#[warn(unused_imports)]` on by default
[INFO] [stdout] 
[INFO] [stdout] 
[INFO] [stdout] error: aborting due to 4 previous errors; 1 warning emitted
[INFO] [stdout] 
[INFO] [stdout] 
[INFO] [stderr] error: could not compile `newsletter` due to 5 previous errors; 1 warning emitted
[INFO] running `Command { std: "docker" "inspect" "cea31942320de4de0bb7dccc6ad6fc91046d0fee6ec4c448f7058ff60aaaf78a", kill_on_drop: false }`
[INFO] running `Command { std: "docker" "rm" "-f" "cea31942320de4de0bb7dccc6ad6fc91046d0fee6ec4c448f7058ff60aaaf78a", kill_on_drop: false }`
[INFO] [stdout] cea31942320de4de0bb7dccc6ad6fc91046d0fee6ec4c448f7058ff60aaaf78a
