[INFO] cloning repository https://github.com/Logarithmus/jde_versions_xlsx2txt
[INFO] running `Command { std: "git" "-c" "credential.helper=" "-c" "credential.helper=/workspace/cargo-home/bin/git-credential-null" "clone" "--bare" "https://github.com/Logarithmus/jde_versions_xlsx2txt" "/workspace/cache/git-repos/https%3A%2F%2Fgithub.com%2FLogarithmus%2Fjde_versions_xlsx2txt", kill_on_drop: false }`
[INFO] [stderr] Cloning into bare repository '/workspace/cache/git-repos/https%3A%2F%2Fgithub.com%2FLogarithmus%2Fjde_versions_xlsx2txt'...
[INFO] running `Command { std: "git" "rev-parse" "HEAD", kill_on_drop: false }`
[INFO] [stdout] 296f39abcfd94348c35498986c13cf9435e8bcee
[INFO] testing Logarithmus/jde_versions_xlsx2txt against 1.54.0 for beta-1.55-1
[INFO] running `Command { std: "git" "clone" "/workspace/cache/git-repos/https%3A%2F%2Fgithub.com%2FLogarithmus%2Fjde_versions_xlsx2txt" "/workspace/builds/worker-10/source", kill_on_drop: false }`
[INFO] [stderr] Cloning into '/workspace/builds/worker-10/source'...
[INFO] [stderr] done.
[INFO] validating manifest of git repo https://github.com/Logarithmus/jde_versions_xlsx2txt on toolchain 1.54.0
[INFO] running `Command { std: "/workspace/cargo-home/bin/cargo" "+1.54.0" "metadata" "--manifest-path" "Cargo.toml" "--no-deps", kill_on_drop: false }`
[INFO] started tweaking git repo https://github.com/Logarithmus/jde_versions_xlsx2txt
[INFO] finished tweaking git repo https://github.com/Logarithmus/jde_versions_xlsx2txt
[INFO] tweaked toml for git repo https://github.com/Logarithmus/jde_versions_xlsx2txt written to /workspace/builds/worker-10/source/Cargo.toml
[INFO] crate git repo https://github.com/Logarithmus/jde_versions_xlsx2txt already has a lockfile, it will not be regenerated
[INFO] running `Command { std: "/workspace/cargo-home/bin/cargo" "+1.54.0" "fetch" "--manifest-path" "Cargo.toml", kill_on_drop: false }`
[INFO] running `Command { std: "docker" "create" "-v" "/var/lib/crater-agent-workspace/builds/worker-10/target:/opt/rustwide/target:rw,Z" "-v" "/var/lib/crater-agent-workspace/builds/worker-10/source:/opt/rustwide/workdir:ro,Z" "-v" "/var/lib/crater-agent-workspace/cargo-home:/opt/rustwide/cargo-home:ro,Z" "-v" "/var/lib/crater-agent-workspace/rustup-home:/opt/rustwide/rustup-home:ro,Z" "-e" "SOURCE_DIR=/opt/rustwide/workdir" "-e" "CARGO_TARGET_DIR=/opt/rustwide/target" "-e" "CARGO_HOME=/opt/rustwide/cargo-home" "-e" "RUSTUP_HOME=/opt/rustwide/rustup-home" "-w" "/opt/rustwide/workdir" "-m" "1610612736" "--user" "0:0" "--network" "none" "ghcr.io/rust-lang/crates-build-env/linux@sha256:34b6a614d2c27851fe6cbf88fbd1137609cefab8b10d0615aaeb6fd47975d74e" "/opt/rustwide/cargo-home/bin/cargo" "+1.54.0" "metadata" "--no-deps" "--format-version=1", kill_on_drop: false }`
[INFO] [stdout] 5990cbd1100c8bf03685b7435df9c29f1dede0b425bca0d05c613d4ebc490e28
[INFO] [stderr] WARNING: Your kernel does not support swap limit capabilities or the cgroup is not mounted. Memory limited without swap.
[INFO] running `Command { std: "docker" "start" "-a" "5990cbd1100c8bf03685b7435df9c29f1dede0b425bca0d05c613d4ebc490e28", kill_on_drop: false }`
[INFO] running `Command { std: "docker" "inspect" "5990cbd1100c8bf03685b7435df9c29f1dede0b425bca0d05c613d4ebc490e28", kill_on_drop: false }`
[INFO] running `Command { std: "docker" "rm" "-f" "5990cbd1100c8bf03685b7435df9c29f1dede0b425bca0d05c613d4ebc490e28", kill_on_drop: false }`
[INFO] [stdout] 5990cbd1100c8bf03685b7435df9c29f1dede0b425bca0d05c613d4ebc490e28
[INFO] running `Command { std: "docker" "create" "-v" "/var/lib/crater-agent-workspace/builds/worker-10/target:/opt/rustwide/target:rw,Z" "-v" "/var/lib/crater-agent-workspace/builds/worker-10/source:/opt/rustwide/workdir:ro,Z" "-v" "/var/lib/crater-agent-workspace/cargo-home:/opt/rustwide/cargo-home:ro,Z" "-v" "/var/lib/crater-agent-workspace/rustup-home:/opt/rustwide/rustup-home:ro,Z" "-e" "SOURCE_DIR=/opt/rustwide/workdir" "-e" "CARGO_TARGET_DIR=/opt/rustwide/target" "-e" "CARGO_INCREMENTAL=0" "-e" "RUST_BACKTRACE=full" "-e" "RUSTFLAGS=--cap-lints=warn" "-e" "CARGO_HOME=/opt/rustwide/cargo-home" "-e" "RUSTUP_HOME=/opt/rustwide/rustup-home" "-w" "/opt/rustwide/workdir" "-m" "1610612736" "--user" "0:0" "--network" "none" "ghcr.io/rust-lang/crates-build-env/linux@sha256:34b6a614d2c27851fe6cbf88fbd1137609cefab8b10d0615aaeb6fd47975d74e" "/opt/rustwide/cargo-home/bin/cargo" "+1.54.0" "build" "--frozen" "--message-format=json", kill_on_drop: false }`
[INFO] [stdout] 4d003d5a01348ba2ef234a6c40afe9c855d450986cf113adb76fc89b629ff514
[INFO] [stderr] WARNING: Your kernel does not support swap limit capabilities or the cgroup is not mounted. Memory limited without swap.
[INFO] running `Command { std: "docker" "start" "-a" "4d003d5a01348ba2ef234a6c40afe9c855d450986cf113adb76fc89b629ff514", kill_on_drop: false }`
[INFO] [stderr]    Compiling rayon-core v1.5.0
[INFO] [stderr]    Compiling syn v0.15.44
[INFO] [stderr]    Compiling num-bigint v0.2.2
[INFO] [stderr]    Compiling num-traits v0.2.8
[INFO] [stderr]    Compiling num-integer v0.1.41
[INFO] [stderr]    Compiling num-complex v0.2.3
[INFO] [stderr]    Compiling num-iter v0.1.39
[INFO] [stderr]    Compiling num-rational v0.2.2
[INFO] [stderr]    Compiling parking_lot v0.9.0
[INFO] [stderr]    Compiling serde v1.0.98
[INFO] [stderr]    Compiling aho-corasick v0.6.10
[INFO] [stderr]    Compiling codepage v0.1.1
[INFO] [stderr]    Compiling parking_lot_core v0.6.2
[INFO] [stderr]    Compiling libflate v0.1.26
[INFO] [stderr]    Compiling crossbeam-deque v0.6.3
[INFO] [stderr]    Compiling zip v0.5.2
[INFO] [stderr]    Compiling once_cell v0.2.6
[INFO] [stderr]    Compiling rayon v1.1.0
[INFO] [stderr]    Compiling cc v1.0.38
[INFO] [stderr]    Compiling num v0.2.0
[INFO] [stderr]    Compiling backtrace-sys v0.1.31
[INFO] [stderr]    Compiling backtrace v0.3.34
[INFO] [stderr]    Compiling cpp_common v0.5.3
[INFO] [stderr]    Compiling synstructure v0.10.2
[INFO] [stderr]    Compiling cpp_build v0.5.3
[INFO] [stderr]    Compiling failure_derive v0.1.5
[INFO] [stderr]    Compiling derive_more v0.14.1
[INFO] [stderr]    Compiling cpp_macros v0.5.3
[INFO] [stderr]    Compiling opencv v0.19.1
[INFO] [stderr]    Compiling failure v0.1.5
[INFO] [stderr]    Compiling cpp v0.5.3
[INFO] [stderr]    Compiling quick-xml v0.14.0
[INFO] [stderr]    Compiling calamine v0.15.5
[INFO] [stderr] error: could not compile `calamine`
[INFO] [stderr] 
[INFO] [stderr] Caused by:
[INFO] [stderr]   process didn't exit successfully: `rustc --crate-name calamine /opt/rustwide/cargo-home/registry/src/github.com-1ecc6299db9ec823/calamine-0.15.5/src/lib.rs --error-format=json --json=diagnostic-rendered-ansi --crate-type lib --emit=dep-info,metadata,link -C embed-bitcode=no -C debuginfo=2 -C metadata=e791065d96b17323 -C extra-filename=-e791065d96b17323 --out-dir /opt/rustwide/target/debug/deps -L dependency=/opt/rustwide/target/debug/deps --extern byteorder=/opt/rustwide/target/debug/deps/libbyteorder-b806cf34b2138bdc.rmeta --extern codepage=/opt/rustwide/target/debug/deps/libcodepage-400c1a2b43725b19.rmeta --extern encoding_rs=/opt/rustwide/target/debug/deps/libencoding_rs-c1bc97d7cb5b7c94.rmeta --extern failure=/opt/rustwide/target/debug/deps/libfailure-4d84323854cb8030.rmeta --extern failure_derive=/opt/rustwide/target/debug/deps/libfailure_derive-dab358bd2e2fc01e.so --extern log=/opt/rustwide/target/debug/deps/liblog-9b630c75538d93cf.rmeta --extern quick_xml=/opt/rustwide/target/debug/deps/libquick_xml-93bcc69b614b5e39.rmeta --extern serde=/opt/rustwide/target/debug/deps/libserde-712ab92d61c2a3a6.rmeta --extern zip=/opt/rustwide/target/debug/deps/libzip-8d55cfc389a01f12.rmeta --cap-lints allow --cap-lints=warn -L native=/opt/rustwide/target/debug/build/backtrace-sys-5c9a9cb08141f974/out` (signal: 9, SIGKILL: kill)
[INFO] [stderr] warning: build failed, waiting for other jobs to finish...
[INFO] [stderr] The following warnings were emitted during compilation:
[INFO] [stderr] 
[INFO] [stderr] warning: In file included from /opt/rustwide/cargo-home/registry/src/github.com-1ecc6299db9ec823/opencv-0.19.1/headers/3.2/opencv2/core/core_c.h:48,
[INFO] [stderr] warning:                  from /opt/rustwide/cargo-home/registry/src/github.com-1ecc6299db9ec823/opencv-0.19.1/headers/3.2/opencv2/core/utility.hpp:1168,
[INFO] [stderr] warning:                  from /opt/rustwide/cargo-home/registry/src/github.com-1ecc6299db9ec823/opencv-0.19.1/headers/3.2/opencv2/core.hpp:3216,
[INFO] [stderr] warning:                  from /opt/rustwide/target/debug/build/opencv-d0abb68c26626e90/out/common_opencv.h:2,
[INFO] [stderr] warning:                  from /opt/rustwide/target/debug/build/opencv-d0abb68c26626e90/out/videoio.cpp:8:
[INFO] [stderr] warning: /opt/rustwide/cargo-home/registry/src/github.com-1ecc6299db9ec823/opencv-0.19.1/headers/3.2/opencv2/core/types_c.h: In constructor 'CvMat::CvMat(const cv::Mat&)':
[INFO] [stderr] warning: /opt/rustwide/cargo-home/registry/src/github.com-1ecc6299db9ec823/opencv-0.19.1/headers/3.2/opencv2/core/types_c.h:530:69: warning: implicitly-declared 'CvMat& CvMat::operator=(const CvMat&)' is deprecated [-Wdeprecated-copy]
[INFO] [stderr] warning:   530 |     *this = cvMat(m.rows, m.dims == 1 ? 1 : m.cols, m.type(), m.data);
[INFO] [stderr] warning:       |                                                                     ^
[INFO] [stderr] warning: /opt/rustwide/cargo-home/registry/src/github.com-1ecc6299db9ec823/opencv-0.19.1/headers/3.2/opencv2/core/types_c.h:461:5: note: because 'CvMat' has user-provided 'CvMat::CvMat(const CvMat&)'
[INFO] [stderr] warning:   461 |     CvMat(const CvMat& m) { memcpy(this, &m, sizeof(CvMat));}
[INFO] [stderr] warning:       |     ^~~~~
[INFO] [stderr] warning: In file included from /opt/rustwide/cargo-home/registry/src/github.com-1ecc6299db9ec823/opencv-0.19.1/headers/3.2/opencv2/core/core_c.h:48,
[INFO] [stderr] warning:                  from /opt/rustwide/cargo-home/registry/src/github.com-1ecc6299db9ec823/opencv-0.19.1/headers/3.2/opencv2/core/utility.hpp:1168,
[INFO] [stderr] warning:                  from /opt/rustwide/cargo-home/registry/src/github.com-1ecc6299db9ec823/opencv-0.19.1/headers/3.2/opencv2/core.hpp:3216,
[INFO] [stderr] warning:                  from /opt/rustwide/target/debug/build/opencv-d0abb68c26626e90/out/common_opencv.h:2,
[INFO] [stderr] warning:                  from /opt/rustwide/target/debug/build/opencv-d0abb68c26626e90/out/dpm.cpp:8:
[INFO] [stderr] warning: /opt/rustwide/cargo-home/registry/src/github.com-1ecc6299db9ec823/opencv-0.19.1/headers/3.2/opencv2/core/types_c.h: In constructor 'CvMat::CvMat(const cv::Mat&)':
[INFO] [stderr] warning: /opt/rustwide/cargo-home/registry/src/github.com-1ecc6299db9ec823/opencv-0.19.1/headers/3.2/opencv2/core/types_c.h:530:69: warning: implicitly-declared 'CvMat& CvMat::operator=(const CvMat&)' is deprecated [-Wdeprecated-copy]
[INFO] [stderr] warning:   530 |     *this = cvMat(m.rows, m.dims == 1 ? 1 : m.cols, m.type(), m.data);
[INFO] [stderr] warning:       |                                                                     ^
[INFO] [stderr] warning: /opt/rustwide/cargo-home/registry/src/github.com-1ecc6299db9ec823/opencv-0.19.1/headers/3.2/opencv2/core/types_c.h:461:5: note: because 'CvMat' has user-provided 'CvMat::CvMat(const CvMat&)'
[INFO] [stderr] warning:   461 |     CvMat(const CvMat& m) { memcpy(this, &m, sizeof(CvMat));}
[INFO] [stderr] warning:       |     ^~~~~
[INFO] [stderr] warning: In file included from /opt/rustwide/cargo-home/registry/src/github.com-1ecc6299db9ec823/opencv-0.19.1/headers/3.2/opencv2/core/core_c.h:48,
[INFO] [stderr] warning:                  from /opt/rustwide/cargo-home/registry/src/github.com-1ecc6299db9ec823/opencv-0.19.1/headers/3.2/opencv2/core/utility.hpp:1168,
[INFO] [stderr] warning:                  from /opt/rustwide/cargo-home/registry/src/github.com-1ecc6299db9ec823/opencv-0.19.1/headers/3.2/opencv2/core.hpp:3216,
[INFO] [stderr] warning:                  from /opt/rustwide/target/debug/build/opencv-d0abb68c26626e90/out/common_opencv.h:2,
[INFO] [stderr] warning:                  from /opt/rustwide/target/debug/build/opencv-d0abb68c26626e90/out/superres.cpp:8:
[INFO] [stderr] warning: /opt/rustwide/cargo-home/registry/src/github.com-1ecc6299db9ec823/opencv-0.19.1/headers/3.2/opencv2/core/types_c.h: In constructor 'CvMat::CvMat(const cv::Mat&)':
[INFO] [stderr] warning: /opt/rustwide/cargo-home/registry/src/github.com-1ecc6299db9ec823/opencv-0.19.1/headers/3.2/opencv2/core/types_c.h:530:69: warning: implicitly-declared 'CvMat& CvMat::operator=(const CvMat&)' is deprecated [-Wdeprecated-copy]
[INFO] [stderr] warning:   530 |     *this = cvMat(m.rows, m.dims == 1 ? 1 : m.cols, m.type(), m.data);
[INFO] [stderr] warning:       |                                                                     ^
[INFO] [stderr] warning: /opt/rustwide/cargo-home/registry/src/github.com-1ecc6299db9ec823/opencv-0.19.1/headers/3.2/opencv2/core/types_c.h:461:5: note: because 'CvMat' has user-provided 'CvMat::CvMat(const CvMat&)'
[INFO] [stderr] warning:   461 |     CvMat(const CvMat& m) { memcpy(this, &m, sizeof(CvMat));}
[INFO] [stderr] warning:       |     ^~~~~
[INFO] [stderr] warning: In file included from /opt/rustwide/cargo-home/registry/src/github.com-1ecc6299db9ec823/opencv-0.19.1/headers/3.2/opencv2/core/core_c.h:48,
[INFO] [stderr] warning:                  from /opt/rustwide/cargo-home/registry/src/github.com-1ecc6299db9ec823/opencv-0.19.1/headers/3.2/opencv2/core/utility.hpp:1168,
[INFO] [stderr] warning:                  from /opt/rustwide/cargo-home/registry/src/github.com-1ecc6299db9ec823/opencv-0.19.1/headers/3.2/opencv2/core.hpp:3216,
[INFO] [stderr] warning:                  from /opt/rustwide/target/debug/build/opencv-d0abb68c26626e90/out/common_opencv.h:2,
[INFO] [stderr] warning:                  from /opt/rustwide/target/debug/build/opencv-d0abb68c26626e90/out/photo.cpp:8:
[INFO] [stderr] warning: /opt/rustwide/cargo-home/registry/src/github.com-1ecc6299db9ec823/opencv-0.19.1/headers/3.2/opencv2/core/types_c.h: In constructor 'CvMat::CvMat(const cv::Mat&)':
[INFO] [stderr] warning: /opt/rustwide/cargo-home/registry/src/github.com-1ecc6299db9ec823/opencv-0.19.1/headers/3.2/opencv2/core/types_c.h:530:69: warning: implicitly-declared 'CvMat& CvMat::operator=(const CvMat&)' is deprecated [-Wdeprecated-copy]
[INFO] [stderr] warning:   530 |     *this = cvMat(m.rows, m.dims == 1 ? 1 : m.cols, m.type(), m.data);
[INFO] [stderr] warning:       |                                                                     ^
[INFO] [stderr] warning: /opt/rustwide/cargo-home/registry/src/github.com-1ecc6299db9ec823/opencv-0.19.1/headers/3.2/opencv2/core/types_c.h:461:5: note: because 'CvMat' has user-provided 'CvMat::CvMat(const CvMat&)'
[INFO] [stderr] warning:   461 |     CvMat(const CvMat& m) { memcpy(this, &m, sizeof(CvMat));}
[INFO] [stderr] warning:       |     ^~~~~
[INFO] [stderr] warning: In file included from /opt/rustwide/cargo-home/registry/src/github.com-1ecc6299db9ec823/opencv-0.19.1/headers/3.2/opencv2/core/core_c.h:48,
[INFO] [stderr] warning:                  from /opt/rustwide/cargo-home/registry/src/github.com-1ecc6299db9ec823/opencv-0.19.1/headers/3.2/opencv2/core/utility.hpp:1168,
[INFO] [stderr] warning:                  from /opt/rustwide/cargo-home/registry/src/github.com-1ecc6299db9ec823/opencv-0.19.1/headers/3.2/opencv2/core.hpp:3216,
[INFO] [stderr] warning:                  from /opt/rustwide/target/debug/build/opencv-d0abb68c26626e90/out/common_opencv.h:2,
[INFO] [stderr] warning:                  from /opt/rustwide/target/debug/build/opencv-d0abb68c26626e90/out/plot.cpp:8:
[INFO] [stderr] warning: /opt/rustwide/cargo-home/registry/src/github.com-1ecc6299db9ec823/opencv-0.19.1/headers/3.2/opencv2/core/types_c.h: In constructor 'CvMat::CvMat(const cv::Mat&)':
[INFO] [stderr] warning: /opt/rustwide/cargo-home/registry/src/github.com-1ecc6299db9ec823/opencv-0.19.1/headers/3.2/opencv2/core/types_c.h:530:69: warning: implicitly-declared 'CvMat& CvMat::operator=(const CvMat&)' is deprecated [-Wdeprecated-copy]
[INFO] [stderr] warning:   530 |     *this = cvMat(m.rows, m.dims == 1 ? 1 : m.cols, m.type(), m.data);
[INFO] [stderr] warning:       |                                                                     ^
[INFO] [stderr] warning: /opt/rustwide/cargo-home/registry/src/github.com-1ecc6299db9ec823/opencv-0.19.1/headers/3.2/opencv2/core/types_c.h:461:5: note: because 'CvMat' has user-provided 'CvMat::CvMat(const CvMat&)'
[INFO] [stderr] warning:   461 |     CvMat(const CvMat& m) { memcpy(this, &m, sizeof(CvMat));}
[INFO] [stderr] warning:       |     ^~~~~
[INFO] [stderr] warning: In file included from /opt/rustwide/cargo-home/registry/src/github.com-1ecc6299db9ec823/opencv-0.19.1/headers/3.2/opencv2/core/core_c.h:48,
[INFO] [stderr] warning:                  from /opt/rustwide/cargo-home/registry/src/github.com-1ecc6299db9ec823/opencv-0.19.1/headers/3.2/opencv2/core/utility.hpp:1168,
[INFO] [stderr] warning:                  from /opt/rustwide/cargo-home/registry/src/github.com-1ecc6299db9ec823/opencv-0.19.1/headers/3.2/opencv2/core.hpp:3216,
[INFO] [stderr] warning:                  from /opt/rustwide/target/debug/build/opencv-d0abb68c26626e90/out/common_opencv.h:2,
[INFO] [stderr] warning:                  from /opt/rustwide/target/debug/build/opencv-d0abb68c26626e90/out/features2d.cpp:8:
[INFO] [stderr] warning: /opt/rustwide/cargo-home/registry/src/github.com-1ecc6299db9ec823/opencv-0.19.1/headers/3.2/opencv2/core/types_c.h: In constructor 'CvMat::CvMat(const cv::Mat&)':
[INFO] [stderr] warning: /opt/rustwide/cargo-home/registry/src/github.com-1ecc6299db9ec823/opencv-0.19.1/headers/3.2/opencv2/core/types_c.h:530:69: warning: implicitly-declared 'CvMat& CvMat::operator=(const CvMat&)' is deprecated [-Wdeprecated-copy]
[INFO] [stderr] warning:   530 |     *this = cvMat(m.rows, m.dims == 1 ? 1 : m.cols, m.type(), m.data);
[INFO] [stderr] warning:       |                                                                     ^
[INFO] [stderr] warning: /opt/rustwide/cargo-home/registry/src/github.com-1ecc6299db9ec823/opencv-0.19.1/headers/3.2/opencv2/core/types_c.h:461:5: note: because 'CvMat' has user-provided 'CvMat::CvMat(const CvMat&)'
[INFO] [stderr] warning:   461 |     CvMat(const CvMat& m) { memcpy(this, &m, sizeof(CvMat));}
[INFO] [stderr] warning:       |     ^~~~~
[INFO] [stderr] warning: In file included from /opt/rustwide/cargo-home/registry/src/github.com-1ecc6299db9ec823/opencv-0.19.1/headers/3.2/opencv2/core/core_c.h:48,
[INFO] [stderr] warning:                  from /opt/rustwide/cargo-home/registry/src/github.com-1ecc6299db9ec823/opencv-0.19.1/headers/3.2/opencv2/core/utility.hpp:1168,
[INFO] [stderr] warning:                  from /opt/rustwide/cargo-home/registry/src/github.com-1ecc6299db9ec823/opencv-0.19.1/headers/3.2/opencv2/core.hpp:3216,
[INFO] [stderr] warning:                  from /opt/rustwide/target/debug/build/opencv-d0abb68c26626e90/out/common_opencv.h:2,
[INFO] [stderr] warning:                  from /opt/rustwide/target/debug/build/opencv-d0abb68c26626e90/out/videostab.cpp:8:
[INFO] [stderr] warning: /opt/rustwide/cargo-home/registry/src/github.com-1ecc6299db9ec823/opencv-0.19.1/headers/3.2/opencv2/core/types_c.h: In constructor 'CvMat::CvMat(const cv::Mat&)':
[INFO] [stderr] warning: /opt/rustwide/cargo-home/registry/src/github.com-1ecc6299db9ec823/opencv-0.19.1/headers/3.2/opencv2/core/types_c.h:530:69: warning: implicitly-declared 'CvMat& CvMat::operator=(const CvMat&)' is deprecated [-Wdeprecated-copy]
[INFO] [stderr] warning:   530 |     *this = cvMat(m.rows, m.dims == 1 ? 1 : m.cols, m.type(), m.data);
[INFO] [stderr] warning:       |                                                                     ^
[INFO] [stderr] warning: /opt/rustwide/cargo-home/registry/src/github.com-1ecc6299db9ec823/opencv-0.19.1/headers/3.2/opencv2/core/types_c.h:461:5: note: because 'CvMat' has user-provided 'CvMat::CvMat(const CvMat&)'
[INFO] [stderr] warning:   461 |     CvMat(const CvMat& m) { memcpy(this, &m, sizeof(CvMat));}
[INFO] [stderr] warning:       |     ^~~~~
[INFO] [stderr] warning: In file included from /opt/rustwide/cargo-home/registry/src/github.com-1ecc6299db9ec823/opencv-0.19.1/headers/3.2/opencv2/core/core_c.h:48,
[INFO] [stderr] warning:                  from /opt/rustwide/cargo-home/registry/src/github.com-1ecc6299db9ec823/opencv-0.19.1/headers/3.2/opencv2/core/utility.hpp:1168,
[INFO] [stderr] warning:                  from /opt/rustwide/cargo-home/registry/src/github.com-1ecc6299db9ec823/opencv-0.19.1/headers/3.2/opencv2/core.hpp:3216,
[INFO] [stderr] warning:                  from /opt/rustwide/target/debug/build/opencv-d0abb68c26626e90/out/common_opencv.h:2,
[INFO] [stderr] warning:                  from /opt/rustwide/target/debug/build/opencv-d0abb68c26626e90/out/sfm.cpp:8:
[INFO] [stderr] warning: /opt/rustwide/cargo-home/registry/src/github.com-1ecc6299db9ec823/opencv-0.19.1/headers/3.2/opencv2/core/types_c.h: In constructor 'CvMat::CvMat(const cv::Mat&)':
[INFO] [stderr] warning: /opt/rustwide/cargo-home/registry/src/github.com-1ecc6299db9ec823/opencv-0.19.1/headers/3.2/opencv2/core/types_c.h:530:69: warning: implicitly-declared 'CvMat& CvMat::operator=(const CvMat&)' is deprecated [-Wdeprecated-copy]
[INFO] [stderr] warning:   530 |     *this = cvMat(m.rows, m.dims == 1 ? 1 : m.cols, m.type(), m.data);
[INFO] [stderr] warning:       |                                                                     ^
[INFO] [stderr] warning: /opt/rustwide/cargo-home/registry/src/github.com-1ecc6299db9ec823/opencv-0.19.1/headers/3.2/opencv2/core/types_c.h:461:5: note: because 'CvMat' has user-provided 'CvMat::CvMat(const CvMat&)'
[INFO] [stderr] warning:   461 |     CvMat(const CvMat& m) { memcpy(this, &m, sizeof(CvMat));}
[INFO] [stderr] warning:       |     ^~~~~
[INFO] [stderr] warning: In file included from /opt/rustwide/cargo-home/registry/src/github.com-1ecc6299db9ec823/opencv-0.19.1/headers/3.2/opencv2/core/core_c.h:48,
[INFO] [stderr] warning:                  from /opt/rustwide/cargo-home/registry/src/github.com-1ecc6299db9ec823/opencv-0.19.1/headers/3.2/opencv2/core/utility.hpp:1168,
[INFO] [stderr] warning:                  from /opt/rustwide/cargo-home/registry/src/github.com-1ecc6299db9ec823/opencv-0.19.1/headers/3.2/opencv2/core.hpp:3216,
[INFO] [stderr] warning:                  from /opt/rustwide/target/debug/build/opencv-d0abb68c26626e90/out/common_opencv.h:2,
[INFO] [stderr] warning:                  from /opt/rustwide/target/debug/build/opencv-d0abb68c26626e90/out/core.cpp:8:
[INFO] [stderr] warning: /opt/rustwide/cargo-home/registry/src/github.com-1ecc6299db9ec823/opencv-0.19.1/headers/3.2/opencv2/core/types_c.h: In constructor 'CvMat::CvMat(const cv::Mat&)':
[INFO] [stderr] warning: /opt/rustwide/cargo-home/registry/src/github.com-1ecc6299db9ec823/opencv-0.19.1/headers/3.2/opencv2/core/types_c.h:530:69: warning: implicitly-declared 'CvMat& CvMat::operator=(const CvMat&)' is deprecated [-Wdeprecated-copy]
[INFO] [stderr] warning:   530 |     *this = cvMat(m.rows, m.dims == 1 ? 1 : m.cols, m.type(), m.data);
[INFO] [stderr] warning:       |                                                                     ^
[INFO] [stderr] warning: /opt/rustwide/cargo-home/registry/src/github.com-1ecc6299db9ec823/opencv-0.19.1/headers/3.2/opencv2/core/types_c.h:461:5: note: because 'CvMat' has user-provided 'CvMat::CvMat(const CvMat&)'
[INFO] [stderr] warning:   461 |     CvMat(const CvMat& m) { memcpy(this, &m, sizeof(CvMat));}
[INFO] [stderr] warning:       |     ^~~~~
[INFO] [stderr] warning: In file included from /opt/rustwide/cargo-home/registry/src/github.com-1ecc6299db9ec823/opencv-0.19.1/headers/3.2/opencv2/core/core_c.h:48,
[INFO] [stderr] warning:                  from /opt/rustwide/cargo-home/registry/src/github.com-1ecc6299db9ec823/opencv-0.19.1/headers/3.2/opencv2/core/utility.hpp:1168,
[INFO] [stderr] warning:                  from /opt/rustwide/cargo-home/registry/src/github.com-1ecc6299db9ec823/opencv-0.19.1/headers/3.2/opencv2/core.hpp:3216,
[INFO] [stderr] warning:                  from /opt/rustwide/target/debug/build/opencv-d0abb68c26626e90/out/common_opencv.h:2,
[INFO] [stderr] warning:                  from /opt/rustwide/target/debug/build/opencv-d0abb68c26626e90/out/dnn.cpp:8:
[INFO] [stderr] warning: /opt/rustwide/cargo-home/registry/src/github.com-1ecc6299db9ec823/opencv-0.19.1/headers/3.2/opencv2/core/types_c.h: In constructor 'CvMat::CvMat(const cv::Mat&)':
[INFO] [stderr] warning: /opt/rustwide/cargo-home/registry/src/github.com-1ecc6299db9ec823/opencv-0.19.1/headers/3.2/opencv2/core/types_c.h:530:69: warning: implicitly-declared 'CvMat& CvMat::operator=(const CvMat&)' is deprecated [-Wdeprecated-copy]
[INFO] [stderr] warning:   530 |     *this = cvMat(m.rows, m.dims == 1 ? 1 : m.cols, m.type(), m.data);
[INFO] [stderr] warning:       |                                                                     ^
[INFO] [stderr] warning: /opt/rustwide/cargo-home/registry/src/github.com-1ecc6299db9ec823/opencv-0.19.1/headers/3.2/opencv2/core/types_c.h:461:5: note: because 'CvMat' has user-provided 'CvMat::CvMat(const CvMat&)'
[INFO] [stderr] warning:   461 |     CvMat(const CvMat& m) { memcpy(this, &m, sizeof(CvMat));}
[INFO] [stderr] warning:       |     ^~~~~
[INFO] [stderr] warning: c++: fatal error: Killed signal terminated program cc1plus
[INFO] [stderr] warning: compilation terminated.
[INFO] [stderr] warning: In file included from /opt/rustwide/cargo-home/registry/src/github.com-1ecc6299db9ec823/opencv-0.19.1/headers/3.2/opencv2/core/core_c.h:48,
[INFO] [stderr] warning:                  from /opt/rustwide/cargo-home/registry/src/github.com-1ecc6299db9ec823/opencv-0.19.1/headers/3.2/opencv2/core/utility.hpp:1168,
[INFO] [stderr] warning:                  from /opt/rustwide/cargo-home/registry/src/github.com-1ecc6299db9ec823/opencv-0.19.1/headers/3.2/opencv2/core.hpp:3216,
[INFO] [stderr] warning:                  from /opt/rustwide/target/debug/build/opencv-d0abb68c26626e90/out/common_opencv.h:2,
[INFO] [stderr] warning:                  from /opt/rustwide/target/debug/build/opencv-d0abb68c26626e90/out/calib3d.cpp:8:
[INFO] [stderr] warning: /opt/rustwide/cargo-home/registry/src/github.com-1ecc6299db9ec823/opencv-0.19.1/headers/3.2/opencv2/core/types_c.h: In constructor 'CvMat::CvMat(const cv::Mat&)':
[INFO] [stderr] warning: /opt/rustwide/cargo-home/registry/src/github.com-1ecc6299db9ec823/opencv-0.19.1/headers/3.2/opencv2/core/types_c.h:530:69: warning: implicitly-declared 'CvMat& CvMat::operator=(const CvMat&)' is deprecated [-Wdeprecated-copy]
[INFO] [stderr] warning:   530 |     *this = cvMat(m.rows, m.dims == 1 ? 1 : m.cols, m.type(), m.data);
[INFO] [stderr] warning:       |                                                                     ^
[INFO] [stderr] warning: /opt/rustwide/cargo-home/registry/src/github.com-1ecc6299db9ec823/opencv-0.19.1/headers/3.2/opencv2/core/types_c.h:461:5: note: because 'CvMat' has user-provided 'CvMat::CvMat(const CvMat&)'
[INFO] [stderr] warning:   461 |     CvMat(const CvMat& m) { memcpy(this, &m, sizeof(CvMat));}
[INFO] [stderr] warning:       |     ^~~~~
[INFO] [stderr] warning: In file included from /opt/rustwide/cargo-home/registry/src/github.com-1ecc6299db9ec823/opencv-0.19.1/headers/3.2/opencv2/core/core_c.h:48,
[INFO] [stderr] warning:                  from /opt/rustwide/cargo-home/registry/src/github.com-1ecc6299db9ec823/opencv-0.19.1/headers/3.2/opencv2/core/utility.hpp:1168,
[INFO] [stderr] warning:                  from /opt/rustwide/cargo-home/registry/src/github.com-1ecc6299db9ec823/opencv-0.19.1/headers/3.2/opencv2/core.hpp:3216,
[INFO] [stderr] warning:                  from /opt/rustwide/target/debug/build/opencv-d0abb68c26626e90/out/common_opencv.h:2,
[INFO] [stderr] warning:                  from /opt/rustwide/target/debug/build/opencv-d0abb68c26626e90/out/shape.cpp:8:
[INFO] [stderr] warning: /opt/rustwide/cargo-home/registry/src/github.com-1ecc6299db9ec823/opencv-0.19.1/headers/3.2/opencv2/core/types_c.h: In constructor 'CvMat::CvMat(const cv::Mat&)':
[INFO] [stderr] warning: /opt/rustwide/cargo-home/registry/src/github.com-1ecc6299db9ec823/opencv-0.19.1/headers/3.2/opencv2/core/types_c.h:530:69: warning: implicitly-declared 'CvMat& CvMat::operator=(const CvMat&)' is deprecated [-Wdeprecated-copy]
[INFO] [stderr] warning:   530 |     *this = cvMat(m.rows, m.dims == 1 ? 1 : m.cols, m.type(), m.data);
[INFO] [stderr] warning:       |                                                                     ^
[INFO] [stderr] warning: /opt/rustwide/cargo-home/registry/src/github.com-1ecc6299db9ec823/opencv-0.19.1/headers/3.2/opencv2/core/types_c.h:461:5: note: because 'CvMat' has user-provided 'CvMat::CvMat(const CvMat&)'
[INFO] [stderr] warning:   461 |     CvMat(const CvMat& m) { memcpy(this, &m, sizeof(CvMat));}
[INFO] [stderr] warning:       |     ^~~~~
[INFO] [stderr] warning: In file included from /opt/rustwide/cargo-home/registry/src/github.com-1ecc6299db9ec823/opencv-0.19.1/headers/3.2/opencv2/core/core_c.h:48,
[INFO] [stderr] warning:                  from /opt/rustwide/cargo-home/registry/src/github.com-1ecc6299db9ec823/opencv-0.19.1/headers/3.2/opencv2/core/utility.hpp:1168,
[INFO] [stderr] warning:                  from /opt/rustwide/cargo-home/registry/src/github.com-1ecc6299db9ec823/opencv-0.19.1/headers/3.2/opencv2/core.hpp:3216,
[INFO] [stderr] warning:                  from /opt/rustwide/target/debug/build/opencv-d0abb68c26626e90/out/common_opencv.h:2,
[INFO] [stderr] warning:                  from /opt/rustwide/target/debug/build/opencv-d0abb68c26626e90/out/phase_unwrapping.cpp:8:
[INFO] [stderr] warning: /opt/rustwide/cargo-home/registry/src/github.com-1ecc6299db9ec823/opencv-0.19.1/headers/3.2/opencv2/core/types_c.h: In constructor 'CvMat::CvMat(const cv::Mat&)':
[INFO] [stderr] warning: /opt/rustwide/cargo-home/registry/src/github.com-1ecc6299db9ec823/opencv-0.19.1/headers/3.2/opencv2/core/types_c.h:530:69: warning: implicitly-declared 'CvMat& CvMat::operator=(const CvMat&)' is deprecated [-Wdeprecated-copy]
[INFO] [stderr] warning:   530 |     *this = cvMat(m.rows, m.dims == 1 ? 1 : m.cols, m.type(), m.data);
[INFO] [stderr] warning:       |                                                                     ^
[INFO] [stderr] warning: /opt/rustwide/cargo-home/registry/src/github.com-1ecc6299db9ec823/opencv-0.19.1/headers/3.2/opencv2/core/types_c.h:461:5: note: because 'CvMat' has user-provided 'CvMat::CvMat(const CvMat&)'
[INFO] [stderr] warning:   461 |     CvMat(const CvMat& m) { memcpy(this, &m, sizeof(CvMat));}
[INFO] [stderr] warning:       |     ^~~~~
[INFO] [stderr] warning: In file included from /opt/rustwide/cargo-home/registry/src/github.com-1ecc6299db9ec823/opencv-0.19.1/headers/3.2/opencv2/core/core_c.h:48,
[INFO] [stderr] warning:                  from /opt/rustwide/cargo-home/registry/src/github.com-1ecc6299db9ec823/opencv-0.19.1/headers/3.2/opencv2/core/utility.hpp:1168,
[INFO] [stderr] warning:                  from /opt/rustwide/cargo-home/registry/src/github.com-1ecc6299db9ec823/opencv-0.19.1/headers/3.2/opencv2/core.hpp:3216,
[INFO] [stderr] warning:                  from /opt/rustwide/target/debug/build/opencv-d0abb68c26626e90/out/common_opencv.h:2,
[INFO] [stderr] warning:                  from /opt/rustwide/target/debug/build/opencv-d0abb68c26626e90/out/cvv.cpp:8:
[INFO] [stderr] warning: /opt/rustwide/cargo-home/registry/src/github.com-1ecc6299db9ec823/opencv-0.19.1/headers/3.2/opencv2/core/types_c.h: In constructor 'CvMat::CvMat(const cv::Mat&)':
[INFO] [stderr] warning: /opt/rustwide/cargo-home/registry/src/github.com-1ecc6299db9ec823/opencv-0.19.1/headers/3.2/opencv2/core/types_c.h:530:69: warning: implicitly-declared 'CvMat& CvMat::operator=(const CvMat&)' is deprecated [-Wdeprecated-copy]
[INFO] [stderr] warning:   530 |     *this = cvMat(m.rows, m.dims == 1 ? 1 : m.cols, m.type(), m.data);
[INFO] [stderr] warning:       |                                                                     ^
[INFO] [stderr] warning: /opt/rustwide/cargo-home/registry/src/github.com-1ecc6299db9ec823/opencv-0.19.1/headers/3.2/opencv2/core/types_c.h:461:5: note: because 'CvMat' has user-provided 'CvMat::CvMat(const CvMat&)'
[INFO] [stderr] warning:   461 |     CvMat(const CvMat& m) { memcpy(this, &m, sizeof(CvMat));}
[INFO] [stderr] warning:       |     ^~~~~
[INFO] [stderr] warning: In file included from /opt/rustwide/cargo-home/registry/src/github.com-1ecc6299db9ec823/opencv-0.19.1/headers/3.2/opencv2/core/core_c.h:48,
[INFO] [stderr] warning:                  from /opt/rustwide/cargo-home/registry/src/github.com-1ecc6299db9ec823/opencv-0.19.1/headers/3.2/opencv2/core/utility.hpp:1168,
[INFO] [stderr] warning:                  from /opt/rustwide/cargo-home/registry/src/github.com-1ecc6299db9ec823/opencv-0.19.1/headers/3.2/opencv2/core.hpp:3216,
[INFO] [stderr] warning:                  from /opt/rustwide/target/debug/build/opencv-d0abb68c26626e90/out/common_opencv.h:2,
[INFO] [stderr] warning:                  from /opt/rustwide/target/debug/build/opencv-d0abb68c26626e90/out/line_descriptor.cpp:8:
[INFO] [stderr] warning: /opt/rustwide/cargo-home/registry/src/github.com-1ecc6299db9ec823/opencv-0.19.1/headers/3.2/opencv2/core/types_c.h: In constructor 'CvMat::CvMat(const cv::Mat&)':
[INFO] [stderr] warning: /opt/rustwide/cargo-home/registry/src/github.com-1ecc6299db9ec823/opencv-0.19.1/headers/3.2/opencv2/core/types_c.h:530:69: warning: implicitly-declared 'CvMat& CvMat::operator=(const CvMat&)' is deprecated [-Wdeprecated-copy]
[INFO] [stderr] warning:   530 |     *this = cvMat(m.rows, m.dims == 1 ? 1 : m.cols, m.type(), m.data);
[INFO] [stderr] warning:       |                                                                     ^
[INFO] [stderr] warning: /opt/rustwide/cargo-home/registry/src/github.com-1ecc6299db9ec823/opencv-0.19.1/headers/3.2/opencv2/core/types_c.h:461:5: note: because 'CvMat' has user-provided 'CvMat::CvMat(const CvMat&)'
[INFO] [stderr] warning:   461 |     CvMat(const CvMat& m) { memcpy(this, &m, sizeof(CvMat));}
[INFO] [stderr] warning:       |     ^~~~~
[INFO] [stderr] warning: In file included from /opt/rustwide/cargo-home/registry/src/github.com-1ecc6299db9ec823/opencv-0.19.1/headers/3.2/opencv2/core/core_c.h:48,
[INFO] [stderr] warning:                  from /opt/rustwide/cargo-home/registry/src/github.com-1ecc6299db9ec823/opencv-0.19.1/headers/3.2/opencv2/core/utility.hpp:1168,
[INFO] [stderr] warning:                  from /opt/rustwide/cargo-home/registry/src/github.com-1ecc6299db9ec823/opencv-0.19.1/headers/3.2/opencv2/core.hpp:3216,
[INFO] [stderr] warning:                  from /opt/rustwide/target/debug/build/opencv-d0abb68c26626e90/out/common_opencv.h:2,
[INFO] [stderr] warning:                  from /opt/rustwide/target/debug/build/opencv-d0abb68c26626e90/out/bioinspired.cpp:8:
[INFO] [stderr] warning: /opt/rustwide/cargo-home/registry/src/github.com-1ecc6299db9ec823/opencv-0.19.1/headers/3.2/opencv2/core/types_c.h: In constructor 'CvMat::CvMat(const cv::Mat&)':
[INFO] [stderr] warning: /opt/rustwide/cargo-home/registry/src/github.com-1ecc6299db9ec823/opencv-0.19.1/headers/3.2/opencv2/core/types_c.h:530:69: warning: implicitly-declared 'CvMat& CvMat::operator=(const CvMat&)' is deprecated [-Wdeprecated-copy]
[INFO] [stderr] warning:   530 |     *this = cvMat(m.rows, m.dims == 1 ? 1 : m.cols, m.type(), m.data);
[INFO] [stderr] warning:       |                                                                     ^
[INFO] [stderr] warning: /opt/rustwide/cargo-home/registry/src/github.com-1ecc6299db9ec823/opencv-0.19.1/headers/3.2/opencv2/core/types_c.h:461:5: note: because 'CvMat' has user-provided 'CvMat::CvMat(const CvMat&)'
[INFO] [stderr] warning:   461 |     CvMat(const CvMat& m) { memcpy(this, &m, sizeof(CvMat));}
[INFO] [stderr] warning:       |     ^~~~~
[INFO] [stderr] warning: c++: fatal error: Killed signal terminated program cc1plus
[INFO] [stderr] warning: compilation terminated.
[INFO] [stderr] warning: c++: fatal error: Killed signal terminated program cc1plus
[INFO] [stderr] warning: compilation terminated.
[INFO] [stderr] warning: c++: fatal error: Killed signal terminated program cc1plus
[INFO] [stderr] warning: compilation terminated.
[INFO] [stderr] warning: c++: fatal error: Killed signal terminated program cc1plus
[INFO] [stderr] warning: compilation terminated.
[INFO] [stderr] warning: c++: fatal error: Killed signal terminated program cc1plus
[INFO] [stderr] warning: compilation terminated.
[INFO] [stderr] warning: c++: fatal error: Killed signal terminated program cc1plus
[INFO] [stderr] warning: compilation terminated.
[INFO] [stderr] warning: c++: fatal error: Killed signal terminated program cc1plus
[INFO] [stderr] warning: compilation terminated.
[INFO] [stderr] 
[INFO] [stderr] error: build failed
[INFO] running `Command { std: "docker" "inspect" "4d003d5a01348ba2ef234a6c40afe9c855d450986cf113adb76fc89b629ff514", kill_on_drop: false }`
[INFO] running `Command { std: "docker" "rm" "-f" "4d003d5a01348ba2ef234a6c40afe9c855d450986cf113adb76fc89b629ff514", kill_on_drop: false }`
[INFO] [stdout] 4d003d5a01348ba2ef234a6c40afe9c855d450986cf113adb76fc89b629ff514
