[INFO] cloning repository https://github.com/Lesstat/dead-zone-aware-routing
[INFO] running `Command { std: "git" "-c" "credential.helper=" "-c" "credential.helper=/workspace/cargo-home/bin/git-credential-null" "clone" "--bare" "https://github.com/Lesstat/dead-zone-aware-routing" "/workspace/cache/git-repos/https%3A%2F%2Fgithub.com%2FLesstat%2Fdead-zone-aware-routing", kill_on_drop: false }`
[INFO] [stderr] Cloning into bare repository '/workspace/cache/git-repos/https%3A%2F%2Fgithub.com%2FLesstat%2Fdead-zone-aware-routing'...
[INFO] running `Command { std: "git" "rev-parse" "HEAD", kill_on_drop: false }`
[INFO] [stdout] 94b2366cb461a14a352775a87c69a570fad4c98f
[INFO] testing Lesstat/dead-zone-aware-routing against beta-2021-08-01 for beta-1.55-1
[INFO] running `Command { std: "git" "clone" "/workspace/cache/git-repos/https%3A%2F%2Fgithub.com%2FLesstat%2Fdead-zone-aware-routing" "/workspace/builds/worker-5/source", kill_on_drop: false }`
[INFO] [stderr] Cloning into '/workspace/builds/worker-5/source'...
[INFO] [stderr] done.
[INFO] validating manifest of git repo https://github.com/Lesstat/dead-zone-aware-routing on toolchain beta-2021-08-01
[INFO] running `Command { std: "/workspace/cargo-home/bin/cargo" "+beta-2021-08-01" "metadata" "--manifest-path" "Cargo.toml" "--no-deps", kill_on_drop: false }`
[INFO] started tweaking git repo https://github.com/Lesstat/dead-zone-aware-routing
[INFO] finished tweaking git repo https://github.com/Lesstat/dead-zone-aware-routing
[INFO] tweaked toml for git repo https://github.com/Lesstat/dead-zone-aware-routing written to /workspace/builds/worker-5/source/Cargo.toml
[INFO] crate git repo https://github.com/Lesstat/dead-zone-aware-routing already has a lockfile, it will not be regenerated
[INFO] running `Command { std: "/workspace/cargo-home/bin/cargo" "+beta-2021-08-01" "fetch" "--manifest-path" "Cargo.toml", kill_on_drop: false }`
[INFO] [stderr]  Downloading crates ...
[INFO] [stderr]   Downloaded ordered-float v0.5.0
[INFO] [stderr]   Downloaded unreachable v0.1.1
[INFO] [stderr]   Downloaded isatty v0.1.3
[INFO] [stderr]   Downloaded textwrap v0.7.0
[INFO] [stderr]   Downloaded bincode v0.8.0
[INFO] [stderr]   Downloaded flate2 v0.2.19
[INFO] [stderr]   Downloaded clap v2.26.0
[INFO] [stderr]   Downloaded serde_derive v1.0.11
[INFO] [stderr]   Downloaded redox_syscall v0.1.30
[INFO] [stderr]   Downloaded miniz-sys v0.1.9
[INFO] [stderr]   Downloaded base64 v0.5.2
[INFO] [stderr]   Downloaded serde v1.0.11
[INFO] [stderr]   Downloaded hyper v0.10.12
[INFO] [stderr]   Downloaded gcc v0.3.51
[INFO] [stderr]   Downloaded either v1.1.0
[INFO] [stderr]   Downloaded lazy_static v0.2.8
[INFO] [stderr]   Downloaded libc v0.2.29
[INFO] [stderr]   Downloaded procedural-masquerade v0.1.2
[INFO] [stderr]   Downloaded rocket_codegen v0.3.1
[INFO] [stderr]   Downloaded cookie v0.9.1
[INFO] [stderr]   Downloaded geojson v0.8.1
[INFO] [stderr]   Downloaded csv-core v0.1.3
[INFO] [stderr]   Downloaded protobuf v1.4.1
[INFO] [stderr]   Downloaded untrusted v0.5.0
[INFO] [stderr]   Downloaded state v0.3.1
[INFO] [stderr]   Downloaded rental v0.4.13
[INFO] [stderr]   Downloaded par-map v0.1.1
[INFO] [stderr]   Downloaded heapsize_derive v0.1.4
[INFO] [stderr]   Downloaded csv v1.0.0-beta.4
[INFO] [stderr]   Downloaded flat_map v0.0.4
[INFO] [stderr]   Downloaded synstructure v0.5.2
[INFO] [stderr]   Downloaded rental-impl v0.4.13
[INFO] [stderr]   Downloaded heapsize v0.4.1
[INFO] [stderr]   Downloaded geo v0.4.12
[INFO] [stderr]   Downloaded osmpbfreader v0.11.1
[INFO] [stderr]   Downloaded ordermap v0.2.10
[INFO] [stderr]   Downloaded toml v0.4.4
[INFO] [stderr]   Downloaded smallvec v0.4.2
[INFO] [stderr]   Downloaded yansi v0.3.3
[INFO] [stderr]   Downloaded rocket v0.3.1
[INFO] running `Command { std: "docker" "create" "-v" "/var/lib/crater-agent-workspace/builds/worker-5/target:/opt/rustwide/target:rw,Z" "-v" "/var/lib/crater-agent-workspace/builds/worker-5/source:/opt/rustwide/workdir:ro,Z" "-v" "/var/lib/crater-agent-workspace/cargo-home:/opt/rustwide/cargo-home:ro,Z" "-v" "/var/lib/crater-agent-workspace/rustup-home:/opt/rustwide/rustup-home:ro,Z" "-e" "SOURCE_DIR=/opt/rustwide/workdir" "-e" "CARGO_TARGET_DIR=/opt/rustwide/target" "-e" "CARGO_HOME=/opt/rustwide/cargo-home" "-e" "RUSTUP_HOME=/opt/rustwide/rustup-home" "-w" "/opt/rustwide/workdir" "-m" "1610612736" "--user" "0:0" "--network" "none" "ghcr.io/rust-lang/crates-build-env/linux@sha256:34b6a614d2c27851fe6cbf88fbd1137609cefab8b10d0615aaeb6fd47975d74e" "/opt/rustwide/cargo-home/bin/cargo" "+beta-2021-08-01" "metadata" "--no-deps" "--format-version=1", kill_on_drop: false }`
[INFO] [stdout] 3384058b23c1286d771c7818a7055ef3dcdefe6a025e68bdd23733a1d043ca33
[INFO] [stderr] WARNING: Your kernel does not support swap limit capabilities or the cgroup is not mounted. Memory limited without swap.
[INFO] running `Command { std: "docker" "start" "-a" "3384058b23c1286d771c7818a7055ef3dcdefe6a025e68bdd23733a1d043ca33", kill_on_drop: false }`
[INFO] running `Command { std: "docker" "inspect" "3384058b23c1286d771c7818a7055ef3dcdefe6a025e68bdd23733a1d043ca33", kill_on_drop: false }`
[INFO] running `Command { std: "docker" "rm" "-f" "3384058b23c1286d771c7818a7055ef3dcdefe6a025e68bdd23733a1d043ca33", kill_on_drop: false }`
[INFO] [stdout] 3384058b23c1286d771c7818a7055ef3dcdefe6a025e68bdd23733a1d043ca33
[INFO] running `Command { std: "docker" "create" "-v" "/var/lib/crater-agent-workspace/builds/worker-5/target:/opt/rustwide/target:rw,Z" "-v" "/var/lib/crater-agent-workspace/builds/worker-5/source:/opt/rustwide/workdir:ro,Z" "-v" "/var/lib/crater-agent-workspace/cargo-home:/opt/rustwide/cargo-home:ro,Z" "-v" "/var/lib/crater-agent-workspace/rustup-home:/opt/rustwide/rustup-home:ro,Z" "-e" "SOURCE_DIR=/opt/rustwide/workdir" "-e" "CARGO_TARGET_DIR=/opt/rustwide/target" "-e" "CARGO_INCREMENTAL=0" "-e" "RUST_BACKTRACE=full" "-e" "RUSTFLAGS=--cap-lints=warn" "-e" "CARGO_HOME=/opt/rustwide/cargo-home" "-e" "RUSTUP_HOME=/opt/rustwide/rustup-home" "-w" "/opt/rustwide/workdir" "-m" "1610612736" "--user" "0:0" "--network" "none" "ghcr.io/rust-lang/crates-build-env/linux@sha256:34b6a614d2c27851fe6cbf88fbd1137609cefab8b10d0615aaeb6fd47975d74e" "/opt/rustwide/cargo-home/bin/cargo" "+beta-2021-08-01" "build" "--frozen" "--message-format=json", kill_on_drop: false }`
[INFO] [stdout] 5a33490066c107a2dd0d495589629597078904bd77eacf7b00ae9be3b78ffc5b
[INFO] [stderr] WARNING: Your kernel does not support swap limit capabilities or the cgroup is not mounted. Memory limited without swap.
[INFO] running `Command { std: "docker" "start" "-a" "5a33490066c107a2dd0d495589629597078904bd77eacf7b00ae9be3b78ffc5b", kill_on_drop: false }`
[INFO] [stderr]    Compiling libc v0.2.29
[INFO] [stderr]    Compiling futures v0.1.14
[INFO] [stderr]    Compiling scopeguard v0.3.2
[INFO] [stderr]    Compiling either v1.1.0
[INFO] [stderr]    Compiling rayon-core v1.2.1
[INFO] [stderr]    Compiling byteorder v1.1.0
[INFO] [stderr]    Compiling lazy_static v0.2.8
[INFO] [stderr]    Compiling serde v1.0.11
[INFO] [stderr]    Compiling yansi v0.3.3
[INFO] [stderr]    Compiling percent-encoding v1.0.0
[INFO] [stderr]    Compiling untrusted v0.5.0
[INFO] [stderr]    Compiling procedural-masquerade v0.1.2
[INFO] [stderr]    Compiling ordermap v0.2.10
[INFO] [stderr]    Compiling heapsize v0.4.1
[INFO] [stderr]    Compiling itoa v0.3.1
[INFO] [stderr]    Compiling smallvec v0.4.2
[INFO] [stdout] error[E0557]: feature has been removed
[INFO] [stdout]  --> /opt/rustwide/cargo-home/registry/src/github.com-1ecc6299db9ec823/yansi-0.3.3/src/lib.rs:1:40
[INFO] [stdout]   |
[INFO] [stdout] 1 | #![cfg_attr(feature="nightly", feature(const_fn))]
[INFO] [stdout]   |                                        ^^^^^^^^ feature has been removed
[INFO] [stdout]   |
[INFO] [stdout]   = note: split into finer-grained feature gates
[INFO] [stdout] 
[INFO] [stdout] 
[INFO] [stdout] error[E0554]: `#![feature]` may not be used on the beta release channel
[INFO] [stdout]  --> /opt/rustwide/cargo-home/registry/src/github.com-1ecc6299db9ec823/yansi-0.3.3/src/lib.rs:1:32
[INFO] [stdout]   |
[INFO] [stdout] 1 | #![cfg_attr(feature="nightly", feature(const_fn))]
[INFO] [stdout]   |                                ^^^^^^^^^^^^^^^^^
[INFO] [stdout] 
[INFO] [stdout] 
[INFO] [stderr]    Compiling stable_deref_trait v1.0.0
[INFO] [stderr]    Compiling pear_codegen v0.0.10
[INFO] [stderr]    Compiling dtoa v0.4.1
[INFO] [stdout] error: aborting due to 2 previous errors
[INFO] [stdout] 
[INFO] [stdout] 
[INFO] [stderr]    Compiling pear v0.0.10
[INFO] [stdout] Some errors have detailed explanations: E0554, E0557.
[INFO] [stdout] 
[INFO] [stdout] For more information about an error, try `rustc --explain E0554`.
[INFO] [stdout] 
[INFO] [stderr] error: could not compile `yansi` due to 3 previous errors
[INFO] [stderr] warning: build failed, waiting for other jobs to finish...
[INFO] [stdout] error[E0557]: feature has been removed
[INFO] [stdout]  --> /opt/rustwide/cargo-home/registry/src/github.com-1ecc6299db9ec823/pear_codegen-0.0.10/src/lib.rs:1:45
[INFO] [stdout]   |
[INFO] [stdout] 1 | #![feature(plugin_registrar, rustc_private, quote)]
[INFO] [stdout]   |                                             ^^^^^ feature has been removed
[INFO] [stdout] 
[INFO] [stdout] 
[INFO] [stdout] error[E0462]: found staticlib `rustc` instead of rlib or dylib
[INFO] [stdout]  --> /opt/rustwide/cargo-home/registry/src/github.com-1ecc6299db9ec823/pear_codegen-0.0.10/src/lib.rs:3:1
[INFO] [stdout]   |
[INFO] [stdout] 3 | extern crate rustc;
[INFO] [stdout]   | ^^^^^^^^^^^^^^^^^^^
[INFO] [stdout]   |
[INFO] [stdout]   = help: please recompile that crate using --crate-type lib
[INFO] [stdout]   = note: the following crate versions were found:
[INFO] [stdout]           crate `rustc`: /opt/rustwide/rustup-home/toolchains/beta-2021-08-01-x86_64-unknown-linux-gnu/lib/rustlib/x86_64-unknown-linux-gnu/lib/librustc-beta_rt.msan.a
[INFO] [stdout]           crate `rustc`: /opt/rustwide/rustup-home/toolchains/beta-2021-08-01-x86_64-unknown-linux-gnu/lib/rustlib/x86_64-unknown-linux-gnu/lib/librustc-beta_rt.asan.a
[INFO] [stdout]           crate `rustc`: /opt/rustwide/rustup-home/toolchains/beta-2021-08-01-x86_64-unknown-linux-gnu/lib/rustlib/x86_64-unknown-linux-gnu/lib/librustc-beta_rt.lsan.a
[INFO] [stdout]           crate `rustc`: /opt/rustwide/rustup-home/toolchains/beta-2021-08-01-x86_64-unknown-linux-gnu/lib/rustlib/x86_64-unknown-linux-gnu/lib/librustc-beta_rt.tsan.a
[INFO] [stdout] 
[INFO] [stdout] 
[INFO] [stdout] error: aborting due to 2 previous errors
[INFO] [stdout] 
[INFO] [stdout] 
[INFO] [stdout] For more information about this error, try `rustc --explain E0557`.
[INFO] [stdout] 
[INFO] [stderr] error: build failed
[INFO] running `Command { std: "docker" "inspect" "5a33490066c107a2dd0d495589629597078904bd77eacf7b00ae9be3b78ffc5b", kill_on_drop: false }`
[INFO] running `Command { std: "docker" "rm" "-f" "5a33490066c107a2dd0d495589629597078904bd77eacf7b00ae9be3b78ffc5b", kill_on_drop: false }`
[INFO] [stdout] 5a33490066c107a2dd0d495589629597078904bd77eacf7b00ae9be3b78ffc5b
