[INFO] cloning repository https://github.com/KyleU/solitaire
[INFO] running `Command { std: "git" "-c" "credential.helper=" "-c" "credential.helper=/workspace/cargo-home/bin/git-credential-null" "clone" "--bare" "https://github.com/KyleU/solitaire" "/workspace/cache/git-repos/https%3A%2F%2Fgithub.com%2FKyleU%2Fsolitaire", kill_on_drop: false }`
[INFO] [stderr] Cloning into bare repository '/workspace/cache/git-repos/https%3A%2F%2Fgithub.com%2FKyleU%2Fsolitaire'...
[INFO] running `Command { std: "git" "rev-parse" "HEAD", kill_on_drop: false }`
[INFO] [stdout] ca487942ca6402cf3ea922a8432dc9b20b7d42aa
[INFO] testing KyleU/solitaire against beta-2021-08-01 for beta-1.55-1
[INFO] running `Command { std: "git" "clone" "/workspace/cache/git-repos/https%3A%2F%2Fgithub.com%2FKyleU%2Fsolitaire" "/workspace/builds/worker-6/source", kill_on_drop: false }`
[INFO] [stderr] Cloning into '/workspace/builds/worker-6/source'...
[INFO] [stderr] done.
[INFO] validating manifest of git repo https://github.com/KyleU/solitaire on toolchain beta-2021-08-01
[INFO] running `Command { std: "/workspace/cargo-home/bin/cargo" "+beta-2021-08-01" "metadata" "--manifest-path" "Cargo.toml" "--no-deps", kill_on_drop: false }`
[INFO] started tweaking git repo https://github.com/KyleU/solitaire
[INFO] finished tweaking git repo https://github.com/KyleU/solitaire
[INFO] tweaked toml for git repo https://github.com/KyleU/solitaire written to /workspace/builds/worker-6/source/Cargo.toml
[INFO] crate git repo https://github.com/KyleU/solitaire already has a lockfile, it will not be regenerated
[INFO] running `Command { std: "/workspace/cargo-home/bin/cargo" "+beta-2021-08-01" "fetch" "--manifest-path" "Cargo.toml", kill_on_drop: false }`
[INFO] [stderr]  Downloading crates ...
[INFO] [stderr]   Downloaded maud_htmlescape v0.17.0
[INFO] [stderr]   Downloaded webview-sys v0.3.3
[INFO] [stderr]   Downloaded bytestring v0.1.2
[INFO] [stderr]   Downloaded enum-as-inner v0.3.0
[INFO] [stderr]   Downloaded actix-utils v1.0.4
[INFO] [stderr]   Downloaded wasm-bindgen-futures v0.4.6
[INFO] [stderr]   Downloaded app_dirs2 v2.0.4
[INFO] [stderr]   Downloaded wasm-bindgen-test-macro v0.3.6
[INFO] [stderr]   Downloaded wasm-bindgen-backend v0.2.56
[INFO] [stderr]   Downloaded shellexpand v1.0.0
[INFO] [stderr]   Downloaded wasm-bindgen-shared v0.2.56
[INFO] [stderr]   Downloaded h2 v0.2.1
[INFO] [stderr]   Downloaded actix-service v1.0.1
[INFO] [stderr]   Downloaded actix-server v1.0.1
[INFO] [stderr]   Downloaded async-trait v0.1.22
[INFO] [stderr]   Downloaded js-sys v0.3.33
[INFO] [stderr]   Downloaded pin-project-internal v0.4.6
[INFO] [stderr]   Downloaded slog-term v2.4.2
[INFO] [stderr]   Downloaded rust-embed v5.2.0
[INFO] [stderr]   Downloaded pin-project v0.4.6
[INFO] [stderr]   Downloaded rust-embed-utils v5.0.0
[INFO] [stderr]   Downloaded rust-embed-impl v5.2.0
[INFO] [stderr]   Downloaded wasm-bindgen-webidl v0.2.56
[INFO] [stderr]   Downloaded libgit2-sys v0.9.2
[INFO] [stderr]   Downloaded maud_macros v0.21.0
[INFO] [stderr]   Downloaded maud v0.21.0
[INFO] [stderr]   Downloaded git2 v0.10.2
[INFO] [stderr]   Downloaded actix-web-codegen v0.2.0
[INFO] [stderr]   Downloaded actix-connect v1.0.1
[INFO] [stderr]   Downloaded web-view v0.5.4
[INFO] [stderr]   Downloaded wasm-bindgen-test v0.3.6
[INFO] [stderr]   Downloaded built v0.3.2
[INFO] [stderr]   Downloaded wasm-bindgen v0.2.56
[INFO] [stderr]   Downloaded actix-session v0.3.0
[INFO] [stderr]   Downloaded wasm-bindgen-macro-support v0.2.56
[INFO] [stderr]   Downloaded wasm-bindgen-macro v0.2.56
[INFO] [stderr]   Downloaded web-sys v0.3.33
[INFO] [stderr]   Downloaded winres v0.1.11
[INFO] running `Command { std: "docker" "create" "-v" "/var/lib/crater-agent-workspace/builds/worker-6/target:/opt/rustwide/target:rw,Z" "-v" "/var/lib/crater-agent-workspace/builds/worker-6/source:/opt/rustwide/workdir:ro,Z" "-v" "/var/lib/crater-agent-workspace/cargo-home:/opt/rustwide/cargo-home:ro,Z" "-v" "/var/lib/crater-agent-workspace/rustup-home:/opt/rustwide/rustup-home:ro,Z" "-e" "SOURCE_DIR=/opt/rustwide/workdir" "-e" "CARGO_TARGET_DIR=/opt/rustwide/target" "-e" "CARGO_HOME=/opt/rustwide/cargo-home" "-e" "RUSTUP_HOME=/opt/rustwide/rustup-home" "-w" "/opt/rustwide/workdir" "-m" "1610612736" "--user" "0:0" "--network" "none" "ghcr.io/rust-lang/crates-build-env/linux@sha256:34b6a614d2c27851fe6cbf88fbd1137609cefab8b10d0615aaeb6fd47975d74e" "/opt/rustwide/cargo-home/bin/cargo" "+beta-2021-08-01" "metadata" "--no-deps" "--format-version=1", kill_on_drop: false }`
[INFO] [stdout] b07445cfe68eddc5c1096317f5aa46c743c4bf2fc4c09ac4ae18cd750e046b47
[INFO] [stderr] WARNING: Your kernel does not support swap limit capabilities or the cgroup is not mounted. Memory limited without swap.
[INFO] running `Command { std: "docker" "start" "-a" "b07445cfe68eddc5c1096317f5aa46c743c4bf2fc4c09ac4ae18cd750e046b47", kill_on_drop: false }`
[INFO] running `Command { std: "docker" "inspect" "b07445cfe68eddc5c1096317f5aa46c743c4bf2fc4c09ac4ae18cd750e046b47", kill_on_drop: false }`
[INFO] running `Command { std: "docker" "rm" "-f" "b07445cfe68eddc5c1096317f5aa46c743c4bf2fc4c09ac4ae18cd750e046b47", kill_on_drop: false }`
[INFO] [stdout] b07445cfe68eddc5c1096317f5aa46c743c4bf2fc4c09ac4ae18cd750e046b47
[INFO] running `Command { std: "docker" "create" "-v" "/var/lib/crater-agent-workspace/builds/worker-6/target:/opt/rustwide/target:rw,Z" "-v" "/var/lib/crater-agent-workspace/builds/worker-6/source:/opt/rustwide/workdir:ro,Z" "-v" "/var/lib/crater-agent-workspace/cargo-home:/opt/rustwide/cargo-home:ro,Z" "-v" "/var/lib/crater-agent-workspace/rustup-home:/opt/rustwide/rustup-home:ro,Z" "-e" "SOURCE_DIR=/opt/rustwide/workdir" "-e" "CARGO_TARGET_DIR=/opt/rustwide/target" "-e" "CARGO_INCREMENTAL=0" "-e" "RUST_BACKTRACE=full" "-e" "RUSTFLAGS=--cap-lints=warn" "-e" "CARGO_HOME=/opt/rustwide/cargo-home" "-e" "RUSTUP_HOME=/opt/rustwide/rustup-home" "-w" "/opt/rustwide/workdir" "-m" "1610612736" "--user" "0:0" "--network" "none" "ghcr.io/rust-lang/crates-build-env/linux@sha256:34b6a614d2c27851fe6cbf88fbd1137609cefab8b10d0615aaeb6fd47975d74e" "/opt/rustwide/cargo-home/bin/cargo" "+beta-2021-08-01" "build" "--frozen" "--message-format=json", kill_on_drop: false }`
[INFO] [stdout] dc110413eb0a3fd07840d079712c3043be687e2a0c7484b2fa2de2546e8dd8ea
[INFO] [stderr] WARNING: Your kernel does not support swap limit capabilities or the cgroup is not mounted. Memory limited without swap.
[INFO] running `Command { std: "docker" "start" "-a" "dc110413eb0a3fd07840d079712c3043be687e2a0c7484b2fa2de2546e8dd8ea", kill_on_drop: false }`
[INFO] [stderr]    Compiling libc v0.2.66
[INFO] [stderr]    Compiling cfg-if v0.1.10
[INFO] [stderr]    Compiling proc-macro2 v1.0.6
[INFO] [stderr]    Compiling unicode-xid v0.2.0
[INFO] [stderr]    Compiling syn v1.0.11
[INFO] [stderr]    Compiling log v0.4.8
[INFO] [stderr]    Compiling lazy_static v1.4.0
[INFO] [stderr]    Compiling autocfg v0.1.7
[INFO] [stderr]    Compiling smallvec v1.0.0
[INFO] [stderr]    Compiling memchr v2.2.1
[INFO] [stderr]    Compiling serde v1.0.104
[INFO] [stderr]    Compiling slab v0.4.2
[INFO] [stderr]    Compiling futures-core v0.3.1
[INFO] [stderr]    Compiling futures-sink v0.3.1
[INFO] [stderr]    Compiling fnv v1.0.6
[INFO] [stderr]    Compiling bitflags v1.2.1
[INFO] [stderr]    Compiling matches v0.1.8
[INFO] [stderr]    Compiling proc-macro-nested v0.1.3
[INFO] [stderr]    Compiling bytes v0.5.3
[INFO] [stderr]    Compiling arc-swap v0.4.4
[INFO] [stderr]    Compiling futures-io v0.3.1
[INFO] [stderr]    Compiling pin-utils v0.1.0-alpha.4
[INFO] [stderr]    Compiling futures-task v0.3.1
[INFO] [stderr]    Compiling percent-encoding v2.1.0
[INFO] [stderr]    Compiling getrandom v0.1.13
[INFO] [stderr]    Compiling pin-project-lite v0.1.2
[INFO] [stderr]    Compiling scopeguard v1.0.0
[INFO] [stderr]    Compiling byteorder v1.3.2
[INFO] [stderr]    Compiling ppv-lite86 v0.2.6
[INFO] [stderr]    Compiling itoa v0.4.4
[INFO] [stderr]    Compiling semver-parser v0.7.0
[INFO] [stderr]    Compiling pkg-config v0.3.17
[INFO] [stderr]    Compiling ryu v1.0.2
[INFO] [stderr]    Compiling copyless v0.1.4
[INFO] [stderr]    Compiling failure_derive v0.1.6
[INFO] [stderr]    Compiling rustc-demangle v0.1.16
[INFO] [stderr]    Compiling either v1.5.3
[INFO] [stderr]    Compiling unicode-segmentation v1.6.0
[INFO] [stderr]    Compiling linked-hash-map v0.5.2
[INFO] [stderr]    Compiling quick-error v1.2.2
[INFO] [stderr]    Compiling crc32fast v1.2.0
[INFO] [stderr]    Compiling adler32 v1.0.4
[INFO] [stderr]    Compiling regex-syntax v0.6.12
[INFO] [stderr]    Compiling encoding_rs v0.8.20
[INFO] [stderr]    Compiling httparse v1.3.4
[INFO] [stderr]    Compiling spin v0.5.2
[INFO] [stderr]    Compiling dtoa v0.4.4
[INFO] [stderr]    Compiling untrusted v0.7.0
[INFO] [stderr]    Compiling mime v0.3.14
[INFO] [stderr]    Compiling slog v2.5.2
[INFO] [stderr]    Compiling proc-macro2 v0.4.30
[INFO] [stderr]    Compiling version_check v0.9.1
[INFO] [stderr]    Compiling sha1 v0.6.0
[INFO] [stderr]    Compiling base64 v0.11.0
[INFO] [stderr]    Compiling language-tags v0.2.2
[INFO] [stderr]    Compiling unicode-xid v0.1.0
[INFO] [stderr]    Compiling same-file v1.0.5
[INFO] [stderr]    Compiling anyhow v1.0.26
[INFO] [stderr]    Compiling maybe-uninit v2.0.0
[INFO] [stderr]    Compiling syn v0.15.44
[INFO] [stderr]    Compiling maud_htmlescape v0.17.0
[INFO] [stderr]    Compiling futures v0.1.29
[INFO] [stderr]    Compiling shellexpand v1.0.0
[INFO] [stderr]    Compiling unicode-width v0.1.6
[INFO] [stderr]    Compiling xdg v2.2.0
[INFO] [stderr]    Compiling ansi_term v0.11.0
[INFO] [stderr]    Compiling vec_map v0.8.1
[INFO] [stderr]    Compiling strsim v0.8.0
[INFO] [stderr]    Compiling take_mut v0.2.2
[INFO] [stderr]    Compiling arrayvec v0.5.1
[INFO] [stderr]    Compiling nodrop v0.1.14
[INFO] [stderr]    Compiling thread_local v0.3.6
[INFO] [stderr]    Compiling crossbeam-utils v0.6.6
[INFO] [stderr]    Compiling futures-channel v0.3.1
[INFO] [stderr]    Compiling unicode-bidi v0.3.4
[INFO] [stderr]    Compiling unicode-normalization v0.1.11
[INFO] [stderr]    Compiling lock_api v0.3.2
[INFO] [stderr]    Compiling bytestring v0.1.2
[INFO] [stderr]    Compiling http v0.2.0
[INFO] [stderr]    Compiling num-traits v0.2.10
[INFO] [stderr]    Compiling num-integer v0.1.41
[INFO] [stderr]    Compiling indexmap v1.3.0
[INFO] [stderr]    Compiling crossbeam-utils v0.7.0
[INFO] [stderr]    Compiling semver v0.9.0
[INFO] [stderr]    Compiling miniz_oxide v0.3.5
[INFO] [stderr]    Compiling lru-cache v0.1.2
[INFO] [stderr]    Compiling c2-chacha v0.2.3
[INFO] [stderr]    Compiling heck v0.3.1
[INFO] [stderr]    Compiling walkdir v2.2.9
[INFO] [stderr]    Compiling textwrap v0.11.0
[INFO] [stderr]    Compiling unicase v2.6.0
[INFO] [stderr]    Compiling app_dirs2 v2.0.4
[INFO] [stderr]    Compiling rustc_version v0.2.3
[INFO] [stderr]    Compiling rust-embed-utils v5.0.0
[INFO] [stderr]    Compiling idna v0.2.0
[INFO] [stderr]    Compiling tokio-sync v0.1.7
[INFO] [stderr]    Compiling tokio-executor v0.1.9
[INFO] [stderr]    Compiling aho-corasick v0.7.6
[INFO] [stderr]    Compiling num_cpus v1.11.1
[INFO] [stderr]    Compiling jobserver v0.1.17
[INFO] [stderr]    Compiling iovec v0.1.4
[INFO] [stderr]    Compiling net2 v0.2.33
[INFO] [stderr]    Compiling signal-hook-registry v1.2.0
[INFO] [stderr]    Compiling time v0.1.42
[INFO] [stderr]    Compiling parking_lot_core v0.7.0
[INFO] [stderr]    Compiling socket2 v0.3.11
[INFO] [stderr]    Compiling hostname v0.1.5
[INFO] [stderr]    Compiling dirs-sys v0.3.4
[INFO] [stderr]    Compiling atty v0.2.13
[INFO] [stderr]    Compiling flate2 v1.0.13
[INFO] [stderr]    Compiling quote v1.0.2
[INFO] [stderr]    Compiling smallvec v0.6.13
[INFO] [stderr]    Compiling parking_lot_core v0.6.2
[INFO] [stderr]    Compiling parking_lot v0.9.0
[INFO] [stderr]    Compiling fxhash v0.2.1
[INFO] [stderr]    Compiling bytes v0.4.12
[INFO] [stderr]    Compiling slog-async v2.3.0
[INFO] [stderr]    Compiling cc v1.0.47
[INFO] [stderr]    Compiling threadpool v1.7.1
[INFO] [stderr]    Compiling quote v0.6.13
[INFO] [stderr]    Compiling mio v0.6.21
[INFO] [stderr]    Compiling rand_core v0.5.1
[INFO] [stderr]    Compiling url v2.1.0
[INFO] [stderr]    Compiling resolv-conf v0.6.2
[INFO] [stderr]    Compiling parking_lot v0.10.0
[INFO] [stderr]    Compiling clap v2.33.0
[INFO] [stderr]    Compiling dirs v2.0.2
[INFO] [stderr]    Compiling crossbeam-channel v0.4.0
[INFO] [stderr]    Compiling regex v1.3.1
[INFO] [stderr]    Compiling tokio-io v0.1.12
[INFO] [stderr]    Compiling rand_chacha v0.2.1
[INFO] [stderr]    Compiling mime_guess v2.0.1
[INFO] [stderr]    Compiling term v0.6.1
[INFO] [stderr]    Compiling mio-uds v0.6.7
[INFO] [stderr]    Compiling rand v0.7.2
[INFO] [stderr]    Compiling tokio v0.2.6
[INFO] [stderr]    Compiling backtrace-sys v0.1.32
[INFO] [stderr]    Compiling libz-sys v1.0.25
[INFO] [stderr]    Compiling libgit2-sys v0.9.2
[INFO] [stderr]    Compiling brotli-sys v0.3.2
[INFO] [stderr]    Compiling ring v0.16.9
[INFO] [stderr]    Compiling tokio-reactor v0.1.11
[INFO] [stderr]    Compiling backtrace v0.3.40
[INFO] [stderr]    Compiling maud_macros v0.21.0
[INFO] [stdout] error[E0554]: `#![feature]` may not be used on the beta release channel
[INFO] [stdout]  --> /opt/rustwide/cargo-home/registry/src/github.com-1ecc6299db9ec823/maud_macros-0.21.0/src/lib.rs:1:1
[INFO] [stdout]   |
[INFO] [stdout] 1 | #![feature(proc_macro_def_site)]
[INFO] [stdout]   | ^^^^^^^^^^^^^^^^^^^^^^^^^^^^^^^^
[INFO] [stdout] 
[INFO] [stdout] 
[INFO] [stdout] error[E0554]: `#![feature]` may not be used on the beta release channel
[INFO] [stdout]  --> /opt/rustwide/cargo-home/registry/src/github.com-1ecc6299db9ec823/maud_macros-0.21.0/src/lib.rs:2:1
[INFO] [stdout]   |
[INFO] [stdout] 2 | #![feature(proc_macro_diagnostic)]
[INFO] [stdout]   | ^^^^^^^^^^^^^^^^^^^^^^^^^^^^^^^^^^
[INFO] [stdout] 
[INFO] [stdout] 
[INFO] [stdout] error[E0554]: `#![feature]` may not be used on the beta release channel
[INFO] [stdout]  --> /opt/rustwide/cargo-home/registry/src/github.com-1ecc6299db9ec823/maud_macros-0.21.0/src/lib.rs:3:1
[INFO] [stdout]   |
[INFO] [stdout] 3 | #![feature(proc_macro_hygiene)]
[INFO] [stdout]   | ^^^^^^^^^^^^^^^^^^^^^^^^^^^^^^^
[INFO] [stdout] 
[INFO] [stdout] 
[INFO] [stdout] error[E0554]: `#![feature]` may not be used on the beta release channel
[INFO] [stdout]  --> /opt/rustwide/cargo-home/registry/src/github.com-1ecc6299db9ec823/maud_macros-0.21.0/src/lib.rs:4:1
[INFO] [stdout]   |
[INFO] [stdout] 4 | #![feature(proc_macro_quote)]
[INFO] [stdout]   | ^^^^^^^^^^^^^^^^^^^^^^^^^^^^^
[INFO] [stdout] 
[INFO] [stdout] 
[INFO] [stdout] error[E0554]: `#![feature]` may not be used on the beta release channel
[INFO] [stdout]  --> /opt/rustwide/cargo-home/registry/src/github.com-1ecc6299db9ec823/maud_macros-0.21.0/src/lib.rs:5:1
[INFO] [stdout]   |
[INFO] [stdout] 5 | #![feature(proc_macro_span)]
[INFO] [stdout]   | ^^^^^^^^^^^^^^^^^^^^^^^^^^^^
[INFO] [stdout] 
[INFO] [stdout] 
[INFO] [stdout] error: aborting due to 5 previous errors
[INFO] [stdout] 
[INFO] [stdout] 
[INFO] [stdout] For more information about this error, try `rustc --explain E0554`.
[INFO] [stdout] 
[INFO] [stderr] error: could not compile `maud_macros` due to 6 previous errors
[INFO] [stderr] warning: build failed, waiting for other jobs to finish...
[INFO] [stderr] error: build failed
[INFO] running `Command { std: "docker" "inspect" "dc110413eb0a3fd07840d079712c3043be687e2a0c7484b2fa2de2546e8dd8ea", kill_on_drop: false }`
[INFO] running `Command { std: "docker" "rm" "-f" "dc110413eb0a3fd07840d079712c3043be687e2a0c7484b2fa2de2546e8dd8ea", kill_on_drop: false }`
[INFO] [stdout] dc110413eb0a3fd07840d079712c3043be687e2a0c7484b2fa2de2546e8dd8ea
