[INFO] cloning repository https://github.com/Jovons/diesel_demo
[INFO] running `Command { std: "git" "-c" "credential.helper=" "-c" "credential.helper=/workspace/cargo-home/bin/git-credential-null" "clone" "--bare" "https://github.com/Jovons/diesel_demo" "/workspace/cache/git-repos/https%3A%2F%2Fgithub.com%2FJovons%2Fdiesel_demo", kill_on_drop: false }`
[INFO] [stderr] Cloning into bare repository '/workspace/cache/git-repos/https%3A%2F%2Fgithub.com%2FJovons%2Fdiesel_demo'...
[INFO] running `Command { std: "git" "rev-parse" "HEAD", kill_on_drop: false }`
[INFO] [stdout] 1088b3ae1ae521debdd1bfe93870a5b0e63e34df
[INFO] testing Jovons/diesel_demo against beta-2021-08-01 for beta-1.55-1
[INFO] running `Command { std: "git" "clone" "/workspace/cache/git-repos/https%3A%2F%2Fgithub.com%2FJovons%2Fdiesel_demo" "/workspace/builds/worker-1/source", kill_on_drop: false }`
[INFO] [stderr] Cloning into '/workspace/builds/worker-1/source'...
[INFO] [stderr] done.
[INFO] validating manifest of git repo https://github.com/Jovons/diesel_demo on toolchain beta-2021-08-01
[INFO] running `Command { std: "/workspace/cargo-home/bin/cargo" "+beta-2021-08-01" "metadata" "--manifest-path" "Cargo.toml" "--no-deps", kill_on_drop: false }`
[INFO] started tweaking git repo https://github.com/Jovons/diesel_demo
[INFO] finished tweaking git repo https://github.com/Jovons/diesel_demo
[INFO] tweaked toml for git repo https://github.com/Jovons/diesel_demo written to /workspace/builds/worker-1/source/Cargo.toml
[INFO] crate git repo https://github.com/Jovons/diesel_demo already has a lockfile, it will not be regenerated
[INFO] running `Command { std: "/workspace/cargo-home/bin/cargo" "+beta-2021-08-01" "fetch" "--manifest-path" "Cargo.toml", kill_on_drop: false }`
[INFO] running `Command { std: "docker" "create" "-v" "/var/lib/crater-agent-workspace/builds/worker-1/target:/opt/rustwide/target:rw,Z" "-v" "/var/lib/crater-agent-workspace/builds/worker-1/source:/opt/rustwide/workdir:ro,Z" "-v" "/var/lib/crater-agent-workspace/cargo-home:/opt/rustwide/cargo-home:ro,Z" "-v" "/var/lib/crater-agent-workspace/rustup-home:/opt/rustwide/rustup-home:ro,Z" "-e" "SOURCE_DIR=/opt/rustwide/workdir" "-e" "CARGO_TARGET_DIR=/opt/rustwide/target" "-e" "CARGO_HOME=/opt/rustwide/cargo-home" "-e" "RUSTUP_HOME=/opt/rustwide/rustup-home" "-w" "/opt/rustwide/workdir" "-m" "1610612736" "--user" "0:0" "--network" "none" "ghcr.io/rust-lang/crates-build-env/linux@sha256:34b6a614d2c27851fe6cbf88fbd1137609cefab8b10d0615aaeb6fd47975d74e" "/opt/rustwide/cargo-home/bin/cargo" "+beta-2021-08-01" "metadata" "--no-deps" "--format-version=1", kill_on_drop: false }`
[INFO] [stdout] f92a914ec660ab3d21ebbdb47324b92d2be75c6321e171ebfcc1c9097836e947
[INFO] [stderr] WARNING: Your kernel does not support swap limit capabilities or the cgroup is not mounted. Memory limited without swap.
[INFO] running `Command { std: "docker" "start" "-a" "f92a914ec660ab3d21ebbdb47324b92d2be75c6321e171ebfcc1c9097836e947", kill_on_drop: false }`
[INFO] running `Command { std: "docker" "inspect" "f92a914ec660ab3d21ebbdb47324b92d2be75c6321e171ebfcc1c9097836e947", kill_on_drop: false }`
[INFO] running `Command { std: "docker" "rm" "-f" "f92a914ec660ab3d21ebbdb47324b92d2be75c6321e171ebfcc1c9097836e947", kill_on_drop: false }`
[INFO] [stdout] f92a914ec660ab3d21ebbdb47324b92d2be75c6321e171ebfcc1c9097836e947
[INFO] running `Command { std: "docker" "create" "-v" "/var/lib/crater-agent-workspace/builds/worker-1/target:/opt/rustwide/target:rw,Z" "-v" "/var/lib/crater-agent-workspace/builds/worker-1/source:/opt/rustwide/workdir:ro,Z" "-v" "/var/lib/crater-agent-workspace/cargo-home:/opt/rustwide/cargo-home:ro,Z" "-v" "/var/lib/crater-agent-workspace/rustup-home:/opt/rustwide/rustup-home:ro,Z" "-e" "SOURCE_DIR=/opt/rustwide/workdir" "-e" "CARGO_TARGET_DIR=/opt/rustwide/target" "-e" "CARGO_INCREMENTAL=0" "-e" "RUST_BACKTRACE=full" "-e" "RUSTFLAGS=--cap-lints=warn" "-e" "CARGO_HOME=/opt/rustwide/cargo-home" "-e" "RUSTUP_HOME=/opt/rustwide/rustup-home" "-w" "/opt/rustwide/workdir" "-m" "1610612736" "--user" "0:0" "--network" "none" "ghcr.io/rust-lang/crates-build-env/linux@sha256:34b6a614d2c27851fe6cbf88fbd1137609cefab8b10d0615aaeb6fd47975d74e" "/opt/rustwide/cargo-home/bin/cargo" "+beta-2021-08-01" "build" "--frozen" "--message-format=json", kill_on_drop: false }`
[INFO] [stdout] 5ff172de69be0c4128101b90d9a73e518b0733a23e98dcc5c4814d4c8f468437
[INFO] [stderr] WARNING: Your kernel does not support swap limit capabilities or the cgroup is not mounted. Memory limited without swap.
[INFO] running `Command { std: "docker" "start" "-a" "5ff172de69be0c4128101b90d9a73e518b0733a23e98dcc5c4814d4c8f468437", kill_on_drop: false }`
[INFO] [stderr]    Compiling syn v1.0.68
[INFO] [stderr]    Compiling serde v1.0.125
[INFO] [stderr]    Compiling mysqlclient-sys v0.2.4
[INFO] [stderr]    Compiling time v0.1.44
[INFO] [stderr]    Compiling url v1.7.2
[INFO] [stderr]    Compiling num-bigint v0.2.6
[INFO] [stderr]    Compiling bigdecimal v0.1.2
[INFO] [stderr]    Compiling chrono v0.4.19
[INFO] [stderr]    Compiling diesel_derives v1.4.1
[INFO] [stderr]    Compiling diesel v1.4.6
[INFO] [stderr]    Compiling diesel_demo v0.1.0 (/opt/rustwide/workdir)
[INFO] [stdout] warning: use of deprecated associated function `core::str::<impl str>::trim_right`: superseded by `trim_end`
[INFO] [stdout]   --> src/bin/write_post.rs:12:23
[INFO] [stdout]    |
[INFO] [stdout] 12 |     let title = title.trim_right(); // Remove the trailing newline
[INFO] [stdout]    |                       ^^^^^^^^^^ help: replace the use of the deprecated associated function: `trim_end`
[INFO] [stdout]    |
[INFO] [stdout]    = note: `#[warn(deprecated)]` on by default
[INFO] [stdout] 
[INFO] [stdout] 
[INFO] [stdout] warning: 1 warning emitted
[INFO] [stdout] 
[INFO] [stdout] 
[INFO] [stderr]     Finished dev [unoptimized + debuginfo] target(s) in 34.70s
[INFO] running `Command { std: "docker" "inspect" "5ff172de69be0c4128101b90d9a73e518b0733a23e98dcc5c4814d4c8f468437", kill_on_drop: false }`
[INFO] running `Command { std: "docker" "rm" "-f" "5ff172de69be0c4128101b90d9a73e518b0733a23e98dcc5c4814d4c8f468437", kill_on_drop: false }`
[INFO] [stdout] 5ff172de69be0c4128101b90d9a73e518b0733a23e98dcc5c4814d4c8f468437
[INFO] running `Command { std: "docker" "create" "-v" "/var/lib/crater-agent-workspace/builds/worker-1/target:/opt/rustwide/target:rw,Z" "-v" "/var/lib/crater-agent-workspace/builds/worker-1/source:/opt/rustwide/workdir:ro,Z" "-v" "/var/lib/crater-agent-workspace/cargo-home:/opt/rustwide/cargo-home:ro,Z" "-v" "/var/lib/crater-agent-workspace/rustup-home:/opt/rustwide/rustup-home:ro,Z" "-e" "SOURCE_DIR=/opt/rustwide/workdir" "-e" "CARGO_TARGET_DIR=/opt/rustwide/target" "-e" "CARGO_INCREMENTAL=0" "-e" "RUST_BACKTRACE=full" "-e" "RUSTFLAGS=--cap-lints=warn" "-e" "CARGO_HOME=/opt/rustwide/cargo-home" "-e" "RUSTUP_HOME=/opt/rustwide/rustup-home" "-w" "/opt/rustwide/workdir" "-m" "1610612736" "--user" "0:0" "--network" "none" "ghcr.io/rust-lang/crates-build-env/linux@sha256:34b6a614d2c27851fe6cbf88fbd1137609cefab8b10d0615aaeb6fd47975d74e" "/opt/rustwide/cargo-home/bin/cargo" "+beta-2021-08-01" "test" "--frozen" "--no-run" "--message-format=json", kill_on_drop: false }`
[INFO] [stderr] WARNING: Your kernel does not support swap limit capabilities or the cgroup is not mounted. Memory limited without swap.
[INFO] [stdout] 551443aba708a72ea0b8c3b235aa13075e025b13da1799b94f98cea10264ec4a
[INFO] running `Command { std: "docker" "start" "-a" "551443aba708a72ea0b8c3b235aa13075e025b13da1799b94f98cea10264ec4a", kill_on_drop: false }`
[INFO] [stderr]    Compiling diesel_demo v0.1.0 (/opt/rustwide/workdir)
[INFO] [stdout] warning: use of deprecated associated function `core::str::<impl str>::trim_right`: superseded by `trim_end`
[INFO] [stdout]   --> src/bin/write_post.rs:12:23
[INFO] [stdout]    |
[INFO] [stdout] 12 |     let title = title.trim_right(); // Remove the trailing newline
[INFO] [stdout]    |                       ^^^^^^^^^^ help: replace the use of the deprecated associated function: `trim_end`
[INFO] [stdout]    |
[INFO] [stdout]    = note: `#[warn(deprecated)]` on by default
[INFO] [stdout] 
[INFO] [stdout] 
[INFO] [stdout] warning: 1 warning emitted
[INFO] [stdout] 
[INFO] [stdout] 
[INFO] [stdout] warning: function is never used: `connection_without_transaction`
[INFO] [stdout]  --> tests/testschema.rs:5:8
[INFO] [stdout]   |
[INFO] [stdout] 5 | pub fn connection_without_transaction() -> TestConnection {
[INFO] [stdout]   |        ^^^^^^^^^^^^^^^^^^^^^^^^^^^^^^
[INFO] [stdout]   |
[INFO] [stdout]   = note: `#[warn(dead_code)]` on by default
[INFO] [stdout] 
[INFO] [stdout] 
[INFO] [stdout] warning: type alias is never used: `TestConnection`
[INFO] [stdout]   --> tests/testschema.rs:12:1
[INFO] [stdout]    |
[INFO] [stdout] 12 | pub type TestConnection = MysqlConnection;
[INFO] [stdout]    | ^^^^^^^^^^^^^^^^^^^^^^^^^^^^^^^^^^^^^^^^^^
[INFO] [stdout] 
[INFO] [stdout] 
[INFO] [stdout] warning: function is never used: `connection`
[INFO] [stdout]   --> tests/testschema.rs:14:8
[INFO] [stdout]    |
[INFO] [stdout] 14 | pub fn connection() -> TestConnection {
[INFO] [stdout]    |        ^^^^^^^^^^
[INFO] [stdout] 
[INFO] [stdout] 
[INFO] [stdout] warning: use of deprecated associated function `core::str::<impl str>::trim_right`: superseded by `trim_end`
[INFO] [stdout]   --> src/bin/write_post.rs:12:23
[INFO] [stdout]    |
[INFO] [stdout] 12 |     let title = title.trim_right(); // Remove the trailing newline
[INFO] [stdout]    |                       ^^^^^^^^^^ help: replace the use of the deprecated associated function: `trim_end`
[INFO] [stdout]    |
[INFO] [stdout]    = note: `#[warn(deprecated)]` on by default
[INFO] [stdout] 
[INFO] [stdout] 
[INFO] [stdout] warning: 1 warning emitted
[INFO] [stdout] 
[INFO] [stdout] 
[INFO] [stdout] error[E0277]: the trait bound `MyEnum: diesel::Expression` is not satisfied
[INFO] [stdout]   --> tests/custom_types.rs:50:10
[INFO] [stdout]    |
[INFO] [stdout] 50 | #[derive(Insertable, Queryable, Identifiable, Debug, PartialEq)]
[INFO] [stdout]    |          ^^^^^^^^^^ the trait `diesel::Expression` is not implemented for `MyEnum`
[INFO] [stdout]    |
[INFO] [stdout]    = note: required because of the requirements on the impl of `diesel::expression::AsExpression<MyEnum>` for `MyEnum`
[INFO] [stdout]    = note: this error originates in the derive macro `Insertable` (in Nightly builds, run with -Z macro-backtrace for more info)
[INFO] [stdout] 
[INFO] [stdout] 
[INFO] [stdout] error[E0277]: the trait bound `MyEnum: diesel::Expression` is not satisfied
[INFO] [stdout]   --> tests/custom_types.rs:50:10
[INFO] [stdout]    |
[INFO] [stdout] 50 | #[derive(Insertable, Queryable, Identifiable, Debug, PartialEq)]
[INFO] [stdout]    |          ^^^^^^^^^^ the trait `diesel::Expression` is not implemented for `MyEnum`
[INFO] [stdout]    |
[INFO] [stdout]    = note: required because of the requirements on the impl of `diesel::Expression` for `&'insert MyEnum`
[INFO] [stdout]    = note: required because of the requirements on the impl of `diesel::expression::AsExpression<MyEnum>` for `&'insert MyEnum`
[INFO] [stdout]    = note: this error originates in the derive macro `Insertable` (in Nightly builds, run with -Z macro-backtrace for more info)
[INFO] [stdout] 
[INFO] [stdout] 
[INFO] [stdout] error[E0277]: the trait bound `MyEnum: diesel::Expression` is not satisfied
[INFO] [stdout]   --> tests/custom_types.rs:50:10
[INFO] [stdout]    |
[INFO] [stdout] 50 | #[derive(Insertable, Queryable, Identifiable, Debug, PartialEq)]
[INFO] [stdout]    |          ^^^^^^^^^^ the trait `diesel::Expression` is not implemented for `MyEnum`
[INFO] [stdout]    |
[INFO] [stdout]    = note: required because of the requirements on the impl of `diesel::Expression` for `&MyEnum`
[INFO] [stdout]    = note: required because of the requirements on the impl of `diesel::expression::AsExpression<MyEnum>` for `&MyEnum`
[INFO] [stdout]    = note: this error originates in the derive macro `Insertable` (in Nightly builds, run with -Z macro-backtrace for more info)
[INFO] [stdout] 
[INFO] [stdout] 
[INFO] [stdout] error: aborting due to 3 previous errors
[INFO] [stdout] 
[INFO] [stdout] 
[INFO] [stdout] For more information about this error, try `rustc --explain E0277`.
[INFO] [stdout] 
[INFO] [stderr] error: could not compile `diesel_demo` due to 4 previous errors
[INFO] [stderr] warning: build failed, waiting for other jobs to finish...
[INFO] [stdout] warning: 3 warnings emitted
[INFO] [stdout] 
[INFO] [stdout] 
[INFO] [stderr] error: build failed
[INFO] running `Command { std: "docker" "inspect" "551443aba708a72ea0b8c3b235aa13075e025b13da1799b94f98cea10264ec4a", kill_on_drop: false }`
[INFO] running `Command { std: "docker" "rm" "-f" "551443aba708a72ea0b8c3b235aa13075e025b13da1799b94f98cea10264ec4a", kill_on_drop: false }`
[INFO] [stdout] 551443aba708a72ea0b8c3b235aa13075e025b13da1799b94f98cea10264ec4a
