[INFO] cloning repository https://github.com/Jordanb716/descriptivision-prototyping
[INFO] running `Command { std: "git" "-c" "credential.helper=" "-c" "credential.helper=/workspace/cargo-home/bin/git-credential-null" "clone" "--bare" "https://github.com/Jordanb716/descriptivision-prototyping" "/workspace/cache/git-repos/https%3A%2F%2Fgithub.com%2FJordanb716%2Fdescriptivision-prototyping", kill_on_drop: false }`
[INFO] [stderr] Cloning into bare repository '/workspace/cache/git-repos/https%3A%2F%2Fgithub.com%2FJordanb716%2Fdescriptivision-prototyping'...
[INFO] running `Command { std: "git" "rev-parse" "HEAD", kill_on_drop: false }`
[INFO] [stdout] 3c769f2b6905768c4d94e4a686af52eed2e58b6a
[INFO] testing Jordanb716/descriptivision-prototyping against beta-2021-08-01 for beta-1.55-1
[INFO] running `Command { std: "git" "clone" "/workspace/cache/git-repos/https%3A%2F%2Fgithub.com%2FJordanb716%2Fdescriptivision-prototyping" "/workspace/builds/worker-3/source", kill_on_drop: false }`
[INFO] [stderr] Cloning into '/workspace/builds/worker-3/source'...
[INFO] [stderr] done.
[INFO] validating manifest of git repo https://github.com/Jordanb716/descriptivision-prototyping on toolchain beta-2021-08-01
[INFO] running `Command { std: "/workspace/cargo-home/bin/cargo" "+beta-2021-08-01" "metadata" "--manifest-path" "Cargo.toml" "--no-deps", kill_on_drop: false }`
[INFO] started tweaking git repo https://github.com/Jordanb716/descriptivision-prototyping
[INFO] finished tweaking git repo https://github.com/Jordanb716/descriptivision-prototyping
[INFO] tweaked toml for git repo https://github.com/Jordanb716/descriptivision-prototyping written to /workspace/builds/worker-3/source/Cargo.toml
[INFO] crate git repo https://github.com/Jordanb716/descriptivision-prototyping already has a lockfile, it will not be regenerated
[INFO] running `Command { std: "/workspace/cargo-home/bin/cargo" "+beta-2021-08-01" "fetch" "--manifest-path" "Cargo.toml", kill_on_drop: false }`
[INFO] running `Command { std: "docker" "create" "-v" "/var/lib/crater-agent-workspace/builds/worker-3/target:/opt/rustwide/target:rw,Z" "-v" "/var/lib/crater-agent-workspace/builds/worker-3/source:/opt/rustwide/workdir:ro,Z" "-v" "/var/lib/crater-agent-workspace/cargo-home:/opt/rustwide/cargo-home:ro,Z" "-v" "/var/lib/crater-agent-workspace/rustup-home:/opt/rustwide/rustup-home:ro,Z" "-e" "SOURCE_DIR=/opt/rustwide/workdir" "-e" "CARGO_TARGET_DIR=/opt/rustwide/target" "-e" "CARGO_HOME=/opt/rustwide/cargo-home" "-e" "RUSTUP_HOME=/opt/rustwide/rustup-home" "-w" "/opt/rustwide/workdir" "-m" "1610612736" "--user" "0:0" "--network" "none" "ghcr.io/rust-lang/crates-build-env/linux@sha256:34b6a614d2c27851fe6cbf88fbd1137609cefab8b10d0615aaeb6fd47975d74e" "/opt/rustwide/cargo-home/bin/cargo" "+beta-2021-08-01" "metadata" "--no-deps" "--format-version=1", kill_on_drop: false }`
[INFO] [stdout] 2f6a9c7bdf06a1e767d21391ffa666eeb79da3e2e6854b580bad8ee54c630d09
[INFO] [stderr] WARNING: Your kernel does not support swap limit capabilities or the cgroup is not mounted. Memory limited without swap.
[INFO] running `Command { std: "docker" "start" "-a" "2f6a9c7bdf06a1e767d21391ffa666eeb79da3e2e6854b580bad8ee54c630d09", kill_on_drop: false }`
[INFO] running `Command { std: "docker" "inspect" "2f6a9c7bdf06a1e767d21391ffa666eeb79da3e2e6854b580bad8ee54c630d09", kill_on_drop: false }`
[INFO] running `Command { std: "docker" "rm" "-f" "2f6a9c7bdf06a1e767d21391ffa666eeb79da3e2e6854b580bad8ee54c630d09", kill_on_drop: false }`
[INFO] [stdout] 2f6a9c7bdf06a1e767d21391ffa666eeb79da3e2e6854b580bad8ee54c630d09
[INFO] running `Command { std: "docker" "create" "-v" "/var/lib/crater-agent-workspace/builds/worker-3/target:/opt/rustwide/target:rw,Z" "-v" "/var/lib/crater-agent-workspace/builds/worker-3/source:/opt/rustwide/workdir:ro,Z" "-v" "/var/lib/crater-agent-workspace/cargo-home:/opt/rustwide/cargo-home:ro,Z" "-v" "/var/lib/crater-agent-workspace/rustup-home:/opt/rustwide/rustup-home:ro,Z" "-e" "SOURCE_DIR=/opt/rustwide/workdir" "-e" "CARGO_TARGET_DIR=/opt/rustwide/target" "-e" "CARGO_INCREMENTAL=0" "-e" "RUST_BACKTRACE=full" "-e" "RUSTFLAGS=--cap-lints=warn" "-e" "CARGO_HOME=/opt/rustwide/cargo-home" "-e" "RUSTUP_HOME=/opt/rustwide/rustup-home" "-w" "/opt/rustwide/workdir" "-m" "1610612736" "--user" "0:0" "--network" "none" "ghcr.io/rust-lang/crates-build-env/linux@sha256:34b6a614d2c27851fe6cbf88fbd1137609cefab8b10d0615aaeb6fd47975d74e" "/opt/rustwide/cargo-home/bin/cargo" "+beta-2021-08-01" "build" "--frozen" "--message-format=json", kill_on_drop: false }`
[INFO] [stdout] 6da81178d9dfdd95239756fad75b5ddd57fabd8bf77946fc3f2b87a5056b3687
[INFO] [stderr] WARNING: Your kernel does not support swap limit capabilities or the cgroup is not mounted. Memory limited without swap.
[INFO] running `Command { std: "docker" "start" "-a" "6da81178d9dfdd95239756fad75b5ddd57fabd8bf77946fc3f2b87a5056b3687", kill_on_drop: false }`
[INFO] [stderr]    Compiling libc v0.2.97
[INFO] [stderr]    Compiling getrandom v0.2.3
[INFO] [stderr]    Compiling atty v0.2.14
[INFO] [stderr]    Compiling colored v2.0.0
[INFO] [stderr]    Compiling rand_core v0.6.3
[INFO] [stderr]    Compiling rand_chacha v0.3.1
[INFO] [stderr]    Compiling rand v0.8.4
[INFO] [stderr]    Compiling raycast v0.1.0 (/opt/rustwide/workdir)
[INFO] [stdout] error[E0405]: cannot find trait `Mul` in this scope
[INFO] [stdout]    --> src/primitive/coordinate.rs:195:6
[INFO] [stdout]     |
[INFO] [stdout] 195 | impl Mul for Cartesian {
[INFO] [stdout]     |      ^^^ not found in this scope
[INFO] [stdout]     |
[INFO] [stdout] help: consider importing one of these items
[INFO] [stdout]     |
[INFO] [stdout] 1   | use core::ops::Mul;
[INFO] [stdout]     |
[INFO] [stdout] 1   | use std::ops::Mul;
[INFO] [stdout]     |
[INFO] [stdout] 
[INFO] [stdout] 
[INFO] [stdout] error[E0425]: cannot find function `mul` in this scope
[INFO] [stdout]    --> src/primitive/coordinate.rs:208:9
[INFO] [stdout]     |
[INFO] [stdout] 208 |         mul(self, scalar as f32)
[INFO] [stdout]     |         ^^^---------------------
[INFO] [stdout]     |         |
[INFO] [stdout]     |         help: try calling `mul` as a method: `self.mul(scalar as f32)`
[INFO] [stdout] 
[INFO] [stdout] 
[INFO] [stdout] error[E0405]: cannot find trait `Mul` in this scope
[INFO] [stdout]    --> src/primitive/coordinate.rs:215:6
[INFO] [stdout]     |
[INFO] [stdout] 215 | impl Mul for Cylindrical {
[INFO] [stdout]     |      ^^^ not found in this scope
[INFO] [stdout]     |
[INFO] [stdout] help: consider importing one of these items
[INFO] [stdout]     |
[INFO] [stdout] 1   | use core::ops::Mul;
[INFO] [stdout]     |
[INFO] [stdout] 1   | use std::ops::Mul;
[INFO] [stdout]     |
[INFO] [stdout] 
[INFO] [stdout] 
[INFO] [stdout] error[E0425]: cannot find function `mul` in this scope
[INFO] [stdout]    --> src/primitive/coordinate.rs:228:9
[INFO] [stdout]     |
[INFO] [stdout] 228 |         mul(self, scalar as f32)
[INFO] [stdout]     |         ^^^---------------------
[INFO] [stdout]     |         |
[INFO] [stdout]     |         help: try calling `mul` as a method: `self.mul(scalar as f32)`
[INFO] [stdout] 
[INFO] [stdout] 
[INFO] [stdout] error[E0405]: cannot find trait `Mul` in this scope
[INFO] [stdout]    --> src/primitive/coordinate.rs:235:6
[INFO] [stdout]     |
[INFO] [stdout] 235 | impl Mul for Spherical {
[INFO] [stdout]     |      ^^^ not found in this scope
[INFO] [stdout]     |
[INFO] [stdout] help: consider importing one of these items
[INFO] [stdout]     |
[INFO] [stdout] 1   | use core::ops::Mul;
[INFO] [stdout]     |
[INFO] [stdout] 1   | use std::ops::Mul;
[INFO] [stdout]     |
[INFO] [stdout] 
[INFO] [stdout] 
[INFO] [stdout] error[E0425]: cannot find function `mul` in this scope
[INFO] [stdout]    --> src/primitive/coordinate.rs:248:9
[INFO] [stdout]     |
[INFO] [stdout] 248 |         mul(self, scalar as f32)
[INFO] [stdout]     |         ^^^---------------------
[INFO] [stdout]     |         |
[INFO] [stdout]     |         help: try calling `mul` as a method: `self.mul(scalar as f32)`
[INFO] [stdout] 
[INFO] [stdout] 
[INFO] [stdout] error[E0405]: cannot find trait `Sub` in this scope
[INFO] [stdout]    --> src/primitive/coordinate.rs:255:6
[INFO] [stdout]     |
[INFO] [stdout] 255 | impl Sub for Cartesian {
[INFO] [stdout]     |      ^^^ not found in this scope
[INFO] [stdout]     |
[INFO] [stdout] help: consider importing one of these items
[INFO] [stdout]     |
[INFO] [stdout] 1   | use core::ops::Sub;
[INFO] [stdout]     |
[INFO] [stdout] 1   | use std::ops::Sub;
[INFO] [stdout]     |
[INFO] [stdout] 
[INFO] [stdout] 
[INFO] [stdout] error[E0405]: cannot find trait `Sub` in this scope
[INFO] [stdout]    --> src/primitive/coordinate.rs:266:6
[INFO] [stdout]     |
[INFO] [stdout] 266 | impl Sub for Cylindrical {
[INFO] [stdout]     |      ^^^ not found in this scope
[INFO] [stdout]     |
[INFO] [stdout] help: consider importing one of these items
[INFO] [stdout]     |
[INFO] [stdout] 1   | use core::ops::Sub;
[INFO] [stdout]     |
[INFO] [stdout] 1   | use std::ops::Sub;
[INFO] [stdout]     |
[INFO] [stdout] 
[INFO] [stdout] 
[INFO] [stdout] error[E0405]: cannot find trait `Sub` in this scope
[INFO] [stdout]    --> src/primitive/coordinate.rs:277:6
[INFO] [stdout]     |
[INFO] [stdout] 277 | impl Sub for Spherical {
[INFO] [stdout]     |      ^^^ not found in this scope
[INFO] [stdout]     |
[INFO] [stdout] help: consider importing one of these items
[INFO] [stdout]     |
[INFO] [stdout] 1   | use core::ops::Sub;
[INFO] [stdout]     |
[INFO] [stdout] 1   | use std::ops::Sub;
[INFO] [stdout]     |
[INFO] [stdout] 
[INFO] [stdout] 
[INFO] [stdout] warning: unused import: `std::io::prelude::*`
[INFO] [stdout]  --> src/main.rs:9:5
[INFO] [stdout]   |
[INFO] [stdout] 9 | use std::io::prelude::*;
[INFO] [stdout]   |     ^^^^^^^^^^^^^^^^^^^
[INFO] [stdout]   |
[INFO] [stdout]   = note: `#[warn(unused_imports)]` on by default
[INFO] [stdout] 
[INFO] [stdout] 
[INFO] [stdout] error: aborting due to 9 previous errors; 1 warning emitted
[INFO] [stdout] 
[INFO] [stdout] 
[INFO] [stdout] Some errors have detailed explanations: E0405, E0425.
[INFO] [stdout] 
[INFO] [stdout] For more information about an error, try `rustc --explain E0405`.
[INFO] [stdout] 
[INFO] [stderr] error: could not compile `raycast` due to 10 previous errors; 1 warning emitted
[INFO] running `Command { std: "docker" "inspect" "6da81178d9dfdd95239756fad75b5ddd57fabd8bf77946fc3f2b87a5056b3687", kill_on_drop: false }`
[INFO] running `Command { std: "docker" "rm" "-f" "6da81178d9dfdd95239756fad75b5ddd57fabd8bf77946fc3f2b87a5056b3687", kill_on_drop: false }`
[INFO] [stdout] 6da81178d9dfdd95239756fad75b5ddd57fabd8bf77946fc3f2b87a5056b3687
