[INFO] cloning repository https://github.com/JeongPope/Openethereum
[INFO] running `Command { std: "git" "-c" "credential.helper=" "-c" "credential.helper=/workspace/cargo-home/bin/git-credential-null" "clone" "--bare" "https://github.com/JeongPope/Openethereum" "/workspace/cache/git-repos/https%3A%2F%2Fgithub.com%2FJeongPope%2FOpenethereum", kill_on_drop: false }`
[INFO] [stderr] Cloning into bare repository '/workspace/cache/git-repos/https%3A%2F%2Fgithub.com%2FJeongPope%2FOpenethereum'...
[INFO] running `Command { std: "git" "rev-parse" "HEAD", kill_on_drop: false }`
[INFO] [stdout] c4c9b592de4848906144e35b13ae6531c21a050a
[INFO] testing JeongPope/Openethereum against 1.54.0 for beta-1.55-1
[INFO] running `Command { std: "git" "clone" "/workspace/cache/git-repos/https%3A%2F%2Fgithub.com%2FJeongPope%2FOpenethereum" "/workspace/builds/worker-2/source", kill_on_drop: false }`
[INFO] [stderr] Cloning into '/workspace/builds/worker-2/source'...
[INFO] [stderr] done.
[INFO] validating manifest of git repo https://github.com/JeongPope/Openethereum on toolchain 1.54.0
[INFO] running `Command { std: "/workspace/cargo-home/bin/cargo" "+1.54.0" "metadata" "--manifest-path" "Cargo.toml" "--no-deps", kill_on_drop: false }`
[INFO] started tweaking git repo https://github.com/JeongPope/Openethereum
[INFO] finished tweaking git repo https://github.com/JeongPope/Openethereum
[INFO] tweaked toml for git repo https://github.com/JeongPope/Openethereum written to /workspace/builds/worker-2/source/Cargo.toml
[INFO] crate git repo https://github.com/JeongPope/Openethereum already has a lockfile, it will not be regenerated
[INFO] running `Command { std: "/workspace/cargo-home/bin/cargo" "+1.54.0" "fetch" "--manifest-path" "Cargo.toml", kill_on_drop: false }`
[INFO] [stderr]     Blocking waiting for file lock on package cache
[INFO] [stderr]     Blocking waiting for file lock on package cache
[INFO] running `Command { std: "docker" "create" "-v" "/var/lib/crater-agent-workspace/builds/worker-2/target:/opt/rustwide/target:rw,Z" "-v" "/var/lib/crater-agent-workspace/builds/worker-2/source:/opt/rustwide/workdir:ro,Z" "-v" "/var/lib/crater-agent-workspace/cargo-home:/opt/rustwide/cargo-home:ro,Z" "-v" "/var/lib/crater-agent-workspace/rustup-home:/opt/rustwide/rustup-home:ro,Z" "-e" "SOURCE_DIR=/opt/rustwide/workdir" "-e" "CARGO_TARGET_DIR=/opt/rustwide/target" "-e" "CARGO_HOME=/opt/rustwide/cargo-home" "-e" "RUSTUP_HOME=/opt/rustwide/rustup-home" "-w" "/opt/rustwide/workdir" "-m" "1610612736" "--user" "0:0" "--network" "none" "ghcr.io/rust-lang/crates-build-env/linux@sha256:34b6a614d2c27851fe6cbf88fbd1137609cefab8b10d0615aaeb6fd47975d74e" "/opt/rustwide/cargo-home/bin/cargo" "+1.54.0" "metadata" "--no-deps" "--format-version=1", kill_on_drop: false }`
[INFO] [stdout] 05fff50c979346d60b466f84226ab67877d352d4f4c92931abf799929c2b5911
[INFO] [stderr] WARNING: Your kernel does not support swap limit capabilities or the cgroup is not mounted. Memory limited without swap.
[INFO] running `Command { std: "docker" "start" "-a" "05fff50c979346d60b466f84226ab67877d352d4f4c92931abf799929c2b5911", kill_on_drop: false }`
[INFO] running `Command { std: "docker" "inspect" "05fff50c979346d60b466f84226ab67877d352d4f4c92931abf799929c2b5911", kill_on_drop: false }`
[INFO] running `Command { std: "docker" "rm" "-f" "05fff50c979346d60b466f84226ab67877d352d4f4c92931abf799929c2b5911", kill_on_drop: false }`
[INFO] [stdout] 05fff50c979346d60b466f84226ab67877d352d4f4c92931abf799929c2b5911
[INFO] running `Command { std: "docker" "create" "-v" "/var/lib/crater-agent-workspace/builds/worker-2/target:/opt/rustwide/target:rw,Z" "-v" "/var/lib/crater-agent-workspace/builds/worker-2/source:/opt/rustwide/workdir:ro,Z" "-v" "/var/lib/crater-agent-workspace/cargo-home:/opt/rustwide/cargo-home:ro,Z" "-v" "/var/lib/crater-agent-workspace/rustup-home:/opt/rustwide/rustup-home:ro,Z" "-e" "SOURCE_DIR=/opt/rustwide/workdir" "-e" "CARGO_TARGET_DIR=/opt/rustwide/target" "-e" "CARGO_INCREMENTAL=0" "-e" "RUST_BACKTRACE=full" "-e" "RUSTFLAGS=--cap-lints=warn" "-e" "CARGO_HOME=/opt/rustwide/cargo-home" "-e" "RUSTUP_HOME=/opt/rustwide/rustup-home" "-w" "/opt/rustwide/workdir" "-m" "1610612736" "--user" "0:0" "--network" "none" "ghcr.io/rust-lang/crates-build-env/linux@sha256:34b6a614d2c27851fe6cbf88fbd1137609cefab8b10d0615aaeb6fd47975d74e" "/opt/rustwide/cargo-home/bin/cargo" "+1.54.0" "build" "--frozen" "--message-format=json", kill_on_drop: false }`
[INFO] [stdout] 3b726f30340717d241e85a667a9d1e0d38a1de80cc513e23ce3de2334d0f32bb
[INFO] [stderr] WARNING: Your kernel does not support swap limit capabilities or the cgroup is not mounted. Memory limited without swap.
[INFO] running `Command { std: "docker" "start" "-a" "3b726f30340717d241e85a667a9d1e0d38a1de80cc513e23ce3de2334d0f32bb", kill_on_drop: false }`
[INFO] [stderr]    Compiling libc v0.2.68
[INFO] [stderr]    Compiling syn v1.0.17
[INFO] [stderr]    Compiling scopeguard v1.1.0
[INFO] [stderr]    Compiling serde v1.0.105
[INFO] [stderr]    Compiling bitvec v0.15.2
[INFO] [stderr]    Compiling parity-util-mem v0.7.0
[INFO] [stderr]    Compiling parity-bytes v0.1.2
[INFO] [stderr]    Compiling zeroize v1.1.0
[INFO] [stderr]    Compiling subtle v2.2.2
[INFO] [stderr]    Compiling snap v1.0.0
[INFO] [stderr]    Compiling unexpected v0.1.0 (/opt/rustwide/workdir/util/unexpected)
[INFO] [stderr]    Compiling untrusted v0.7.0
[INFO] [stderr]    Compiling hamming v0.1.3
[INFO] [stderr]    Compiling nan-preserving-float v0.1.0
[INFO] [stderr]    Compiling primal-estimate v0.2.1
[INFO] [stderr]    Compiling ethabi-contract v11.0.0
[INFO] [stderr]    Compiling once_cell v1.3.1
[INFO] [stderr]    Compiling time-utils v0.1.0 (/opt/rustwide/workdir/util/time-utils)
[INFO] [stderr]    Compiling bs58 v0.3.0
[INFO] [stderr]    Compiling using_queue v0.1.0 (/opt/rustwide/workdir/miner/using-queue)
[INFO] [stderr]    Compiling base64 v0.12.0
[INFO] [stderr]    Compiling failure_derive v0.1.7
[INFO] [stderr]    Compiling bindgen v0.53.2
[INFO] [stderr]    Compiling winapi v0.3.8
[INFO] [stderr]    Compiling mio-named-pipes v0.1.6
[INFO] [stderr]    Compiling remove_dir_all v0.5.2
[INFO] [stderr]    Compiling if_chain v0.1.3
[INFO] [stderr]    Compiling target_info v0.1.0
[INFO] [stderr]    Compiling order-stat v0.1.3
[INFO] [stderr]    Compiling transient-hashmap v0.4.1
[INFO] [stderr]    Compiling rprompt v1.0.5
[INFO] [stderr]    Compiling rlp v0.4.5
[INFO] [stderr]    Compiling num-bigint v0.2.6
[INFO] [stderr]    Compiling num-iter v0.1.40
[INFO] [stderr]    Compiling num-rational v0.2.4
[INFO] [stderr]    Compiling num-complex v0.2.4
[INFO] [stderr]    Compiling tokio-sync v0.1.8
[INFO] [stderr]    Compiling heapsize v0.4.2
[INFO] [stderr]    Compiling bit-set v0.4.0
[INFO] [stderr]    Compiling lock_api v0.3.3
[INFO] [stderr]    Compiling eip-152 v0.1.0 (/opt/rustwide/workdir/util/EIP-152)
[INFO] [stderr]    Compiling owning_ref v0.4.1
[INFO] [stderr]    Compiling parity-path v0.1.3
[INFO] [stderr]    Compiling clang-sys v0.29.2
[INFO] [stderr]    Compiling primal-bit v0.2.4
[INFO] [stderr]    Compiling app_dirs v1.2.1 (https://github.com/paritytech/app-dirs-rs#0b37f948)
[INFO] [stderr]    Compiling impl-rlp v0.2.1
[INFO] [stderr]    Compiling triehash v0.8.3
[INFO] [stderr]    Compiling parity-wasm v0.31.3
[INFO] [stderr]    Compiling fxhash v0.2.1
[INFO] [stderr]    Compiling trace-time v0.1.3
[INFO] [stderr]    Compiling stats v0.1.0 (/opt/rustwide/workdir/util/stats)
[INFO] [stderr]    Compiling uint v0.8.3
[INFO] [stderr]    Compiling plain_hasher v0.2.3
[INFO] [stderr]    Compiling simple_uint v0.1.0 (https://github.com/matter-labs/eip1962.git?rev=ece6cbabc41948db4200e41f0bfdab7ab94c7af8#ece6cbab)
[INFO] [stderr]    Compiling bstr v0.2.12
[INFO] [stderr]    Compiling xml-rs v0.7.0
[INFO] [stderr]    Compiling lock_api v0.1.5
[INFO] [stderr]    Compiling primal-sieve v0.2.9
[INFO] [stderr]    Compiling crossbeam-queue v0.2.1
[INFO] [stderr]    Compiling crossbeam-epoch v0.8.2
[INFO] [stderr]    Compiling elastic-array v0.10.3
[INFO] [stderr]    Compiling block-buffer v0.7.3
[INFO] [stderr]    Compiling regex v1.3.5
[INFO] [stderr]    Compiling transaction-pool v2.0.3
[INFO] [stderr]    Compiling toolshed v0.6.3
[INFO] [stderr]    Compiling fixed_width_group_and_loop v0.1.0 (https://github.com/matter-labs/eip1962.git?rev=ece6cbabc41948db4200e41f0bfdab7ab94c7af8#ece6cbab)
[INFO] [stderr]    Compiling fixed_width_field v0.1.0 (https://github.com/matter-labs/eip1962.git?rev=ece6cbabc41948db4200e41f0bfdab7ab94c7af8#ece6cbab)
[INFO] [stderr]    Compiling primal-check v0.2.3
[INFO] [stderr]    Compiling aes-soft v0.3.3
[INFO] [stderr]    Compiling block-modes v0.3.3
[INFO] [stderr]    Compiling hmac v0.7.1
[INFO] [stderr]    Compiling logos-derive v0.7.7
[INFO] [stderr]    Compiling sha2 v0.8.1
[INFO] [stderr]    Compiling ripemd160 v0.8.0
[INFO] [stderr]    Compiling sha-1 v0.8.2
[INFO] [stderr]    Compiling rlp_compress v0.1.0 (/opt/rustwide/workdir/util/rlp-compress)
[INFO] [stderr]    Compiling crossbeam-deque v0.7.3
[INFO] [stdout] error[E0061]: this function takes 1 argument but 2 arguments were supplied
[INFO] [stdout]    --> /opt/rustwide/cargo-home/registry/src/github.com-1ecc6299db9ec823/logos-derive-0.7.7/src/lib.rs:55:20
[INFO] [stdout]     |
[INFO] [stdout] 55  |             extras.insert(util::ident(&ext), |_| panic!("Only one #[extras] attribute can be declared."));
[INFO] [stdout]     |                    ^^^^^^ -----------------  ----------------------------------------------------------- supplied 2 arguments
[INFO] [stdout]     |                    |
[INFO] [stdout]     |                    expected 1 argument
[INFO] [stdout]     |
[INFO] [stdout] note: associated function defined here
[INFO] [stdout] 
[INFO] [stdout] 
[INFO] [stdout] error[E0061]: this function takes 1 argument but 2 arguments were supplied
[INFO] [stdout]    --> /opt/rustwide/cargo-home/registry/src/github.com-1ecc6299db9ec823/logos-derive-0.7.7/src/lib.rs:89:23
[INFO] [stdout]     |
[INFO] [stdout] 89  |                 error.insert(variant, |_| panic!("Only one #[error] variant can be declared."));
[INFO] [stdout]     |                       ^^^^^^ -------  -------------------------------------------------------- supplied 2 arguments
[INFO] [stdout]     |                       |
[INFO] [stdout]     |                       expected 1 argument
[INFO] [stdout]     |
[INFO] [stdout] note: associated function defined here
[INFO] [stdout] 
[INFO] [stdout] 
[INFO] [stdout] error[E0061]: this function takes 1 argument but 2 arguments were supplied
[INFO] [stdout]    --> /opt/rustwide/cargo-home/registry/src/github.com-1ecc6299db9ec823/logos-derive-0.7.7/src/lib.rs:93:21
[INFO] [stdout]     |
[INFO] [stdout] 93  |                 end.insert(variant, |_| panic!("Only one #[end] variant can be declared."));
[INFO] [stdout]     |                     ^^^^^^ -------  ------------------------------------------------------ supplied 2 arguments
[INFO] [stdout]     |                     |
[INFO] [stdout]     |                     expected 1 argument
[INFO] [stdout]     |
[INFO] [stdout] note: associated function defined here
[INFO] [stdout] 
[INFO] [stdout] 
[INFO] [stderr]    Compiling xmltree v0.8.0
[INFO] [stderr]    Compiling aes v0.3.2
[INFO] [stderr]    Compiling aes-ctr v0.3.0
[INFO] [stderr]    Compiling primal v0.2.3
[INFO] [stderr]    Compiling pwasm-utils v0.6.2
[INFO] [stdout] error: aborting due to 3 previous errors
[INFO] [stdout] 
[INFO] [stdout] 
[INFO] [stdout] For more information about this error, try `rustc --explain E0061`.
[INFO] [stdout] 
[INFO] [stderr]    Compiling wasmi v0.3.0
[INFO] [stderr] error: could not compile `logos-derive`
[INFO] [stderr] 
[INFO] [stderr] To learn more, run the command again with --verbose.
[INFO] [stderr] warning: build failed, waiting for other jobs to finish...
[INFO] [stderr] error: build failed
[INFO] running `Command { std: "docker" "inspect" "3b726f30340717d241e85a667a9d1e0d38a1de80cc513e23ce3de2334d0f32bb", kill_on_drop: false }`
[INFO] running `Command { std: "docker" "rm" "-f" "3b726f30340717d241e85a667a9d1e0d38a1de80cc513e23ce3de2334d0f32bb", kill_on_drop: false }`
[INFO] [stdout] 3b726f30340717d241e85a667a9d1e0d38a1de80cc513e23ce3de2334d0f32bb
