[INFO] cloning repository https://github.com/Jasperav/rustreactrocket
[INFO] running `Command { std: "git" "-c" "credential.helper=" "-c" "credential.helper=/workspace/cargo-home/bin/git-credential-null" "clone" "--bare" "https://github.com/Jasperav/rustreactrocket" "/workspace/cache/git-repos/https%3A%2F%2Fgithub.com%2FJasperav%2Frustreactrocket", kill_on_drop: false }`
[INFO] [stderr] Cloning into bare repository '/workspace/cache/git-repos/https%3A%2F%2Fgithub.com%2FJasperav%2Frustreactrocket'...
[INFO] running `Command { std: "git" "rev-parse" "HEAD", kill_on_drop: false }`
[INFO] [stdout] 0093f05433221067f59251c904f1709ed7e10d9a
[INFO] testing Jasperav/rustreactrocket against beta-2021-08-01 for beta-1.55-1
[INFO] running `Command { std: "git" "clone" "/workspace/cache/git-repos/https%3A%2F%2Fgithub.com%2FJasperav%2Frustreactrocket" "/workspace/builds/worker-2/source", kill_on_drop: false }`
[INFO] [stderr] Cloning into '/workspace/builds/worker-2/source'...
[INFO] [stderr] done.
[INFO] validating manifest of git repo https://github.com/Jasperav/rustreactrocket on toolchain beta-2021-08-01
[INFO] running `Command { std: "/workspace/cargo-home/bin/cargo" "+beta-2021-08-01" "metadata" "--manifest-path" "Cargo.toml" "--no-deps", kill_on_drop: false }`
[INFO] started tweaking git repo https://github.com/Jasperav/rustreactrocket
[INFO] finished tweaking git repo https://github.com/Jasperav/rustreactrocket
[INFO] tweaked toml for git repo https://github.com/Jasperav/rustreactrocket written to /workspace/builds/worker-2/source/Cargo.toml
[INFO] crate git repo https://github.com/Jasperav/rustreactrocket already has a lockfile, it will not be regenerated
[INFO] running `Command { std: "/workspace/cargo-home/bin/cargo" "+beta-2021-08-01" "fetch" "--manifest-path" "Cargo.toml", kill_on_drop: false }`
[INFO] running `Command { std: "docker" "create" "-v" "/var/lib/crater-agent-workspace/builds/worker-2/target:/opt/rustwide/target:rw,Z" "-v" "/var/lib/crater-agent-workspace/builds/worker-2/source:/opt/rustwide/workdir:ro,Z" "-v" "/var/lib/crater-agent-workspace/cargo-home:/opt/rustwide/cargo-home:ro,Z" "-v" "/var/lib/crater-agent-workspace/rustup-home:/opt/rustwide/rustup-home:ro,Z" "-e" "SOURCE_DIR=/opt/rustwide/workdir" "-e" "CARGO_TARGET_DIR=/opt/rustwide/target" "-e" "CARGO_HOME=/opt/rustwide/cargo-home" "-e" "RUSTUP_HOME=/opt/rustwide/rustup-home" "-w" "/opt/rustwide/workdir" "-m" "1610612736" "--user" "0:0" "--network" "none" "ghcr.io/rust-lang/crates-build-env/linux@sha256:34b6a614d2c27851fe6cbf88fbd1137609cefab8b10d0615aaeb6fd47975d74e" "/opt/rustwide/cargo-home/bin/cargo" "+beta-2021-08-01" "metadata" "--no-deps" "--format-version=1", kill_on_drop: false }`
[INFO] [stdout] b4d666bf99fab466d9b6ba631439ee5587ebf04d5e63948e1fcffd347136555d
[INFO] [stderr] WARNING: Your kernel does not support swap limit capabilities or the cgroup is not mounted. Memory limited without swap.
[INFO] running `Command { std: "docker" "start" "-a" "b4d666bf99fab466d9b6ba631439ee5587ebf04d5e63948e1fcffd347136555d", kill_on_drop: false }`
[INFO] running `Command { std: "docker" "inspect" "b4d666bf99fab466d9b6ba631439ee5587ebf04d5e63948e1fcffd347136555d", kill_on_drop: false }`
[INFO] running `Command { std: "docker" "rm" "-f" "b4d666bf99fab466d9b6ba631439ee5587ebf04d5e63948e1fcffd347136555d", kill_on_drop: false }`
[INFO] [stdout] b4d666bf99fab466d9b6ba631439ee5587ebf04d5e63948e1fcffd347136555d
[INFO] running `Command { std: "docker" "create" "-v" "/var/lib/crater-agent-workspace/builds/worker-2/target:/opt/rustwide/target:rw,Z" "-v" "/var/lib/crater-agent-workspace/builds/worker-2/source:/opt/rustwide/workdir:ro,Z" "-v" "/var/lib/crater-agent-workspace/cargo-home:/opt/rustwide/cargo-home:ro,Z" "-v" "/var/lib/crater-agent-workspace/rustup-home:/opt/rustwide/rustup-home:ro,Z" "-e" "SOURCE_DIR=/opt/rustwide/workdir" "-e" "CARGO_TARGET_DIR=/opt/rustwide/target" "-e" "CARGO_INCREMENTAL=0" "-e" "RUST_BACKTRACE=full" "-e" "RUSTFLAGS=--cap-lints=warn" "-e" "CARGO_HOME=/opt/rustwide/cargo-home" "-e" "RUSTUP_HOME=/opt/rustwide/rustup-home" "-w" "/opt/rustwide/workdir" "-m" "1610612736" "--user" "0:0" "--network" "none" "ghcr.io/rust-lang/crates-build-env/linux@sha256:34b6a614d2c27851fe6cbf88fbd1137609cefab8b10d0615aaeb6fd47975d74e" "/opt/rustwide/cargo-home/bin/cargo" "+beta-2021-08-01" "build" "--frozen" "--message-format=json", kill_on_drop: false }`
[INFO] [stdout] 7d9cb2d76415092e370835b262f1cc99e9acea5bd892e2089801b8bae399408d
[INFO] [stderr] WARNING: Your kernel does not support swap limit capabilities or the cgroup is not mounted. Memory limited without swap.
[INFO] running `Command { std: "docker" "start" "-a" "7d9cb2d76415092e370835b262f1cc99e9acea5bd892e2089801b8bae399408d", kill_on_drop: false }`
[INFO] [stderr]    Compiling cc v1.0.48
[INFO] [stderr]    Compiling pear_codegen v0.1.2
[INFO] [stderr]    Compiling rocket_codegen v0.4.2
[INFO] [stderr]    Compiling rocket v0.4.2
[INFO] [stderr]    Compiling base64 v0.9.3
[INFO] [stderr]    Compiling log v0.3.9
[INFO] [stderr]    Compiling devise_core v0.2.0
[INFO] [stderr]    Compiling toml v0.4.10
[INFO] [stderr]    Compiling mime v0.2.6
[INFO] [stdout] error[E0554]: `#![feature]` may not be used on the beta release channel
[INFO] [stdout]  --> /opt/rustwide/cargo-home/registry/src/github.com-1ecc6299db9ec823/devise_core-0.2.0/src/lib.rs:1:1
[INFO] [stdout]   |
[INFO] [stdout] 1 | #![feature(proc_macro_diagnostic, proc_macro_span)]
[INFO] [stdout]   | ^^^^^^^^^^^^^^^^^^^^^^^^^^^^^^^^^^^^^^^^^^^^^^^^^^^
[INFO] [stdout] 
[INFO] [stdout] 
[INFO] [stdout] error[E0554]: `#![feature]` may not be used on the beta release channel
[INFO] [stdout]  --> /opt/rustwide/cargo-home/registry/src/github.com-1ecc6299db9ec823/devise_core-0.2.0/src/lib.rs:2:1
[INFO] [stdout]   |
[INFO] [stdout] 2 | #![feature(crate_visibility_modifier)]
[INFO] [stdout]   | ^^^^^^^^^^^^^^^^^^^^^^^^^^^^^^^^^^^^^^
[INFO] [stdout] 
[INFO] [stdout] 
[INFO] [stdout] error[E0554]: `#![feature]` may not be used on the beta release channel
[INFO] [stdout]  --> /opt/rustwide/cargo-home/registry/src/github.com-1ecc6299db9ec823/devise_core-0.2.0/src/lib.rs:3:1
[INFO] [stdout]   |
[INFO] [stdout] 3 | #![feature(concat_idents)]
[INFO] [stdout]   | ^^^^^^^^^^^^^^^^^^^^^^^^^^
[INFO] [stdout] 
[INFO] [stdout] 
[INFO] [stdout] error: aborting due to 3 previous errors
[INFO] [stdout] 
[INFO] [stdout] 
[INFO] [stdout] For more information about this error, try `rustc --explain E0554`.
[INFO] [stdout] 
[INFO] [stderr] error: could not compile `devise_core` due to 4 previous errors
[INFO] [stderr] warning: build failed, waiting for other jobs to finish...
[INFO] [stderr] error: build failed
[INFO] running `Command { std: "docker" "inspect" "7d9cb2d76415092e370835b262f1cc99e9acea5bd892e2089801b8bae399408d", kill_on_drop: false }`
[INFO] running `Command { std: "docker" "rm" "-f" "7d9cb2d76415092e370835b262f1cc99e9acea5bd892e2089801b8bae399408d", kill_on_drop: false }`
[INFO] [stdout] 7d9cb2d76415092e370835b262f1cc99e9acea5bd892e2089801b8bae399408d
