[INFO] cloning repository https://github.com/Isaac-Lozano/SA2-Control-Enhancement
[INFO] running `Command { std: "git" "-c" "credential.helper=" "-c" "credential.helper=/workspace/cargo-home/bin/git-credential-null" "clone" "--bare" "https://github.com/Isaac-Lozano/SA2-Control-Enhancement" "/workspace/cache/git-repos/https%3A%2F%2Fgithub.com%2FIsaac-Lozano%2FSA2-Control-Enhancement", kill_on_drop: false }`
[INFO] [stderr] Cloning into bare repository '/workspace/cache/git-repos/https%3A%2F%2Fgithub.com%2FIsaac-Lozano%2FSA2-Control-Enhancement'...
[INFO] running `Command { std: "git" "rev-parse" "HEAD", kill_on_drop: false }`
[INFO] [stdout] 2d4df5b87aff809dac3c9a7683edb9b008a34096
[INFO] testing Isaac-Lozano/SA2-Control-Enhancement against beta-2021-08-01 for beta-1.55-1
[INFO] running `Command { std: "git" "clone" "/workspace/cache/git-repos/https%3A%2F%2Fgithub.com%2FIsaac-Lozano%2FSA2-Control-Enhancement" "/workspace/builds/worker-18/source", kill_on_drop: false }`
[INFO] [stderr] Cloning into '/workspace/builds/worker-18/source'...
[INFO] [stderr] done.
[INFO] validating manifest of git repo https://github.com/Isaac-Lozano/SA2-Control-Enhancement on toolchain beta-2021-08-01
[INFO] running `Command { std: "/workspace/cargo-home/bin/cargo" "+beta-2021-08-01" "metadata" "--manifest-path" "Cargo.toml" "--no-deps", kill_on_drop: false }`
[INFO] started tweaking git repo https://github.com/Isaac-Lozano/SA2-Control-Enhancement
[INFO] finished tweaking git repo https://github.com/Isaac-Lozano/SA2-Control-Enhancement
[INFO] tweaked toml for git repo https://github.com/Isaac-Lozano/SA2-Control-Enhancement written to /workspace/builds/worker-18/source/Cargo.toml
[INFO] crate git repo https://github.com/Isaac-Lozano/SA2-Control-Enhancement already has a lockfile, it will not be regenerated
[INFO] running `Command { std: "/workspace/cargo-home/bin/cargo" "+beta-2021-08-01" "fetch" "--manifest-path" "Cargo.toml", kill_on_drop: false }`
[INFO] [stderr]     Blocking waiting for file lock on package cache
[INFO] running `Command { std: "docker" "create" "-v" "/var/lib/crater-agent-workspace/builds/worker-18/target:/opt/rustwide/target:rw,Z" "-v" "/var/lib/crater-agent-workspace/builds/worker-18/source:/opt/rustwide/workdir:ro,Z" "-v" "/var/lib/crater-agent-workspace/cargo-home:/opt/rustwide/cargo-home:ro,Z" "-v" "/var/lib/crater-agent-workspace/rustup-home:/opt/rustwide/rustup-home:ro,Z" "-e" "SOURCE_DIR=/opt/rustwide/workdir" "-e" "CARGO_TARGET_DIR=/opt/rustwide/target" "-e" "CARGO_HOME=/opt/rustwide/cargo-home" "-e" "RUSTUP_HOME=/opt/rustwide/rustup-home" "-w" "/opt/rustwide/workdir" "-m" "1610612736" "--user" "0:0" "--network" "none" "ghcr.io/rust-lang/crates-build-env/linux@sha256:34b6a614d2c27851fe6cbf88fbd1137609cefab8b10d0615aaeb6fd47975d74e" "/opt/rustwide/cargo-home/bin/cargo" "+beta-2021-08-01" "metadata" "--no-deps" "--format-version=1", kill_on_drop: false }`
[INFO] [stdout] a73b83ed479bc3ca268d7ab58d0d53f4f9863a35c813213289fae82b9b8bb824
[INFO] running `Command { std: "docker" "start" "-a" "a73b83ed479bc3ca268d7ab58d0d53f4f9863a35c813213289fae82b9b8bb824", kill_on_drop: false }`
[INFO] running `Command { std: "docker" "inspect" "a73b83ed479bc3ca268d7ab58d0d53f4f9863a35c813213289fae82b9b8bb824", kill_on_drop: false }`
[INFO] running `Command { std: "docker" "rm" "-f" "a73b83ed479bc3ca268d7ab58d0d53f4f9863a35c813213289fae82b9b8bb824", kill_on_drop: false }`
[INFO] [stdout] a73b83ed479bc3ca268d7ab58d0d53f4f9863a35c813213289fae82b9b8bb824
[INFO] running `Command { std: "docker" "create" "-v" "/var/lib/crater-agent-workspace/builds/worker-18/target:/opt/rustwide/target:rw,Z" "-v" "/var/lib/crater-agent-workspace/builds/worker-18/source:/opt/rustwide/workdir:ro,Z" "-v" "/var/lib/crater-agent-workspace/cargo-home:/opt/rustwide/cargo-home:ro,Z" "-v" "/var/lib/crater-agent-workspace/rustup-home:/opt/rustwide/rustup-home:ro,Z" "-e" "SOURCE_DIR=/opt/rustwide/workdir" "-e" "CARGO_TARGET_DIR=/opt/rustwide/target" "-e" "CARGO_INCREMENTAL=0" "-e" "RUST_BACKTRACE=full" "-e" "RUSTFLAGS=--cap-lints=warn" "-e" "CARGO_HOME=/opt/rustwide/cargo-home" "-e" "RUSTUP_HOME=/opt/rustwide/rustup-home" "-w" "/opt/rustwide/workdir" "-m" "1610612736" "--user" "0:0" "--network" "none" "ghcr.io/rust-lang/crates-build-env/linux@sha256:34b6a614d2c27851fe6cbf88fbd1137609cefab8b10d0615aaeb6fd47975d74e" "/opt/rustwide/cargo-home/bin/cargo" "+beta-2021-08-01" "build" "--frozen" "--message-format=json", kill_on_drop: false }`
[INFO] [stdout] 1213f5e20d92cd49717031485df5dd39eba7bed07284228688655225e2fbfbd5
[INFO] running `Command { std: "docker" "start" "-a" "1213f5e20d92cd49717031485df5dd39eba7bed07284228688655225e2fbfbd5", kill_on_drop: false }`
[INFO] [stderr]     Blocking waiting for file lock on package cache
[INFO] [stderr]    Compiling winapi v0.3.7
[INFO] [stderr]    Compiling sa2_button_mod v0.1.0 (/opt/rustwide/workdir)
[INFO] [stdout] error: the legacy LLVM-style asm! syntax is no longer supported
[INFO] [stdout]   --> src/knux_buttons.rs:8:9
[INFO] [stdout]    |
[INFO] [stdout] 8  |           asm!("
[INFO] [stdout]    |           ^---
[INFO] [stdout]    |           |
[INFO] [stdout]    |  _________help: replace with: `llvm_asm!`
[INFO] [stdout]    | |
[INFO] [stdout] 9  | |             mov $1, %edi
[INFO] [stdout] 10 | |             mov $0, %eax
[INFO] [stdout] 11 | |             push %edi
[INFO] [stdout] ...  |
[INFO] [stdout] 18 | |             :
[INFO] [stdout] 19 | |         );
[INFO] [stdout]    | |__________^
[INFO] [stdout]    |
[INFO] [stdout]    = note: consider migrating to the new asm! syntax specified in RFC 2873
[INFO] [stdout]    = note: alternatively, switch to llvm_asm! to keep your code working as it is
[INFO] [stdout] 
[INFO] [stdout] 
[INFO] [stdout] error: the legacy LLVM-style asm! syntax is no longer supported
[INFO] [stdout]   --> src/knux_buttons.rs:25:9
[INFO] [stdout]    |
[INFO] [stdout] 25 |           asm!("
[INFO] [stdout]    |           ^---
[INFO] [stdout]    |           |
[INFO] [stdout]    |  _________help: replace with: `llvm_asm!`
[INFO] [stdout]    | |
[INFO] [stdout] 26 | |             mov $1, %edi
[INFO] [stdout] 27 | |             mov $0, %eax
[INFO] [stdout] 28 | |             push %edi
[INFO] [stdout] ...  |
[INFO] [stdout] 35 | |             :
[INFO] [stdout] 36 | |         );
[INFO] [stdout]    | |__________^
[INFO] [stdout]    |
[INFO] [stdout]    = note: consider migrating to the new asm! syntax specified in RFC 2873
[INFO] [stdout]    = note: alternatively, switch to llvm_asm! to keep your code working as it is
[INFO] [stdout] 
[INFO] [stdout] 
[INFO] [stdout] error: the legacy LLVM-style asm! syntax is no longer supported
[INFO] [stdout]   --> src/knux_buttons.rs:42:9
[INFO] [stdout]    |
[INFO] [stdout] 42 |           asm!("
[INFO] [stdout]    |           ^---
[INFO] [stdout]    |           |
[INFO] [stdout]    |  _________help: replace with: `llvm_asm!`
[INFO] [stdout]    | |
[INFO] [stdout] 43 | |             mov $1, %ebx
[INFO] [stdout] 44 | |             mov $0, %eax
[INFO] [stdout] 45 | |             push %ebx
[INFO] [stdout] ...  |
[INFO] [stdout] 52 | |             :
[INFO] [stdout] 53 | |         );
[INFO] [stdout]    | |__________^
[INFO] [stdout]    |
[INFO] [stdout]    = note: consider migrating to the new asm! syntax specified in RFC 2873
[INFO] [stdout]    = note: alternatively, switch to llvm_asm! to keep your code working as it is
[INFO] [stdout] 
[INFO] [stdout] 
[INFO] [stdout] error: the legacy LLVM-style asm! syntax is no longer supported
[INFO] [stdout]   --> src/knux_buttons.rs:59:9
[INFO] [stdout]    |
[INFO] [stdout] 59 |           asm!("
[INFO] [stdout]    |           ^---
[INFO] [stdout]    |           |
[INFO] [stdout]    |  _________help: replace with: `llvm_asm!`
[INFO] [stdout]    | |
[INFO] [stdout] 60 | |             mov $1, %ecx
[INFO] [stdout] 61 | |             mov $0, %eax
[INFO] [stdout] 62 | |             push %ecx
[INFO] [stdout] ...  |
[INFO] [stdout] 69 | |             :
[INFO] [stdout] 70 | |         );
[INFO] [stdout]    | |__________^
[INFO] [stdout]    |
[INFO] [stdout]    = note: consider migrating to the new asm! syntax specified in RFC 2873
[INFO] [stdout]    = note: alternatively, switch to llvm_asm! to keep your code working as it is
[INFO] [stdout] 
[INFO] [stdout] 
[INFO] [stdout] error: the legacy LLVM-style asm! syntax is no longer supported
[INFO] [stdout]   --> src/knux_buttons.rs:76:5
[INFO] [stdout]    |
[INFO] [stdout] 76 |       asm!("
[INFO] [stdout]    |       ^---
[INFO] [stdout]    |       |
[INFO] [stdout]    |  _____help: replace with: `llvm_asm!`
[INFO] [stdout]    | |
[INFO] [stdout] 77 | |         call *$0
[INFO] [stdout] 78 | |         pop %edi
[INFO] [stdout] 79 | |         pop %esi
[INFO] [stdout] ...  |
[INFO] [stdout] 86 | |     : "r" (knuckles_additional_action_checks as *const fn() as u32)
[INFO] [stdout] 87 | |     );
[INFO] [stdout]    | |______^
[INFO] [stdout]    |
[INFO] [stdout]    = note: consider migrating to the new asm! syntax specified in RFC 2873
[INFO] [stdout]    = note: alternatively, switch to llvm_asm! to keep your code working as it is
[INFO] [stdout] 
[INFO] [stdout] 
[INFO] [stdout] error: the legacy LLVM-style asm! syntax is no longer supported
[INFO] [stdout]    --> src/knux_buttons.rs:94:5
[INFO] [stdout]     |
[INFO] [stdout] 94  |       asm!("
[INFO] [stdout]     |       ^---
[INFO] [stdout]     |       |
[INFO] [stdout]     |  _____help: replace with: `llvm_asm!`
[INFO] [stdout]     | |
[INFO] [stdout] 95  | |         push %eax
[INFO] [stdout] 96  | |         call *$0
[INFO] [stdout] 97  | |         test %eax, %eax
[INFO] [stdout] ...   |
[INFO] [stdout] 109 | |     : "{ecx}" (extra_drill_dive_check as *const fn() -> u32 as u32), "m" (0x0073392c), "m" (0x00733919)
[INFO] [stdout] 110 | |     );
[INFO] [stdout]     | |______^
[INFO] [stdout]     |
[INFO] [stdout]     = note: consider migrating to the new asm! syntax specified in RFC 2873
[INFO] [stdout]     = note: alternatively, switch to llvm_asm! to keep your code working as it is
[INFO] [stdout] 
[INFO] [stdout] 
[INFO] [stdout] error[E0433]: failed to resolve: could not find `shared` in `winapi`
[INFO] [stdout]  --> src/process_reader.rs:7:13
[INFO] [stdout]   |
[INFO] [stdout] 7 | use winapi::shared::minwindef::{HMODULE, MAX_PATH};
[INFO] [stdout]   |             ^^^^^^ could not find `shared` in `winapi`
[INFO] [stdout] 
[INFO] [stdout] 
[INFO] [stdout] error[E0433]: failed to resolve: could not find `shared` in `winapi`
[INFO] [stdout]  --> src/process_reader.rs:8:13
[INFO] [stdout]   |
[INFO] [stdout] 8 | use winapi::shared::ntdef::NULL;
[INFO] [stdout]   |             ^^^^^^ could not find `shared` in `winapi`
[INFO] [stdout] 
[INFO] [stdout] 
[INFO] [stdout] error[E0432]: unresolved import `winapi::ctypes`
[INFO] [stdout]  --> src/process_reader.rs:6:13
[INFO] [stdout]   |
[INFO] [stdout] 6 | use winapi::ctypes::c_void;
[INFO] [stdout]   |             ^^^^^^ could not find `ctypes` in `winapi`
[INFO] [stdout] 
[INFO] [stdout] 
[INFO] [stdout] error[E0432]: unresolved import `winapi::um`
[INFO] [stdout]  --> src/process_reader.rs:9:13
[INFO] [stdout]   |
[INFO] [stdout] 9 | use winapi::um::memoryapi;
[INFO] [stdout]   |             ^^ could not find `um` in `winapi`
[INFO] [stdout] 
[INFO] [stdout] 
[INFO] [stdout] error[E0432]: unresolved import `winapi::um`
[INFO] [stdout]   --> src/process_reader.rs:10:13
[INFO] [stdout]    |
[INFO] [stdout] 10 | use winapi::um::processthreadsapi;
[INFO] [stdout]    |             ^^ could not find `um` in `winapi`
[INFO] [stdout] 
[INFO] [stdout] 
[INFO] [stdout] error[E0433]: failed to resolve: could not find `um` in `winapi`
[INFO] [stdout]   --> src/process_reader.rs:12:13
[INFO] [stdout]    |
[INFO] [stdout] 12 | use winapi::um::winnt::{HANDLE, PROCESS_QUERY_INFORMATION, PROCESS_VM_READ, PROCESS_VM_WRITE};
[INFO] [stdout]    |             ^^ could not find `um` in `winapi`
[INFO] [stdout] 
[INFO] [stdout] 
[INFO] [stdout] error[E0432]: unresolved import `winapi::um`
[INFO] [stdout]   --> src/process_reader.rs:11:13
[INFO] [stdout]    |
[INFO] [stdout] 11 | use winapi::um::psapi;
[INFO] [stdout]    |             ^^ could not find `um` in `winapi`
[INFO] [stdout] 
[INFO] [stdout] 
[INFO] [stdout] error[E0412]: cannot find type `HANDLE` in this scope
[INFO] [stdout]   --> src/process_reader.rs:17:26
[INFO] [stdout]    |
[INFO] [stdout] 17 | pub struct ProcessHandle(HANDLE);
[INFO] [stdout]    |                          ^^^^^^ not found in this scope
[INFO] [stdout] 
[INFO] [stdout] 
[INFO] [stdout] error[E0425]: cannot find value `NULL` in this scope
[INFO] [stdout]   --> src/process_reader.rs:24:26
[INFO] [stdout]    |
[INFO] [stdout] 24 |             if handle == NULL {
[INFO] [stdout]    |                          ^^^^ not found in this scope
[INFO] [stdout] 
[INFO] [stdout] 
[INFO] [stdout] error[E0425]: cannot find value `PROCESS_QUERY_INFORMATION` in this scope
[INFO] [stdout]   --> src/process_reader.rs:40:32
[INFO] [stdout]    |
[INFO] [stdout] 40 |         Self::open_process(id, PROCESS_QUERY_INFORMATION | PROCESS_VM_READ | PROCESS_VM_WRITE)
[INFO] [stdout]    |                                ^^^^^^^^^^^^^^^^^^^^^^^^^ not found in this scope
[INFO] [stdout] 
[INFO] [stdout] 
[INFO] [stdout] error[E0425]: cannot find value `PROCESS_VM_READ` in this scope
[INFO] [stdout]   --> src/process_reader.rs:40:60
[INFO] [stdout]    |
[INFO] [stdout] 40 |         Self::open_process(id, PROCESS_QUERY_INFORMATION | PROCESS_VM_READ | PROCESS_VM_WRITE)
[INFO] [stdout]    |                                                            ^^^^^^^^^^^^^^^ not found in this scope
[INFO] [stdout] 
[INFO] [stdout] 
[INFO] [stdout] error[E0425]: cannot find value `PROCESS_VM_WRITE` in this scope
[INFO] [stdout]   --> src/process_reader.rs:40:78
[INFO] [stdout]    |
[INFO] [stdout] 40 |         Self::open_process(id, PROCESS_QUERY_INFORMATION | PROCESS_VM_READ | PROCESS_VM_WRITE)
[INFO] [stdout]    |                                                                              ^^^^^^^^^^^^^^^^ not found in this scope
[INFO] [stdout] 
[INFO] [stdout] 
[INFO] [stdout] error[E0412]: cannot find type `HMODULE` in this scope
[INFO] [stdout]   --> src/process_reader.rs:48:80
[INFO] [stdout]    |
[INFO] [stdout] 48 | ...   let result = psapi::EnumProcessModules(self.0, &mut module as *mut HMODULE, mem::size_of::<HMODULE>() as u32, &mut bytes_needed as ...
[INFO] [stdout]    |                                                                          ^^^^^^^ not found in this scope
[INFO] [stdout] 
[INFO] [stdout] 
[INFO] [stdout] error[E0412]: cannot find type `HMODULE` in this scope
[INFO] [stdout]   --> src/process_reader.rs:48:104
[INFO] [stdout]    |
[INFO] [stdout] 19 | impl ProcessHandle {
[INFO] [stdout]    |     - help: you might be missing a type parameter: `<HMODULE>`
[INFO] [stdout] ...
[INFO] [stdout] 48 |             let result = psapi::EnumProcessModules(self.0, &mut module as *mut HMODULE, mem::size_of::<HMODULE>() as u32, &mut bytes_need...
[INFO] [stdout]    |                                                                                                        ^^^^^^^ not found in this scope
[INFO] [stdout] 
[INFO] [stdout] 
[INFO] [stdout] error[E0425]: cannot find value `MAX_PATH` in this scope
[INFO] [stdout]   --> src/process_reader.rs:52:41
[INFO] [stdout]    |
[INFO] [stdout] 52 |             let mut name_buffer = [0i8; MAX_PATH];
[INFO] [stdout]    |                                         ^^^^^^^^ not found in this scope
[INFO] [stdout] 
[INFO] [stdout] 
[INFO] [stdout] error[E0425]: cannot find value `MAX_PATH` in this scope
[INFO] [stdout]   --> src/process_reader.rs:53:106
[INFO] [stdout]    |
[INFO] [stdout] 53 |             let bytes_in_str = psapi::GetModuleBaseNameA(self.0, module, &mut name_buffer[0] as *mut i8, MAX_PATH as u32);
[INFO] [stdout]    |                                                                                                          ^^^^^^^^ not found in this scope
[INFO] [stdout] 
[INFO] [stdout] 
[INFO] [stdout] error[E0425]: cannot find value `MAX_PATH` in this scope
[INFO] [stdout]   --> src/process_reader.rs:54:35
[INFO] [stdout]    |
[INFO] [stdout] 54 |             let name_buffer: [u8; MAX_PATH] = mem::transmute(name_buffer);
[INFO] [stdout]    |                                   ^^^^^^^^ not found in this scope
[INFO] [stdout] 
[INFO] [stdout] 
[INFO] [stdout] error[E0554]: `#![feature]` may not be used on the beta release channel
[INFO] [stdout]  --> src/lib.rs:1:1
[INFO] [stdout]   |
[INFO] [stdout] 1 | #![feature(naked_functions)]
[INFO] [stdout]   | ^^^^^^^^^^^^^^^^^^^^^^^^^^^^
[INFO] [stdout] 
[INFO] [stdout] 
[INFO] [stdout] error[E0554]: `#![feature]` may not be used on the beta release channel
[INFO] [stdout]  --> src/lib.rs:2:1
[INFO] [stdout]   |
[INFO] [stdout] 2 | #![feature(asm)]
[INFO] [stdout]   | ^^^^^^^^^^^^^^^^
[INFO] [stdout] 
[INFO] [stdout] 
[INFO] [stdout] warning: use of deprecated function `std::mem::uninitialized`: use `mem::MaybeUninit` instead
[INFO] [stdout]   --> src/process_reader.rs:46:35
[INFO] [stdout]    |
[INFO] [stdout] 46 |             let mut module = mem::uninitialized();
[INFO] [stdout]    |                                   ^^^^^^^^^^^^^
[INFO] [stdout]    |
[INFO] [stdout]    = note: `#[warn(deprecated)]` on by default
[INFO] [stdout] 
[INFO] [stdout] 
[INFO] [stdout] warning: use of deprecated function `std::mem::uninitialized`: use `mem::MaybeUninit` instead
[INFO] [stdout]   --> src/process_reader.rs:47:41
[INFO] [stdout]    |
[INFO] [stdout] 47 |             let mut bytes_needed = mem::uninitialized();
[INFO] [stdout]    |                                         ^^^^^^^^^^^^^
[INFO] [stdout] 
[INFO] [stdout] 
[INFO] [stdout] warning: use of deprecated function `std::mem::uninitialized`: use `mem::MaybeUninit` instead
[INFO] [stdout]   --> src/process_reader.rs:84:31
[INFO] [stdout]    |
[INFO] [stdout] 84 |             bytes_read = mem::uninitialized();
[INFO] [stdout]    |                               ^^^^^^^^^^^^^
[INFO] [stdout] 
[INFO] [stdout] 
[INFO] [stdout] warning: use of deprecated function `std::mem::uninitialized`: use `mem::MaybeUninit` instead
[INFO] [stdout]   --> src/process_reader.rs:97:39
[INFO] [stdout]    |
[INFO] [stdout] 97 |             let mut bytes_read = mem::uninitialized();
[INFO] [stdout]    |                                       ^^^^^^^^^^^^^
[INFO] [stdout] 
[INFO] [stdout] 
[INFO] [stdout] warning: use of deprecated function `std::mem::uninitialized`: use `mem::MaybeUninit` instead
[INFO] [stdout]    --> src/process_reader.rs:117:33
[INFO] [stdout]     |
[INFO] [stdout] 117 |             let mut data = mem::uninitialized();
[INFO] [stdout]     |                                 ^^^^^^^^^^^^^
[INFO] [stdout] 
[INFO] [stdout] 
[INFO] [stdout] warning: use of deprecated function `std::mem::uninitialized`: use `mem::MaybeUninit` instead
[INFO] [stdout]    --> src/process_reader.rs:118:39
[INFO] [stdout]     |
[INFO] [stdout] 118 |             let mut bytes_read = mem::uninitialized();
[INFO] [stdout]     |                                       ^^^^^^^^^^^^^
[INFO] [stdout] 
[INFO] [stdout] 
[INFO] [stdout] warning: use of deprecated function `std::mem::uninitialized`: use `mem::MaybeUninit` instead
[INFO] [stdout]    --> src/process_reader.rs:136:34
[INFO] [stdout]     |
[INFO] [stdout] 136 |             bytes_written = mem::uninitialized();
[INFO] [stdout]     |                                  ^^^^^^^^^^^^^
[INFO] [stdout] 
[INFO] [stdout] 
[INFO] [stdout] warning: use of deprecated function `std::mem::uninitialized`: use `mem::MaybeUninit` instead
[INFO] [stdout]    --> src/process_reader.rs:149:42
[INFO] [stdout]     |
[INFO] [stdout] 149 |             let mut bytes_written = mem::uninitialized();
[INFO] [stdout]     |                                          ^^^^^^^^^^^^^
[INFO] [stdout] 
[INFO] [stdout] 
[INFO] [stdout] warning: use of deprecated function `std::mem::uninitialized`: use `mem::MaybeUninit` instead
[INFO] [stdout]    --> src/process_reader.rs:169:42
[INFO] [stdout]     |
[INFO] [stdout] 169 |             let mut bytes_written = mem::uninitialized();
[INFO] [stdout]     |                                          ^^^^^^^^^^^^^
[INFO] [stdout] 
[INFO] [stdout] 
[INFO] [stdout] warning: Rust ABI is unsupported in naked functions
[INFO] [stdout]   --> src/knux_buttons.rs:75:11
[INFO] [stdout]    |
[INFO] [stdout] 75 | unsafe fn knuckles_action_end_hook() {
[INFO] [stdout]    |           ^^^^^^^^^^^^^^^^^^^^^^^^
[INFO] [stdout]    |
[INFO] [stdout]    = note: `#[warn(unsupported_naked_functions)]` on by default
[INFO] [stdout]    = warning: this was previously accepted by the compiler but is being phased out; it will become a hard error in a future release!
[INFO] [stdout]    = note: for more information, see issue #32408 <https://github.com/rust-lang/rust/issues/32408>
[INFO] [stdout] 
[INFO] [stdout] 
[INFO] [stdout] warning: naked functions must contain a single asm block
[INFO] [stdout]   --> src/knux_buttons.rs:75:1
[INFO] [stdout]    |
[INFO] [stdout] 75 | / unsafe fn knuckles_action_end_hook() {
[INFO] [stdout] 76 | |     asm!("
[INFO] [stdout] 77 | |         call *$0
[INFO] [stdout] 78 | |         pop %edi
[INFO] [stdout] ...  |
[INFO] [stdout] 87 | |     );
[INFO] [stdout] 88 | | }
[INFO] [stdout]    | |_^
[INFO] [stdout]    |
[INFO] [stdout]    = warning: this was previously accepted by the compiler but is being phased out; it will become a hard error in a future release!
[INFO] [stdout]    = note: for more information, see issue #32408 <https://github.com/rust-lang/rust/issues/32408>
[INFO] [stdout] 
[INFO] [stdout] 
[INFO] [stdout] warning: Rust ABI is unsupported in naked functions
[INFO] [stdout]   --> src/knux_buttons.rs:93:11
[INFO] [stdout]    |
[INFO] [stdout] 93 | unsafe fn drill_dive_check_hook() {
[INFO] [stdout]    |           ^^^^^^^^^^^^^^^^^^^^^
[INFO] [stdout]    |
[INFO] [stdout]    = warning: this was previously accepted by the compiler but is being phased out; it will become a hard error in a future release!
[INFO] [stdout]    = note: for more information, see issue #32408 <https://github.com/rust-lang/rust/issues/32408>
[INFO] [stdout] 
[INFO] [stdout] 
[INFO] [stdout] warning: naked functions must contain a single asm block
[INFO] [stdout]    --> src/knux_buttons.rs:93:1
[INFO] [stdout]     |
[INFO] [stdout] 93  | / unsafe fn drill_dive_check_hook() {
[INFO] [stdout] 94  | |     asm!("
[INFO] [stdout] 95  | |         push %eax
[INFO] [stdout] 96  | |         call *$0
[INFO] [stdout] ...   |
[INFO] [stdout] 110 | |     );
[INFO] [stdout] 111 | | }
[INFO] [stdout]     | |_^
[INFO] [stdout]     |
[INFO] [stdout]     = warning: this was previously accepted by the compiler but is being phased out; it will become a hard error in a future release!
[INFO] [stdout]     = note: for more information, see issue #32408 <https://github.com/rust-lang/rust/issues/32408>
[INFO] [stdout] 
[INFO] [stdout] 
[INFO] [stdout] error: aborting due to 25 previous errors; 13 warnings emitted
[INFO] [stdout] 
[INFO] [stdout] 
[INFO] [stdout] Some errors have detailed explanations: E0412, E0425, E0432, E0433, E0554.
[INFO] [stdout] 
[INFO] [stdout] For more information about an error, try `rustc --explain E0412`.
[INFO] [stdout] 
[INFO] [stderr] error: could not compile `sa2_button_mod` due to 26 previous errors; 13 warnings emitted
[INFO] running `Command { std: "docker" "inspect" "1213f5e20d92cd49717031485df5dd39eba7bed07284228688655225e2fbfbd5", kill_on_drop: false }`
[INFO] running `Command { std: "docker" "rm" "-f" "1213f5e20d92cd49717031485df5dd39eba7bed07284228688655225e2fbfbd5", kill_on_drop: false }`
[INFO] [stdout] 1213f5e20d92cd49717031485df5dd39eba7bed07284228688655225e2fbfbd5
