[INFO] cloning repository https://github.com/IAmMadfly/SimpleMavlinkProxy
[INFO] running `Command { std: "git" "-c" "credential.helper=" "-c" "credential.helper=/workspace/cargo-home/bin/git-credential-null" "clone" "--bare" "https://github.com/IAmMadfly/SimpleMavlinkProxy" "/workspace/cache/git-repos/https%3A%2F%2Fgithub.com%2FIAmMadfly%2FSimpleMavlinkProxy", kill_on_drop: false }`
[INFO] [stderr] Cloning into bare repository '/workspace/cache/git-repos/https%3A%2F%2Fgithub.com%2FIAmMadfly%2FSimpleMavlinkProxy'...
[INFO] running `Command { std: "git" "rev-parse" "HEAD", kill_on_drop: false }`
[INFO] [stdout] e244fc9875ab4fd71c96585f98f1643477997e48
[INFO] testing IAmMadfly/SimpleMavlinkProxy against beta-2021-08-01 for beta-1.55-1
[INFO] running `Command { std: "git" "clone" "/workspace/cache/git-repos/https%3A%2F%2Fgithub.com%2FIAmMadfly%2FSimpleMavlinkProxy" "/workspace/builds/worker-9/source", kill_on_drop: false }`
[INFO] [stderr] Cloning into '/workspace/builds/worker-9/source'...
[INFO] [stderr] done.
[INFO] validating manifest of git repo https://github.com/IAmMadfly/SimpleMavlinkProxy on toolchain beta-2021-08-01
[INFO] running `Command { std: "/workspace/cargo-home/bin/cargo" "+beta-2021-08-01" "metadata" "--manifest-path" "Cargo.toml" "--no-deps", kill_on_drop: false }`
[INFO] started tweaking git repo https://github.com/IAmMadfly/SimpleMavlinkProxy
[INFO] finished tweaking git repo https://github.com/IAmMadfly/SimpleMavlinkProxy
[INFO] tweaked toml for git repo https://github.com/IAmMadfly/SimpleMavlinkProxy written to /workspace/builds/worker-9/source/Cargo.toml
[INFO] crate git repo https://github.com/IAmMadfly/SimpleMavlinkProxy already has a lockfile, it will not be regenerated
[INFO] running `Command { std: "/workspace/cargo-home/bin/cargo" "+beta-2021-08-01" "fetch" "--manifest-path" "Cargo.toml", kill_on_drop: false }`
[INFO] [stderr]     Blocking waiting for file lock on package cache
[INFO] [stderr]  Downloading crates ...
[INFO] [stderr]   Downloaded debug-helper v0.3.10
[INFO] [stderr]   Downloaded termios v0.2.2
[INFO] [stderr]   Downloaded serial-unix v0.4.0
[INFO] [stderr]   Downloaded xml-rs v0.2.2
[INFO] [stderr]   Downloaded serial-core v0.4.0
[INFO] [stderr]   Downloaded crc-any v2.3.5
[INFO] [stderr]   Downloaded ioctl-rs v0.1.6
[INFO] [stderr]   Downloaded serial-windows v0.4.0
[INFO] [stderr]   Downloaded serial v0.4.0
[INFO] [stderr]   Downloaded bitflags v0.3.3
[INFO] [stderr]   Downloaded rusb v0.7.0
[INFO] [stderr]   Downloaded libc v0.2.83
[INFO] [stderr]   Downloaded libusb1-sys v0.5.0
[INFO] [stderr]   Downloaded vcpkg v0.2.11
[INFO] [stderr]   Downloaded mavlink v0.8.6
[INFO] running `Command { std: "docker" "create" "-v" "/var/lib/crater-agent-workspace/builds/worker-9/target:/opt/rustwide/target:rw,Z" "-v" "/var/lib/crater-agent-workspace/builds/worker-9/source:/opt/rustwide/workdir:ro,Z" "-v" "/var/lib/crater-agent-workspace/cargo-home:/opt/rustwide/cargo-home:ro,Z" "-v" "/var/lib/crater-agent-workspace/rustup-home:/opt/rustwide/rustup-home:ro,Z" "-e" "SOURCE_DIR=/opt/rustwide/workdir" "-e" "CARGO_TARGET_DIR=/opt/rustwide/target" "-e" "CARGO_HOME=/opt/rustwide/cargo-home" "-e" "RUSTUP_HOME=/opt/rustwide/rustup-home" "-w" "/opt/rustwide/workdir" "-m" "1610612736" "--user" "0:0" "--network" "none" "ghcr.io/rust-lang/crates-build-env/linux@sha256:34b6a614d2c27851fe6cbf88fbd1137609cefab8b10d0615aaeb6fd47975d74e" "/opt/rustwide/cargo-home/bin/cargo" "+beta-2021-08-01" "metadata" "--no-deps" "--format-version=1", kill_on_drop: false }`
[INFO] [stdout] 634cc8bedcdb07441ccce4b9890cf952b4dfd324159634e1b62d0dad71a51879
[INFO] running `Command { std: "docker" "start" "-a" "634cc8bedcdb07441ccce4b9890cf952b4dfd324159634e1b62d0dad71a51879", kill_on_drop: false }`
[INFO] running `Command { std: "docker" "inspect" "634cc8bedcdb07441ccce4b9890cf952b4dfd324159634e1b62d0dad71a51879", kill_on_drop: false }`
[INFO] running `Command { std: "docker" "rm" "-f" "634cc8bedcdb07441ccce4b9890cf952b4dfd324159634e1b62d0dad71a51879", kill_on_drop: false }`
[INFO] [stdout] 634cc8bedcdb07441ccce4b9890cf952b4dfd324159634e1b62d0dad71a51879
[INFO] running `Command { std: "docker" "create" "-v" "/var/lib/crater-agent-workspace/builds/worker-9/target:/opt/rustwide/target:rw,Z" "-v" "/var/lib/crater-agent-workspace/builds/worker-9/source:/opt/rustwide/workdir:ro,Z" "-v" "/var/lib/crater-agent-workspace/cargo-home:/opt/rustwide/cargo-home:ro,Z" "-v" "/var/lib/crater-agent-workspace/rustup-home:/opt/rustwide/rustup-home:ro,Z" "-e" "SOURCE_DIR=/opt/rustwide/workdir" "-e" "CARGO_TARGET_DIR=/opt/rustwide/target" "-e" "CARGO_INCREMENTAL=0" "-e" "RUST_BACKTRACE=full" "-e" "RUSTFLAGS=--cap-lints=warn" "-e" "CARGO_HOME=/opt/rustwide/cargo-home" "-e" "RUSTUP_HOME=/opt/rustwide/rustup-home" "-w" "/opt/rustwide/workdir" "-m" "1610612736" "--user" "0:0" "--network" "none" "ghcr.io/rust-lang/crates-build-env/linux@sha256:34b6a614d2c27851fe6cbf88fbd1137609cefab8b10d0615aaeb6fd47975d74e" "/opt/rustwide/cargo-home/bin/cargo" "+beta-2021-08-01" "build" "--frozen" "--message-format=json", kill_on_drop: false }`
[INFO] [stdout] 7055c08913862d2f1d6fb3bc3d5b3550599fe7d0d8e7b7307d317edbe5d21d2f
[INFO] running `Command { std: "docker" "start" "-a" "7055c08913862d2f1d6fb3bc3d5b3550599fe7d0d8e7b7307d317edbe5d21d2f", kill_on_drop: false }`
[INFO] [stderr]    Compiling libc v0.2.83
[INFO] [stderr]    Compiling syn v1.0.60
[INFO] [stderr]    Compiling serde_derive v1.0.123
[INFO] [stderr]    Compiling serde v1.0.123
[INFO] [stderr]    Compiling debug-helper v0.3.10
[INFO] [stderr]    Compiling rusb v0.7.0
[INFO] [stderr]    Compiling libusb1-sys v0.5.0
[INFO] [stderr]    Compiling xml-rs v0.2.2
[INFO] [stderr]    Compiling crc-any v2.3.5
[INFO] [stderr]    Compiling iovec v0.1.4
[INFO] [stderr]    Compiling serial-core v0.4.0
[INFO] [stderr]    Compiling termios v0.2.2
[INFO] [stderr]    Compiling ioctl-rs v0.1.6
[INFO] [stderr]    Compiling atty v0.2.14
[INFO] [stderr]    Compiling bytes v0.4.12
[INFO] [stderr]    Compiling clap v2.33.3
[INFO] [stderr]    Compiling serial-unix v0.4.0
[INFO] [stderr]    Compiling serial v0.4.0
[INFO] [stderr]    Compiling num-derive v0.3.3
[INFO] [stderr]    Compiling mavlink v0.8.6
[INFO] [stderr]    Compiling simple_proxy v0.1.0 (/opt/rustwide/workdir)
[INFO] [stdout] warning: unused import: `thread`
[INFO] [stdout]  --> src/connections/connection.rs:1:17
[INFO] [stdout]   |
[INFO] [stdout] 1 | use std::{sync, thread};
[INFO] [stdout]   |                 ^^^^^^
[INFO] [stdout]   |
[INFO] [stdout]   = note: `#[warn(unused_imports)]` on by default
[INFO] [stdout] 
[INFO] [stdout] 
[INFO] [stdout] error[E0046]: not all trait items implemented, missing: `run_threaded`
[INFO] [stdout]   --> src/connections/tcp.rs:21:1
[INFO] [stdout]    |
[INFO] [stdout] 21 | impl connection::Connection for TcpClient {
[INFO] [stdout]    | ^^^^^^^^^^^^^^^^^^^^^^^^^^^^^^^^^^^^^^^^^ missing `run_threaded` in implementation
[INFO] [stdout]    | 
[INFO] [stdout]   ::: src/connections/connection.rs:6:5
[INFO] [stdout]    |
[INFO] [stdout] 6  |     fn run_threaded(&mut self, read_channel: sync::mpsc::Sender<u8>, send_channel: sync::mpsc::Receiver<u8>);
[INFO] [stdout]    |     --------------------------------------------------------------------------------------------------------- `run_threaded` from trait
[INFO] [stdout] 
[INFO] [stdout] 
[INFO] [stdout] error[E0046]: not all trait items implemented, missing: `run_threaded`
[INFO] [stdout]   --> src/connections/tcp.rs:54:1
[INFO] [stdout]    |
[INFO] [stdout] 54 | impl connection::Connection for TcpServer {
[INFO] [stdout]    | ^^^^^^^^^^^^^^^^^^^^^^^^^^^^^^^^^^^^^^^^^ missing `run_threaded` in implementation
[INFO] [stdout]    | 
[INFO] [stdout]   ::: src/connections/connection.rs:6:5
[INFO] [stdout]    |
[INFO] [stdout] 6  |     fn run_threaded(&mut self, read_channel: sync::mpsc::Sender<u8>, send_channel: sync::mpsc::Receiver<u8>);
[INFO] [stdout]    |     --------------------------------------------------------------------------------------------------------- `run_threaded` from trait
[INFO] [stdout] 
[INFO] [stdout] 
[INFO] [stdout] error[E0046]: not all trait items implemented, missing: `run_threaded`
[INFO] [stdout]   --> src/connections/udp.rs:13:1
[INFO] [stdout]    |
[INFO] [stdout] 13 | impl Connection for UdpConnection {
[INFO] [stdout]    | ^^^^^^^^^^^^^^^^^^^^^^^^^^^^^^^^^ missing `run_threaded` in implementation
[INFO] [stdout]    | 
[INFO] [stdout]   ::: src/connections/connection.rs:6:5
[INFO] [stdout]    |
[INFO] [stdout] 6  |     fn run_threaded(&mut self, read_channel: sync::mpsc::Sender<u8>, send_channel: sync::mpsc::Receiver<u8>);
[INFO] [stdout]    |     --------------------------------------------------------------------------------------------------------- `run_threaded` from trait
[INFO] [stdout] 
[INFO] [stdout] 
[INFO] [stdout] error: aborting due to 3 previous errors; 1 warning emitted
[INFO] [stdout] 
[INFO] [stdout] 
[INFO] [stdout] For more information about this error, try `rustc --explain E0046`.
[INFO] [stdout] 
[INFO] [stderr] error: could not compile `simple_proxy` due to 4 previous errors; 1 warning emitted
[INFO] running `Command { std: "docker" "inspect" "7055c08913862d2f1d6fb3bc3d5b3550599fe7d0d8e7b7307d317edbe5d21d2f", kill_on_drop: false }`
[INFO] running `Command { std: "docker" "rm" "-f" "7055c08913862d2f1d6fb3bc3d5b3550599fe7d0d8e7b7307d317edbe5d21d2f", kill_on_drop: false }`
[INFO] [stdout] 7055c08913862d2f1d6fb3bc3d5b3550599fe7d0d8e7b7307d317edbe5d21d2f
