[INFO] cloning repository https://github.com/Hungkhoaitay/in-summer-we-render
[INFO] running `Command { std: "git" "-c" "credential.helper=" "-c" "credential.helper=/workspace/cargo-home/bin/git-credential-null" "clone" "--bare" "https://github.com/Hungkhoaitay/in-summer-we-render" "/workspace/cache/git-repos/https%3A%2F%2Fgithub.com%2FHungkhoaitay%2Fin-summer-we-render", kill_on_drop: false }`
[INFO] [stderr] Cloning into bare repository '/workspace/cache/git-repos/https%3A%2F%2Fgithub.com%2FHungkhoaitay%2Fin-summer-we-render'...
[INFO] running `Command { std: "git" "rev-parse" "HEAD", kill_on_drop: false }`
[INFO] [stdout] 829a26589a0ebfa3bcb7cbba6587b7caa4ae84f3
[INFO] testing Hungkhoaitay/in-summer-we-render against 1.54.0 for beta-1.55-1
[INFO] running `Command { std: "git" "clone" "/workspace/cache/git-repos/https%3A%2F%2Fgithub.com%2FHungkhoaitay%2Fin-summer-we-render" "/workspace/builds/worker-5/source", kill_on_drop: false }`
[INFO] [stderr] Cloning into '/workspace/builds/worker-5/source'...
[INFO] [stderr] done.
[INFO] validating manifest of git repo https://github.com/Hungkhoaitay/in-summer-we-render on toolchain 1.54.0
[INFO] running `Command { std: "/workspace/cargo-home/bin/cargo" "+1.54.0" "metadata" "--manifest-path" "Cargo.toml" "--no-deps", kill_on_drop: false }`
[INFO] started tweaking git repo https://github.com/Hungkhoaitay/in-summer-we-render
[INFO] finished tweaking git repo https://github.com/Hungkhoaitay/in-summer-we-render
[INFO] tweaked toml for git repo https://github.com/Hungkhoaitay/in-summer-we-render written to /workspace/builds/worker-5/source/Cargo.toml
[INFO] crate git repo https://github.com/Hungkhoaitay/in-summer-we-render already has a lockfile, it will not be regenerated
[INFO] running `Command { std: "/workspace/cargo-home/bin/cargo" "+1.54.0" "fetch" "--manifest-path" "Cargo.toml", kill_on_drop: false }`
[INFO] [stderr]     Blocking waiting for file lock on package cache
[INFO] [stderr]     Blocking waiting for file lock on package cache
[INFO] running `Command { std: "docker" "create" "-v" "/var/lib/crater-agent-workspace/builds/worker-5/target:/opt/rustwide/target:rw,Z" "-v" "/var/lib/crater-agent-workspace/builds/worker-5/source:/opt/rustwide/workdir:ro,Z" "-v" "/var/lib/crater-agent-workspace/cargo-home:/opt/rustwide/cargo-home:ro,Z" "-v" "/var/lib/crater-agent-workspace/rustup-home:/opt/rustwide/rustup-home:ro,Z" "-e" "SOURCE_DIR=/opt/rustwide/workdir" "-e" "CARGO_TARGET_DIR=/opt/rustwide/target" "-e" "CARGO_HOME=/opt/rustwide/cargo-home" "-e" "RUSTUP_HOME=/opt/rustwide/rustup-home" "-w" "/opt/rustwide/workdir" "-m" "1610612736" "--user" "0:0" "--network" "none" "ghcr.io/rust-lang/crates-build-env/linux@sha256:34b6a614d2c27851fe6cbf88fbd1137609cefab8b10d0615aaeb6fd47975d74e" "/opt/rustwide/cargo-home/bin/cargo" "+1.54.0" "metadata" "--no-deps" "--format-version=1", kill_on_drop: false }`
[INFO] [stdout] 64a591db29b6035d17527eeb7866d8cbbb26bc6e4bba22c73baf892864bd174a
[INFO] running `Command { std: "docker" "start" "-a" "64a591db29b6035d17527eeb7866d8cbbb26bc6e4bba22c73baf892864bd174a", kill_on_drop: false }`
[INFO] running `Command { std: "docker" "inspect" "64a591db29b6035d17527eeb7866d8cbbb26bc6e4bba22c73baf892864bd174a", kill_on_drop: false }`
[INFO] running `Command { std: "docker" "rm" "-f" "64a591db29b6035d17527eeb7866d8cbbb26bc6e4bba22c73baf892864bd174a", kill_on_drop: false }`
[INFO] [stdout] 64a591db29b6035d17527eeb7866d8cbbb26bc6e4bba22c73baf892864bd174a
[INFO] running `Command { std: "docker" "create" "-v" "/var/lib/crater-agent-workspace/builds/worker-5/target:/opt/rustwide/target:rw,Z" "-v" "/var/lib/crater-agent-workspace/builds/worker-5/source:/opt/rustwide/workdir:ro,Z" "-v" "/var/lib/crater-agent-workspace/cargo-home:/opt/rustwide/cargo-home:ro,Z" "-v" "/var/lib/crater-agent-workspace/rustup-home:/opt/rustwide/rustup-home:ro,Z" "-e" "SOURCE_DIR=/opt/rustwide/workdir" "-e" "CARGO_TARGET_DIR=/opt/rustwide/target" "-e" "CARGO_INCREMENTAL=0" "-e" "RUST_BACKTRACE=full" "-e" "RUSTFLAGS=--cap-lints=warn" "-e" "CARGO_HOME=/opt/rustwide/cargo-home" "-e" "RUSTUP_HOME=/opt/rustwide/rustup-home" "-w" "/opt/rustwide/workdir" "-m" "1610612736" "--user" "0:0" "--network" "none" "ghcr.io/rust-lang/crates-build-env/linux@sha256:34b6a614d2c27851fe6cbf88fbd1137609cefab8b10d0615aaeb6fd47975d74e" "/opt/rustwide/cargo-home/bin/cargo" "+1.54.0" "build" "--frozen" "--message-format=json", kill_on_drop: false }`
[INFO] [stdout] 49599c6110bb751ee63657b1a3ba94a1422ad521d2c6593c65db4a3513c7244e
[INFO] running `Command { std: "docker" "start" "-a" "49599c6110bb751ee63657b1a3ba94a1422ad521d2c6593c65db4a3513c7244e", kill_on_drop: false }`
[INFO] [stderr]    Compiling autocfg v1.0.1
[INFO] [stderr]    Compiling cfg-if v1.0.0
[INFO] [stderr]    Compiling libc v0.2.98
[INFO] [stderr]    Compiling proc-macro2 v1.0.28
[INFO] [stderr]    Compiling unicode-xid v0.2.2
[INFO] [stderr]    Compiling lazy_static v1.4.0
[INFO] [stderr]    Compiling version_check v0.9.3
[INFO] [stderr]    Compiling bitflags v1.2.1
[INFO] [stderr]    Compiling xml-rs v0.8.4
[INFO] [stderr]    Compiling memchr v2.4.0
[INFO] [stderr]    Compiling log v0.4.14
[INFO] [stderr]    Compiling pkg-config v0.3.19
[INFO] [stderr]    Compiling scopeguard v1.1.0
[INFO] [stderr]    Compiling cfg-if v0.1.10
[INFO] [stderr]    Compiling syn v1.0.74
[INFO] [stderr]    Compiling serde_derive v1.0.127
[INFO] [stderr]    Compiling smallvec v1.6.1
[INFO] [stderr]    Compiling crossbeam-utils v0.8.5
[INFO] [stderr]    Compiling serde v1.0.127
[INFO] [stderr]    Compiling khronos_api v3.1.0
[INFO] [stderr]    Compiling adler v1.0.2
[INFO] [stderr]    Compiling same-file v1.0.6
[INFO] [stderr]    Compiling maybe-uninit v2.0.0
[INFO] [stderr]    Compiling downcast-rs v1.2.0
[INFO] [stderr]    Compiling once_cell v1.8.0
[INFO] [stderr]    Compiling crossbeam-epoch v0.9.5
[INFO] [stderr]    Compiling scoped-tls v1.0.0
[INFO] [stderr]    Compiling cc v1.0.69
[INFO] [stderr]    Compiling ryu v1.0.5
[INFO] [stderr]    Compiling ucd-trie v0.1.3
[INFO] [stderr]    Compiling rayon-core v1.9.1
[INFO] [stderr]    Compiling nix v0.18.0
[INFO] [stderr]    Compiling byteorder v1.4.3
[INFO] [stderr]    Compiling ppv-lite86 v0.2.10
[INFO] [stderr]    Compiling serde_json v1.0.66
[INFO] [stderr]    Compiling ttf-parser v0.6.2
[INFO] [stderr]    Compiling gimli v0.25.0
[INFO] [stderr]    Compiling either v1.6.1
[INFO] [stderr]    Compiling ab_glyph_rasterizer v0.1.4
[INFO] [stderr]    Compiling rustc-demangle v0.1.20
[INFO] [stderr]    Compiling itoa v0.4.7
[INFO] [stderr]    Compiling slab v0.4.3
[INFO] [stderr]    Compiling pulldown-cmark v0.8.0
[INFO] [stderr]    Compiling remove_dir_all v0.5.3
[INFO] [stderr]    Compiling typenum v1.13.0
[INFO] [stderr]    Compiling crc32fast v1.2.1
[INFO] [stderr]    Compiling xdg v2.2.0
[INFO] [stderr]    Compiling adler32 v1.2.0
[INFO] [stderr]    Compiling paste v1.0.5
[INFO] [stderr]    Compiling weezl v0.1.5
[INFO] [stderr]    Compiling rawpointer v0.2.1
[INFO] [stderr]    Compiling lazycell v1.3.0
[INFO] [stderr]    Compiling glob v0.3.0
[INFO] [stderr]    Compiling hashbrown v0.11.2
[INFO] [stderr]    Compiling bytecount v0.6.2
[INFO] [stderr]    Compiling fixedbitset v0.2.0
[INFO] [stderr]    Compiling percent-encoding v2.1.0
[INFO] [stderr]    Compiling linked-hash-map v0.5.4
[INFO] [stderr]    Compiling color_quant v1.1.0
[INFO] [stderr]    Compiling peg-runtime v0.6.3
[INFO] [stderr]    Compiling scoped_threadpool v0.1.9
[INFO] [stderr]    Compiling bytemuck v1.7.2
[INFO] [stderr]    Compiling rustc-hash v1.1.0
[INFO] [stderr]    Compiling unicode-width v0.1.8
[INFO] [stderr]    Compiling strsim v0.8.0
[INFO] [stderr]    Compiling ansi_term v0.11.0
[INFO] [stderr]    Compiling vec_map v0.8.2
[INFO] [stderr]    Compiling glow v0.10.0 (https://github.com/nus-mmsys/glow?branch=main#c8165c24)
[INFO] [stderr]    Compiling lab v0.10.0
[INFO] [stderr]    Compiling libloading v0.7.0
[INFO] [stderr]    Compiling instant v0.1.10
[INFO] [stderr]    Compiling libloading v0.6.7
[INFO] [stderr]    Compiling lock_api v0.4.4
[INFO] [stderr]    Compiling pest v2.1.3
[INFO] [stderr]    Compiling walkdir v2.3.2
[INFO] [stderr]    Compiling stb_truetype v0.3.1
[INFO] [stderr]    Compiling deflate v0.8.6
[INFO] [stderr]    Compiling miniz_oxide v0.3.7
[INFO] [stderr]    Compiling num-traits v0.2.14
[INFO] [stderr]    Compiling miniz_oxide v0.4.4
[INFO] [stderr]    Compiling memoffset v0.6.4
[INFO] [stderr]    Compiling num-integer v0.1.44
[INFO] [stderr]    Compiling rayon v1.5.1
[INFO] [stderr]    Compiling num-rational v0.3.2
[INFO] [stderr]    Compiling memoffset v0.5.6
[INFO] [stderr]    Compiling crossbeam-utils v0.7.2
[INFO] [stderr]    Compiling crossbeam-epoch v0.8.2
[INFO] [stderr]    Compiling indexmap v1.7.0
[INFO] [stderr]    Compiling num-iter v0.1.42
[INFO] [stderr]    Compiling matrixmultiply v0.3.1
[INFO] [stderr]    Compiling nom v6.1.2
[INFO] [stderr]    Compiling unicase v2.6.0
[INFO] [stderr]    Compiling error-chain v0.12.4
[INFO] [stderr]    Compiling slotmap v1.0.5
[INFO] [stderr]    Compiling textwrap v0.11.0
[INFO] [stderr]    Compiling gif v0.11.2
[INFO] [stderr]    Compiling dlib v0.5.0
[INFO] [stderr]    Compiling dlib v0.4.2
[INFO] [stderr]    Compiling wayland-sys v0.28.6
[INFO] [stderr]    Compiling x11-dl v2.18.5
[INFO] [stderr]    Compiling owned_ttf_parser v0.6.0
[INFO] [stderr]    Compiling quote v1.0.9
[INFO] [stderr]    Compiling crossbeam-channel v0.5.1
[INFO] [stderr]    Compiling gl_generator v0.14.0
[INFO] [stderr]    Compiling png v0.16.8
[INFO] [stderr]    Compiling semver-parser v0.10.2
[INFO] [stderr]    Compiling rusttype v0.9.2
[INFO] [stderr]    Compiling wayland-scanner v0.28.6
[INFO] [stderr]    Compiling object v0.26.0
[INFO] [stderr]    Compiling backtrace v0.3.61
[INFO] [stderr]    Compiling petgraph v0.5.1
[INFO] [stderr]    Compiling andrew v0.3.1
[INFO] [stderr]    Compiling crossbeam-deque v0.8.1
[INFO] [stderr]    Compiling addr2line v0.16.0
[INFO] [stderr]    Compiling peg-macros v0.6.3
[INFO] [stderr]    Compiling nix v0.20.0
[INFO] [stderr]    Compiling getrandom v0.2.3
[INFO] [stderr]    Compiling num_cpus v1.13.0
[INFO] [stderr]    Compiling iovec v0.1.4
[INFO] [stderr]    Compiling net2 v0.2.37
[INFO] [stderr]    Compiling memmap2 v0.1.0
[INFO] [stderr]    Compiling parking_lot_core v0.8.3
[INFO] [stderr]    Compiling raw-window-handle v0.3.3
[INFO] [stderr]    Compiling shared_library v0.1.9
[INFO] [stderr]    Compiling atty v0.2.14
[INFO] [stderr]    Compiling parking_lot v0.11.1
[INFO] [stderr]    Compiling approx v0.4.0
[INFO] [stderr]    Compiling num-complex v0.3.1
[INFO] [stderr]    Compiling ordered-float v1.1.1
[INFO] [stderr]    Compiling approx v0.3.2
[INFO] [stderr]    Compiling kiddo v0.1.4
[INFO] [stderr]    Compiling osmesa-sys v0.1.2
[INFO] [stderr]    Compiling mio v0.6.23
[INFO] [stderr]    Compiling clap v2.33.3
[INFO] [stderr]    Compiling rand_core v0.6.3
[INFO] [stdout] error[E0554]: `#![feature]` may not be used on the stable release channel
[INFO] [stdout]  --> /opt/rustwide/cargo-home/registry/src/github.com-1ecc6299db9ec823/kiddo-0.1.4/src/lib.rs:1:1
[INFO] [stdout]   |
[INFO] [stdout] 1 | #![feature(allocator_api)]
[INFO] [stdout]   | ^^^^^^^^^^^^^^^^^^^^^^^^^^
[INFO] [stdout] 
[INFO] [stdout] 
[INFO] [stdout] error[E0554]: `#![feature]` may not be used on the stable release channel
[INFO] [stdout]  --> /opt/rustwide/cargo-home/registry/src/github.com-1ecc6299db9ec823/kiddo-0.1.4/src/lib.rs:2:1
[INFO] [stdout]   |
[INFO] [stdout] 2 | #![feature(const_generics)]
[INFO] [stdout]   | ^^^^^^^^^^^^^^^^^^^^^^^^^^^
[INFO] [stdout] 
[INFO] [stdout] 
[INFO] [stdout] error[E0554]: `#![feature]` may not be used on the stable release channel
[INFO] [stdout]  --> /opt/rustwide/cargo-home/registry/src/github.com-1ecc6299db9ec823/kiddo-0.1.4/src/lib.rs:3:1
[INFO] [stdout]   |
[INFO] [stdout] 3 | #![feature(destructuring_assignment)]
[INFO] [stdout]   | ^^^^^^^^^^^^^^^^^^^^^^^^^^^^^^^^^^^^^
[INFO] [stdout] 
[INFO] [stdout] 
[INFO] [stderr]    Compiling simba v0.4.0
[INFO] [stderr]    Compiling glutin_egl_sys v0.1.5
[INFO] [stderr]    Compiling glutin_glx_sys v0.1.7
[INFO] [stdout] error: aborting due to 3 previous errors
[INFO] [stdout] 
[INFO] [stdout] 
[INFO] [stdout] For more information about this error, try `rustc --explain E0554`.
[INFO] [stdout] 
[INFO] [stderr]    Compiling rand_chacha v0.3.1
[INFO] [stderr] error: could not compile `kiddo`
[INFO] [stderr] 
[INFO] [stderr] To learn more, run the command again with --verbose.
[INFO] [stderr] warning: build failed, waiting for other jobs to finish...
[INFO] [stderr] error: build failed
[INFO] running `Command { std: "docker" "inspect" "49599c6110bb751ee63657b1a3ba94a1422ad521d2c6593c65db4a3513c7244e", kill_on_drop: false }`
[INFO] running `Command { std: "docker" "rm" "-f" "49599c6110bb751ee63657b1a3ba94a1422ad521d2c6593c65db4a3513c7244e", kill_on_drop: false }`
[INFO] [stdout] 49599c6110bb751ee63657b1a3ba94a1422ad521d2c6593c65db4a3513c7244e
