[INFO] cloning repository https://github.com/Hinterberger-Thomas/simple-password-manager
[INFO] running `Command { std: "git" "-c" "credential.helper=" "-c" "credential.helper=/workspace/cargo-home/bin/git-credential-null" "clone" "--bare" "https://github.com/Hinterberger-Thomas/simple-password-manager" "/workspace/cache/git-repos/https%3A%2F%2Fgithub.com%2FHinterberger-Thomas%2Fsimple-password-manager", kill_on_drop: false }`
[INFO] [stderr] Cloning into bare repository '/workspace/cache/git-repos/https%3A%2F%2Fgithub.com%2FHinterberger-Thomas%2Fsimple-password-manager'...
[INFO] running `Command { std: "git" "rev-parse" "HEAD", kill_on_drop: false }`
[INFO] [stdout] b0288ce492a1a1cc963dc92583cf9d12811fe909
[INFO] testing Hinterberger-Thomas/simple-password-manager against 1.54.0 for beta-1.55-1
[INFO] running `Command { std: "git" "clone" "/workspace/cache/git-repos/https%3A%2F%2Fgithub.com%2FHinterberger-Thomas%2Fsimple-password-manager" "/workspace/builds/worker-3/source", kill_on_drop: false }`
[INFO] [stderr] Cloning into '/workspace/builds/worker-3/source'...
[INFO] [stderr] done.
[INFO] validating manifest of git repo https://github.com/Hinterberger-Thomas/simple-password-manager on toolchain 1.54.0
[INFO] running `Command { std: "/workspace/cargo-home/bin/cargo" "+1.54.0" "metadata" "--manifest-path" "Cargo.toml" "--no-deps", kill_on_drop: false }`
[INFO] started tweaking git repo https://github.com/Hinterberger-Thomas/simple-password-manager
[INFO] finished tweaking git repo https://github.com/Hinterberger-Thomas/simple-password-manager
[INFO] tweaked toml for git repo https://github.com/Hinterberger-Thomas/simple-password-manager written to /workspace/builds/worker-3/source/Cargo.toml
[INFO] crate git repo https://github.com/Hinterberger-Thomas/simple-password-manager already has a lockfile, it will not be regenerated
[INFO] running `Command { std: "/workspace/cargo-home/bin/cargo" "+1.54.0" "fetch" "--manifest-path" "Cargo.toml", kill_on_drop: false }`
[INFO] [stderr]     Blocking waiting for file lock on package cache
[INFO] running `Command { std: "docker" "create" "-v" "/var/lib/crater-agent-workspace/builds/worker-3/target:/opt/rustwide/target:rw,Z" "-v" "/var/lib/crater-agent-workspace/builds/worker-3/source:/opt/rustwide/workdir:ro,Z" "-v" "/var/lib/crater-agent-workspace/cargo-home:/opt/rustwide/cargo-home:ro,Z" "-v" "/var/lib/crater-agent-workspace/rustup-home:/opt/rustwide/rustup-home:ro,Z" "-e" "SOURCE_DIR=/opt/rustwide/workdir" "-e" "CARGO_TARGET_DIR=/opt/rustwide/target" "-e" "CARGO_HOME=/opt/rustwide/cargo-home" "-e" "RUSTUP_HOME=/opt/rustwide/rustup-home" "-w" "/opt/rustwide/workdir" "-m" "1610612736" "--user" "0:0" "--network" "none" "ghcr.io/rust-lang/crates-build-env/linux@sha256:34b6a614d2c27851fe6cbf88fbd1137609cefab8b10d0615aaeb6fd47975d74e" "/opt/rustwide/cargo-home/bin/cargo" "+1.54.0" "metadata" "--no-deps" "--format-version=1", kill_on_drop: false }`
[INFO] [stdout] 78f7c96c9f7c6ced26aeee1b766cf25393f5b5f0a93aaee9e2e1dd1a82a6fc51
[INFO] running `Command { std: "docker" "start" "-a" "78f7c96c9f7c6ced26aeee1b766cf25393f5b5f0a93aaee9e2e1dd1a82a6fc51", kill_on_drop: false }`
[INFO] running `Command { std: "docker" "inspect" "78f7c96c9f7c6ced26aeee1b766cf25393f5b5f0a93aaee9e2e1dd1a82a6fc51", kill_on_drop: false }`
[INFO] running `Command { std: "docker" "rm" "-f" "78f7c96c9f7c6ced26aeee1b766cf25393f5b5f0a93aaee9e2e1dd1a82a6fc51", kill_on_drop: false }`
[INFO] [stdout] 78f7c96c9f7c6ced26aeee1b766cf25393f5b5f0a93aaee9e2e1dd1a82a6fc51
[INFO] running `Command { std: "docker" "create" "-v" "/var/lib/crater-agent-workspace/builds/worker-3/target:/opt/rustwide/target:rw,Z" "-v" "/var/lib/crater-agent-workspace/builds/worker-3/source:/opt/rustwide/workdir:ro,Z" "-v" "/var/lib/crater-agent-workspace/cargo-home:/opt/rustwide/cargo-home:ro,Z" "-v" "/var/lib/crater-agent-workspace/rustup-home:/opt/rustwide/rustup-home:ro,Z" "-e" "SOURCE_DIR=/opt/rustwide/workdir" "-e" "CARGO_TARGET_DIR=/opt/rustwide/target" "-e" "CARGO_INCREMENTAL=0" "-e" "RUST_BACKTRACE=full" "-e" "RUSTFLAGS=--cap-lints=warn" "-e" "CARGO_HOME=/opt/rustwide/cargo-home" "-e" "RUSTUP_HOME=/opt/rustwide/rustup-home" "-w" "/opt/rustwide/workdir" "-m" "1610612736" "--user" "0:0" "--network" "none" "ghcr.io/rust-lang/crates-build-env/linux@sha256:34b6a614d2c27851fe6cbf88fbd1137609cefab8b10d0615aaeb6fd47975d74e" "/opt/rustwide/cargo-home/bin/cargo" "+1.54.0" "build" "--frozen" "--message-format=json", kill_on_drop: false }`
[INFO] [stdout] eec6776def8ba31854e8aef0124e480f2353ffa3007e8290d29b164e680b8120
[INFO] running `Command { std: "docker" "start" "-a" "eec6776def8ba31854e8aef0124e480f2353ffa3007e8290d29b164e680b8120", kill_on_drop: false }`
[INFO] [stderr]    Compiling libc v0.2.92
[INFO] [stderr]    Compiling futures v0.1.31
[INFO] [stderr]    Compiling byteorder v1.4.3
[INFO] [stderr]    Compiling cc v1.0.67
[INFO] [stderr]    Compiling syn v1.0.68
[INFO] [stderr]    Compiling scopeguard v1.1.0
[INFO] [stderr]    Compiling memchr v2.3.4
[INFO] [stderr]    Compiling getrandom v0.1.16
[INFO] [stderr]    Compiling serde v1.0.125
[INFO] [stderr]    Compiling gimli v0.23.0
[INFO] [stderr]    Compiling ahash v0.4.7
[INFO] [stderr]    Compiling arrayvec v0.5.2
[INFO] [stderr]    Compiling object v0.23.0
[INFO] [stderr]    Compiling const_fn v0.4.6
[INFO] [stderr]    Compiling syn v0.15.44
[INFO] [stderr]    Compiling openssl v0.10.33
[INFO] [stderr]    Compiling lexical-core v0.7.5
[INFO] [stderr]    Compiling crc32fast v1.2.1
[INFO] [stderr]    Compiling rustc-demangle v0.1.18
[INFO] [stderr]    Compiling static_assertions v1.1.0
[INFO] [stderr]    Compiling regex-syntax v0.6.23
[INFO] [stderr]    Compiling either v1.6.1
[INFO] [stderr]    Compiling futures-core v0.3.13
[INFO] [stderr]    Compiling sha1 v0.6.0
[INFO] [stderr]    Compiling futures-sink v0.3.13
[INFO] [stderr]    Compiling futures-task v0.3.13
[INFO] [stderr]    Compiling scoped-tls v0.1.2
[INFO] [stderr]    Compiling json v0.12.4
[INFO] [stderr]    Compiling crate v0.0.2
[INFO] [stderr]    Compiling crossbeam-utils v0.7.2
[INFO] [stderr]    Compiling num-traits v0.2.14
[INFO] [stderr]    Compiling memoffset v0.5.6
[INFO] [stderr]    Compiling num-integer v0.1.44
[INFO] [stderr]    Compiling crossbeam-epoch v0.8.2
[INFO] [stderr]    Compiling num-bigint v0.3.2
[INFO] [stderr]    Compiling tokio v1.4.0
[INFO] [stderr]    Compiling standback v0.2.17
[INFO] [stderr]    Compiling time v0.2.26
[INFO] [stderr]    Compiling tinyvec v1.1.1
[INFO] [stderr]    Compiling lock_api v0.3.4
[INFO] [stderr]    Compiling base64 v0.10.1
[INFO] [stderr]    Compiling itertools v0.8.2
[INFO] [stderr]    Compiling proc-macro2 v1.0.26
[INFO] [stderr]    Compiling smallvec v0.6.14
[INFO] [stderr]    Compiling parking_lot_core v0.6.2
[INFO] [stderr]    Compiling parking_lot v0.9.0
[INFO] [stderr]    Compiling quote v0.6.13
[INFO] [stderr]    Compiling block-buffer v0.9.0
[INFO] [stderr]    Compiling hashbrown v0.9.1
[INFO] [stderr]    Compiling sha2 v0.9.3
[INFO] [stderr]    Compiling tokio-sync v0.1.8
[INFO] [stderr]    Compiling tower-service v0.2.0
[INFO] [stderr]    Compiling quote v1.0.9
[INFO] [stderr]    Compiling tower-layer v0.1.0
[INFO] [stderr]    Compiling iovec v0.1.4
[INFO] [stderr]    Compiling num_cpus v1.13.0
[INFO] [stderr]    Compiling net2 v0.2.37
[INFO] [stderr]    Compiling getrandom v0.2.2
[INFO] [stderr]    Compiling mio v0.7.11
[INFO] [stderr]    Compiling time v0.1.43
[INFO] [stderr]    Compiling aho-corasick v0.7.15
[INFO] [stderr]    Compiling indexmap v1.6.2
[INFO] [stderr]    Compiling lru v0.6.5
[INFO] [stderr]    Compiling bytes v0.4.12
[INFO] [stderr]    Compiling tower-util v0.1.0
[INFO] [stderr]    Compiling mio v0.6.23
[INFO] [stderr]    Compiling rand_core v0.5.1
[INFO] [stderr]    Compiling rand_core v0.6.2
[INFO] [stderr]    Compiling uuid v0.8.2
[INFO] [stderr]    Compiling addr2line v0.14.1
[INFO] [stderr]    Compiling rand_chacha v0.3.0
[INFO] [stderr]    Compiling tokio-io v0.1.13
[INFO] [stderr]    Compiling http v0.1.21
[INFO] [stderr]    Compiling string v0.2.1
[INFO] [stderr]    Compiling tokio-buf v0.1.1
[INFO] [stderr]    Compiling rand_chacha v0.2.2
[INFO] [stderr]    Compiling openssl-sys v0.9.61
[INFO] [stderr]    Compiling libz-sys v1.1.2
[INFO] [stderr]    Compiling lexical v5.2.1
[INFO] [stderr]    Compiling rand v0.8.3
[INFO] [stderr]    Compiling unicode-normalization v0.1.17
[INFO] [stderr]    Compiling backtrace v0.3.56
[INFO] [stderr]    Compiling tokio-executor v0.1.10
[INFO] [stderr]    Compiling crossbeam-queue v0.2.3
[INFO] [stderr]    Compiling rand v0.7.3
[INFO] [stderr]    Compiling failure v0.1.8
[INFO] [stderr]    Compiling crossbeam-deque v0.7.3
[INFO] [stderr]    Compiling mio-uds v0.6.8
[INFO] [stderr]    Compiling tokio-codec v0.1.2
[INFO] [stderr]    Compiling tokio-reactor v0.1.12
[INFO] [stderr]    Compiling tokio-timer v0.2.13
[INFO] [stderr]    Compiling tokio-current-thread v0.1.7
[INFO] [stderr]    Compiling tokio-threadpool v0.1.18
[INFO] [stderr]    Compiling native-tls v0.2.7
[INFO] [stderr]    Compiling flate2 v1.0.20
[INFO] [stderr]    Compiling tokio-udp v0.1.6
[INFO] [stderr]    Compiling tokio-uds v0.2.7
[INFO] [stderr]    Compiling tokio-tcp v0.1.4
[INFO] [stderr]    Compiling twox-hash v1.6.0
[INFO] [stderr]    Compiling tokio-fs v0.1.7
[INFO] [stderr]    Compiling regex v1.4.5
[INFO] [stderr]    Compiling tokio v0.1.22
[INFO] [stderr]    Compiling idna v0.2.2
[INFO] [stderr]    Compiling bigdecimal v0.2.0
[INFO] [stderr]    Compiling serde_json v1.0.64
[INFO] [stderr]    Compiling chrono v0.4.19
[INFO] [stderr]    Compiling rust_decimal v1.10.3
[INFO] [stderr]    Compiling tokio-core v0.1.18
[INFO] [stderr]    Compiling h2 v0.1.26
[INFO] [stderr]    Compiling http-body v0.1.0
[INFO] [stderr]    Compiling url v2.2.1
[INFO] [stderr]    Compiling pem v0.8.3
[INFO] [stderr]    Compiling tokio-util v0.6.5
[INFO] [stderr]    Compiling prost-derive v0.5.0
[INFO] [stderr]    Compiling tokio-native-tls v0.3.0
[INFO] [stderr]    Compiling time-macros-impl v0.1.1
[INFO] [stderr]    Compiling thiserror-impl v1.0.24
[INFO] [stderr]    Compiling pin-project-internal v1.0.6
[INFO] [stderr]    Compiling futures-macro v0.3.13
[INFO] [stderr]    Compiling time-macros v0.1.1
[INFO] [stderr]    Compiling futures-util v0.3.13
[INFO] [stderr]    Compiling thiserror v1.0.24
[INFO] [stderr]    Compiling pin-project v1.0.6
[INFO] [stderr]    Compiling mysql_common v0.26.0
[INFO] [stderr]    Compiling prost v0.5.0
[INFO] [stderr]    Compiling tower-grpc v0.1.1
[INFO] [stderr]    Compiling mysql_async v0.27.1
[INFO] [stderr]    Compiling simple-password-manager v0.1.0 (/opt/rustwide/workdir)
[INFO] [stdout] error: expected `;`, found `conn`
[INFO] [stdout]   --> src/tsql.rs:28:42
[INFO] [stdout]    |
[INFO] [stdout] 28 |     let mut conn = pool.get_conn().await?
[INFO] [stdout]    |                                          ^ help: add `;` here
[INFO] [stdout] 29 | 
[INFO] [stdout] 30 |     conn.query_drop(
[INFO] [stdout]    |     ---- unexpected token
[INFO] [stdout] 
[INFO] [stdout] 
[INFO] [stdout] error[E0432]: unresolved imports `crate::conn`, `crate::Column`, `crate::Conn`, `crate::Error`, `crate::Result`, `crate::Row`, `crate::Value`
[INFO] [stdout]  --> src/tsql.rs:4:13
[INFO] [stdout]   |
[INFO] [stdout] 4 | use crate::{conn::ConnMut, Column, Conn, Error, Result, Row, Value};
[INFO] [stdout]   |             ^^^^           ^^^^^^  ^^^^  ^^^^^  ^^^^^^  ^^^  ^^^^^ no `Value` in the root
[INFO] [stdout]   |             |              |       |     |      |       |
[INFO] [stdout]   |             |              |       |     |      |       no `Row` in the root
[INFO] [stdout]   |             |              |       |     |      no `Result` in the root
[INFO] [stdout]   |             |              |       |     no `Error` in the root
[INFO] [stdout]   |             |              |       no `Conn` in the root
[INFO] [stdout]   |             |              no `Column` in the root
[INFO] [stdout]   |             could not find `conn` in the crate root
[INFO] [stdout] 
[INFO] [stdout] 
[INFO] [stdout] error[E0433]: failed to resolve: could not find `main` in `tokio`
[INFO] [stdout]   --> src/tsql.rs:13:10
[INFO] [stdout]    |
[INFO] [stdout] 13 | #[tokio::main]
[INFO] [stdout]    |          ^^^^ could not find `main` in `tokio`
[INFO] [stdout] 
[INFO] [stdout] 
[INFO] [stdout] warning: unnecessary parentheses around `while` condition
[INFO] [stdout]  --> src/main.rs:7:11
[INFO] [stdout]   |
[INFO] [stdout] 7 |     while (true) {
[INFO] [stdout]   |           ^^^^^^ help: remove these parentheses
[INFO] [stdout]   |
[INFO] [stdout]   = note: `#[warn(unused_parens)]` on by default
[INFO] [stdout] 
[INFO] [stdout] 
[INFO] [stdout] warning: denote infinite loops with `loop { ... }`
[INFO] [stdout]  --> src/main.rs:7:5
[INFO] [stdout]   |
[INFO] [stdout] 7 |     while (true) {
[INFO] [stdout]   |     ^^^^^^^^^^^^ help: use `loop`
[INFO] [stdout]   |
[INFO] [stdout]   = note: `#[warn(while_true)]` on by default
[INFO] [stdout] 
[INFO] [stdout] 
[INFO] [stdout] error[E0282]: type annotations needed
[INFO] [stdout]   --> src/tsql.rs:38:12
[INFO] [stdout]    |
[INFO] [stdout] 38 |     return Ok(true);
[INFO] [stdout]    |            ^^ cannot infer type for type parameter `E` declared on the enum `Result`
[INFO] [stdout] 
[INFO] [stdout] 
[INFO] [stdout] error: aborting due to 4 previous errors; 2 warnings emitted
[INFO] [stdout] 
[INFO] [stdout] 
[INFO] [stdout] Some errors have detailed explanations: E0282, E0432, E0433.
[INFO] [stdout] 
[INFO] [stdout] For more information about an error, try `rustc --explain E0282`.
[INFO] [stdout] 
[INFO] [stderr] error: could not compile `simple-password-manager`
[INFO] [stderr] 
[INFO] [stderr] To learn more, run the command again with --verbose.
[INFO] running `Command { std: "docker" "inspect" "eec6776def8ba31854e8aef0124e480f2353ffa3007e8290d29b164e680b8120", kill_on_drop: false }`
[INFO] running `Command { std: "docker" "rm" "-f" "eec6776def8ba31854e8aef0124e480f2353ffa3007e8290d29b164e680b8120", kill_on_drop: false }`
[INFO] [stdout] eec6776def8ba31854e8aef0124e480f2353ffa3007e8290d29b164e680b8120
