[INFO] cloning repository https://github.com/ForsakenHarmony/graphql-server
[INFO] running `Command { std: "git" "-c" "credential.helper=" "-c" "credential.helper=/workspace/cargo-home/bin/git-credential-null" "clone" "--bare" "https://github.com/ForsakenHarmony/graphql-server" "/workspace/cache/git-repos/https%3A%2F%2Fgithub.com%2FForsakenHarmony%2Fgraphql-server", kill_on_drop: false }`
[INFO] [stderr] Cloning into bare repository '/workspace/cache/git-repos/https%3A%2F%2Fgithub.com%2FForsakenHarmony%2Fgraphql-server'...
[INFO] running `Command { std: "git" "rev-parse" "HEAD", kill_on_drop: false }`
[INFO] [stdout] 0e83693bace54f526427d5d86971e12154b47766
[INFO] testing ForsakenHarmony/graphql-server against 1.54.0 for beta-1.55-1
[INFO] running `Command { std: "git" "clone" "/workspace/cache/git-repos/https%3A%2F%2Fgithub.com%2FForsakenHarmony%2Fgraphql-server" "/workspace/builds/worker-66/source", kill_on_drop: false }`
[INFO] [stderr] Cloning into '/workspace/builds/worker-66/source'...
[INFO] [stderr] done.
[INFO] validating manifest of git repo https://github.com/ForsakenHarmony/graphql-server on toolchain 1.54.0
[INFO] running `Command { std: "/workspace/cargo-home/bin/cargo" "+1.54.0" "metadata" "--manifest-path" "Cargo.toml" "--no-deps", kill_on_drop: false }`
[INFO] started tweaking git repo https://github.com/ForsakenHarmony/graphql-server
[INFO] finished tweaking git repo https://github.com/ForsakenHarmony/graphql-server
[INFO] tweaked toml for git repo https://github.com/ForsakenHarmony/graphql-server written to /workspace/builds/worker-66/source/Cargo.toml
[INFO] crate git repo https://github.com/ForsakenHarmony/graphql-server already has a lockfile, it will not be regenerated
[INFO] running `Command { std: "/workspace/cargo-home/bin/cargo" "+1.54.0" "fetch" "--manifest-path" "Cargo.toml", kill_on_drop: false }`
[INFO] [stderr]     Blocking waiting for file lock on package cache
[INFO] [stderr]     Blocking waiting for file lock on package cache
[INFO] running `Command { std: "docker" "create" "-v" "/var/lib/crater-agent-workspace/builds/worker-66/target:/opt/rustwide/target:rw,Z" "-v" "/var/lib/crater-agent-workspace/builds/worker-66/source:/opt/rustwide/workdir:ro,Z" "-v" "/var/lib/crater-agent-workspace/cargo-home:/opt/rustwide/cargo-home:ro,Z" "-v" "/var/lib/crater-agent-workspace/rustup-home:/opt/rustwide/rustup-home:ro,Z" "-e" "SOURCE_DIR=/opt/rustwide/workdir" "-e" "CARGO_TARGET_DIR=/opt/rustwide/target" "-e" "CARGO_HOME=/opt/rustwide/cargo-home" "-e" "RUSTUP_HOME=/opt/rustwide/rustup-home" "-w" "/opt/rustwide/workdir" "-m" "1610612736" "--user" "0:0" "--network" "none" "ghcr.io/rust-lang/crates-build-env/linux@sha256:34b6a614d2c27851fe6cbf88fbd1137609cefab8b10d0615aaeb6fd47975d74e" "/opt/rustwide/cargo-home/bin/cargo" "+1.54.0" "metadata" "--no-deps" "--format-version=1", kill_on_drop: false }`
[INFO] [stdout] c471883828b8353280f1001108b55492c6ecbc0df76a86460bab3dd9a2c0eb01
[INFO] running `Command { std: "docker" "start" "-a" "c471883828b8353280f1001108b55492c6ecbc0df76a86460bab3dd9a2c0eb01", kill_on_drop: false }`
[INFO] running `Command { std: "docker" "inspect" "c471883828b8353280f1001108b55492c6ecbc0df76a86460bab3dd9a2c0eb01", kill_on_drop: false }`
[INFO] running `Command { std: "docker" "rm" "-f" "c471883828b8353280f1001108b55492c6ecbc0df76a86460bab3dd9a2c0eb01", kill_on_drop: false }`
[INFO] [stdout] c471883828b8353280f1001108b55492c6ecbc0df76a86460bab3dd9a2c0eb01
[INFO] running `Command { std: "docker" "create" "-v" "/var/lib/crater-agent-workspace/builds/worker-66/target:/opt/rustwide/target:rw,Z" "-v" "/var/lib/crater-agent-workspace/builds/worker-66/source:/opt/rustwide/workdir:ro,Z" "-v" "/var/lib/crater-agent-workspace/cargo-home:/opt/rustwide/cargo-home:ro,Z" "-v" "/var/lib/crater-agent-workspace/rustup-home:/opt/rustwide/rustup-home:ro,Z" "-e" "SOURCE_DIR=/opt/rustwide/workdir" "-e" "CARGO_TARGET_DIR=/opt/rustwide/target" "-e" "CARGO_INCREMENTAL=0" "-e" "RUST_BACKTRACE=full" "-e" "RUSTFLAGS=--cap-lints=warn" "-e" "CARGO_HOME=/opt/rustwide/cargo-home" "-e" "RUSTUP_HOME=/opt/rustwide/rustup-home" "-w" "/opt/rustwide/workdir" "-m" "1610612736" "--user" "0:0" "--network" "none" "ghcr.io/rust-lang/crates-build-env/linux@sha256:34b6a614d2c27851fe6cbf88fbd1137609cefab8b10d0615aaeb6fd47975d74e" "/opt/rustwide/cargo-home/bin/cargo" "+1.54.0" "build" "--frozen" "--message-format=json", kill_on_drop: false }`
[INFO] [stdout] b3578495b6457668f7e9cf88842512ed2cc4d6990d0bcb3f61f2dff5a6d22c90
[INFO] running `Command { std: "docker" "start" "-a" "b3578495b6457668f7e9cf88842512ed2cc4d6990d0bcb3f61f2dff5a6d22c90", kill_on_drop: false }`
[INFO] [stderr]     Blocking waiting for file lock on package cache
[INFO] [stderr]    Compiling libc v0.2.36
[INFO] [stderr]    Compiling byteorder v1.2.1
[INFO] [stderr]    Compiling unicode-normalization v0.1.5
[INFO] [stderr]    Compiling either v1.4.0
[INFO] [stderr]    Compiling scopeguard v0.3.3
[INFO] [stderr]    Compiling rayon-core v1.3.0
[INFO] [stderr]    Compiling cc v1.0.4
[INFO] [stderr]    Compiling yansi v0.3.4
[INFO] [stderr]    Compiling num-traits v0.2.0
[INFO] [stderr]    Compiling serde v1.0.27
[INFO] [stderr]    Compiling rustc-demangle v0.1.5
[INFO] [stderr]    Compiling regex-syntax v0.4.2
[INFO] [stderr]    Compiling ascii v0.7.1
[INFO] [stderr]    Compiling pear v0.0.12
[INFO] [stderr]    Compiling smallvec v0.4.4
[INFO] [stderr]    Compiling state v0.3.3
[INFO] [stderr]    Compiling uuid v0.5.1
[INFO] [stderr]    Compiling sha1 v0.4.0
[INFO] [stderr]    Compiling pom v2.0.0
[INFO] [stderr]    Compiling unicase v1.4.2
[INFO] [stderr]    Compiling block-buffer v0.3.3
[INFO] [stderr]    Compiling phf_shared v0.7.21
[INFO] [stderr]    Compiling syn v0.11.11
[INFO] [stderr]    Compiling thread_local v0.3.5
[INFO] [stderr]    Compiling generic-array v0.9.0
[INFO] [stderr]    Compiling mime v0.2.6
[INFO] [stdout] error[E0554]: `#![feature]` may not be used on the stable release channel
[INFO] [stdout]  --> /opt/rustwide/cargo-home/registry/src/github.com-1ecc6299db9ec823/yansi-0.3.4/src/lib.rs:1:32
[INFO] [stdout]   |
[INFO] [stdout] 1 | #![cfg_attr(feature="nightly", feature(const_atomic_bool_new))]
[INFO] [stdout]   |                                ^^^^^^^^^^^^^^^^^^^^^^^^^^^^^^
[INFO] [stdout] 
[INFO] [stdout] 
[INFO] [stdout] error: aborting due to previous error
[INFO] [stdout] 
[INFO] [stdout] 
[INFO] [stdout] For more information about this error, try `rustc --explain E0554`.
[INFO] [stdout] 
[INFO] [stderr] error: could not compile `yansi`
[INFO] [stderr] 
[INFO] [stderr] To learn more, run the command again with --verbose.
[INFO] [stderr] warning: build failed, waiting for other jobs to finish...
[INFO] [stdout] error[E0554]: `#![feature]` may not be used on the stable release channel
[INFO] [stdout]  --> /opt/rustwide/cargo-home/registry/src/github.com-1ecc6299db9ec823/pom-2.0.0/src/lib.rs:1:1
[INFO] [stdout]   |
[INFO] [stdout] 1 | #![feature(conservative_impl_trait)]
[INFO] [stdout]   | ^^^^^^^^^^^^^^^^^^^^^^^^^^^^^^^^^^^^ help: remove the attribute
[INFO] [stdout]   |
[INFO] [stdout]   = help: the feature `conservative_impl_trait` has been stable since 1.26.0 and no longer requires an attribute to enable
[INFO] [stdout] 
[INFO] [stdout] 
[INFO] [stdout] error[E0554]: `#![feature]` may not be used on the stable release channel
[INFO] [stdout]  --> /opt/rustwide/cargo-home/registry/src/github.com-1ecc6299db9ec823/pom-2.0.0/src/lib.rs:2:1
[INFO] [stdout]   |
[INFO] [stdout] 2 | #![feature(range_contains)]
[INFO] [stdout]   | ^^^^^^^^^^^^^^^^^^^^^^^^^^^
[INFO] [stdout] 
[INFO] [stdout] 
[INFO] [stdout] error[E0557]: feature has been removed
[INFO] [stdout]  --> /opt/rustwide/cargo-home/registry/src/github.com-1ecc6299db9ec823/state-0.3.3/src/lib.rs:1:12
[INFO] [stdout]   |
[INFO] [stdout] 1 | #![feature(const_fn)]
[INFO] [stdout]   |            ^^^^^^^^ feature has been removed
[INFO] [stdout]   |
[INFO] [stdout]   = note: split into finer-grained feature gates
[INFO] [stdout] 
[INFO] [stdout] 
[INFO] [stdout] error[E0554]: `#![feature]` may not be used on the stable release channel
[INFO] [stdout]  --> /opt/rustwide/cargo-home/registry/src/github.com-1ecc6299db9ec823/state-0.3.3/src/lib.rs:1:1
[INFO] [stdout]   |
[INFO] [stdout] 1 | #![feature(const_fn)]
[INFO] [stdout]   | ^^^^^^^^^^^^^^^^^^^^^
[INFO] [stdout] 
[INFO] [stdout] 
[INFO] [stdout] error[E0554]: `#![feature]` may not be used on the stable release channel
[INFO] [stdout]  --> /opt/rustwide/cargo-home/registry/src/github.com-1ecc6299db9ec823/state-0.3.3/src/lib.rs:2:1
[INFO] [stdout]   |
[INFO] [stdout] 2 | #![feature(const_unsafe_cell_new)]
[INFO] [stdout]   | ^^^^^^^^^^^^^^^^^^^^^^^^^^^^^^^^^^
[INFO] [stdout] 
[INFO] [stdout] 
[INFO] [stdout] error[E0554]: `#![feature]` may not be used on the stable release channel
[INFO] [stdout]  --> /opt/rustwide/cargo-home/registry/src/github.com-1ecc6299db9ec823/state-0.3.3/src/lib.rs:3:1
[INFO] [stdout]   |
[INFO] [stdout] 3 | #![feature(const_atomic_usize_new)]
[INFO] [stdout]   | ^^^^^^^^^^^^^^^^^^^^^^^^^^^^^^^^^^^
[INFO] [stdout] 
[INFO] [stdout] 
[INFO] [stdout] error[E0554]: `#![feature]` may not be used on the stable release channel
[INFO] [stdout]  --> /opt/rustwide/cargo-home/registry/src/github.com-1ecc6299db9ec823/state-0.3.3/src/lib.rs:4:1
[INFO] [stdout]   |
[INFO] [stdout] 4 | #![feature(const_atomic_bool_new)]
[INFO] [stdout]   | ^^^^^^^^^^^^^^^^^^^^^^^^^^^^^^^^^^
[INFO] [stdout] 
[INFO] [stdout] 
[INFO] [stdout] error: aborting due to 5 previous errors
[INFO] [stdout] 
[INFO] [stdout] 
[INFO] [stdout] Some errors have detailed explanations: E0554, E0557.
[INFO] [stdout] 
[INFO] [stdout] For more information about an error, try `rustc --explain E0554`.
[INFO] [stdout] 
[INFO] [stdout] error[E0308]: mismatched types
[INFO] [stdout]   --> /opt/rustwide/cargo-home/registry/src/github.com-1ecc6299db9ec823/pom-2.0.0/src/set.rs:34:32
[INFO] [stdout]    |
[INFO] [stdout] 32 | impl<T: PartialOrd + Copy> Set<T> for Range<T> {
[INFO] [stdout]    |      - this type parameter
[INFO] [stdout] 33 |     fn contains(&self, elem: &T) -> bool {
[INFO] [stdout] 34 |         (self as &Range<T>).contains(*elem)
[INFO] [stdout]    |                                      ^^^^^
[INFO] [stdout]    |                                      |
[INFO] [stdout]    |                                      expected `&T`, found type parameter `T`
[INFO] [stdout]    |                                      help: consider borrowing here: `&*elem`
[INFO] [stdout]    |
[INFO] [stdout]    = note:   expected reference `&T`
[INFO] [stdout]            found type parameter `T`
[INFO] [stdout] 
[INFO] [stdout] 
[INFO] [stdout] error[E0308]: mismatched types
[INFO] [stdout]   --> /opt/rustwide/cargo-home/registry/src/github.com-1ecc6299db9ec823/pom-2.0.0/src/set.rs:40:36
[INFO] [stdout]    |
[INFO] [stdout] 38 | impl<T: PartialOrd + Copy> Set<T> for RangeFrom<T> {
[INFO] [stdout]    |      - this type parameter
[INFO] [stdout] 39 |     fn contains(&self, elem: &T) -> bool {
[INFO] [stdout] 40 |         (self as &RangeFrom<T>).contains(*elem)
[INFO] [stdout]    |                                          ^^^^^
[INFO] [stdout]    |                                          |
[INFO] [stdout]    |                                          expected `&T`, found type parameter `T`
[INFO] [stdout]    |                                          help: consider borrowing here: `&*elem`
[INFO] [stdout]    |
[INFO] [stdout]    = note:   expected reference `&T`
[INFO] [stdout]            found type parameter `T`
[INFO] [stdout] 
[INFO] [stdout] 
[INFO] [stdout] error[E0308]: mismatched types
[INFO] [stdout]   --> /opt/rustwide/cargo-home/registry/src/github.com-1ecc6299db9ec823/pom-2.0.0/src/set.rs:46:34
[INFO] [stdout]    |
[INFO] [stdout] 44 | impl<T: PartialOrd + Copy> Set<T> for RangeTo<T> {
[INFO] [stdout]    |      - this type parameter
[INFO] [stdout] 45 |     fn contains(&self, elem: &T) -> bool {
[INFO] [stdout] 46 |         (self as &RangeTo<T>).contains(*elem)
[INFO] [stdout]    |                                        ^^^^^
[INFO] [stdout]    |                                        |
[INFO] [stdout]    |                                        expected `&T`, found type parameter `T`
[INFO] [stdout]    |                                        help: consider borrowing here: `&*elem`
[INFO] [stdout]    |
[INFO] [stdout]    = note:   expected reference `&T`
[INFO] [stdout]            found type parameter `T`
[INFO] [stdout] 
[INFO] [stdout] 
[INFO] [stdout] error: aborting due to 5 previous errors
[INFO] [stdout] 
[INFO] [stdout] 
[INFO] [stdout] Some errors have detailed explanations: E0308, E0554.
[INFO] [stdout] 
[INFO] [stdout] For more information about an error, try `rustc --explain E0308`.
[INFO] [stdout] 
[INFO] [stderr] error: build failed
[INFO] running `Command { std: "docker" "inspect" "b3578495b6457668f7e9cf88842512ed2cc4d6990d0bcb3f61f2dff5a6d22c90", kill_on_drop: false }`
[INFO] running `Command { std: "docker" "rm" "-f" "b3578495b6457668f7e9cf88842512ed2cc4d6990d0bcb3f61f2dff5a6d22c90", kill_on_drop: false }`
[INFO] [stdout] b3578495b6457668f7e9cf88842512ed2cc4d6990d0bcb3f61f2dff5a6d22c90
