[INFO] cloning repository https://github.com/ForsakenHarmony/bfasm
[INFO] running `Command { std: "git" "-c" "credential.helper=" "-c" "credential.helper=/workspace/cargo-home/bin/git-credential-null" "clone" "--bare" "https://github.com/ForsakenHarmony/bfasm" "/workspace/cache/git-repos/https%3A%2F%2Fgithub.com%2FForsakenHarmony%2Fbfasm", kill_on_drop: false }`
[INFO] [stderr] Cloning into bare repository '/workspace/cache/git-repos/https%3A%2F%2Fgithub.com%2FForsakenHarmony%2Fbfasm'...
[INFO] running `Command { std: "git" "rev-parse" "HEAD", kill_on_drop: false }`
[INFO] [stdout] c39536382418da5564f7942e14365c07d9ef93ba
[INFO] testing ForsakenHarmony/bfasm against beta-2021-08-01 for beta-1.55-1
[INFO] running `Command { std: "git" "clone" "/workspace/cache/git-repos/https%3A%2F%2Fgithub.com%2FForsakenHarmony%2Fbfasm" "/workspace/builds/worker-3/source", kill_on_drop: false }`
[INFO] [stderr] Cloning into '/workspace/builds/worker-3/source'...
[INFO] [stderr] done.
[INFO] validating manifest of git repo https://github.com/ForsakenHarmony/bfasm on toolchain beta-2021-08-01
[INFO] running `Command { std: "/workspace/cargo-home/bin/cargo" "+beta-2021-08-01" "metadata" "--manifest-path" "Cargo.toml" "--no-deps", kill_on_drop: false }`
[INFO] started tweaking git repo https://github.com/ForsakenHarmony/bfasm
[INFO] finished tweaking git repo https://github.com/ForsakenHarmony/bfasm
[INFO] tweaked toml for git repo https://github.com/ForsakenHarmony/bfasm written to /workspace/builds/worker-3/source/Cargo.toml
[INFO] crate git repo https://github.com/ForsakenHarmony/bfasm already has a lockfile, it will not be regenerated
[INFO] running `Command { std: "/workspace/cargo-home/bin/cargo" "+beta-2021-08-01" "fetch" "--manifest-path" "Cargo.toml", kill_on_drop: false }`
[INFO] [stderr]     Blocking waiting for file lock on package cache
[INFO] [stderr]     Blocking waiting for file lock on package cache
[INFO] [stderr]  Downloading crates ...
[INFO] [stderr]   Downloaded pom v2.0.0-beta
[INFO] running `Command { std: "docker" "create" "-v" "/var/lib/crater-agent-workspace/builds/worker-3/target:/opt/rustwide/target:rw,Z" "-v" "/var/lib/crater-agent-workspace/builds/worker-3/source:/opt/rustwide/workdir:ro,Z" "-v" "/var/lib/crater-agent-workspace/cargo-home:/opt/rustwide/cargo-home:ro,Z" "-v" "/var/lib/crater-agent-workspace/rustup-home:/opt/rustwide/rustup-home:ro,Z" "-e" "SOURCE_DIR=/opt/rustwide/workdir" "-e" "CARGO_TARGET_DIR=/opt/rustwide/target" "-e" "CARGO_HOME=/opt/rustwide/cargo-home" "-e" "RUSTUP_HOME=/opt/rustwide/rustup-home" "-w" "/opt/rustwide/workdir" "-m" "1610612736" "--user" "0:0" "--network" "none" "ghcr.io/rust-lang/crates-build-env/linux@sha256:34b6a614d2c27851fe6cbf88fbd1137609cefab8b10d0615aaeb6fd47975d74e" "/opt/rustwide/cargo-home/bin/cargo" "+beta-2021-08-01" "metadata" "--no-deps" "--format-version=1", kill_on_drop: false }`
[INFO] [stdout] e0d3ca52e9ea19f3742db913b27c6872e23597879bd692c64ee1e19f9082805a
[INFO] running `Command { std: "docker" "start" "-a" "e0d3ca52e9ea19f3742db913b27c6872e23597879bd692c64ee1e19f9082805a", kill_on_drop: false }`
[INFO] running `Command { std: "docker" "inspect" "e0d3ca52e9ea19f3742db913b27c6872e23597879bd692c64ee1e19f9082805a", kill_on_drop: false }`
[INFO] running `Command { std: "docker" "rm" "-f" "e0d3ca52e9ea19f3742db913b27c6872e23597879bd692c64ee1e19f9082805a", kill_on_drop: false }`
[INFO] [stdout] e0d3ca52e9ea19f3742db913b27c6872e23597879bd692c64ee1e19f9082805a
[INFO] running `Command { std: "docker" "create" "-v" "/var/lib/crater-agent-workspace/builds/worker-3/target:/opt/rustwide/target:rw,Z" "-v" "/var/lib/crater-agent-workspace/builds/worker-3/source:/opt/rustwide/workdir:ro,Z" "-v" "/var/lib/crater-agent-workspace/cargo-home:/opt/rustwide/cargo-home:ro,Z" "-v" "/var/lib/crater-agent-workspace/rustup-home:/opt/rustwide/rustup-home:ro,Z" "-e" "SOURCE_DIR=/opt/rustwide/workdir" "-e" "CARGO_TARGET_DIR=/opt/rustwide/target" "-e" "CARGO_INCREMENTAL=0" "-e" "RUST_BACKTRACE=full" "-e" "RUSTFLAGS=--cap-lints=warn" "-e" "CARGO_HOME=/opt/rustwide/cargo-home" "-e" "RUSTUP_HOME=/opt/rustwide/rustup-home" "-w" "/opt/rustwide/workdir" "-m" "1610612736" "--user" "0:0" "--network" "none" "ghcr.io/rust-lang/crates-build-env/linux@sha256:34b6a614d2c27851fe6cbf88fbd1137609cefab8b10d0615aaeb6fd47975d74e" "/opt/rustwide/cargo-home/bin/cargo" "+beta-2021-08-01" "build" "--frozen" "--message-format=json", kill_on_drop: false }`
[INFO] [stdout] 560ed3aec7bda43d55b9e3277cd60ef7409e228ee4bf9616cf4f2b8951bdae73
[INFO] running `Command { std: "docker" "start" "-a" "560ed3aec7bda43d55b9e3277cd60ef7409e228ee4bf9616cf4f2b8951bdae73", kill_on_drop: false }`
[INFO] [stderr]     Blocking waiting for file lock on package cache
[INFO] [stderr]    Compiling pom v2.0.0-beta
[INFO] [stdout] error[E0554]: `#![feature]` may not be used on the beta release channel
[INFO] [stdout]  --> /opt/rustwide/cargo-home/registry/src/github.com-1ecc6299db9ec823/pom-2.0.0-beta/src/lib.rs:1:1
[INFO] [stdout]   |
[INFO] [stdout] 1 | #![feature(conservative_impl_trait)]
[INFO] [stdout]   | ^^^^^^^^^^^^^^^^^^^^^^^^^^^^^^^^^^^^ help: remove the attribute
[INFO] [stdout]   |
[INFO] [stdout]   = help: the feature `conservative_impl_trait` has been stable since 1.26.0 and no longer requires an attribute to enable
[INFO] [stdout] 
[INFO] [stdout] 
[INFO] [stdout] error[E0554]: `#![feature]` may not be used on the beta release channel
[INFO] [stdout]  --> /opt/rustwide/cargo-home/registry/src/github.com-1ecc6299db9ec823/pom-2.0.0-beta/src/lib.rs:2:1
[INFO] [stdout]   |
[INFO] [stdout] 2 | #![feature(range_contains)]
[INFO] [stdout]   | ^^^^^^^^^^^^^^^^^^^^^^^^^^^
[INFO] [stdout] 
[INFO] [stdout] 
[INFO] [stdout] error[E0308]: mismatched types
[INFO] [stdout]   --> /opt/rustwide/cargo-home/registry/src/github.com-1ecc6299db9ec823/pom-2.0.0-beta/src/set.rs:34:32
[INFO] [stdout]    |
[INFO] [stdout] 32 | impl<T: PartialOrd + Copy> Set<T> for Range<T> {
[INFO] [stdout]    |      - this type parameter
[INFO] [stdout] 33 |     fn contains(&self, elem: &T) -> bool {
[INFO] [stdout] 34 |         (self as &Range<T>).contains(*elem)
[INFO] [stdout]    |                                      ^^^^^
[INFO] [stdout]    |                                      |
[INFO] [stdout]    |                                      expected `&T`, found type parameter `T`
[INFO] [stdout]    |                                      help: consider borrowing here: `&*elem`
[INFO] [stdout]    |
[INFO] [stdout]    = note:   expected reference `&T`
[INFO] [stdout]            found type parameter `T`
[INFO] [stdout] 
[INFO] [stdout] 
[INFO] [stdout] error[E0308]: mismatched types
[INFO] [stdout]   --> /opt/rustwide/cargo-home/registry/src/github.com-1ecc6299db9ec823/pom-2.0.0-beta/src/set.rs:40:36
[INFO] [stdout]    |
[INFO] [stdout] 38 | impl<T: PartialOrd + Copy> Set<T> for RangeFrom<T> {
[INFO] [stdout]    |      - this type parameter
[INFO] [stdout] 39 |     fn contains(&self, elem: &T) -> bool {
[INFO] [stdout] 40 |         (self as &RangeFrom<T>).contains(*elem)
[INFO] [stdout]    |                                          ^^^^^
[INFO] [stdout]    |                                          |
[INFO] [stdout]    |                                          expected `&T`, found type parameter `T`
[INFO] [stdout]    |                                          help: consider borrowing here: `&*elem`
[INFO] [stdout]    |
[INFO] [stdout]    = note:   expected reference `&T`
[INFO] [stdout]            found type parameter `T`
[INFO] [stdout] 
[INFO] [stdout] 
[INFO] [stdout] error[E0308]: mismatched types
[INFO] [stdout]   --> /opt/rustwide/cargo-home/registry/src/github.com-1ecc6299db9ec823/pom-2.0.0-beta/src/set.rs:46:34
[INFO] [stdout]    |
[INFO] [stdout] 44 | impl<T: PartialOrd + Copy> Set<T> for RangeTo<T> {
[INFO] [stdout]    |      - this type parameter
[INFO] [stdout] 45 |     fn contains(&self, elem: &T) -> bool {
[INFO] [stdout] 46 |         (self as &RangeTo<T>).contains(*elem)
[INFO] [stdout]    |                                        ^^^^^
[INFO] [stdout]    |                                        |
[INFO] [stdout]    |                                        expected `&T`, found type parameter `T`
[INFO] [stdout]    |                                        help: consider borrowing here: `&*elem`
[INFO] [stdout]    |
[INFO] [stdout]    = note:   expected reference `&T`
[INFO] [stdout]            found type parameter `T`
[INFO] [stdout] 
[INFO] [stdout] 
[INFO] [stdout] error: aborting due to 5 previous errors
[INFO] [stdout] 
[INFO] [stdout] 
[INFO] [stdout] Some errors have detailed explanations: E0308, E0554.
[INFO] [stdout] 
[INFO] [stdout] For more information about an error, try `rustc --explain E0308`.
[INFO] [stdout] 
[INFO] [stderr] error: could not compile `pom` due to 6 previous errors
[INFO] running `Command { std: "docker" "inspect" "560ed3aec7bda43d55b9e3277cd60ef7409e228ee4bf9616cf4f2b8951bdae73", kill_on_drop: false }`
[INFO] running `Command { std: "docker" "rm" "-f" "560ed3aec7bda43d55b9e3277cd60ef7409e228ee4bf9616cf4f2b8951bdae73", kill_on_drop: false }`
[INFO] [stdout] 560ed3aec7bda43d55b9e3277cd60ef7409e228ee4bf9616cf4f2b8951bdae73
