[INFO] cloning repository https://github.com/Flakebi/ts-gpu-hasher
[INFO] running `Command { std: "git" "-c" "credential.helper=" "-c" "credential.helper=/workspace/cargo-home/bin/git-credential-null" "clone" "--bare" "https://github.com/Flakebi/ts-gpu-hasher" "/workspace/cache/git-repos/https%3A%2F%2Fgithub.com%2FFlakebi%2Fts-gpu-hasher", kill_on_drop: false }`
[INFO] [stderr] Cloning into bare repository '/workspace/cache/git-repos/https%3A%2F%2Fgithub.com%2FFlakebi%2Fts-gpu-hasher'...
[INFO] running `Command { std: "git" "rev-parse" "HEAD", kill_on_drop: false }`
[INFO] [stdout] 466c7d64dfc16f1927b8023ecbe4b146f9730dea
[INFO] testing Flakebi/ts-gpu-hasher against 1.54.0 for beta-1.55-1
[INFO] running `Command { std: "git" "clone" "/workspace/cache/git-repos/https%3A%2F%2Fgithub.com%2FFlakebi%2Fts-gpu-hasher" "/workspace/builds/worker-14/source", kill_on_drop: false }`
[INFO] [stderr] Cloning into '/workspace/builds/worker-14/source'...
[INFO] [stderr] done.
[INFO] validating manifest of git repo https://github.com/Flakebi/ts-gpu-hasher on toolchain 1.54.0
[INFO] running `Command { std: "/workspace/cargo-home/bin/cargo" "+1.54.0" "metadata" "--manifest-path" "Cargo.toml" "--no-deps", kill_on_drop: false }`
[INFO] removed /workspace/builds/worker-14/source/.cargo/config
[INFO] started tweaking git repo https://github.com/Flakebi/ts-gpu-hasher
[INFO] finished tweaking git repo https://github.com/Flakebi/ts-gpu-hasher
[INFO] tweaked toml for git repo https://github.com/Flakebi/ts-gpu-hasher written to /workspace/builds/worker-14/source/Cargo.toml
[INFO] crate git repo https://github.com/Flakebi/ts-gpu-hasher already has a lockfile, it will not be regenerated
[INFO] running `Command { std: "/workspace/cargo-home/bin/cargo" "+1.54.0" "fetch" "--manifest-path" "Cargo.toml", kill_on_drop: false }`
[INFO] [stderr]     Blocking waiting for file lock on package cache
[INFO] [stderr]     Updating git repository `https://github.com/geobacter-rs/alloc-wg`
[INFO] [stderr]     Updating git repository `https://github.com/geobacter-rs/geobacter`
[INFO] [stderr]     Updating git repository `https://github.com/ReSpeak/tsclientlib`
[INFO] [stderr]     Updating git submodule `https://github.com/ReSpeak/tsdeclarations.git`
[INFO] [stderr]     Blocking waiting for file lock on package cache
[INFO] [stderr]  Downloading crates ...
[INFO] [stderr]   Downloaded rmp-serde v0.14.4
[INFO] [stderr]   Downloaded snap v1.0.4
[INFO] [stderr]   Downloaded simple_asn1 v0.5.1
[INFO] [stderr]   Downloaded any_key v0.1.1
[INFO] [stderr]   Downloaded indexed_vec v1.2.1
[INFO] [stderr]   Downloaded t4rust-derive v0.3.0
[INFO] [stderr]   Downloaded debugit v0.1.2
[INFO] [stderr]   Downloaded p256 v0.7.2
[INFO] running `Command { std: "docker" "create" "-v" "/var/lib/crater-agent-workspace/builds/worker-14/target:/opt/rustwide/target:rw,Z" "-v" "/var/lib/crater-agent-workspace/builds/worker-14/source:/opt/rustwide/workdir:ro,Z" "-v" "/var/lib/crater-agent-workspace/cargo-home:/opt/rustwide/cargo-home:ro,Z" "-v" "/var/lib/crater-agent-workspace/rustup-home:/opt/rustwide/rustup-home:ro,Z" "-e" "SOURCE_DIR=/opt/rustwide/workdir" "-e" "CARGO_TARGET_DIR=/opt/rustwide/target" "-e" "CARGO_HOME=/opt/rustwide/cargo-home" "-e" "RUSTUP_HOME=/opt/rustwide/rustup-home" "-w" "/opt/rustwide/workdir" "-m" "1610612736" "--user" "0:0" "--network" "none" "ghcr.io/rust-lang/crates-build-env/linux@sha256:34b6a614d2c27851fe6cbf88fbd1137609cefab8b10d0615aaeb6fd47975d74e" "/opt/rustwide/cargo-home/bin/cargo" "+1.54.0" "metadata" "--no-deps" "--format-version=1", kill_on_drop: false }`
[INFO] [stdout] ba7e33d4e56de2c1257861c886ceeecabe8ce5d3dbc68fa18b880695ed27133e
[INFO] running `Command { std: "docker" "start" "-a" "ba7e33d4e56de2c1257861c886ceeecabe8ce5d3dbc68fa18b880695ed27133e", kill_on_drop: false }`
[INFO] running `Command { std: "docker" "inspect" "ba7e33d4e56de2c1257861c886ceeecabe8ce5d3dbc68fa18b880695ed27133e", kill_on_drop: false }`
[INFO] running `Command { std: "docker" "rm" "-f" "ba7e33d4e56de2c1257861c886ceeecabe8ce5d3dbc68fa18b880695ed27133e", kill_on_drop: false }`
[INFO] [stdout] ba7e33d4e56de2c1257861c886ceeecabe8ce5d3dbc68fa18b880695ed27133e
[INFO] running `Command { std: "docker" "create" "-v" "/var/lib/crater-agent-workspace/builds/worker-14/target:/opt/rustwide/target:rw,Z" "-v" "/var/lib/crater-agent-workspace/builds/worker-14/source:/opt/rustwide/workdir:ro,Z" "-v" "/var/lib/crater-agent-workspace/cargo-home:/opt/rustwide/cargo-home:ro,Z" "-v" "/var/lib/crater-agent-workspace/rustup-home:/opt/rustwide/rustup-home:ro,Z" "-e" "SOURCE_DIR=/opt/rustwide/workdir" "-e" "CARGO_TARGET_DIR=/opt/rustwide/target" "-e" "CARGO_INCREMENTAL=0" "-e" "RUST_BACKTRACE=full" "-e" "RUSTFLAGS=--cap-lints=warn" "-e" "CARGO_HOME=/opt/rustwide/cargo-home" "-e" "RUSTUP_HOME=/opt/rustwide/rustup-home" "-w" "/opt/rustwide/workdir" "-m" "1610612736" "--user" "0:0" "--network" "none" "ghcr.io/rust-lang/crates-build-env/linux@sha256:34b6a614d2c27851fe6cbf88fbd1137609cefab8b10d0615aaeb6fd47975d74e" "/opt/rustwide/cargo-home/bin/cargo" "+1.54.0" "build" "--frozen" "--message-format=json", kill_on_drop: false }`
[INFO] [stdout] 64fcc2025d8a6a48a292ce926e688337413b3edb3d5aa006654152bdca8430b2
[INFO] running `Command { std: "docker" "start" "-a" "64fcc2025d8a6a48a292ce926e688337413b3edb3d5aa006654152bdca8430b2", kill_on_drop: false }`
[INFO] [stderr]     Blocking waiting for file lock on package cache
[INFO] [stderr]    Compiling proc-macro2 v1.0.24
[INFO] [stderr]    Compiling unicode-xid v0.2.1
[INFO] [stderr]    Compiling version_check v0.9.2
[INFO] [stderr]    Compiling libc v0.2.92
[INFO] [stderr]    Compiling cfg-if v1.0.0
[INFO] [stderr]    Compiling syn v1.0.60
[INFO] [stderr]    Compiling memchr v2.3.4
[INFO] [stderr]    Compiling autocfg v1.0.1
[INFO] [stderr]    Compiling lazy_static v1.4.0
[INFO] [stderr]    Compiling bitflags v1.2.1
[INFO] [stderr]    Compiling ryu v1.0.5
[INFO] [stderr]    Compiling regex-syntax v0.6.22
[INFO] [stderr]    Compiling serde_derive v1.0.123
[INFO] [stderr]    Compiling serde v1.0.123
[INFO] [stderr]    Compiling once_cell v1.5.2
[INFO] [stderr]    Compiling lexical-core v0.7.5
[INFO] [stderr]    Compiling log v0.4.14
[INFO] [stderr]    Compiling static_assertions v1.1.0
[INFO] [stderr]    Compiling arrayvec v0.5.2
[INFO] [stderr]    Compiling typenum v1.12.0
[INFO] [stderr]    Compiling unicode-width v0.1.8
[INFO] [stderr]    Compiling cfg-if v0.1.10
[INFO] [stderr]    Compiling cc v1.0.66
[INFO] [stderr]    Compiling glob v0.3.0
[INFO] [stderr]    Compiling byteorder v1.4.2
[INFO] [stderr]    Compiling getrandom v0.1.16
[INFO] [stderr]    Compiling quick-error v1.2.3
[INFO] [stderr]    Compiling vec_map v0.8.2
[INFO] [stderr]    Compiling termcolor v1.1.2
[INFO] [stderr]    Compiling strsim v0.8.0
[INFO] [stderr]    Compiling ansi_term v0.11.0
[INFO] [stderr]    Compiling bindgen v0.53.3
[INFO] [stderr]    Compiling peeking_take_while v0.1.2
[INFO] [stderr]    Compiling shlex v0.1.1
[INFO] [stderr]    Compiling lazycell v1.3.0
[INFO] [stderr]    Compiling rustc-hash v1.1.0
[INFO] [stderr]    Compiling subtle v2.4.0
[INFO] [stderr]    Compiling getrandom v0.2.2
[INFO] [stderr]    Compiling ppv-lite86 v0.2.10
[INFO] [stderr]    Compiling funty v1.1.0
[INFO] [stderr]    Compiling radium v0.3.0
[INFO] [stderr]    Compiling unicode-segmentation v1.7.1
[INFO] [stderr]    Compiling wyz v0.2.0
[INFO] [stderr]    Compiling itoa v0.4.7
[INFO] [stderr]    Compiling const-oid v0.4.5
[INFO] [stderr]    Compiling proc-macro-hack v0.5.19
[INFO] [stderr]    Compiling version_check v0.1.5
[INFO] [stderr]    Compiling pin-project-lite v0.2.4
[INFO] [stderr]    Compiling zeroize v1.2.0
[INFO] [stderr]    Compiling smallvec v1.4.1
[INFO] [stderr]    Compiling scopeguard v1.1.0
[INFO] [stderr]    Compiling cpuid-bool v0.1.2
[INFO] [stderr]    Compiling const_fn v0.4.5
[INFO] [stderr]    Compiling opaque-debug v0.3.0
[INFO] [stderr]    Compiling snap v1.0.4
[INFO] [stderr]    Compiling base64 v0.13.0
[INFO] [stderr]    Compiling plain v0.2.3
[INFO] [stderr]    Compiling remove_dir_all v0.5.3
[INFO] [stderr]    Compiling nix v0.18.0
[INFO] [stderr]    Compiling stable_deref_trait v1.2.0
[INFO] [stderr]    Compiling geobacter-runtime-core v1.0.0 (https://github.com/geobacter-rs/geobacter?rev=ee15a1403f7536f3e306b86c80354d1332717db6#ee15a140)
[INFO] [stderr]    Compiling mopa v0.2.2
[INFO] [stderr]    Compiling serde_json v1.0.62
[INFO] [stderr]    Compiling ref-cast v1.0.6
[INFO] [stderr]    Compiling alloc-wg v0.9.0 (https://github.com/geobacter-rs/alloc-wg?rev=501dd301ef4834993c9a807a1b72147fa0e41784#501dd301)
[INFO] [stderr]    Compiling hashbrown v0.9.1
[INFO] [stderr]    Compiling seahash v4.1.0
[INFO] [stderr]    Compiling ansi_term v0.12.1
[INFO] [stderr]    Compiling strsim v0.10.0
[INFO] [stderr]    Compiling os_str_bytes v2.4.0
[INFO] [stderr]    Compiling hex v0.4.2
[INFO] [stderr]    Compiling humantime v1.3.0
[INFO] [stderr]    Compiling textwrap v0.11.0
[INFO] [stderr]    Compiling textwrap v0.12.1
[INFO] [stderr]    Compiling thread_local v1.1.3
[INFO] [stdout] error[E0554]: `#![feature]` may not be used on the stable release channel
[INFO] [stdout]   --> /opt/rustwide/cargo-home/registry/src/github.com-1ecc6299db9ec823/smallvec-1.4.1/lib.rs:74:32
[INFO] [stdout]    |
[INFO] [stdout] 74 | #![cfg_attr(feature = "union", feature(untagged_unions))]
[INFO] [stdout]    |                                ^^^^^^^^^^^^^^^^^^^^^^^^
[INFO] [stdout] 
[INFO] [stdout] 
[INFO] [stderr]    Compiling owning_ref v0.4.1
[INFO] [stdout] error[E0554]: `#![feature]` may not be used on the stable release channel
[INFO] [stdout]   --> /opt/rustwide/cargo-home/registry/src/github.com-1ecc6299db9ec823/smallvec-1.4.1/lib.rs:76:37
[INFO] [stdout]    |
[INFO] [stdout] 76 | #![cfg_attr(feature = "may_dangle", feature(dropck_eyepatch))]
[INFO] [stdout]    |                                     ^^^^^^^^^^^^^^^^^^^^^^^^
[INFO] [stdout] 
[INFO] [stdout] 
[INFO] [stdout] error: aborting due to 2 previous errors
[INFO] [stdout] 
[INFO] [stdout] 
[INFO] [stderr] error: could not compile `smallvec`
[INFO] [stderr] 
[INFO] [stdout] For more information about this error, try `rustc --explain E0554`.
[INFO] [stdout] 
[INFO] [stderr] To learn more, run the command again with --verbose.
[INFO] [stderr] warning: build failed, waiting for other jobs to finish...
[INFO] [stdout] error[E0557]: feature has been removed
[INFO] [stdout]   --> /opt/rustwide/cargo-home/git/checkouts/alloc-wg-26c6d27e72e5ab98/501dd30/src/lib.rs:22:5
[INFO] [stdout]    |
[INFO] [stdout] 22 |     const_fn,
[INFO] [stdout]    |     ^^^^^^^^ feature has been removed
[INFO] [stdout]    |
[INFO] [stdout]    = note: split into finer-grained feature gates
[INFO] [stdout] 
[INFO] [stdout] 
[INFO] [stdout] error[E0432]: unresolved import `crate::alloc::AllocRef`
[INFO] [stdout]   --> /opt/rustwide/cargo-home/git/checkouts/alloc-wg-26c6d27e72e5ab98/501dd30/src/boxed.rs:82:45
[INFO] [stdout]    |
[INFO] [stdout] 82 |     alloc::{handle_alloc_error, AllocError, AllocRef, Global, Layout},
[INFO] [stdout]    |                                             ^^^^^^^^ no `AllocRef` in `alloc`
[INFO] [stdout] 
[INFO] [stdout] 
[INFO] [stdout] error[E0432]: unresolved import `crate::alloc::AllocRef`
[INFO] [stdout]   --> /opt/rustwide/cargo-home/git/checkouts/alloc-wg-26c6d27e72e5ab98/501dd30/src/btree/map.rs:21:20
[INFO] [stdout]    |
[INFO] [stdout] 21 | use crate::alloc::{AllocRef, Global};
[INFO] [stdout]    |                    ^^^^^^^^ no `AllocRef` in `alloc`
[INFO] [stdout] 
[INFO] [stdout] 
[INFO] [stdout] error[E0432]: unresolved import `crate::alloc::AllocRef`
[INFO] [stdout]   --> /opt/rustwide/cargo-home/git/checkouts/alloc-wg-26c6d27e72e5ab98/501dd30/src/btree/navigate.rs:19:5
[INFO] [stdout]    |
[INFO] [stdout] 19 | use crate::alloc::AllocRef;
[INFO] [stdout]    |     ^^^^^^^^^^^^^^^^^^^^^^ no `AllocRef` in `alloc`
[INFO] [stdout] 
[INFO] [stdout] 
[INFO] [stdout] error[E0432]: unresolved import `crate::alloc::AllocRef`
[INFO] [stdout]   --> /opt/rustwide/cargo-home/git/checkouts/alloc-wg-26c6d27e72e5ab98/501dd30/src/btree/node.rs:43:13
[INFO] [stdout]    |
[INFO] [stdout] 43 |     alloc::{AllocRef, Layout},
[INFO] [stdout]    |             ^^^^^^^^ no `AllocRef` in `alloc`
[INFO] [stdout] 
[INFO] [stdout] 
[INFO] [stdout] error[E0432]: unresolved import `crate::alloc::AllocRef`
[INFO] [stdout]   --> /opt/rustwide/cargo-home/git/checkouts/alloc-wg-26c6d27e72e5ab98/501dd30/src/btree/set.rs:23:20
[INFO] [stdout]    |
[INFO] [stdout] 23 | use crate::alloc::{AllocRef, Global};
[INFO] [stdout]    |                    ^^^^^^^^ no `AllocRef` in `alloc`
[INFO] [stdout] 
[INFO] [stdout] 
[INFO] [stdout] error[E0432]: unresolved import `crate::alloc::AllocRef`
[INFO] [stdout]  --> /opt/rustwide/cargo-home/git/checkouts/alloc-wg-26c6d27e72e5ab98/501dd30/src/clone.rs:1:13
[INFO] [stdout]   |
[INFO] [stdout] 1 | use crate::{alloc::AllocRef, collections::TryReserveError};
[INFO] [stdout]   |             ^^^^^^^^^^^^^^^ no `AllocRef` in `alloc`
[INFO] [stdout] 
[INFO] [stdout] 
[INFO] [stdout] error[E0432]: unresolved import `crate::alloc::AllocRef`
[INFO] [stdout]  --> /opt/rustwide/cargo-home/git/checkouts/alloc-wg-26c6d27e72e5ab98/501dd30/src/iter.rs:1:13
[INFO] [stdout]   |
[INFO] [stdout] 1 | use crate::{alloc::AllocRef, collections::TryReserveError};
[INFO] [stdout]   |             ^^^^^^^^^^^^^^^ no `AllocRef` in `alloc`
[INFO] [stdout] 
[INFO] [stdout] 
[INFO] [stdout] error[E0432]: unresolved import `crate::alloc::AllocRef`
[INFO] [stdout]   --> /opt/rustwide/cargo-home/git/checkouts/alloc-wg-26c6d27e72e5ab98/501dd30/src/raw_vec.rs:13:33
[INFO] [stdout]    |
[INFO] [stdout] 13 |     alloc::{handle_alloc_error, AllocRef, Global, Layout},
[INFO] [stdout]    |                                 ^^^^^^^^ no `AllocRef` in `alloc`
[INFO] [stdout] 
[INFO] [stdout] 
[INFO] [stdout] error[E0432]: unresolved import `crate::alloc::AllocRef`
[INFO] [stdout]   --> /opt/rustwide/cargo-home/git/checkouts/alloc-wg-26c6d27e72e5ab98/501dd30/src/str/mod.rs:31:5
[INFO] [stdout]    |
[INFO] [stdout] 31 |     alloc::AllocRef,
[INFO] [stdout]    |     ^^^^^^^^^^^^^^^ no `AllocRef` in `alloc`
[INFO] [stdout] 
[INFO] [stdout] 
[INFO] [stdout] error[E0432]: unresolved import `crate::alloc::AllocRef`
[INFO] [stdout]   --> /opt/rustwide/cargo-home/git/checkouts/alloc-wg-26c6d27e72e5ab98/501dd30/src/string.rs:55:13
[INFO] [stdout]    |
[INFO] [stdout] 55 |     alloc::{AllocRef, Global},
[INFO] [stdout]    |             ^^^^^^^^ no `AllocRef` in `alloc`
[INFO] [stdout] 
[INFO] [stdout] 
[INFO] [stdout] error[E0432]: unresolved import `crate::alloc::AllocRef`
[INFO] [stdout]     --> /opt/rustwide/cargo-home/git/checkouts/alloc-wg-26c6d27e72e5ab98/501dd30/src/string.rs:2155:9
[INFO] [stdout]      |
[INFO] [stdout] 2155 |     use crate::alloc::AllocRef;
[INFO] [stdout]      |         ^^^^^^^^^^^^^^^^^^^^^^ no `AllocRef` in `alloc`
[INFO] [stdout] 
[INFO] [stdout] 
[INFO] [stdout] error[E0432]: unresolved import `core::alloc::AllocRef`
[INFO] [stdout]  --> /opt/rustwide/cargo-home/git/checkouts/alloc-wg-26c6d27e72e5ab98/501dd30/src/sync.rs:7:31
[INFO] [stdout]   |
[INFO] [stdout] 7 | use core::alloc::{AllocError, AllocRef, Layout};
[INFO] [stdout]   |                               ^^^^^^^^ no `AllocRef` in `alloc`
[INFO] [stdout] 
[INFO] [stdout] 
[INFO] [stdout] error[E0432]: unresolved import `crate::alloc::AllocRef`
[INFO] [stdout]   --> /opt/rustwide/cargo-home/git/checkouts/alloc-wg-26c6d27e72e5ab98/501dd30/src/vec.rs:72:33
[INFO] [stdout]    |
[INFO] [stdout] 72 |     alloc::{handle_alloc_error, AllocRef, Global},
[INFO] [stdout]    |                                 ^^^^^^^^ no `AllocRef` in `alloc`
[INFO] [stdout] 
[INFO] [stdout] 
[INFO] [stdout] error[E0554]: `#![feature]` may not be used on the stable release channel
[INFO] [stdout]   --> /opt/rustwide/cargo-home/git/checkouts/alloc-wg-26c6d27e72e5ab98/501dd30/src/lib.rs:16:1
[INFO] [stdout]    |
[INFO] [stdout] 16 | / #![feature(
[INFO] [stdout] 17 | |     allocator_api,
[INFO] [stdout] 18 | |     alloc_layout_extra,
[INFO] [stdout] 19 | |     cfg_sanitize,
[INFO] [stdout] ...  |
[INFO] [stdout] 53 | |     unsized_locals
[INFO] [stdout] 54 | | )]
[INFO] [stdout]    | |__^
[INFO] [stdout]    |
[INFO] [stdout]    = help: the feature `or_patterns` has been stable since 1.53.0 and no longer requires an attribute to enable
[INFO] [stdout]    = help: the feature `unsafe_block_in_unsafe_fn` has been stable since 1.52.0 and no longer requires an attribute to enable
[INFO] [stdout] 
[INFO] [stdout] 
[INFO] [stdout] error[E0554]: `#![feature]` may not be used on the stable release channel
[INFO] [stdout]   --> /opt/rustwide/cargo-home/git/checkouts/alloc-wg-26c6d27e72e5ab98/501dd30/src/lib.rs:55:1
[INFO] [stdout]    |
[INFO] [stdout] 55 | #![feature(btree_drain_filter)]
[INFO] [stdout]    | ^^^^^^^^^^^^^^^^^^^^^^^^^^^^^^^
[INFO] [stdout] 
[INFO] [stdout] 
[INFO] [stdout] error[E0554]: `#![feature]` may not be used on the stable release channel
[INFO] [stdout]   --> /opt/rustwide/cargo-home/git/checkouts/alloc-wg-26c6d27e72e5ab98/501dd30/src/lib.rs:56:1
[INFO] [stdout]    |
[INFO] [stdout] 56 | #![feature(map_first_last)]
[INFO] [stdout]    | ^^^^^^^^^^^^^^^^^^^^^^^^^^^
[INFO] [stdout] 
[INFO] [stdout] 
[INFO] [stdout] error[E0554]: `#![feature]` may not be used on the stable release channel
[INFO] [stdout]   --> /opt/rustwide/cargo-home/git/checkouts/alloc-wg-26c6d27e72e5ab98/501dd30/src/lib.rs:57:1
[INFO] [stdout]    |
[INFO] [stdout] 57 | #![feature(layout_for_ptr)]
[INFO] [stdout]    | ^^^^^^^^^^^^^^^^^^^^^^^^^^^
[INFO] [stdout] 
[INFO] [stdout] 
[INFO] [stdout] error[E0463]: can't find crate for `rustc_driver`
[INFO] [stdout]   --> /opt/rustwide/cargo-home/git/checkouts/geobacter-f204148e245b103a/ee15a14/runtime-core/build.rs:11:1
[INFO] [stdout]    |
[INFO] [stdout] 11 | extern crate rustc_driver;
[INFO] [stdout]    | ^^^^^^^^^^^^^^^^^^^^^^^^^^ can't find crate
[INFO] [stdout] 
[INFO] [stdout] 
[INFO] [stdout] error: aborting due to previous error
[INFO] [stdout] 
[INFO] [stdout] 
[INFO] [stdout] For more information about this error, try `rustc --explain E0463`.
[INFO] [stdout] 
[INFO] [stdout] error: aborting due to 18 previous errors
[INFO] [stdout] 
[INFO] [stdout] 
[INFO] [stdout] Some errors have detailed explanations: E0432, E0554, E0557.
[INFO] [stdout] 
[INFO] [stdout] For more information about an error, try `rustc --explain E0432`.
[INFO] [stdout] 
[INFO] [stderr] error: build failed
[INFO] running `Command { std: "docker" "inspect" "64fcc2025d8a6a48a292ce926e688337413b3edb3d5aa006654152bdca8430b2", kill_on_drop: false }`
[INFO] running `Command { std: "docker" "rm" "-f" "64fcc2025d8a6a48a292ce926e688337413b3edb3d5aa006654152bdca8430b2", kill_on_drop: false }`
[INFO] [stdout] 64fcc2025d8a6a48a292ce926e688337413b3edb3d5aa006654152bdca8430b2
