[INFO] cloning repository https://github.com/FauxFaux/upiped-rs
[INFO] running `Command { std: "git" "-c" "credential.helper=" "-c" "credential.helper=/workspace/cargo-home/bin/git-credential-null" "clone" "--bare" "https://github.com/FauxFaux/upiped-rs" "/workspace/cache/git-repos/https%3A%2F%2Fgithub.com%2FFauxFaux%2Fupiped-rs", kill_on_drop: false }`
[INFO] [stderr] Cloning into bare repository '/workspace/cache/git-repos/https%3A%2F%2Fgithub.com%2FFauxFaux%2Fupiped-rs'...
[INFO] running `Command { std: "git" "rev-parse" "HEAD", kill_on_drop: false }`
[INFO] [stdout] 97d2973b072f954955353f292e730858eeb51d71
[INFO] testing FauxFaux/upiped-rs against beta-2021-08-01 for beta-1.55-1
[INFO] running `Command { std: "git" "clone" "/workspace/cache/git-repos/https%3A%2F%2Fgithub.com%2FFauxFaux%2Fupiped-rs" "/workspace/builds/worker-13/source", kill_on_drop: false }`
[INFO] [stderr] Cloning into '/workspace/builds/worker-13/source'...
[INFO] [stderr] done.
[INFO] validating manifest of git repo https://github.com/FauxFaux/upiped-rs on toolchain beta-2021-08-01
[INFO] running `Command { std: "/workspace/cargo-home/bin/cargo" "+beta-2021-08-01" "metadata" "--manifest-path" "Cargo.toml" "--no-deps", kill_on_drop: false }`
[INFO] started tweaking git repo https://github.com/FauxFaux/upiped-rs
[INFO] finished tweaking git repo https://github.com/FauxFaux/upiped-rs
[INFO] tweaked toml for git repo https://github.com/FauxFaux/upiped-rs written to /workspace/builds/worker-13/source/Cargo.toml
[INFO] crate git repo https://github.com/FauxFaux/upiped-rs already has a lockfile, it will not be regenerated
[INFO] running `Command { std: "/workspace/cargo-home/bin/cargo" "+beta-2021-08-01" "fetch" "--manifest-path" "Cargo.toml", kill_on_drop: false }`
[INFO] [stderr]     Updating git repository `https://github.com/mcginty/x25519-dalek`
[INFO] [stderr]     Blocking waiting for file lock on package cache
[INFO] running `Command { std: "docker" "create" "-v" "/var/lib/crater-agent-workspace/builds/worker-13/target:/opt/rustwide/target:rw,Z" "-v" "/var/lib/crater-agent-workspace/builds/worker-13/source:/opt/rustwide/workdir:ro,Z" "-v" "/var/lib/crater-agent-workspace/cargo-home:/opt/rustwide/cargo-home:ro,Z" "-v" "/var/lib/crater-agent-workspace/rustup-home:/opt/rustwide/rustup-home:ro,Z" "-e" "SOURCE_DIR=/opt/rustwide/workdir" "-e" "CARGO_TARGET_DIR=/opt/rustwide/target" "-e" "CARGO_HOME=/opt/rustwide/cargo-home" "-e" "RUSTUP_HOME=/opt/rustwide/rustup-home" "-w" "/opt/rustwide/workdir" "-m" "1610612736" "--user" "0:0" "--network" "none" "ghcr.io/rust-lang/crates-build-env/linux@sha256:34b6a614d2c27851fe6cbf88fbd1137609cefab8b10d0615aaeb6fd47975d74e" "/opt/rustwide/cargo-home/bin/cargo" "+beta-2021-08-01" "metadata" "--no-deps" "--format-version=1", kill_on_drop: false }`
[INFO] [stdout] 163b4a25a43f7fb2bad93ce42cb7ac22eedb9a74a46f6129a475e21dceeb37fd
[INFO] running `Command { std: "docker" "start" "-a" "163b4a25a43f7fb2bad93ce42cb7ac22eedb9a74a46f6129a475e21dceeb37fd", kill_on_drop: false }`
[INFO] running `Command { std: "docker" "inspect" "163b4a25a43f7fb2bad93ce42cb7ac22eedb9a74a46f6129a475e21dceeb37fd", kill_on_drop: false }`
[INFO] running `Command { std: "docker" "rm" "-f" "163b4a25a43f7fb2bad93ce42cb7ac22eedb9a74a46f6129a475e21dceeb37fd", kill_on_drop: false }`
[INFO] [stdout] 163b4a25a43f7fb2bad93ce42cb7ac22eedb9a74a46f6129a475e21dceeb37fd
[INFO] running `Command { std: "docker" "create" "-v" "/var/lib/crater-agent-workspace/builds/worker-13/target:/opt/rustwide/target:rw,Z" "-v" "/var/lib/crater-agent-workspace/builds/worker-13/source:/opt/rustwide/workdir:ro,Z" "-v" "/var/lib/crater-agent-workspace/cargo-home:/opt/rustwide/cargo-home:ro,Z" "-v" "/var/lib/crater-agent-workspace/rustup-home:/opt/rustwide/rustup-home:ro,Z" "-e" "SOURCE_DIR=/opt/rustwide/workdir" "-e" "CARGO_TARGET_DIR=/opt/rustwide/target" "-e" "CARGO_INCREMENTAL=0" "-e" "RUST_BACKTRACE=full" "-e" "RUSTFLAGS=--cap-lints=warn" "-e" "CARGO_HOME=/opt/rustwide/cargo-home" "-e" "RUSTUP_HOME=/opt/rustwide/rustup-home" "-w" "/opt/rustwide/workdir" "-m" "1610612736" "--user" "0:0" "--network" "none" "ghcr.io/rust-lang/crates-build-env/linux@sha256:34b6a614d2c27851fe6cbf88fbd1137609cefab8b10d0615aaeb6fd47975d74e" "/opt/rustwide/cargo-home/bin/cargo" "+beta-2021-08-01" "build" "--frozen" "--message-format=json", kill_on_drop: false }`
[INFO] [stdout] b92ec0507a8651ae013471bd5da13493d8ee0dfc47b5249e777249231ead3416
[INFO] running `Command { std: "docker" "start" "-a" "b92ec0507a8651ae013471bd5da13493d8ee0dfc47b5249e777249231ead3416", kill_on_drop: false }`
[INFO] [stderr]     Blocking waiting for file lock on package cache
[INFO] [stderr]     Blocking waiting for file lock on package cache
[INFO] [stderr]    Compiling libc v0.2.42
[INFO] [stderr]    Compiling cc v1.0.18
[INFO] [stderr]    Compiling typenum v1.10.0
[INFO] [stderr]    Compiling rand_core v0.2.1
[INFO] [stderr]    Compiling byteorder v1.2.3
[INFO] [stderr]    Compiling subtle v0.6.3
[INFO] [stderr]    Compiling ansi_term v0.11.0
[INFO] [stderr]    Compiling rustc-demangle v0.1.9
[INFO] [stderr]    Compiling unicode-width v0.1.5
[INFO] [stderr]    Compiling termcolor v0.3.6
[INFO] [stderr]    Compiling constant_time_eq v0.1.3
[INFO] [stderr]    Compiling lazycell v0.6.0
[INFO] [stderr]    Compiling bitflags v1.0.3
[INFO] [stderr]    Compiling slab v0.4.0
[INFO] [stderr]    Compiling vec_map v0.8.1
[INFO] [stderr]    Compiling maplit v1.0.1
[INFO] [stderr]    Compiling more-asserts v0.2.1
[INFO] [stderr]    Compiling cast v0.2.2
[INFO] [stderr]    Compiling log v0.4.3
[INFO] [stderr]    Compiling humantime v1.1.1
[INFO] [stderr]    Compiling syn v0.11.11
[INFO] [stdout] error[E0557]: feature has been removed
[INFO] [stdout]   --> /opt/rustwide/cargo-home/registry/src/github.com-1ecc6299db9ec823/subtle-0.6.3/src/lib.rs:14:42
[INFO] [stdout]    |
[INFO] [stdout] 14 | #![cfg_attr(feature = "nightly", feature(external_doc))]
[INFO] [stdout]    |                                          ^^^^^^^^^^^^ feature has been removed
[INFO] [stdout]    |
[INFO] [stdout]    = note: use #[doc = include_str!("filename")] instead, which handles macro invocations
[INFO] [stdout] 
[INFO] [stdout] 
[INFO] [stderr]    Compiling chacha20-poly1305-aead v0.1.2
[INFO] [stdout] error: the legacy LLVM-style asm! syntax is no longer supported
[INFO] [stdout]    --> /opt/rustwide/cargo-home/registry/src/github.com-1ecc6299db9ec823/subtle-0.6.3/src/lib.rs:110:14
[INFO] [stdout]     |
[INFO] [stdout] 110 |     unsafe { asm!("" :: "r"(&input) :: "volatile") }
[INFO] [stdout]     |              ----^^^^^^^^^^^^^^^^^^^^^^^^^^^^^^^^^
[INFO] [stdout]     |              |
[INFO] [stdout]     |              help: replace with: `llvm_asm!`
[INFO] [stdout]     |
[INFO] [stdout]     = note: consider migrating to the new asm! syntax specified in RFC 2873
[INFO] [stdout]     = note: alternatively, switch to llvm_asm! to keep your code working as it is
[INFO] [stdout] 
[INFO] [stdout] 
[INFO] [stdout] error[E0554]: `#![feature]` may not be used on the beta release channel
[INFO] [stdout]   --> /opt/rustwide/cargo-home/registry/src/github.com-1ecc6299db9ec823/subtle-0.6.3/src/lib.rs:13:34
[INFO] [stdout]    |
[INFO] [stdout] 13 | #![cfg_attr(feature = "nightly", feature(asm))]
[INFO] [stdout]    |                                  ^^^^^^^^^^^^
[INFO] [stdout] 
[INFO] [stdout] 
[INFO] [stdout] error[E0554]: `#![feature]` may not be used on the beta release channel
[INFO] [stdout]   --> /opt/rustwide/cargo-home/registry/src/github.com-1ecc6299db9ec823/subtle-0.6.3/src/lib.rs:14:34
[INFO] [stdout]    |
[INFO] [stdout] 14 | #![cfg_attr(feature = "nightly", feature(external_doc))]
[INFO] [stdout]    |                                  ^^^^^^^^^^^^^^^^^^^^^
[INFO] [stdout] 
[INFO] [stdout] 
[INFO] [stdout] error: aborting due to 4 previous errors
[INFO] [stdout] 
[INFO] [stdout] 
[INFO] [stdout] Some errors have detailed explanations: E0554, E0557.
[INFO] [stdout] 
[INFO] [stdout] For more information about an error, try `rustc --explain E0554`.
[INFO] [stdout] 
[INFO] [stderr] error: could not compile `subtle` due to 5 previous errors
[INFO] [stderr] warning: build failed, waiting for other jobs to finish...
[INFO] [stderr] error: build failed
[INFO] running `Command { std: "docker" "inspect" "b92ec0507a8651ae013471bd5da13493d8ee0dfc47b5249e777249231ead3416", kill_on_drop: false }`
[INFO] running `Command { std: "docker" "rm" "-f" "b92ec0507a8651ae013471bd5da13493d8ee0dfc47b5249e777249231ead3416", kill_on_drop: false }`
[INFO] [stdout] b92ec0507a8651ae013471bd5da13493d8ee0dfc47b5249e777249231ead3416
