[INFO] cloning repository https://github.com/FTB-Gamepedia/bunnybutt-rs
[INFO] running `Command { std: "git" "-c" "credential.helper=" "-c" "credential.helper=/workspace/cargo-home/bin/git-credential-null" "clone" "--bare" "https://github.com/FTB-Gamepedia/bunnybutt-rs" "/workspace/cache/git-repos/https%3A%2F%2Fgithub.com%2FFTB-Gamepedia%2Fbunnybutt-rs", kill_on_drop: false }`
[INFO] [stderr] Cloning into bare repository '/workspace/cache/git-repos/https%3A%2F%2Fgithub.com%2FFTB-Gamepedia%2Fbunnybutt-rs'...
[INFO] running `Command { std: "git" "rev-parse" "HEAD", kill_on_drop: false }`
[INFO] [stdout] 10f5f437f8c8e85479b17e0801adcd5c4e45e450
[INFO] testing FTB-Gamepedia/bunnybutt-rs against beta-2021-08-01 for beta-1.55-1
[INFO] running `Command { std: "git" "clone" "/workspace/cache/git-repos/https%3A%2F%2Fgithub.com%2FFTB-Gamepedia%2Fbunnybutt-rs" "/workspace/builds/worker-26/source", kill_on_drop: false }`
[INFO] [stderr] Cloning into '/workspace/builds/worker-26/source'...
[INFO] [stderr] done.
[INFO] validating manifest of git repo https://github.com/FTB-Gamepedia/bunnybutt-rs on toolchain beta-2021-08-01
[INFO] running `Command { std: "/workspace/cargo-home/bin/cargo" "+beta-2021-08-01" "metadata" "--manifest-path" "Cargo.toml" "--no-deps", kill_on_drop: false }`
[INFO] started tweaking git repo https://github.com/FTB-Gamepedia/bunnybutt-rs
[INFO] finished tweaking git repo https://github.com/FTB-Gamepedia/bunnybutt-rs
[INFO] tweaked toml for git repo https://github.com/FTB-Gamepedia/bunnybutt-rs written to /workspace/builds/worker-26/source/Cargo.toml
[INFO] crate git repo https://github.com/FTB-Gamepedia/bunnybutt-rs already has a lockfile, it will not be regenerated
[INFO] running `Command { std: "/workspace/cargo-home/bin/cargo" "+beta-2021-08-01" "fetch" "--manifest-path" "Cargo.toml", kill_on_drop: false }`
[INFO] [stderr]     Blocking waiting for file lock on package cache
[INFO] [stderr]     Blocking waiting for file lock on package cache
[INFO] [stderr]  Downloading crates ...
[INFO] [stderr]   Downloaded irc v0.11.8
[INFO] running `Command { std: "docker" "create" "-v" "/var/lib/crater-agent-workspace/builds/worker-26/target:/opt/rustwide/target:rw,Z" "-v" "/var/lib/crater-agent-workspace/builds/worker-26/source:/opt/rustwide/workdir:ro,Z" "-v" "/var/lib/crater-agent-workspace/cargo-home:/opt/rustwide/cargo-home:ro,Z" "-v" "/var/lib/crater-agent-workspace/rustup-home:/opt/rustwide/rustup-home:ro,Z" "-e" "SOURCE_DIR=/opt/rustwide/workdir" "-e" "CARGO_TARGET_DIR=/opt/rustwide/target" "-e" "CARGO_HOME=/opt/rustwide/cargo-home" "-e" "RUSTUP_HOME=/opt/rustwide/rustup-home" "-w" "/opt/rustwide/workdir" "-m" "1610612736" "--user" "0:0" "--network" "none" "ghcr.io/rust-lang/crates-build-env/linux@sha256:34b6a614d2c27851fe6cbf88fbd1137609cefab8b10d0615aaeb6fd47975d74e" "/opt/rustwide/cargo-home/bin/cargo" "+beta-2021-08-01" "metadata" "--no-deps" "--format-version=1", kill_on_drop: false }`
[INFO] [stdout] b44265b78fda18696d5a50e5ee2ae82e3b5579ce6e01b254614cb80e2d03c802
[INFO] running `Command { std: "docker" "start" "-a" "b44265b78fda18696d5a50e5ee2ae82e3b5579ce6e01b254614cb80e2d03c802", kill_on_drop: false }`
[INFO] running `Command { std: "docker" "inspect" "b44265b78fda18696d5a50e5ee2ae82e3b5579ce6e01b254614cb80e2d03c802", kill_on_drop: false }`
[INFO] running `Command { std: "docker" "rm" "-f" "b44265b78fda18696d5a50e5ee2ae82e3b5579ce6e01b254614cb80e2d03c802", kill_on_drop: false }`
[INFO] [stdout] b44265b78fda18696d5a50e5ee2ae82e3b5579ce6e01b254614cb80e2d03c802
[INFO] running `Command { std: "docker" "create" "-v" "/var/lib/crater-agent-workspace/builds/worker-26/target:/opt/rustwide/target:rw,Z" "-v" "/var/lib/crater-agent-workspace/builds/worker-26/source:/opt/rustwide/workdir:ro,Z" "-v" "/var/lib/crater-agent-workspace/cargo-home:/opt/rustwide/cargo-home:ro,Z" "-v" "/var/lib/crater-agent-workspace/rustup-home:/opt/rustwide/rustup-home:ro,Z" "-e" "SOURCE_DIR=/opt/rustwide/workdir" "-e" "CARGO_TARGET_DIR=/opt/rustwide/target" "-e" "CARGO_INCREMENTAL=0" "-e" "RUST_BACKTRACE=full" "-e" "RUSTFLAGS=--cap-lints=warn" "-e" "CARGO_HOME=/opt/rustwide/cargo-home" "-e" "RUSTUP_HOME=/opt/rustwide/rustup-home" "-w" "/opt/rustwide/workdir" "-m" "1610612736" "--user" "0:0" "--network" "none" "ghcr.io/rust-lang/crates-build-env/linux@sha256:34b6a614d2c27851fe6cbf88fbd1137609cefab8b10d0615aaeb6fd47975d74e" "/opt/rustwide/cargo-home/bin/cargo" "+beta-2021-08-01" "build" "--frozen" "--message-format=json", kill_on_drop: false }`
[INFO] [stdout] 2a422d364e804ae1227f8127ce6741d74142613b73fac1c9eceddb30905f0b15
[INFO] running `Command { std: "docker" "start" "-a" "2a422d364e804ae1227f8127ce6741d74142613b73fac1c9eceddb30905f0b15", kill_on_drop: false }`
[INFO] [stderr]     Blocking waiting for file lock on package cache
[INFO] [stderr]    Compiling autocfg v0.1.5
[INFO] [stderr]    Compiling cc v1.0.38
[INFO] [stderr]    Compiling lazy_static v1.3.0
[INFO] [stderr]    Compiling rand_core v0.4.2
[INFO] [stderr]    Compiling smallvec v0.6.10
[INFO] [stderr]    Compiling futures v0.1.28
[INFO] [stderr]    Compiling log v0.4.8
[INFO] [stderr]    Compiling version_check v0.1.5
[INFO] [stderr]    Compiling either v1.5.2
[INFO] [stderr]    Compiling syn v0.15.44
[INFO] [stderr]    Compiling slab v0.4.2
[INFO] [stderr]    Compiling matches v0.1.8
[INFO] [stderr]    Compiling itoa v0.4.4
[INFO] [stderr]    Compiling stable_deref_trait v1.1.1
[INFO] [stderr]    Compiling arrayvec v0.4.11
[INFO] [stderr]    Compiling pkg-config v0.3.15
[INFO] [stderr]    Compiling scopeguard v0.3.3
[INFO] [stderr]    Compiling nodrop v0.1.13
[INFO] [stderr]    Compiling memchr v2.2.1
[INFO] [stderr]    Compiling scopeguard v1.0.0
[INFO] [stderr]    Compiling percent-encoding v1.0.1
[INFO] [stderr]    Compiling serde v1.0.98
[INFO] [stderr]    Compiling rustc-demangle v0.1.15
[INFO] [stderr]    Compiling httparse v1.3.4
[INFO] [stderr]    Compiling openssl v0.10.24
[INFO] [stderr]    Compiling ryu v1.0.0
[INFO] [stderr]    Compiling foreign-types-shared v0.1.1
[INFO] [stderr]    Compiling regex-syntax v0.6.11
[INFO] [stderr]    Compiling indexmap v1.0.2
[INFO] [stderr]    Compiling native-tls v0.2.3
[INFO] [stderr]    Compiling try-lock v0.2.2
[INFO] [stderr]    Compiling adler32 v1.0.3
[INFO] [stderr]    Compiling encoding_rs v0.8.17
[INFO] [stderr]    Compiling openssl-probe v0.1.2
[INFO] [stderr]    Compiling dtoa v0.4.4
[INFO] [stderr]    Compiling percent-encoding v2.1.0
[INFO] [stderr]    Compiling try_from v0.3.2
[INFO] [stderr]    Compiling iovec v0.1.2
[INFO] [stderr]    Compiling num_cpus v1.10.1
[INFO] [stderr]    Compiling net2 v0.2.33
[INFO] [stderr]    Compiling time v0.1.42
[INFO] [stderr]    Compiling crc32fast v1.2.0
[INFO] [stderr]    Compiling memoffset v0.5.1
[INFO] [stderr]    Compiling parking_lot_core v0.4.0
[INFO] [stderr]    Compiling hyper v0.12.33
[INFO] [stderr]    Compiling base64 v0.10.1
[INFO] [stderr]    Compiling miniz_oxide v0.3.1
[INFO] [stderr]    Compiling crossbeam-utils v0.6.6
[INFO] [stderr]    Compiling thread_local v0.3.6
[INFO] [stderr]    Compiling unicode-bidi v0.3.4
[INFO] [stderr]    Compiling bytes v0.4.12
[INFO] [stderr]    Compiling owning_ref v0.4.0
[INFO] [stderr]    Compiling foreign-types v0.3.2
[INFO] [stderr]    Compiling irc v0.11.8
[INFO] [stderr]    Compiling unicase v2.4.0
[INFO] [stderr]    Compiling error-chain v0.12.1
[INFO] [stderr]    Compiling unicode-normalization v0.1.8
[INFO] [stderr]    Compiling rand_core v0.3.1
[INFO] [stderr]    Compiling rand_os v0.1.3
[INFO] [stderr]    Compiling rand_jitter v0.1.4
[INFO] [stderr]    Compiling rand_chacha v0.1.1
[INFO] [stderr]    Compiling rand_pcg v0.1.2
[INFO] [stderr]    Compiling rand v0.6.5
[INFO] [stderr]    Compiling openssl-sys v0.9.48
[INFO] [stderr]    Compiling backtrace-sys v0.1.31
[INFO] [stderr]    Compiling miniz_oxide_c_api v0.2.3
[INFO] [stderr]    Compiling tokio-sync v0.1.6
[INFO] [stderr]    Compiling futures-cpupool v0.1.8
[INFO] [stderr]    Compiling http v0.1.18
[INFO] [stderr]    Compiling tokio-buf v0.1.1
[INFO] [stderr]    Compiling string v0.2.1
[INFO] [stderr]    Compiling rand_isaac v0.1.1
[INFO] [stderr]    Compiling rand_xorshift v0.1.1
[INFO] [stderr]    Compiling rand_hc v0.1.0
[INFO] [stderr]    Compiling tokio-executor v0.1.8
[INFO] [stderr]    Compiling crossbeam-queue v0.1.2
[INFO] [stderr]    Compiling lock_api v0.1.5
[INFO] [stderr]    Compiling tokio-io v0.1.12
[INFO] [stderr]    Compiling mio v0.6.19
[INFO] [stderr]    Compiling want v0.2.0
[INFO] [stderr]    Compiling idna v0.1.5
[INFO] [stderr]    Compiling idna v0.2.0
[INFO] [stderr]    Compiling tokio-current-thread v0.1.6
[INFO] [stderr]    Compiling tokio-timer v0.2.11
[INFO] [stderr]    Compiling url v2.1.0
[INFO] [stderr]    Compiling url v1.7.2
[INFO] [stderr]    Compiling h2 v0.1.26
[INFO] [stderr]    Compiling http-body v0.1.0
[INFO] [stderr]    Compiling crossbeam-epoch v0.7.2
[INFO] [stderr]    Compiling flate2 v1.0.9
[INFO] [stderr]    Compiling aho-corasick v0.7.6
[INFO] [stderr]    Compiling crossbeam-deque v0.7.1
[INFO] [stderr]    Compiling cookie v0.12.0
[INFO] [stderr]    Compiling mime v0.3.13
[INFO] [stderr]    Compiling synstructure v0.10.2
[INFO] [stderr]    Compiling mime_guess v2.0.1
[INFO] [stderr]    Compiling tokio-threadpool v0.1.15
[INFO] [stderr]    Compiling uuid v0.7.4
[INFO] [stderr]    Compiling regex v1.2.1
[INFO] [stderr]    Compiling serde_derive v1.0.98
[INFO] [stderr]    Compiling parking_lot v0.7.1
[INFO] [stderr]    Compiling backtrace v0.3.34
[INFO] [stderr]    Compiling failure_derive v0.1.5
[INFO] [stderr]    Compiling tokio-reactor v0.1.9
[INFO] [stderr]    Compiling tokio-tcp v0.1.3
[INFO] [stderr]    Compiling publicsuffix v1.5.2
[INFO] [stderr]    Compiling tokio v0.1.22
[INFO] [stderr]    Compiling failure v0.1.5
[INFO] [stderr]    Compiling hyper-tls v0.3.2
[INFO] [stderr]    Compiling serde_json v1.0.40
[INFO] [stderr]    Compiling serde_urlencoded v0.5.5
[INFO] [stderr]    Compiling cookie_store v0.7.0
[INFO] [stderr]    Compiling reqwest v0.9.19
[INFO] [stderr]    Compiling mediawiki v0.0.1 (https://github.com/FTB-Gamepedia/mediawiki-rs.git#d09bae79)
[INFO] [stdout] error[E0432]: unresolved import `std::option::NoneError`
[INFO] [stdout]   --> /opt/rustwide/cargo-home/git/checkouts/mediawiki-rs-ccdb6ca811e3accb/d09bae7/src/lib.rs:17:5
[INFO] [stdout]    |
[INFO] [stdout] 17 |     option::NoneError,
[INFO] [stdout]    |     ^^^^^^^^^^^^^^^^^ no `NoneError` in `option`
[INFO] [stdout] 
[INFO] [stdout] 
[INFO] [stdout] error[E0554]: `#![feature]` may not be used on the beta release channel
[INFO] [stdout]  --> /opt/rustwide/cargo-home/git/checkouts/mediawiki-rs-ccdb6ca811e3accb/d09bae7/src/lib.rs:1:1
[INFO] [stdout]   |
[INFO] [stdout] 1 | #![feature(try_trait)]
[INFO] [stdout]   | ^^^^^^^^^^^^^^^^^^^^^^
[INFO] [stdout] 
[INFO] [stdout] 
[INFO] [stdout] error[E0277]: the `?` operator can only be used on `Result`s, not `Option`s, in a method that returns `Result`
[INFO] [stdout]    --> /opt/rustwide/cargo-home/git/checkouts/mediawiki-rs-ccdb6ca811e3accb/d09bae7/src/lib.rs:108:38
[INFO] [stdout]     |
[INFO] [stdout] 99  | /     pub fn login(&self) -> Result<(), Error> {
[INFO] [stdout] 100 | |         let token = self.get_token::<Login>()?;
[INFO] [stdout] 101 | |         let mut request = self.request();
[INFO] [stdout] 102 | |         request
[INFO] [stdout] ...   |
[INFO] [stdout] 108 | |         let inner = json.get("login")?;
[INFO] [stdout]     | |                                      ^ use `.ok_or(...)?` to provide an error compatible with `Result<(), Error>`
[INFO] [stdout] ...   |
[INFO] [stdout] 116 | |         }
[INFO] [stdout] 117 | |     }
[INFO] [stdout]     | |_____- this function returns a `Result`
[INFO] [stdout]     |
[INFO] [stdout]     = help: the trait `FromResidual<std::option::Option<Infallible>>` is not implemented for `Result<(), Error>`
[INFO] [stdout] note: required by `from_residual`
[INFO] [stdout] 
[INFO] [stdout] 
[INFO] [stdout] error[E0277]: the `?` operator can only be used on `Result`s, not `Option`s, in a method that returns `Result`
[INFO] [stdout]    --> /opt/rustwide/cargo-home/git/checkouts/mediawiki-rs-ccdb6ca811e3accb/d09bae7/src/lib.rs:109:41
[INFO] [stdout]     |
[INFO] [stdout] 99  | /     pub fn login(&self) -> Result<(), Error> {
[INFO] [stdout] 100 | |         let token = self.get_token::<Login>()?;
[INFO] [stdout] 101 | |         let mut request = self.request();
[INFO] [stdout] 102 | |         request
[INFO] [stdout] ...   |
[INFO] [stdout] 109 | |         let result = inner.get("result")?.as_str()?;
[INFO] [stdout]     | |                                         ^ use `.ok_or(...)?` to provide an error compatible with `Result<(), Error>`
[INFO] [stdout] ...   |
[INFO] [stdout] 116 | |         }
[INFO] [stdout] 117 | |     }
[INFO] [stdout]     | |_____- this function returns a `Result`
[INFO] [stdout]     |
[INFO] [stdout]     = help: the trait `FromResidual<std::option::Option<Infallible>>` is not implemented for `Result<(), Error>`
[INFO] [stdout] note: required by `from_residual`
[INFO] [stdout] 
[INFO] [stdout] 
[INFO] [stdout] error[E0277]: the `?` operator can only be used on `Result`s, not `Option`s, in a method that returns `Result`
[INFO] [stdout]    --> /opt/rustwide/cargo-home/git/checkouts/mediawiki-rs-ccdb6ca811e3accb/d09bae7/src/lib.rs:109:51
[INFO] [stdout]     |
[INFO] [stdout] 99  | /     pub fn login(&self) -> Result<(), Error> {
[INFO] [stdout] 100 | |         let token = self.get_token::<Login>()?;
[INFO] [stdout] 101 | |         let mut request = self.request();
[INFO] [stdout] 102 | |         request
[INFO] [stdout] ...   |
[INFO] [stdout] 109 | |         let result = inner.get("result")?.as_str()?;
[INFO] [stdout]     | |                                                   ^ use `.ok_or(...)?` to provide an error compatible with `Result<(), Error>`
[INFO] [stdout] ...   |
[INFO] [stdout] 116 | |         }
[INFO] [stdout] 117 | |     }
[INFO] [stdout]     | |_____- this function returns a `Result`
[INFO] [stdout]     |
[INFO] [stdout]     = help: the trait `FromResidual<std::option::Option<Infallible>>` is not implemented for `Result<(), Error>`
[INFO] [stdout] note: required by `from_residual`
[INFO] [stdout] 
[INFO] [stdout] 
[INFO] [stdout] error[E0277]: the `?` operator can only be used on `Result`s, not `Option`s, in a method that returns `Result`
[INFO] [stdout]    --> /opt/rustwide/cargo-home/git/checkouts/mediawiki-rs-ccdb6ca811e3accb/d09bae7/src/lib.rs:132:30
[INFO] [stdout]     |
[INFO] [stdout] 121 | /     pub fn get_token<T>(&self) -> Result<Token<T>, Error>
[INFO] [stdout] 122 | |     where
[INFO] [stdout] 123 | |         T: TokenType,
[INFO] [stdout] 124 | |     {
[INFO] [stdout] ...   |
[INFO] [stdout] 132 | |             json.get("query")?
[INFO] [stdout]     | |                              ^ use `.ok_or(...)?` to provide an error compatible with `Result<Token<T>, Error>`
[INFO] [stdout] ...   |
[INFO] [stdout] 136 | |         ))
[INFO] [stdout] 137 | |     }
[INFO] [stdout]     | |_____- this function returns a `Result`
[INFO] [stdout]     |
[INFO] [stdout]     = help: the trait `FromResidual<std::option::Option<Infallible>>` is not implemented for `Result<Token<T>, Error>`
[INFO] [stdout] note: required by `from_residual`
[INFO] [stdout] 
[INFO] [stdout] 
[INFO] [stdout] error[E0277]: the `?` operator can only be used on `Result`s, not `Option`s, in a method that returns `Result`
[INFO] [stdout]    --> /opt/rustwide/cargo-home/git/checkouts/mediawiki-rs-ccdb6ca811e3accb/d09bae7/src/lib.rs:133:31
[INFO] [stdout]     |
[INFO] [stdout] 121 | /     pub fn get_token<T>(&self) -> Result<Token<T>, Error>
[INFO] [stdout] 122 | |     where
[INFO] [stdout] 123 | |         T: TokenType,
[INFO] [stdout] 124 | |     {
[INFO] [stdout] ...   |
[INFO] [stdout] 133 | |                 .get("tokens")?
[INFO] [stdout]     | |                               ^ use `.ok_or(...)?` to provide an error compatible with `Result<Token<T>, Error>`
[INFO] [stdout] ...   |
[INFO] [stdout] 136 | |         ))
[INFO] [stdout] 137 | |     }
[INFO] [stdout]     | |_____- this function returns a `Result`
[INFO] [stdout]     |
[INFO] [stdout]     = help: the trait `FromResidual<std::option::Option<Infallible>>` is not implemented for `Result<Token<T>, Error>`
[INFO] [stdout] note: required by `from_residual`
[INFO] [stdout] 
[INFO] [stdout] 
[INFO] [stdout] error[E0277]: the `?` operator can only be used on `Result`s, not `Option`s, in a method that returns `Result`
[INFO] [stdout]    --> /opt/rustwide/cargo-home/git/checkouts/mediawiki-rs-ccdb6ca811e3accb/d09bae7/src/lib.rs:134:36
[INFO] [stdout]     |
[INFO] [stdout] 121 | /     pub fn get_token<T>(&self) -> Result<Token<T>, Error>
[INFO] [stdout] 122 | |     where
[INFO] [stdout] 123 | |         T: TokenType,
[INFO] [stdout] 124 | |     {
[INFO] [stdout] ...   |
[INFO] [stdout] 134 | |                 .get(T::out_type())?
[INFO] [stdout]     | |                                    ^ use `.ok_or(...)?` to provide an error compatible with `Result<Token<T>, Error>`
[INFO] [stdout] 135 | |                 .as_str()?,
[INFO] [stdout] 136 | |         ))
[INFO] [stdout] 137 | |     }
[INFO] [stdout]     | |_____- this function returns a `Result`
[INFO] [stdout]     |
[INFO] [stdout]     = help: the trait `FromResidual<std::option::Option<Infallible>>` is not implemented for `Result<Token<T>, Error>`
[INFO] [stdout] note: required by `from_residual`
[INFO] [stdout] 
[INFO] [stdout] 
[INFO] [stdout] error[E0277]: the `?` operator can only be used on `Result`s, not `Option`s, in a method that returns `Result`
[INFO] [stdout]    --> /opt/rustwide/cargo-home/git/checkouts/mediawiki-rs-ccdb6ca811e3accb/d09bae7/src/lib.rs:135:26
[INFO] [stdout]     |
[INFO] [stdout] 121 | /     pub fn get_token<T>(&self) -> Result<Token<T>, Error>
[INFO] [stdout] 122 | |     where
[INFO] [stdout] 123 | |         T: TokenType,
[INFO] [stdout] 124 | |     {
[INFO] [stdout] ...   |
[INFO] [stdout] 135 | |                 .as_str()?,
[INFO] [stdout]     | |                          ^ use `.ok_or(...)?` to provide an error compatible with `Result<Token<T>, Error>`
[INFO] [stdout] 136 | |         ))
[INFO] [stdout] 137 | |     }
[INFO] [stdout]     | |_____- this function returns a `Result`
[INFO] [stdout]     |
[INFO] [stdout]     = help: the trait `FromResidual<std::option::Option<Infallible>>` is not implemented for `Result<Token<T>, Error>`
[INFO] [stdout] note: required by `from_residual`
[INFO] [stdout] 
[INFO] [stdout] 
[INFO] [stdout] error[E0277]: the `?` operator can only be used on `Result`s, not `Option`s, in a method that returns `Result`
[INFO] [stdout]    --> /opt/rustwide/cargo-home/git/checkouts/mediawiki-rs-ccdb6ca811e3accb/d09bae7/src/lib.rs:166:39
[INFO] [stdout]     |
[INFO] [stdout] 159 | /     pub fn download_file(&self, name: &str) -> Result<Option<Vec<u8>>, Error> {
[INFO] [stdout] 160 | |         let mut request = self.request();
[INFO] [stdout] 161 | |         request.arg("action", "query");
[INFO] [stdout] 162 | |         request.arg("prop", "imageinfo");
[INFO] [stdout] ...   |
[INFO] [stdout] 166 | |         let images = json.get("query")?.get("pages")?;
[INFO] [stdout]     | |                                       ^ use `.ok_or(...)?` to provide an error compatible with `Result<std::option::Option<Vec<u8>>, Error>`
[INFO] [stdout] ...   |
[INFO] [stdout] 184 | |         Ok(Some(buf))
[INFO] [stdout] 185 | |     }
[INFO] [stdout]     | |_____- this function returns a `Result`
[INFO] [stdout]     |
[INFO] [stdout]     = help: the trait `FromResidual<std::option::Option<Infallible>>` is not implemented for `Result<std::option::Option<Vec<u8>>, Error>`
[INFO] [stdout] note: required by `from_residual`
[INFO] [stdout] 
[INFO] [stdout] 
[INFO] [stdout] error[E0277]: the `?` operator can only be used on `Result`s, not `Option`s, in a method that returns `Result`
[INFO] [stdout]    --> /opt/rustwide/cargo-home/git/checkouts/mediawiki-rs-ccdb6ca811e3accb/d09bae7/src/lib.rs:166:53
[INFO] [stdout]     |
[INFO] [stdout] 159 | /     pub fn download_file(&self, name: &str) -> Result<Option<Vec<u8>>, Error> {
[INFO] [stdout] 160 | |         let mut request = self.request();
[INFO] [stdout] 161 | |         request.arg("action", "query");
[INFO] [stdout] 162 | |         request.arg("prop", "imageinfo");
[INFO] [stdout] ...   |
[INFO] [stdout] 166 | |         let images = json.get("query")?.get("pages")?;
[INFO] [stdout]     | |                                                     ^ use `.ok_or(...)?` to provide an error compatible with `Result<std::option::Option<Vec<u8>>, Error>`
[INFO] [stdout] ...   |
[INFO] [stdout] 184 | |         Ok(Some(buf))
[INFO] [stdout] 185 | |     }
[INFO] [stdout]     | |_____- this function returns a `Result`
[INFO] [stdout]     |
[INFO] [stdout]     = help: the trait `FromResidual<std::option::Option<Infallible>>` is not implemented for `Result<std::option::Option<Vec<u8>>, Error>`
[INFO] [stdout] note: required by `from_residual`
[INFO] [stdout] 
[INFO] [stdout] 
[INFO] [stdout] error[E0277]: the `?` operator can only be used on `Result`s, not `Option`s, in a method that returns `Result`
[INFO] [stdout]    --> /opt/rustwide/cargo-home/git/checkouts/mediawiki-rs-ccdb6ca811e3accb/d09bae7/src/lib.rs:167:39
[INFO] [stdout]     |
[INFO] [stdout] 159 | /     pub fn download_file(&self, name: &str) -> Result<Option<Vec<u8>>, Error> {
[INFO] [stdout] 160 | |         let mut request = self.request();
[INFO] [stdout] 161 | |         request.arg("action", "query");
[INFO] [stdout] 162 | |         request.arg("prop", "imageinfo");
[INFO] [stdout] ...   |
[INFO] [stdout] 167 | |         let image = images.as_object()?.values().next()?;
[INFO] [stdout]     | |                                       ^ use `.ok_or(...)?` to provide an error compatible with `Result<std::option::Option<Vec<u8>>, Error>`
[INFO] [stdout] ...   |
[INFO] [stdout] 184 | |         Ok(Some(buf))
[INFO] [stdout] 185 | |     }
[INFO] [stdout]     | |_____- this function returns a `Result`
[INFO] [stdout]     |
[INFO] [stdout]     = help: the trait `FromResidual<std::option::Option<Infallible>>` is not implemented for `Result<std::option::Option<Vec<u8>>, Error>`
[INFO] [stdout] note: required by `from_residual`
[INFO] [stdout] 
[INFO] [stdout] 
[INFO] [stdout] error[E0277]: the `?` operator can only be used on `Result`s, not `Option`s, in a method that returns `Result`
[INFO] [stdout]    --> /opt/rustwide/cargo-home/git/checkouts/mediawiki-rs-ccdb6ca811e3accb/d09bae7/src/lib.rs:167:56
[INFO] [stdout]     |
[INFO] [stdout] 159 | /     pub fn download_file(&self, name: &str) -> Result<Option<Vec<u8>>, Error> {
[INFO] [stdout] 160 | |         let mut request = self.request();
[INFO] [stdout] 161 | |         request.arg("action", "query");
[INFO] [stdout] 162 | |         request.arg("prop", "imageinfo");
[INFO] [stdout] ...   |
[INFO] [stdout] 167 | |         let image = images.as_object()?.values().next()?;
[INFO] [stdout]     | |                                                        ^ use `.ok_or(...)?` to provide an error compatible with `Result<std::option::Option<Vec<u8>>, Error>`
[INFO] [stdout] ...   |
[INFO] [stdout] 184 | |         Ok(Some(buf))
[INFO] [stdout] 185 | |     }
[INFO] [stdout]     | |_____- this function returns a `Result`
[INFO] [stdout]     |
[INFO] [stdout]     = help: the trait `FromResidual<std::option::Option<Infallible>>` is not implemented for `Result<std::option::Option<Vec<u8>>, Error>`
[INFO] [stdout] note: required by `from_residual`
[INFO] [stdout] 
[INFO] [stdout] 
[INFO] [stdout] error[E0277]: the `?` operator can only be used on `Result`s, not `Option`s, in a method that returns `Result`
[INFO] [stdout]    --> /opt/rustwide/cargo-home/git/checkouts/mediawiki-rs-ccdb6ca811e3accb/d09bae7/src/lib.rs:171:41
[INFO] [stdout]     |
[INFO] [stdout] 159 | /     pub fn download_file(&self, name: &str) -> Result<Option<Vec<u8>>, Error> {
[INFO] [stdout] 160 | |         let mut request = self.request();
[INFO] [stdout] 161 | |         request.arg("action", "query");
[INFO] [stdout] 162 | |         request.arg("prop", "imageinfo");
[INFO] [stdout] ...   |
[INFO] [stdout] 171 | |         let url = image.get("imageinfo")?.get(0)?.get("url")?.as_str()?;
[INFO] [stdout]     | |                                         ^ use `.ok_or(...)?` to provide an error compatible with `Result<std::option::Option<Vec<u8>>, Error>`
[INFO] [stdout] ...   |
[INFO] [stdout] 184 | |         Ok(Some(buf))
[INFO] [stdout] 185 | |     }
[INFO] [stdout]     | |_____- this function returns a `Result`
[INFO] [stdout]     |
[INFO] [stdout]     = help: the trait `FromResidual<std::option::Option<Infallible>>` is not implemented for `Result<std::option::Option<Vec<u8>>, Error>`
[INFO] [stdout] note: required by `from_residual`
[INFO] [stdout] 
[INFO] [stdout] 
[INFO] [stdout] error[E0277]: the `?` operator can only be used on `Result`s, not `Option`s, in a method that returns `Result`
[INFO] [stdout]    --> /opt/rustwide/cargo-home/git/checkouts/mediawiki-rs-ccdb6ca811e3accb/d09bae7/src/lib.rs:171:49
[INFO] [stdout]     |
[INFO] [stdout] 159 | /     pub fn download_file(&self, name: &str) -> Result<Option<Vec<u8>>, Error> {
[INFO] [stdout] 160 | |         let mut request = self.request();
[INFO] [stdout] 161 | |         request.arg("action", "query");
[INFO] [stdout] 162 | |         request.arg("prop", "imageinfo");
[INFO] [stdout] ...   |
[INFO] [stdout] 171 | |         let url = image.get("imageinfo")?.get(0)?.get("url")?.as_str()?;
[INFO] [stdout]     | |                                                 ^ use `.ok_or(...)?` to provide an error compatible with `Result<std::option::Option<Vec<u8>>, Error>`
[INFO] [stdout] ...   |
[INFO] [stdout] 184 | |         Ok(Some(buf))
[INFO] [stdout] 185 | |     }
[INFO] [stdout]     | |_____- this function returns a `Result`
[INFO] [stdout]     |
[INFO] [stdout]     = help: the trait `FromResidual<std::option::Option<Infallible>>` is not implemented for `Result<std::option::Option<Vec<u8>>, Error>`
[INFO] [stdout] note: required by `from_residual`
[INFO] [stdout] 
[INFO] [stdout] 
[INFO] [stdout] error[E0277]: the `?` operator can only be used on `Result`s, not `Option`s, in a method that returns `Result`
[INFO] [stdout]    --> /opt/rustwide/cargo-home/git/checkouts/mediawiki-rs-ccdb6ca811e3accb/d09bae7/src/lib.rs:171:61
[INFO] [stdout]     |
[INFO] [stdout] 159 | /     pub fn download_file(&self, name: &str) -> Result<Option<Vec<u8>>, Error> {
[INFO] [stdout] 160 | |         let mut request = self.request();
[INFO] [stdout] 161 | |         request.arg("action", "query");
[INFO] [stdout] 162 | |         request.arg("prop", "imageinfo");
[INFO] [stdout] ...   |
[INFO] [stdout] 171 | |         let url = image.get("imageinfo")?.get(0)?.get("url")?.as_str()?;
[INFO] [stdout]     | |                                                             ^ use `.ok_or(...)?` to provide an error compatible with `Result<std::option::Option<Vec<u8>>, Error>`
[INFO] [stdout] ...   |
[INFO] [stdout] 184 | |         Ok(Some(buf))
[INFO] [stdout] 185 | |     }
[INFO] [stdout]     | |_____- this function returns a `Result`
[INFO] [stdout]     |
[INFO] [stdout]     = help: the trait `FromResidual<std::option::Option<Infallible>>` is not implemented for `Result<std::option::Option<Vec<u8>>, Error>`
[INFO] [stdout] note: required by `from_residual`
[INFO] [stdout] 
[INFO] [stdout] 
[INFO] [stdout] error[E0277]: the `?` operator can only be used on `Result`s, not `Option`s, in a method that returns `Result`
[INFO] [stdout]    --> /opt/rustwide/cargo-home/git/checkouts/mediawiki-rs-ccdb6ca811e3accb/d09bae7/src/lib.rs:171:71
[INFO] [stdout]     |
[INFO] [stdout] 159 | /     pub fn download_file(&self, name: &str) -> Result<Option<Vec<u8>>, Error> {
[INFO] [stdout] 160 | |         let mut request = self.request();
[INFO] [stdout] 161 | |         request.arg("action", "query");
[INFO] [stdout] 162 | |         request.arg("prop", "imageinfo");
[INFO] [stdout] ...   |
[INFO] [stdout] 171 | |         let url = image.get("imageinfo")?.get(0)?.get("url")?.as_str()?;
[INFO] [stdout]     | |                                                                       ^ use `.ok_or(...)?` to provide an error compatible with `Result<std::option::Option<Vec<u8>>, Error>`
[INFO] [stdout] ...   |
[INFO] [stdout] 184 | |         Ok(Some(buf))
[INFO] [stdout] 185 | |     }
[INFO] [stdout]     | |_____- this function returns a `Result`
[INFO] [stdout]     |
[INFO] [stdout]     = help: the trait `FromResidual<std::option::Option<Infallible>>` is not implemented for `Result<std::option::Option<Vec<u8>>, Error>`
[INFO] [stdout] note: required by `from_residual`
[INFO] [stdout] 
[INFO] [stdout] 
[INFO] [stdout] error[E0277]: the `?` operator can only be used on `Result`s, not `Option`s, in a method that returns `Result`
[INFO] [stdout]    --> /opt/rustwide/cargo-home/git/checkouts/mediawiki-rs-ccdb6ca811e3accb/d09bae7/src/lib.rs:317:36
[INFO] [stdout]     |
[INFO] [stdout] 315 | /     fn fill(&mut self) -> Result<bool, Error> {
[INFO] [stdout] 316 | |         let json = self.req.get()?;
[INFO] [stdout] 317 | |         let buf = json.get("query")?.get(&self.list)?;
[INFO] [stdout]     | |                                    ^ use `.ok_or(...)?` to provide an error compatible with `Result<bool, Error>`
[INFO] [stdout] 318 | |         self.buf.clone_from(buf.as_array()?);
[INFO] [stdout] ...   |
[INFO] [stdout] 327 | |         }
[INFO] [stdout] 328 | |     }
[INFO] [stdout]     | |_____- this function returns a `Result`
[INFO] [stdout]     |
[INFO] [stdout]     = help: the trait `FromResidual<std::option::Option<Infallible>>` is not implemented for `Result<bool, Error>`
[INFO] [stdout] note: required by `from_residual`
[INFO] [stdout] 
[INFO] [stdout] 
[INFO] [stdout] error[E0277]: the `?` operator can only be used on `Result`s, not `Option`s, in a method that returns `Result`
[INFO] [stdout]    --> /opt/rustwide/cargo-home/git/checkouts/mediawiki-rs-ccdb6ca811e3accb/d09bae7/src/lib.rs:317:53
[INFO] [stdout]     |
[INFO] [stdout] 315 | /     fn fill(&mut self) -> Result<bool, Error> {
[INFO] [stdout] 316 | |         let json = self.req.get()?;
[INFO] [stdout] 317 | |         let buf = json.get("query")?.get(&self.list)?;
[INFO] [stdout]     | |                                                     ^ use `.ok_or(...)?` to provide an error compatible with `Result<bool, Error>`
[INFO] [stdout] 318 | |         self.buf.clone_from(buf.as_array()?);
[INFO] [stdout] ...   |
[INFO] [stdout] 327 | |         }
[INFO] [stdout] 328 | |     }
[INFO] [stdout]     | |_____- this function returns a `Result`
[INFO] [stdout]     |
[INFO] [stdout]     = help: the trait `FromResidual<std::option::Option<Infallible>>` is not implemented for `Result<bool, Error>`
[INFO] [stdout] note: required by `from_residual`
[INFO] [stdout] 
[INFO] [stdout] 
[INFO] [stdout] error[E0277]: the `?` operator can only be used on `Result`s, not `Option`s, in a method that returns `Result`
[INFO] [stdout]    --> /opt/rustwide/cargo-home/git/checkouts/mediawiki-rs-ccdb6ca811e3accb/d09bae7/src/lib.rs:318:43
[INFO] [stdout]     |
[INFO] [stdout] 315 | /     fn fill(&mut self) -> Result<bool, Error> {
[INFO] [stdout] 316 | |         let json = self.req.get()?;
[INFO] [stdout] 317 | |         let buf = json.get("query")?.get(&self.list)?;
[INFO] [stdout] 318 | |         self.buf.clone_from(buf.as_array()?);
[INFO] [stdout]     | |                                           ^ use `.ok_or(...)?` to provide an error compatible with `Result<bool, Error>`
[INFO] [stdout] ...   |
[INFO] [stdout] 327 | |         }
[INFO] [stdout] 328 | |     }
[INFO] [stdout]     | |_____- this function returns a `Result`
[INFO] [stdout]     |
[INFO] [stdout]     = help: the trait `FromResidual<std::option::Option<Infallible>>` is not implemented for `Result<bool, Error>`
[INFO] [stdout] note: required by `from_residual`
[INFO] [stdout] 
[INFO] [stdout] 
[INFO] [stdout] error[E0277]: the `?` operator can only be used on `Result`s, not `Option`s, in a method that returns `Result`
[INFO] [stdout]    --> /opt/rustwide/cargo-home/git/checkouts/mediawiki-rs-ccdb6ca811e3accb/d09bae7/src/lib.rs:321:47
[INFO] [stdout]     |
[INFO] [stdout] 315 | /     fn fill(&mut self) -> Result<bool, Error> {
[INFO] [stdout] 316 | |         let json = self.req.get()?;
[INFO] [stdout] 317 | |         let buf = json.get("query")?.get(&self.list)?;
[INFO] [stdout] 318 | |         self.buf.clone_from(buf.as_array()?);
[INFO] [stdout] ...   |
[INFO] [stdout] 321 | |             for (key, val) in cont.as_object()? {
[INFO] [stdout]     | |                                               ^ use `.ok_or(...)?` to provide an error compatible with `Result<bool, Error>`
[INFO] [stdout] ...   |
[INFO] [stdout] 327 | |         }
[INFO] [stdout] 328 | |     }
[INFO] [stdout]     | |_____- this function returns a `Result`
[INFO] [stdout]     |
[INFO] [stdout]     = help: the trait `FromResidual<std::option::Option<Infallible>>` is not implemented for `Result<bool, Error>`
[INFO] [stdout] note: required by `from_residual`
[INFO] [stdout] 
[INFO] [stdout] 
[INFO] [stdout] error[E0277]: the `?` operator can only be used on `Result`s, not `Option`s, in a method that returns `Result`
[INFO] [stdout]    --> /opt/rustwide/cargo-home/git/checkouts/mediawiki-rs-ccdb6ca811e3accb/d09bae7/src/lib.rs:322:50
[INFO] [stdout]     |
[INFO] [stdout] 315 | /     fn fill(&mut self) -> Result<bool, Error> {
[INFO] [stdout] 316 | |         let json = self.req.get()?;
[INFO] [stdout] 317 | |         let buf = json.get("query")?.get(&self.list)?;
[INFO] [stdout] 318 | |         self.buf.clone_from(buf.as_array()?);
[INFO] [stdout] ...   |
[INFO] [stdout] 322 | |                 self.req.arg(&**key, val.as_str()?);
[INFO] [stdout]     | |                                                  ^ use `.ok_or(...)?` to provide an error compatible with `Result<bool, Error>`
[INFO] [stdout] ...   |
[INFO] [stdout] 327 | |         }
[INFO] [stdout] 328 | |     }
[INFO] [stdout]     | |_____- this function returns a `Result`
[INFO] [stdout]     |
[INFO] [stdout]     = help: the trait `FromResidual<std::option::Option<Infallible>>` is not implemented for `Result<bool, Error>`
[INFO] [stdout] note: required by `from_residual`
[INFO] [stdout] 
[INFO] [stdout] 
[INFO] [stdout] error: aborting due to 22 previous errors
[INFO] [stdout] 
[INFO] [stdout] 
[INFO] [stdout] Some errors have detailed explanations: E0277, E0432, E0554.
[INFO] [stdout] 
[INFO] [stdout] For more information about an error, try `rustc --explain E0277`.
[INFO] [stdout] 
[INFO] [stderr] error: could not compile `mediawiki` due to 23 previous errors
[INFO] [stderr] warning: build failed, waiting for other jobs to finish...
[INFO] [stderr] error: build failed
[INFO] running `Command { std: "docker" "inspect" "2a422d364e804ae1227f8127ce6741d74142613b73fac1c9eceddb30905f0b15", kill_on_drop: false }`
[INFO] running `Command { std: "docker" "rm" "-f" "2a422d364e804ae1227f8127ce6741d74142613b73fac1c9eceddb30905f0b15", kill_on_drop: false }`
[INFO] [stdout] 2a422d364e804ae1227f8127ce6741d74142613b73fac1c9eceddb30905f0b15
