[INFO] cloning repository https://github.com/F0903/rust_player_checker
[INFO] running `Command { std: "git" "-c" "credential.helper=" "-c" "credential.helper=/workspace/cargo-home/bin/git-credential-null" "clone" "--bare" "https://github.com/F0903/rust_player_checker" "/workspace/cache/git-repos/https%3A%2F%2Fgithub.com%2FF0903%2Frust_player_checker", kill_on_drop: false }`
[INFO] [stderr] Cloning into bare repository '/workspace/cache/git-repos/https%3A%2F%2Fgithub.com%2FF0903%2Frust_player_checker'...
[INFO] running `Command { std: "git" "rev-parse" "HEAD", kill_on_drop: false }`
[INFO] [stdout] cfcda2d8a1d70d37ab2dc2315f01dc166409f6ef
[INFO] testing F0903/rust_player_checker against 1.54.0 for beta-1.55-1
[INFO] running `Command { std: "git" "clone" "/workspace/cache/git-repos/https%3A%2F%2Fgithub.com%2FF0903%2Frust_player_checker" "/workspace/builds/worker-84/source", kill_on_drop: false }`
[INFO] [stderr] Cloning into '/workspace/builds/worker-84/source'...
[INFO] [stderr] done.
[INFO] validating manifest of git repo https://github.com/F0903/rust_player_checker on toolchain 1.54.0
[INFO] running `Command { std: "/workspace/cargo-home/bin/cargo" "+1.54.0" "metadata" "--manifest-path" "Cargo.toml" "--no-deps", kill_on_drop: false }`
[INFO] started tweaking git repo https://github.com/F0903/rust_player_checker
[INFO] finished tweaking git repo https://github.com/F0903/rust_player_checker
[INFO] tweaked toml for git repo https://github.com/F0903/rust_player_checker written to /workspace/builds/worker-84/source/Cargo.toml
[INFO] running `Command { std: "/workspace/cargo-home/bin/cargo" "+1.54.0" "generate-lockfile" "--manifest-path" "Cargo.toml" "-Zno-index-update", kill_on_drop: false }`
[INFO] [stderr]     Blocking waiting for file lock on package cache
[INFO] running `Command { std: "/workspace/cargo-home/bin/cargo" "+1.54.0" "fetch" "--manifest-path" "Cargo.toml", kill_on_drop: false }`
[INFO] [stderr]     Blocking waiting for file lock on package cache
[INFO] [stderr]     Blocking waiting for file lock on package cache
[INFO] running `Command { std: "docker" "create" "-v" "/var/lib/crater-agent-workspace/builds/worker-84/target:/opt/rustwide/target:rw,Z" "-v" "/var/lib/crater-agent-workspace/builds/worker-84/source:/opt/rustwide/workdir:ro,Z" "-v" "/var/lib/crater-agent-workspace/cargo-home:/opt/rustwide/cargo-home:ro,Z" "-v" "/var/lib/crater-agent-workspace/rustup-home:/opt/rustwide/rustup-home:ro,Z" "-e" "SOURCE_DIR=/opt/rustwide/workdir" "-e" "CARGO_TARGET_DIR=/opt/rustwide/target" "-e" "CARGO_HOME=/opt/rustwide/cargo-home" "-e" "RUSTUP_HOME=/opt/rustwide/rustup-home" "-w" "/opt/rustwide/workdir" "-m" "1610612736" "--user" "0:0" "--network" "none" "ghcr.io/rust-lang/crates-build-env/linux@sha256:34b6a614d2c27851fe6cbf88fbd1137609cefab8b10d0615aaeb6fd47975d74e" "/opt/rustwide/cargo-home/bin/cargo" "+1.54.0" "metadata" "--no-deps" "--format-version=1", kill_on_drop: false }`
[INFO] [stdout] 5998979f8829763a8519c4d01ef6d0ecc8463c9286e47c21e3a1c18fb0a3d640
[INFO] running `Command { std: "docker" "start" "-a" "5998979f8829763a8519c4d01ef6d0ecc8463c9286e47c21e3a1c18fb0a3d640", kill_on_drop: false }`
[INFO] running `Command { std: "docker" "inspect" "5998979f8829763a8519c4d01ef6d0ecc8463c9286e47c21e3a1c18fb0a3d640", kill_on_drop: false }`
[INFO] running `Command { std: "docker" "rm" "-f" "5998979f8829763a8519c4d01ef6d0ecc8463c9286e47c21e3a1c18fb0a3d640", kill_on_drop: false }`
[INFO] [stdout] 5998979f8829763a8519c4d01ef6d0ecc8463c9286e47c21e3a1c18fb0a3d640
[INFO] running `Command { std: "docker" "create" "-v" "/var/lib/crater-agent-workspace/builds/worker-84/target:/opt/rustwide/target:rw,Z" "-v" "/var/lib/crater-agent-workspace/builds/worker-84/source:/opt/rustwide/workdir:ro,Z" "-v" "/var/lib/crater-agent-workspace/cargo-home:/opt/rustwide/cargo-home:ro,Z" "-v" "/var/lib/crater-agent-workspace/rustup-home:/opt/rustwide/rustup-home:ro,Z" "-e" "SOURCE_DIR=/opt/rustwide/workdir" "-e" "CARGO_TARGET_DIR=/opt/rustwide/target" "-e" "CARGO_INCREMENTAL=0" "-e" "RUST_BACKTRACE=full" "-e" "RUSTFLAGS=--cap-lints=warn" "-e" "CARGO_HOME=/opt/rustwide/cargo-home" "-e" "RUSTUP_HOME=/opt/rustwide/rustup-home" "-w" "/opt/rustwide/workdir" "-m" "1610612736" "--user" "0:0" "--network" "none" "ghcr.io/rust-lang/crates-build-env/linux@sha256:34b6a614d2c27851fe6cbf88fbd1137609cefab8b10d0615aaeb6fd47975d74e" "/opt/rustwide/cargo-home/bin/cargo" "+1.54.0" "build" "--frozen" "--message-format=json", kill_on_drop: false }`
[INFO] [stdout] 04a3b52ecabb787a544dddb19295e0752ac1ac75ff3d9e80fb3c63cc259e8e28
[INFO] running `Command { std: "docker" "start" "-a" "04a3b52ecabb787a544dddb19295e0752ac1ac75ff3d9e80fb3c63cc259e8e28", kill_on_drop: false }`
[INFO] [stderr]    Compiling crossbeam-utils v0.8.5
[INFO] [stderr]    Compiling rust_player_checker v0.8.1 (/opt/rustwide/workdir)
[INFO] [stdout] error[E0432]: unresolved import `winreg`
[INFO] [stdout]  --> src/cacher.rs:2:5
[INFO] [stdout]   |
[INFO] [stdout] 2 | use winreg::{enums, HKEY};
[INFO] [stdout]   |     ^^^^^^ use of undeclared crate or module `winreg`
[INFO] [stdout] 
[INFO] [stdout] 
[INFO] [stdout] error[E0433]: failed to resolve: use of undeclared crate or module `winreg`
[INFO] [stdout]  --> src/cacher.rs:8:12
[INFO] [stdout]   |
[INFO] [stdout] 8 |     let key = winreg::RegKey::predef(BASE_PATH).open_subkey(KEY_PATH)?;
[INFO] [stdout]   |               ^^^^^^ use of undeclared crate or module `winreg`
[INFO] [stdout] 
[INFO] [stdout] 
[INFO] [stdout] error[E0433]: failed to resolve: use of undeclared crate or module `winreg`
[INFO] [stdout]   --> src/cacher.rs:13:21
[INFO] [stdout]    |
[INFO] [stdout] 13 |     let (key, _disp) = winreg::RegKey::predef(BASE_PATH).create_subkey(KEY_PATH)?;
[INFO] [stdout]    |                        ^^^^^^ use of undeclared crate or module `winreg`
[INFO] [stdout] 
[INFO] [stdout] 
[INFO] [stdout] error: aborting due to 3 previous errors
[INFO] [stdout] 
[INFO] [stdout] 
[INFO] [stdout] Some errors have detailed explanations: E0432, E0433.
[INFO] [stdout] 
[INFO] [stdout] For more information about an error, try `rustc --explain E0432`.
[INFO] [stdout] 
[INFO] [stderr] error: could not compile `rust_player_checker`
[INFO] [stderr] 
[INFO] [stderr] To learn more, run the command again with --verbose.
[INFO] running `Command { std: "docker" "inspect" "04a3b52ecabb787a544dddb19295e0752ac1ac75ff3d9e80fb3c63cc259e8e28", kill_on_drop: false }`
[INFO] running `Command { std: "docker" "rm" "-f" "04a3b52ecabb787a544dddb19295e0752ac1ac75ff3d9e80fb3c63cc259e8e28", kill_on_drop: false }`
[INFO] [stdout] 04a3b52ecabb787a544dddb19295e0752ac1ac75ff3d9e80fb3c63cc259e8e28
