[INFO] cloning repository https://github.com/EyeOfPython/slp-htlc
[INFO] running `Command { std: "git" "-c" "credential.helper=" "-c" "credential.helper=/workspace/cargo-home/bin/git-credential-null" "clone" "--bare" "https://github.com/EyeOfPython/slp-htlc" "/workspace/cache/git-repos/https%3A%2F%2Fgithub.com%2FEyeOfPython%2Fslp-htlc", kill_on_drop: false }`
[INFO] [stderr] Cloning into bare repository '/workspace/cache/git-repos/https%3A%2F%2Fgithub.com%2FEyeOfPython%2Fslp-htlc'...
[INFO] running `Command { std: "git" "rev-parse" "HEAD", kill_on_drop: false }`
[INFO] [stdout] 3284b9995e2bbae8850938f7641e06881276069e
[INFO] testing EyeOfPython/slp-htlc against beta-2021-08-01 for beta-1.55-1
[INFO] running `Command { std: "git" "clone" "/workspace/cache/git-repos/https%3A%2F%2Fgithub.com%2FEyeOfPython%2Fslp-htlc" "/workspace/builds/worker-75/source", kill_on_drop: false }`
[INFO] [stderr] Cloning into '/workspace/builds/worker-75/source'...
[INFO] [stderr] done.
[INFO] validating manifest of git repo https://github.com/EyeOfPython/slp-htlc on toolchain beta-2021-08-01
[INFO] running `Command { std: "/workspace/cargo-home/bin/cargo" "+beta-2021-08-01" "metadata" "--manifest-path" "Cargo.toml" "--no-deps", kill_on_drop: false }`
[INFO] started tweaking git repo https://github.com/EyeOfPython/slp-htlc
[INFO] finished tweaking git repo https://github.com/EyeOfPython/slp-htlc
[INFO] tweaked toml for git repo https://github.com/EyeOfPython/slp-htlc written to /workspace/builds/worker-75/source/Cargo.toml
[INFO] crate git repo https://github.com/EyeOfPython/slp-htlc already has a lockfile, it will not be regenerated
[INFO] running `Command { std: "/workspace/cargo-home/bin/cargo" "+beta-2021-08-01" "fetch" "--manifest-path" "Cargo.toml", kill_on_drop: false }`
[INFO] [stderr]     Blocking waiting for file lock on package cache
[INFO] [stderr]     Blocking waiting for file lock on package cache
[INFO] running `Command { std: "docker" "create" "-v" "/var/lib/crater-agent-workspace/builds/worker-75/target:/opt/rustwide/target:rw,Z" "-v" "/var/lib/crater-agent-workspace/builds/worker-75/source:/opt/rustwide/workdir:ro,Z" "-v" "/var/lib/crater-agent-workspace/cargo-home:/opt/rustwide/cargo-home:ro,Z" "-v" "/var/lib/crater-agent-workspace/rustup-home:/opt/rustwide/rustup-home:ro,Z" "-e" "SOURCE_DIR=/opt/rustwide/workdir" "-e" "CARGO_TARGET_DIR=/opt/rustwide/target" "-e" "CARGO_HOME=/opt/rustwide/cargo-home" "-e" "RUSTUP_HOME=/opt/rustwide/rustup-home" "-w" "/opt/rustwide/workdir" "-m" "1610612736" "--user" "0:0" "--network" "none" "ghcr.io/rust-lang/crates-build-env/linux@sha256:34b6a614d2c27851fe6cbf88fbd1137609cefab8b10d0615aaeb6fd47975d74e" "/opt/rustwide/cargo-home/bin/cargo" "+beta-2021-08-01" "metadata" "--no-deps" "--format-version=1", kill_on_drop: false }`
[INFO] [stdout] b383f7c8a87fcea4090620e9823468fe8e3cb22784535604d787a97cece28b64
[INFO] running `Command { std: "docker" "start" "-a" "b383f7c8a87fcea4090620e9823468fe8e3cb22784535604d787a97cece28b64", kill_on_drop: false }`
[INFO] running `Command { std: "docker" "inspect" "b383f7c8a87fcea4090620e9823468fe8e3cb22784535604d787a97cece28b64", kill_on_drop: false }`
[INFO] running `Command { std: "docker" "rm" "-f" "b383f7c8a87fcea4090620e9823468fe8e3cb22784535604d787a97cece28b64", kill_on_drop: false }`
[INFO] [stdout] b383f7c8a87fcea4090620e9823468fe8e3cb22784535604d787a97cece28b64
[INFO] running `Command { std: "docker" "create" "-v" "/var/lib/crater-agent-workspace/builds/worker-75/target:/opt/rustwide/target:rw,Z" "-v" "/var/lib/crater-agent-workspace/builds/worker-75/source:/opt/rustwide/workdir:ro,Z" "-v" "/var/lib/crater-agent-workspace/cargo-home:/opt/rustwide/cargo-home:ro,Z" "-v" "/var/lib/crater-agent-workspace/rustup-home:/opt/rustwide/rustup-home:ro,Z" "-e" "SOURCE_DIR=/opt/rustwide/workdir" "-e" "CARGO_TARGET_DIR=/opt/rustwide/target" "-e" "CARGO_INCREMENTAL=0" "-e" "RUST_BACKTRACE=full" "-e" "RUSTFLAGS=--cap-lints=warn" "-e" "CARGO_HOME=/opt/rustwide/cargo-home" "-e" "RUSTUP_HOME=/opt/rustwide/rustup-home" "-w" "/opt/rustwide/workdir" "-m" "1610612736" "--user" "0:0" "--network" "none" "ghcr.io/rust-lang/crates-build-env/linux@sha256:34b6a614d2c27851fe6cbf88fbd1137609cefab8b10d0615aaeb6fd47975d74e" "/opt/rustwide/cargo-home/bin/cargo" "+beta-2021-08-01" "build" "--frozen" "--message-format=json", kill_on_drop: false }`
[INFO] [stdout] f6377c0f3c4724c4635820772074b999c8ff3bcb49f831d8590de07d175d1548
[INFO] running `Command { std: "docker" "start" "-a" "f6377c0f3c4724c4635820772074b999c8ff3bcb49f831d8590de07d175d1548", kill_on_drop: false }`
[INFO] [stderr]     Blocking waiting for file lock on package cache
[INFO] [stderr]    Compiling libc v0.2.81
[INFO] [stderr]    Compiling cc v1.0.66
[INFO] [stderr]    Compiling syn v1.0.53
[INFO] [stderr]    Compiling memchr v2.3.4
[INFO] [stderr]    Compiling getrandom v0.1.15
[INFO] [stderr]    Compiling serde_derive v1.0.118
[INFO] [stderr]    Compiling serde v1.0.118
[INFO] [stderr]    Compiling itoa v0.4.6
[INFO] [stderr]    Compiling regex-syntax v0.6.21
[INFO] [stderr]    Compiling same-file v1.0.6
[INFO] [stderr]    Compiling hex v0.4.2
[INFO] [stderr]    Compiling serde_json v1.0.60
[INFO] [stderr]    Compiling remove_dir_all v0.5.3
[INFO] [stderr]    Compiling strum v0.20.0
[INFO] [stderr]    Compiling cpuid-bool v0.1.2
[INFO] [stderr]    Compiling futures-core-preview v0.3.0-alpha.17
[INFO] [stderr]    Compiling curl v0.4.34
[INFO] [stderr]    Compiling hex-literal v0.3.1
[INFO] [stderr]    Compiling log v0.4.11
[INFO] [stderr]    Compiling futures-io-preview v0.3.0-alpha.17
[INFO] [stderr]    Compiling bimap v0.5.3
[INFO] [stderr]    Compiling anyhow v1.0.35
[INFO] [stderr]    Compiling chttp v0.5.5
[INFO] [stderr]    Compiling bitcoin_hashes v0.9.4
[INFO] [stderr]    Compiling bech32 v0.7.2
[INFO] [stderr]    Compiling strsim v0.10.0
[INFO] [stderr]    Compiling os_str_bytes v2.4.0
[INFO] [stderr]    Compiling num-traits v0.2.14
[INFO] [stderr]    Compiling num-integer v0.1.44
[INFO] [stderr]    Compiling num-bigint v0.3.1
[INFO] [stderr]    Compiling num-rational v0.3.2
[INFO] [stderr]    Compiling num-iter v0.1.42
[INFO] [stderr]    Compiling indexmap v1.6.0
[INFO] [stderr]    Compiling heck v0.3.1
[INFO] [stderr]    Compiling thread_local v1.0.1
[INFO] [stderr]    Compiling proc-macro-error-attr v1.0.4
[INFO] [stderr]    Compiling proc-macro-error v1.0.4
[INFO] [stderr]    Compiling crossbeam-utils v0.6.6
[INFO] [stderr]    Compiling textwrap v0.12.1
[INFO] [stderr]    Compiling quote v1.0.7
[INFO] [stderr]    Compiling digest v0.9.0
[INFO] [stderr]    Compiling block-buffer v0.9.0
[INFO] [stderr]    Compiling futures-channel-preview v0.3.0-alpha.17
[INFO] [stderr]    Compiling walkdir v2.3.1
[INFO] [stderr]    Compiling sha2 v0.9.2
[INFO] [stderr]    Compiling sha-1 v0.9.2
[INFO] [stderr]    Compiling ripemd160 v0.9.1
[INFO] [stderr]    Compiling crossbeam-channel v0.3.9
[INFO] [stderr]    Compiling libz-sys v1.1.2
[INFO] [stderr]    Compiling openssl-sys v0.9.58
[INFO] [stderr]    Compiling libnghttp2-sys v0.1.5+1.42.0
[INFO] [stderr]    Compiling curl-sys v0.4.38+curl-7.73.0
[INFO] [stderr]    Compiling secp256k1-sys v0.3.0
[INFO] [stderr]    Compiling sluice v0.4.1
[INFO] [stderr]    Compiling aho-corasick v0.7.15
[INFO] [stderr]    Compiling futures-util-preview v0.3.0-alpha.17
[INFO] [stderr]    Compiling dirs v1.0.5
[INFO] [stderr]    Compiling iovec v0.1.4
[INFO] [stderr]    Compiling time v0.1.44
[INFO] [stderr]    Compiling socket2 v0.3.17
[INFO] [stderr]    Compiling atty v0.2.14
[INFO] [stderr]    Compiling rand_core v0.5.1
[INFO] [stderr]    Compiling regex v1.4.2
[INFO] [stderr]    Compiling bytes v0.4.12
[INFO] [stderr]    Compiling rand_chacha v0.2.2
[INFO] [stderr]    Compiling http v0.1.21
[INFO] [stderr]    Compiling num-complex v0.3.1
[INFO] [stderr]    Compiling rand v0.7.3
[INFO] [stderr]    Compiling chrono v0.4.19
[INFO] [stderr]    Compiling toolchain_find v0.1.4
[INFO] [stderr]    Compiling secp256k1 v0.19.0
[INFO] [stderr]    Compiling tempfile v3.1.0
[INFO] [stderr]    Compiling bitcoin v0.25.2
[INFO] [stderr]    Compiling num v0.3.1
[INFO] [stderr]    Compiling thiserror-impl v1.0.22
[INFO] [stderr]    Compiling strum_macros v0.20.1
[INFO] [stderr]    Compiling num-derive v0.3.3
[INFO] [stderr]    Compiling bitcoin-cash-code v1.0.0-beta.0
[INFO] [stderr]    Compiling clap_derive v3.0.0-beta.2
[INFO] [stderr]    Compiling thiserror v1.0.22
[INFO] [stderr]    Compiling clap v3.0.0-beta.2
[INFO] [stderr]    Compiling bitcoin-cash-base v1.0.0-beta.0
[INFO] [stderr]    Compiling bitcoin-cash-script-macro v1.0.0-beta.0
[INFO] [stderr]    Compiling bitcoin-cash v1.0.0-beta.0
[INFO] [stdout] error: No rustfmt could be found.
[INFO] [stdout]   --> /opt/rustwide/cargo-home/registry/src/github.com-1ecc6299db9ec823/bitcoin-cash-1.0.0-beta.0/src/scripts.rs:18:5
[INFO] [stdout]    |
[INFO] [stdout] 18 | pub fn p2pkh_script(params: ParamsAddress<'_>, sig: ByteArray, pubkey: ByteArray) {
[INFO] [stdout]    |     ^^
[INFO] [stdout] 
[INFO] [stdout] 
[INFO] [stdout] error: No rustfmt could be found.
[INFO] [stdout]   --> /opt/rustwide/cargo-home/registry/src/github.com-1ecc6299db9ec823/bitcoin-cash-1.0.0-beta.0/src/scripts.rs:27:5
[INFO] [stdout]    |
[INFO] [stdout] 27 | pub fn p2sh_script(params: ParamsAddress<'_>, redeem_script: ByteArray) {
[INFO] [stdout]    |     ^^
[INFO] [stdout] 
[INFO] [stdout] 
[INFO] [stdout] error[E0412]: cannot find type `P2PKHInputs` in this scope
[INFO] [stdout]   --> /opt/rustwide/cargo-home/registry/src/github.com-1ecc6299db9ec823/bitcoin-cash-1.0.0-beta.0/src/scripts.rs:52:55
[INFO] [stdout]    |
[INFO] [stdout] 51 | impl Address<'_> {
[INFO] [stdout]    |     - help: you might be missing a type parameter: `<P2PKHInputs>`
[INFO] [stdout] 52 |     pub fn p2pkh_script(&self) -> Result<TaggedScript<P2PKHInputs>> {
[INFO] [stdout]    |                                                       ^^^^^^^^^^^ not found in this scope
[INFO] [stdout] 
[INFO] [stdout] 
[INFO] [stdout] error[E0412]: cannot find type `P2PKHInputs` in this scope
[INFO] [stdout]   --> /opt/rustwide/cargo-home/registry/src/github.com-1ecc6299db9ec823/bitcoin-cash-1.0.0-beta.0/src/scripts.rs:61:19
[INFO] [stdout]    |
[INFO] [stdout] 61 |     type Script = P2PKHInputs;
[INFO] [stdout]    |                   ^^^^^^^^^^^ not found in this scope
[INFO] [stdout] 
[INFO] [stdout] 
[INFO] [stdout] error[E0422]: cannot find struct, variant or union type `P2PKHInputs` in this scope
[INFO] [stdout]   --> /opt/rustwide/cargo-home/registry/src/github.com-1ecc6299db9ec823/bitcoin-cash-1.0.0-beta.0/src/scripts.rs:78:9
[INFO] [stdout]    |
[INFO] [stdout] 78 |         P2PKHInputs {
[INFO] [stdout]    |         ^^^^^^^^^^^ not found in this scope
[INFO] [stdout] 
[INFO] [stdout] 
[INFO] [stdout] error[E0599]: no method named `p2sh_script` found for struct `ParamsAddress` in the current scope
[INFO] [stdout]   --> /opt/rustwide/cargo-home/registry/src/github.com-1ecc6299db9ec823/bitcoin-cash-1.0.0-beta.0/src/scripts.rs:36:54
[INFO] [stdout]    |
[INFO] [stdout] 15 | struct ParamsAddress<'a>(&'a Address<'a>);
[INFO] [stdout]    | ------------------------------------------ method `p2sh_script` not found for this
[INFO] [stdout] ...
[INFO] [stdout] 36 |             AddressType::P2SH => ParamsAddress(self).p2sh_script().into(),
[INFO] [stdout]    |                                                      ^^^^^^^^^^^ method not found in `ParamsAddress<'_>`
[INFO] [stdout] 
[INFO] [stdout] 
[INFO] [stdout] error[E0599]: no method named `p2pkh_script` found for struct `ParamsAddress` in the current scope
[INFO] [stdout]   --> /opt/rustwide/cargo-home/registry/src/github.com-1ecc6299db9ec823/bitcoin-cash-1.0.0-beta.0/src/scripts.rs:37:55
[INFO] [stdout]    |
[INFO] [stdout] 15 | struct ParamsAddress<'a>(&'a Address<'a>);
[INFO] [stdout]    | ------------------------------------------ method `p2pkh_script` not found for this
[INFO] [stdout] ...
[INFO] [stdout] 37 |             AddressType::P2PKH => ParamsAddress(self).p2pkh_script().into(),
[INFO] [stdout]    |                                                       ^^^^^^^^^^^^ method not found in `ParamsAddress<'_>`
[INFO] [stdout] 
[INFO] [stdout] 
[INFO] [stdout] error[E0599]: no method named `p2sh_script` found for struct `ParamsAddress` in the current scope
[INFO] [stdout]   --> /opt/rustwide/cargo-home/registry/src/github.com-1ecc6299db9ec823/bitcoin-cash-1.0.0-beta.0/src/scripts.rs:45:55
[INFO] [stdout]    |
[INFO] [stdout] 15 | struct ParamsAddress<'a>(&'a Address<'a>);
[INFO] [stdout]    | ------------------------------------------ method `p2sh_script` not found for this
[INFO] [stdout] ...
[INFO] [stdout] 45 |             AddressType::P2SH => ParamsAddress(&self).p2sh_script().into(),
[INFO] [stdout]    |                                                       ^^^^^^^^^^^ method not found in `ParamsAddress<'_>`
[INFO] [stdout] 
[INFO] [stdout] 
[INFO] [stdout] error[E0599]: no method named `p2pkh_script` found for struct `ParamsAddress` in the current scope
[INFO] [stdout]   --> /opt/rustwide/cargo-home/registry/src/github.com-1ecc6299db9ec823/bitcoin-cash-1.0.0-beta.0/src/scripts.rs:46:56
[INFO] [stdout]    |
[INFO] [stdout] 15 | struct ParamsAddress<'a>(&'a Address<'a>);
[INFO] [stdout]    | ------------------------------------------ method `p2pkh_script` not found for this
[INFO] [stdout] ...
[INFO] [stdout] 46 |             AddressType::P2PKH => ParamsAddress(&self).p2pkh_script().into(),
[INFO] [stdout]    |                                                        ^^^^^^^^^^^^ method not found in `ParamsAddress<'_>`
[INFO] [stdout] 
[INFO] [stdout] 
[INFO] [stdout] error[E0599]: no method named `p2pkh_script` found for struct `ParamsAddress` in the current scope
[INFO] [stdout]   --> /opt/rustwide/cargo-home/registry/src/github.com-1ecc6299db9ec823/bitcoin-cash-1.0.0-beta.0/src/scripts.rs:56:32
[INFO] [stdout]    |
[INFO] [stdout] 15 | struct ParamsAddress<'a>(&'a Address<'a>);
[INFO] [stdout]    | ------------------------------------------ method `p2pkh_script` not found for this
[INFO] [stdout] ...
[INFO] [stdout] 56 |         Ok(ParamsAddress(self).p2pkh_script())
[INFO] [stdout]    |                                ^^^^^^^^^^^^ method not found in `ParamsAddress<'_>`
[INFO] [stdout] 
[INFO] [stdout] 
[INFO] [stdout] error: aborting due to 10 previous errors
[INFO] [stdout] 
[INFO] [stdout] 
[INFO] [stdout] Some errors have detailed explanations: E0412, E0422, E0599.
[INFO] [stdout] 
[INFO] [stdout] For more information about an error, try `rustc --explain E0412`.
[INFO] [stdout] 
[INFO] [stderr] error: could not compile `bitcoin-cash` due to 11 previous errors
[INFO] running `Command { std: "docker" "inspect" "f6377c0f3c4724c4635820772074b999c8ff3bcb49f831d8590de07d175d1548", kill_on_drop: false }`
[INFO] running `Command { std: "docker" "rm" "-f" "f6377c0f3c4724c4635820772074b999c8ff3bcb49f831d8590de07d175d1548", kill_on_drop: false }`
[INFO] [stdout] f6377c0f3c4724c4635820772074b999c8ff3bcb49f831d8590de07d175d1548
