[INFO] cloning repository https://github.com/ElGatoNinja/AsciiRender
[INFO] running `Command { std: "git" "-c" "credential.helper=" "-c" "credential.helper=/workspace/cargo-home/bin/git-credential-null" "clone" "--bare" "https://github.com/ElGatoNinja/AsciiRender" "/workspace/cache/git-repos/https%3A%2F%2Fgithub.com%2FElGatoNinja%2FAsciiRender", kill_on_drop: false }`
[INFO] [stderr] Cloning into bare repository '/workspace/cache/git-repos/https%3A%2F%2Fgithub.com%2FElGatoNinja%2FAsciiRender'...
[INFO] running `Command { std: "git" "rev-parse" "HEAD", kill_on_drop: false }`
[INFO] [stdout] c610dfda6eaf089f7e653bf3ce648056fbaecfc9
[INFO] testing ElGatoNinja/AsciiRender against beta-2021-08-01 for beta-1.55-1
[INFO] running `Command { std: "git" "clone" "/workspace/cache/git-repos/https%3A%2F%2Fgithub.com%2FElGatoNinja%2FAsciiRender" "/workspace/builds/worker-3/source", kill_on_drop: false }`
[INFO] [stderr] Cloning into '/workspace/builds/worker-3/source'...
[INFO] [stderr] done.
[INFO] validating manifest of git repo https://github.com/ElGatoNinja/AsciiRender on toolchain beta-2021-08-01
[INFO] running `Command { std: "/workspace/cargo-home/bin/cargo" "+beta-2021-08-01" "metadata" "--manifest-path" "Cargo.toml" "--no-deps", kill_on_drop: false }`
[INFO] started tweaking git repo https://github.com/ElGatoNinja/AsciiRender
[INFO] finished tweaking git repo https://github.com/ElGatoNinja/AsciiRender
[INFO] tweaked toml for git repo https://github.com/ElGatoNinja/AsciiRender written to /workspace/builds/worker-3/source/Cargo.toml
[INFO] crate git repo https://github.com/ElGatoNinja/AsciiRender already has a lockfile, it will not be regenerated
[INFO] running `Command { std: "/workspace/cargo-home/bin/cargo" "+beta-2021-08-01" "fetch" "--manifest-path" "Cargo.toml", kill_on_drop: false }`
[INFO] running `Command { std: "docker" "create" "-v" "/var/lib/crater-agent-workspace/builds/worker-3/target:/opt/rustwide/target:rw,Z" "-v" "/var/lib/crater-agent-workspace/builds/worker-3/source:/opt/rustwide/workdir:ro,Z" "-v" "/var/lib/crater-agent-workspace/cargo-home:/opt/rustwide/cargo-home:ro,Z" "-v" "/var/lib/crater-agent-workspace/rustup-home:/opt/rustwide/rustup-home:ro,Z" "-e" "SOURCE_DIR=/opt/rustwide/workdir" "-e" "CARGO_TARGET_DIR=/opt/rustwide/target" "-e" "CARGO_HOME=/opt/rustwide/cargo-home" "-e" "RUSTUP_HOME=/opt/rustwide/rustup-home" "-w" "/opt/rustwide/workdir" "-m" "1610612736" "--user" "0:0" "--network" "none" "ghcr.io/rust-lang/crates-build-env/linux@sha256:34b6a614d2c27851fe6cbf88fbd1137609cefab8b10d0615aaeb6fd47975d74e" "/opt/rustwide/cargo-home/bin/cargo" "+beta-2021-08-01" "metadata" "--no-deps" "--format-version=1", kill_on_drop: false }`
[INFO] [stdout] c0c12f9fc13644dfb784344df2858ead7d216e0650aaff75718de800f7cff06d
[INFO] running `Command { std: "docker" "start" "-a" "c0c12f9fc13644dfb784344df2858ead7d216e0650aaff75718de800f7cff06d", kill_on_drop: false }`
[INFO] running `Command { std: "docker" "inspect" "c0c12f9fc13644dfb784344df2858ead7d216e0650aaff75718de800f7cff06d", kill_on_drop: false }`
[INFO] running `Command { std: "docker" "rm" "-f" "c0c12f9fc13644dfb784344df2858ead7d216e0650aaff75718de800f7cff06d", kill_on_drop: false }`
[INFO] [stdout] c0c12f9fc13644dfb784344df2858ead7d216e0650aaff75718de800f7cff06d
[INFO] running `Command { std: "docker" "create" "-v" "/var/lib/crater-agent-workspace/builds/worker-3/target:/opt/rustwide/target:rw,Z" "-v" "/var/lib/crater-agent-workspace/builds/worker-3/source:/opt/rustwide/workdir:ro,Z" "-v" "/var/lib/crater-agent-workspace/cargo-home:/opt/rustwide/cargo-home:ro,Z" "-v" "/var/lib/crater-agent-workspace/rustup-home:/opt/rustwide/rustup-home:ro,Z" "-e" "SOURCE_DIR=/opt/rustwide/workdir" "-e" "CARGO_TARGET_DIR=/opt/rustwide/target" "-e" "CARGO_INCREMENTAL=0" "-e" "RUST_BACKTRACE=full" "-e" "RUSTFLAGS=--cap-lints=warn" "-e" "CARGO_HOME=/opt/rustwide/cargo-home" "-e" "RUSTUP_HOME=/opt/rustwide/rustup-home" "-w" "/opt/rustwide/workdir" "-m" "1610612736" "--user" "0:0" "--network" "none" "ghcr.io/rust-lang/crates-build-env/linux@sha256:34b6a614d2c27851fe6cbf88fbd1137609cefab8b10d0615aaeb6fd47975d74e" "/opt/rustwide/cargo-home/bin/cargo" "+beta-2021-08-01" "build" "--frozen" "--message-format=json", kill_on_drop: false }`
[INFO] [stdout] 3f6af1c191dd2e1c018cd88dfbfc7f69a1def41c82f07d78e01952ab563bfe32
[INFO] running `Command { std: "docker" "start" "-a" "3f6af1c191dd2e1c018cd88dfbfc7f69a1def41c82f07d78e01952ab563bfe32", kill_on_drop: false }`
[INFO] [stderr]    Compiling num-traits v0.2.14
[INFO] [stderr]    Compiling num-integer v0.1.44
[INFO] [stderr]    Compiling matrixmultiply v0.3.1
[INFO] [stderr]    Compiling num-complex v0.3.1
[INFO] [stderr]    Compiling approx v0.4.0
[INFO] [stderr]    Compiling num-rational v0.3.2
[INFO] [stderr]    Compiling simba v0.4.0
[INFO] [stderr]    Compiling nalgebra v0.26.2
[INFO] [stderr]    Compiling render-magic v0.1.0 (/opt/rustwide/workdir)
[INFO] [stdout] error: unexpected `self` parameter in function
[INFO] [stdout]   --> src/engine/camera/camera3D.rs:25:22
[INFO] [stdout]    |
[INFO] [stdout] 25 |     fn render(&self, &mut self.local_raycast_coordinates) {
[INFO] [stdout]    |                      ^^^^^^^^^ must be the first parameter of an associated function
[INFO] [stdout] 
[INFO] [stdout] 
[INFO] [stdout] error: expected one of `:`, `@`, or `|`, found `)`
[INFO] [stdout]   --> src/engine/camera/camera3D.rs:25:57
[INFO] [stdout]    |
[INFO] [stdout] 25 |     fn render(&self, &mut self.local_raycast_coordinates) {
[INFO] [stdout]    |                                                         ^ expected one of `:`, `@`, or `|`
[INFO] [stdout]    |
[INFO] [stdout]    = note: anonymous parameters are removed in the 2018 edition (see RFC 1685)
[INFO] [stdout] help: if this is a parameter name, give it a type
[INFO] [stdout]    |
[INFO] [stdout] 25 |     fn render(&self, &mut self.local_raycast_coordinates: TypeName) {
[INFO] [stdout]    |                                ^^^^^^^^^^^^^^^^^^^^^^^^^^^^^^^^^^^
[INFO] [stdout] help: if this is a type, explicitly ignore the parameter name
[INFO] [stdout]    |
[INFO] [stdout] 25 |     fn render(&self, &mut self._: local_raycast_coordinates) {
[INFO] [stdout]    |                                ^^^^^^^^^^^^^^^^^^^^^^^^^^^^
[INFO] [stdout] 
[INFO] [stdout] 
[INFO] [stdout] error: expected one of `)` or `,`, found `.`
[INFO] [stdout]   --> src/engine/camera/camera3D.rs:25:31
[INFO] [stdout]    |
[INFO] [stdout] 25 |     fn render(&self, &mut self.local_raycast_coordinates) {
[INFO] [stdout]    |                               ^
[INFO] [stdout]    |                               |
[INFO] [stdout]    |                               expected one of `)` or `,`
[INFO] [stdout]    |                               help: missing `,`
[INFO] [stdout] 
[INFO] [stdout] 
[INFO] [stdout] error: expected expression, found `}`
[INFO] [stdout]   --> src/engine/camera/camera3D.rs:39:13
[INFO] [stdout]    |
[INFO] [stdout] 39 |             }
[INFO] [stdout]    |             ^ expected expression
[INFO] [stdout] 
[INFO] [stdout] 
[INFO] [stdout] error[E0415]: identifier `self` is bound more than once in this parameter list
[INFO] [stdout]   --> src/engine/camera/camera3D.rs:25:27
[INFO] [stdout]    |
[INFO] [stdout] 25 |     fn render(&self, &mut self.local_raycast_coordinates) {
[INFO] [stdout]    |                           ^^^^ used as parameter more than once
[INFO] [stdout] 
[INFO] [stdout] 
[INFO] [stdout] error[E0425]: cannot find value `render_size` in this scope
[INFO] [stdout]   --> src/engine/camera/camera3D.rs:33:26
[INFO] [stdout]    |
[INFO] [stdout] 33 |         let half_width = render_size.0 / 2;
[INFO] [stdout]    |                          ^^^^^^^^^^^ help: you might have meant to use the available field: `self.render_size`
[INFO] [stdout] 
[INFO] [stdout] 
[INFO] [stdout] error[E0425]: cannot find value `render_size` in this scope
[INFO] [stdout]   --> src/engine/camera/camera3D.rs:34:27
[INFO] [stdout]    |
[INFO] [stdout] 34 |         let half_height = render_size.1 / 2;
[INFO] [stdout]    |                           ^^^^^^^^^^^ help: you might have meant to use the available field: `self.render_size`
[INFO] [stdout] 
[INFO] [stdout] 
[INFO] [stdout] error[E0433]: failed to resolve: could not find `Camera3D` in `camera`
[INFO] [stdout]  --> src/main.rs:6:21
[INFO] [stdout]   |
[INFO] [stdout] 6 |     engine::camera::Camera3D::new();
[INFO] [stdout]   |                     ^^^^^^^^ not found in `engine::camera`
[INFO] [stdout]   |
[INFO] [stdout] help: consider importing this struct
[INFO] [stdout]   |
[INFO] [stdout] 2 | use crate::engine::camera::camera3D::Camera3D;
[INFO] [stdout]   |
[INFO] [stdout] 
[INFO] [stdout] 
[INFO] [stdout] warning: unused import: `std`
[INFO] [stdout]  --> src/engine/camera/camera3D.rs:1:5
[INFO] [stdout]   |
[INFO] [stdout] 1 | use std;
[INFO] [stdout]   |     ^^^
[INFO] [stdout]   |
[INFO] [stdout]   = note: `#[warn(unused_imports)]` on by default
[INFO] [stdout] 
[INFO] [stdout] 
[INFO] [stdout] error[E0609]: no field `local_raycast_coordinates` on type `&mut Camera3D`
[INFO] [stdout]   --> src/engine/camera/camera3D.rs:22:14
[INFO] [stdout]    |
[INFO] [stdout] 22 |         self.local_raycast_coordinates = Box::new(vec![Vec3D::new(),render_size.0 * render_size.1].into_boxed_slice()); //alocate
[INFO] [stdout]    |              ^^^^^^^^^^^^^^^^^^^^^^^^^ unknown field
[INFO] [stdout]    |
[INFO] [stdout]    = note: available fields are: `pos`, `dir`, `dist`, `render_size`, `raycast_origins`
[INFO] [stdout] 
[INFO] [stdout] 
[INFO] [stdout] error[E0061]: this function takes 3 arguments but 0 arguments were supplied
[INFO] [stdout]     --> src/engine/camera/camera3D.rs:22:56
[INFO] [stdout]      |
[INFO] [stdout] 22   |         self.local_raycast_coordinates = Box::new(vec![Vec3D::new(),render_size.0 * render_size.1].into_boxed_slice()); //alocate
[INFO] [stdout]      |                                                        ^^^^^^^^^^-- supplied 0 arguments
[INFO] [stdout]      |                                                        |
[INFO] [stdout]      |                                                        expected 3 arguments
[INFO] [stdout]      |
[INFO] [stdout] note: associated function defined here
[INFO] [stdout]     --> /opt/rustwide/cargo-home/registry/src/github.com-1ecc6299db9ec823/nalgebra-0.26.2/src/base/construction.rs:926:1
[INFO] [stdout]      |
[INFO] [stdout] 926  | / componentwise_constructors_impl!(
[INFO] [stdout] 927  | |     /*
[INFO] [stdout] 928  | |      * Square matrices 1 .. 6.
[INFO] [stdout] 929  | |      */
[INFO] [stdout] ...    |
[INFO] [stdout] 1068 | |     6, 1, [x; y; z; w; a; b];
[INFO] [stdout] 1069 | | );
[INFO] [stdout]      | |__^
[INFO] [stdout]      = note: this error originates in the macro `componentwise_constructors_impl` (in Nightly builds, run with -Z macro-backtrace for more info)
[INFO] [stdout] 
[INFO] [stdout] 
[INFO] [stdout] error[E0308]: mismatched types
[INFO] [stdout]   --> src/engine/camera/camera3D.rs:22:69
[INFO] [stdout]    |
[INFO] [stdout] 22 |         self.local_raycast_coordinates = Box::new(vec![Vec3D::new(),render_size.0 * render_size.1].into_boxed_slice()); //alocate
[INFO] [stdout]    |                                                                     ^^^^^^^^^^^^^^^^^^^^^^^^^^^^^ expected struct `Matrix`, found `u8`
[INFO] [stdout]    |
[INFO] [stdout]    = note: expected type `Matrix<f32, Const<3_usize>, Const<1_usize>, ArrayStorage<f32, 3_usize, 1_usize>>`
[INFO] [stdout]               found type `u8`
[INFO] [stdout] 
[INFO] [stdout] 
[INFO] [stdout] error[E0277]: cannot subtract `f32` from `Matrix<f32, Const<3_usize>, Const<1_usize>, ArrayStorage<f32, 3_usize, 1_usize>>`
[INFO] [stdout]   --> src/engine/camera/camera3D.rs:30:27
[INFO] [stdout]    |
[INFO] [stdout] 30 |         let ortho_v =  (V - V.dot(&self.dir) / self.dir.norm_squared() * self.dir ).normalize();
[INFO] [stdout]    |                           ^ no implementation for `Matrix<f32, Const<3_usize>, Const<1_usize>, ArrayStorage<f32, 3_usize, 1_usize>> - f32`
[INFO] [stdout]    |
[INFO] [stdout]    = help: the trait `Sub<f32>` is not implemented for `Matrix<f32, Const<3_usize>, Const<1_usize>, ArrayStorage<f32, 3_usize, 1_usize>>`
[INFO] [stdout] 
[INFO] [stdout] 
[INFO] [stdout] error: aborting due to 12 previous errors; 1 warning emitted
[INFO] [stdout] 
[INFO] [stdout] 
[INFO] [stdout] Some errors have detailed explanations: E0061, E0277, E0308, E0415, E0425, E0433, E0609.
[INFO] [stdout] 
[INFO] [stdout] For more information about an error, try `rustc --explain E0061`.
[INFO] [stdout] 
[INFO] [stderr] error: could not compile `render-magic` due to 13 previous errors; 1 warning emitted
[INFO] running `Command { std: "docker" "inspect" "3f6af1c191dd2e1c018cd88dfbfc7f69a1def41c82f07d78e01952ab563bfe32", kill_on_drop: false }`
[INFO] running `Command { std: "docker" "rm" "-f" "3f6af1c191dd2e1c018cd88dfbfc7f69a1def41c82f07d78e01952ab563bfe32", kill_on_drop: false }`
[INFO] [stdout] 3f6af1c191dd2e1c018cd88dfbfc7f69a1def41c82f07d78e01952ab563bfe32
