[INFO] cloning repository https://github.com/EdorianDark/warpMin
[INFO] running `Command { std: "git" "-c" "credential.helper=" "-c" "credential.helper=/workspace/cargo-home/bin/git-credential-null" "clone" "--bare" "https://github.com/EdorianDark/warpMin" "/workspace/cache/git-repos/https%3A%2F%2Fgithub.com%2FEdorianDark%2FwarpMin", kill_on_drop: false }`
[INFO] [stderr] Cloning into bare repository '/workspace/cache/git-repos/https%3A%2F%2Fgithub.com%2FEdorianDark%2FwarpMin'...
[INFO] running `Command { std: "git" "rev-parse" "HEAD", kill_on_drop: false }`
[INFO] [stdout] 6e1d9f6458e5af55a2487945de48cba88c197a1e
[INFO] testing EdorianDark/warpMin against 1.54.0 for beta-1.55-1
[INFO] running `Command { std: "git" "clone" "/workspace/cache/git-repos/https%3A%2F%2Fgithub.com%2FEdorianDark%2FwarpMin" "/workspace/builds/worker-0/source", kill_on_drop: false }`
[INFO] [stderr] Cloning into '/workspace/builds/worker-0/source'...
[INFO] [stderr] done.
[INFO] validating manifest of git repo https://github.com/EdorianDark/warpMin on toolchain 1.54.0
[INFO] running `Command { std: "/workspace/cargo-home/bin/cargo" "+1.54.0" "metadata" "--manifest-path" "Cargo.toml" "--no-deps", kill_on_drop: false }`
[INFO] started tweaking git repo https://github.com/EdorianDark/warpMin
[INFO] finished tweaking git repo https://github.com/EdorianDark/warpMin
[INFO] tweaked toml for git repo https://github.com/EdorianDark/warpMin written to /workspace/builds/worker-0/source/Cargo.toml
[INFO] crate git repo https://github.com/EdorianDark/warpMin already has a lockfile, it will not be regenerated
[INFO] running `Command { std: "/workspace/cargo-home/bin/cargo" "+1.54.0" "fetch" "--manifest-path" "Cargo.toml", kill_on_drop: false }`
[INFO] [stderr]     Blocking waiting for file lock on package cache
[INFO] [stderr]     Blocking waiting for file lock on package cache
[INFO] running `Command { std: "docker" "create" "-v" "/var/lib/crater-agent-workspace/builds/worker-0/target:/opt/rustwide/target:rw,Z" "-v" "/var/lib/crater-agent-workspace/builds/worker-0/source:/opt/rustwide/workdir:ro,Z" "-v" "/var/lib/crater-agent-workspace/cargo-home:/opt/rustwide/cargo-home:ro,Z" "-v" "/var/lib/crater-agent-workspace/rustup-home:/opt/rustwide/rustup-home:ro,Z" "-e" "SOURCE_DIR=/opt/rustwide/workdir" "-e" "CARGO_TARGET_DIR=/opt/rustwide/target" "-e" "CARGO_HOME=/opt/rustwide/cargo-home" "-e" "RUSTUP_HOME=/opt/rustwide/rustup-home" "-w" "/opt/rustwide/workdir" "-m" "1610612736" "--user" "0:0" "--network" "none" "ghcr.io/rust-lang/crates-build-env/linux@sha256:34b6a614d2c27851fe6cbf88fbd1137609cefab8b10d0615aaeb6fd47975d74e" "/opt/rustwide/cargo-home/bin/cargo" "+1.54.0" "metadata" "--no-deps" "--format-version=1", kill_on_drop: false }`
[INFO] [stdout] 51e4d8061296ad4017897506e6a9252915f90330d58db849993a7d2b06a2eaa3
[INFO] running `Command { std: "docker" "start" "-a" "51e4d8061296ad4017897506e6a9252915f90330d58db849993a7d2b06a2eaa3", kill_on_drop: false }`
[INFO] running `Command { std: "docker" "inspect" "51e4d8061296ad4017897506e6a9252915f90330d58db849993a7d2b06a2eaa3", kill_on_drop: false }`
[INFO] running `Command { std: "docker" "rm" "-f" "51e4d8061296ad4017897506e6a9252915f90330d58db849993a7d2b06a2eaa3", kill_on_drop: false }`
[INFO] [stdout] 51e4d8061296ad4017897506e6a9252915f90330d58db849993a7d2b06a2eaa3
[INFO] running `Command { std: "docker" "create" "-v" "/var/lib/crater-agent-workspace/builds/worker-0/target:/opt/rustwide/target:rw,Z" "-v" "/var/lib/crater-agent-workspace/builds/worker-0/source:/opt/rustwide/workdir:ro,Z" "-v" "/var/lib/crater-agent-workspace/cargo-home:/opt/rustwide/cargo-home:ro,Z" "-v" "/var/lib/crater-agent-workspace/rustup-home:/opt/rustwide/rustup-home:ro,Z" "-e" "SOURCE_DIR=/opt/rustwide/workdir" "-e" "CARGO_TARGET_DIR=/opt/rustwide/target" "-e" "CARGO_INCREMENTAL=0" "-e" "RUST_BACKTRACE=full" "-e" "RUSTFLAGS=--cap-lints=warn" "-e" "CARGO_HOME=/opt/rustwide/cargo-home" "-e" "RUSTUP_HOME=/opt/rustwide/rustup-home" "-w" "/opt/rustwide/workdir" "-m" "1610612736" "--user" "0:0" "--network" "none" "ghcr.io/rust-lang/crates-build-env/linux@sha256:34b6a614d2c27851fe6cbf88fbd1137609cefab8b10d0615aaeb6fd47975d74e" "/opt/rustwide/cargo-home/bin/cargo" "+1.54.0" "build" "--frozen" "--message-format=json", kill_on_drop: false }`
[INFO] [stdout] dbcdda14a4ccd55957cd5fc27e233d6533fde908b078268a5cd2aef10b366da6
[INFO] running `Command { std: "docker" "start" "-a" "dbcdda14a4ccd55957cd5fc27e233d6533fde908b078268a5cd2aef10b366da6", kill_on_drop: false }`
[INFO] [stderr]    Compiling syn v1.0.59
[INFO] [stderr]    Compiling log v0.4.13
[INFO] [stderr]    Compiling serde_derive v1.0.121
[INFO] [stderr]    Compiling serde v1.0.121
[INFO] [stderr]    Compiling futures-io v0.3.12
[INFO] [stderr]    Compiling serde_json v1.0.61
[INFO] [stderr]    Compiling event-listener v2.5.1
[INFO] [stderr]    Compiling fastrand v1.4.0
[INFO] [stderr]    Compiling utf-8 v0.7.5
[INFO] [stderr]    Compiling tower-service v0.3.1
[INFO] [stderr]    Compiling httpdate v0.3.2
[INFO] [stderr]    Compiling async-task v4.0.3
[INFO] [stderr]    Compiling spin v0.7.1
[INFO] [stderr]    Compiling thread_local v1.1.1
[INFO] [stderr]    Compiling tokio v1.1.0
[INFO] [stderr]    Compiling input_buffer v0.4.0
[INFO] [stderr]    Compiling lru v0.6.3
[INFO] [stderr]    Compiling headers-core v0.2.0
[INFO] [stderr]    Compiling http-body v0.4.0
[INFO] [stderr]    Compiling quote v1.0.8
[INFO] [stderr]    Compiling getrandom v0.2.2
[INFO] [stderr]    Compiling indexmap v1.6.1
[INFO] [stderr]    Compiling time v0.1.43
[INFO] [stderr]    Compiling idna v0.2.0
[INFO] [stderr]    Compiling twoway v0.1.8
[INFO] [stderr]    Compiling buf_redux v0.8.4
[INFO] [stderr]    Compiling twoway v0.2.1
[INFO] [stderr]    Compiling rand_core v0.5.1
[INFO] [stderr]    Compiling block-buffer v0.7.3
[INFO] [stderr]    Compiling sha-1 v0.9.2
[INFO] [stderr]    Compiling sha2 v0.9.2
[INFO] [stderr]    Compiling sha-1 v0.8.2
[INFO] [stderr]    Compiling futures-lite v1.11.3
[INFO] [stderr]    Compiling async-channel v1.5.1
[INFO] [stderr]    Compiling rand_core v0.6.1
[INFO] [stderr]    Compiling rand_chacha v0.2.2
[INFO] [stderr]    Compiling regex v1.4.3
[INFO] [stderr]    Compiling rand_chacha v0.3.0
[INFO] [stderr]    Compiling mio v0.7.7
[INFO] [stderr]    Compiling want v0.3.0
[INFO] [stderr]    Compiling chrono v0.4.19
[INFO] [stderr]    Compiling headers v0.3.3
[INFO] [stderr]    Compiling url v2.2.0
[INFO] [stderr]    Compiling rand v0.8.2
[INFO] [stderr]    Compiling rand v0.7.3
[INFO] [stderr]    Compiling blocking v1.0.2
[INFO] [stderr]    Compiling tempfile v3.2.0
[INFO] [stderr]    Compiling tungstenite v0.12.0
[INFO] [stderr]    Compiling parse-zoneinfo v0.3.0
[INFO] [stderr]    Compiling Inflector v0.11.4
[INFO] [stderr]    Compiling multipart v0.17.1
[INFO] [stderr]    Compiling chrono-tz v0.5.3
[INFO] [stderr]    Compiling pest_generator v2.1.3
[INFO] [stderr]    Compiling darling_core v0.10.2
[INFO] [stderr]    Compiling futures-macro v0.3.12
[INFO] [stderr]    Compiling tokio-macros v1.0.0
[INFO] [stderr]    Compiling tracing-attributes v0.1.11
[INFO] [stderr]    Compiling async-stream-impl v0.3.0
[INFO] [stderr]    Compiling pin-project-internal v0.4.27
[INFO] [stderr]    Compiling pin-project-internal v1.0.4
[INFO] [stderr]    Compiling thiserror-impl v1.0.23
[INFO] [stderr]    Compiling darling_macro v0.10.2
[INFO] [stderr]    Compiling pest_derive v2.1.0
[INFO] [stderr]    Compiling derive_more v0.99.11
[INFO] [stderr]    Compiling async-trait v0.1.42
[INFO] [stderr]    Compiling darling v0.10.2
[INFO] [stderr]    Compiling async-stream v0.3.0
[INFO] [stderr]    Compiling futures-util v0.3.12
[INFO] [stderr]    Compiling thiserror v1.0.23
[INFO] [stderr]    Compiling pin-project v1.0.4
[INFO] [stderr]    Compiling tracing v0.1.22
[INFO] [stderr]    Compiling pin-project v0.4.27
[INFO] [stderr]    Compiling tracing-futures v0.2.4
[INFO] [stderr]    Compiling futures-executor v0.3.12
[INFO] [stderr]    Compiling tokio-stream v0.1.2
[INFO] [stderr]    Compiling tokio-tungstenite v0.13.0
[INFO] [stderr]    Compiling futures v0.3.12
[INFO] [stderr]    Compiling multer v1.2.2
[INFO] [stderr]    Compiling tokio-util v0.6.2
[INFO] [stderr]    Compiling h2 v0.3.0
[INFO] [stderr]    Compiling toml v0.5.8
[INFO] [stderr]    Compiling uuid v0.8.2
[INFO] [stderr]    Compiling serde_urlencoded v0.7.0
[INFO] [stderr]    Compiling async-graphql-value v2.0.5
[INFO] [stderr]    Compiling bson v1.1.0
[INFO] [stderr]    Compiling proc-macro-crate v0.1.5
[INFO] [stderr]    Compiling async-graphql-parser v2.4.6
[INFO] [stderr]    Compiling hyper v0.14.2
[INFO] [stderr]    Compiling async-graphql-derive v2.5.0
[INFO] [stderr]    Compiling warp v0.3.0
[INFO] [stderr]    Compiling async-graphql v2.5.1
[INFO] [stderr]    Compiling async-graphql-warp v2.5.1
[INFO] [stderr]    Compiling warp-starwars v0.1.1 (/opt/rustwide/workdir)
[INFO] [stdout] warning: unused imports: `BadRequest`, `Response`
[INFO] [stdout]  --> src/main.rs:3:26
[INFO] [stdout]   |
[INFO] [stdout] 3 | use async_graphql_warp::{BadRequest, Response};
[INFO] [stdout]   |                          ^^^^^^^^^^  ^^^^^^^^
[INFO] [stdout]   |
[INFO] [stdout]   = note: `#[warn(unused_imports)]` on by default
[INFO] [stdout] 
[INFO] [stdout] 
[INFO] [stdout] warning: unused import: `http::StatusCode`
[INFO] [stdout]  --> src/main.rs:4:5
[INFO] [stdout]   |
[INFO] [stdout] 4 | use http::StatusCode;
[INFO] [stdout]   |     ^^^^^^^^^^^^^^^^
[INFO] [stdout] 
[INFO] [stdout] 
[INFO] [stdout] warning: unused import: `std::convert::Infallible`
[INFO] [stdout]  --> src/main.rs:5:5
[INFO] [stdout]   |
[INFO] [stdout] 5 | use std::convert::Infallible;
[INFO] [stdout]   |     ^^^^^^^^^^^^^^^^^^^^^^^^
[INFO] [stdout] 
[INFO] [stdout] 
[INFO] [stdout] warning: unused import: `Rejection`
[INFO] [stdout]  --> src/main.rs:6:52
[INFO] [stdout]   |
[INFO] [stdout] 6 | use warp::{http::Response as HttpResponse, Filter, Rejection};
[INFO] [stdout]   |                                                    ^^^^^^^^^
[INFO] [stdout] 
[INFO] [stdout] 
[INFO] [stdout] error[E0277]: the trait bound `fn((async_graphql::Schema<QueryRoot, EmptyMutation, EmptySubscription>, async_graphql::Request)) -> impl warp::Future {graphql_post}: warp::filter::FilterBase` is not satisfied
[INFO] [stdout]   --> src/main.rs:40:47
[INFO] [stdout]    |
[INFO] [stdout] 40 |     let routes = graphql_playground_filter.or(graphql_post);
[INFO] [stdout]    |                                               ^^^^^^^^^^^^ the trait `warp::filter::FilterBase` is not implemented for `fn((async_graphql::Schema<QueryRoot, EmptyMutation, EmptySubscription>, async_graphql::Request)) -> impl warp::Future {graphql_post}`
[INFO] [stdout] 
[INFO] [stdout] 
[INFO] [stdout] error[E0277]: the trait bound `fn((async_graphql::Schema<QueryRoot, EmptyMutation, EmptySubscription>, async_graphql::Request)) -> impl warp::Future {graphql_post}: warp::filter::FilterBase` is not satisfied
[INFO] [stdout]   --> src/main.rs:42:17
[INFO] [stdout]    |
[INFO] [stdout] 42 |     warp::serve(routes).run(([0, 0, 0, 0], 8000)).await;
[INFO] [stdout]    |                 ^^^^^^ the trait `warp::filter::FilterBase` is not implemented for `fn((async_graphql::Schema<QueryRoot, EmptyMutation, EmptySubscription>, async_graphql::Request)) -> impl warp::Future {graphql_post}`
[INFO] [stdout]    |
[INFO] [stdout]    = note: required because of the requirements on the impl of `warp::filter::FilterBase` for `warp::filter::or::Or<warp::filter::and_then::AndThen<warp::filter::and::And<impl warp::Filter+std::marker::Copy, impl warp::Filter+std::marker::Copy>, fn() -> impl warp::Future {graphql_playground}>, fn((async_graphql::Schema<QueryRoot, EmptyMutation, EmptySubscription>, async_graphql::Request)) -> impl warp::Future {graphql_post}>`
[INFO] [stdout] 
[INFO] [stdout] 
[INFO] [stdout] error[E0599]: the method `run` exists for struct `warp::Server<warp::filter::or::Or<warp::filter::and_then::AndThen<warp::filter::and::And<impl warp::Filter+std::marker::Copy, impl warp::Filter+std::marker::Copy>, fn() -> impl warp::Future {graphql_playground}>, fn((async_graphql::Schema<QueryRoot, EmptyMutation, EmptySubscription>, async_graphql::Request)) -> impl warp::Future {graphql_post}>>`, but its trait bounds were not satisfied
[INFO] [stdout]   --> src/main.rs:42:25
[INFO] [stdout]    |
[INFO] [stdout] 42 |     warp::serve(routes).run(([0, 0, 0, 0], 8000)).await;
[INFO] [stdout]    |                         ^^^ method cannot be called on `warp::Server<warp::filter::or::Or<warp::filter::and_then::AndThen<warp::filter::and::And<impl warp::Filter+std::marker::Copy, impl warp::Filter+std::marker::Copy>, fn() -> impl warp::Future {graphql_playground}>, fn((async_graphql::Schema<QueryRoot, EmptyMutation, EmptySubscription>, async_graphql::Request)) -> impl warp::Future {graphql_post}>>` due to unsatisfied trait bounds
[INFO] [stdout]    | 
[INFO] [stdout]   ::: /opt/rustwide/cargo-home/registry/src/github.com-1ecc6299db9ec823/warp-0.3.0/src/filter/or.rs:16:1
[INFO] [stdout]    |
[INFO] [stdout] 16 | pub struct Or<T, U> {
[INFO] [stdout]    | ------------------- doesn't satisfy `_: warp::Filter`
[INFO] [stdout] ...
[INFO] [stdout] 43 | pub struct EitherFuture<T: Filter, U: Filter> {
[INFO] [stdout]    | ---------------------------------------------
[INFO] [stdout]    | |
[INFO] [stdout]    | doesn't satisfy `<_ as warp::Future>::Output = Result<_, _>`
[INFO] [stdout]    | doesn't satisfy `_: warp::Future`
[INFO] [stdout]    |
[INFO] [stdout]    = note: the following trait bounds were not satisfied:
[INFO] [stdout]            `warp::filter::or::Or<warp::filter::and_then::AndThen<warp::filter::and::And<impl warp::Filter+std::marker::Copy, impl warp::Filter+std::marker::Copy>, fn() -> impl warp::Future {graphql_playground}>, fn((async_graphql::Schema<QueryRoot, EmptyMutation, EmptySubscription>, async_graphql::Request)) -> impl warp::Future {graphql_post}>: warp::Filter`
[INFO] [stdout]            `fn((async_graphql::Schema<QueryRoot, EmptyMutation, EmptySubscription>, async_graphql::Request)) -> impl warp::Future {graphql_post}: warp::Filter`
[INFO] [stdout]            `fn((async_graphql::Schema<QueryRoot, EmptyMutation, EmptySubscription>, async_graphql::Request)) -> impl warp::Future {graphql_post}: warp::filter::FilterBase`
[INFO] [stdout]            `<warp::filter::or::EitherFuture<warp::filter::and_then::AndThen<warp::filter::and::And<impl warp::Filter+std::marker::Copy, impl warp::Filter+std::marker::Copy>, fn() -> impl warp::Future {graphql_playground}>, fn((async_graphql::Schema<QueryRoot, EmptyMutation, EmptySubscription>, async_graphql::Request)) -> impl warp::Future {graphql_post}> as warp::Future>::Output = Result<_, _>`
[INFO] [stdout]            `warp::filter::or::EitherFuture<warp::filter::and_then::AndThen<warp::filter::and::And<impl warp::Filter+std::marker::Copy, impl warp::Filter+std::marker::Copy>, fn() -> impl warp::Future {graphql_playground}>, fn((async_graphql::Schema<QueryRoot, EmptyMutation, EmptySubscription>, async_graphql::Request)) -> impl warp::Future {graphql_post}>: warp::Future`
[INFO] [stdout] 
[INFO] [stdout] 
[INFO] [stdout] error: aborting due to 3 previous errors; 4 warnings emitted
[INFO] [stdout] 
[INFO] [stdout] 
[INFO] [stdout] Some errors have detailed explanations: E0277, E0599.
[INFO] [stdout] 
[INFO] [stdout] For more information about an error, try `rustc --explain E0277`.
[INFO] [stdout] 
[INFO] [stderr] error: could not compile `warp-starwars`
[INFO] [stderr] 
[INFO] [stderr] To learn more, run the command again with --verbose.
[INFO] running `Command { std: "docker" "inspect" "dbcdda14a4ccd55957cd5fc27e233d6533fde908b078268a5cd2aef10b366da6", kill_on_drop: false }`
[INFO] running `Command { std: "docker" "rm" "-f" "dbcdda14a4ccd55957cd5fc27e233d6533fde908b078268a5cd2aef10b366da6", kill_on_drop: false }`
[INFO] [stdout] dbcdda14a4ccd55957cd5fc27e233d6533fde908b078268a5cd2aef10b366da6
