[INFO] cloning repository https://github.com/Dr-Ham/tmp-rust
[INFO] running `Command { std: "git" "-c" "credential.helper=" "-c" "credential.helper=/workspace/cargo-home/bin/git-credential-null" "clone" "--bare" "https://github.com/Dr-Ham/tmp-rust" "/workspace/cache/git-repos/https%3A%2F%2Fgithub.com%2FDr-Ham%2Ftmp-rust", kill_on_drop: false }`
[INFO] [stderr] Cloning into bare repository '/workspace/cache/git-repos/https%3A%2F%2Fgithub.com%2FDr-Ham%2Ftmp-rust'...
[INFO] running `Command { std: "git" "rev-parse" "HEAD", kill_on_drop: false }`
[INFO] [stdout] 20d8ab5c418910866b92530ba6cfa60e2050a558
[INFO] testing Dr-Ham/tmp-rust against beta-2021-08-01 for beta-1.55-1
[INFO] running `Command { std: "git" "clone" "/workspace/cache/git-repos/https%3A%2F%2Fgithub.com%2FDr-Ham%2Ftmp-rust" "/workspace/builds/worker-1/source", kill_on_drop: false }`
[INFO] [stderr] Cloning into '/workspace/builds/worker-1/source'...
[INFO] [stderr] done.
[INFO] validating manifest of git repo https://github.com/Dr-Ham/tmp-rust on toolchain beta-2021-08-01
[INFO] running `Command { std: "/workspace/cargo-home/bin/cargo" "+beta-2021-08-01" "metadata" "--manifest-path" "Cargo.toml" "--no-deps", kill_on_drop: false }`
[INFO] started tweaking git repo https://github.com/Dr-Ham/tmp-rust
[INFO] finished tweaking git repo https://github.com/Dr-Ham/tmp-rust
[INFO] tweaked toml for git repo https://github.com/Dr-Ham/tmp-rust written to /workspace/builds/worker-1/source/Cargo.toml
[INFO] crate git repo https://github.com/Dr-Ham/tmp-rust already has a lockfile, it will not be regenerated
[INFO] running `Command { std: "/workspace/cargo-home/bin/cargo" "+beta-2021-08-01" "fetch" "--manifest-path" "Cargo.toml", kill_on_drop: false }`
[INFO] [stderr]     Blocking waiting for file lock on package cache
[INFO] [stderr]  Downloading crates ...
[INFO] [stderr]   Downloaded ryu v1.0.2
[INFO] [stderr]   Downloaded wasm-bindgen-backend v0.2.59
[INFO] [stderr]   Downloaded wasm-bindgen-macro v0.2.59
[INFO] [stderr]   Downloaded wasm-bindgen-macro-support v0.2.59
[INFO] [stderr]   Downloaded smallvec v1.2.0
[INFO] [stderr]   Downloaded tokio v0.2.13
[INFO] [stderr]   Downloaded unicode-bidi v0.3.4
[INFO] [stderr]   Downloaded pkg-config v0.3.17
[INFO] [stderr]   Downloaded dtoa v0.4.5
[INFO] [stderr]   Downloaded vcpkg v0.2.8
[INFO] [stderr]   Downloaded try-lock v0.2.2
[INFO] [stderr]   Downloaded tower-service v0.3.0
[INFO] [stderr]   Downloaded hyper-tls v0.4.1
[INFO] [stderr]   Downloaded pin-project v0.4.8
[INFO] [stderr]   Downloaded futures-sink v0.3.4
[INFO] [stderr]   Downloaded futures-task v0.3.4
[INFO] [stderr]   Downloaded futures-util v0.3.4
[INFO] [stderr]   Downloaded h2 v0.2.2
[INFO] [stderr]   Downloaded serde v1.0.104
[INFO] [stderr]   Downloaded futures-channel v0.3.4
[INFO] [stderr]   Downloaded wasm-bindgen-shared v0.2.59
[INFO] [stderr]   Downloaded serde_json v1.0.48
[INFO] [stderr]   Downloaded schannel v0.1.17
[INFO] [stderr]   Downloaded httparse v1.3.4
[INFO] [stderr]   Downloaded rand_chacha v0.2.1
[INFO] [stderr]   Downloaded indexmap v1.3.2
[INFO] [stderr]   Downloaded tokio-tls v0.3.0
[INFO] [stderr]   Downloaded futures-core v0.3.4
[INFO] [stderr]   Downloaded http v0.2.0
[INFO] [stderr]   Downloaded bumpalo v3.2.0
[INFO] [stderr]   Downloaded unicode-normalization v0.1.12
[INFO] [stderr]   Downloaded wasm-bindgen v0.2.59
[INFO] [stderr]   Downloaded pin-project-internal v0.4.8
[INFO] [stderr]   Downloaded pin-utils v0.1.0-alpha.4
[INFO] [stderr]   Downloaded hyper v0.13.3
[INFO] [stderr]   Downloaded openssl v0.10.28
[INFO] [stderr]   Downloaded version_check v0.9.1
[INFO] [stderr]   Downloaded bytes v0.5.4
[INFO] [stderr]   Downloaded openssl-sys v0.9.54
[INFO] [stderr]   Downloaded security-framework v0.4.1
[INFO] [stderr]   Downloaded security-framework-sys v0.4.1
[INFO] [stderr]   Downloaded c2-chacha v0.2.3
[INFO] [stderr]   Downloaded fnv v1.0.6
[INFO] [stderr]   Downloaded mio v0.6.21
[INFO] [stderr]   Downloaded idna v0.2.0
[INFO] [stderr]   Downloaded wasm-bindgen-futures v0.4.9
[INFO] [stderr]   Downloaded url v2.1.1
[INFO] [stderr]   Downloaded reqwest v0.10.4
[INFO] [stderr]   Downloaded js-sys v0.3.36
[INFO] [stderr]   Downloaded native-tls v0.2.4
[INFO] [stderr]   Downloaded syn v1.0.16
[INFO] [stderr]   Downloaded pin-project-lite v0.1.4
[INFO] [stderr]   Downloaded serde_derive v1.0.104
[INFO] [stderr]   Downloaded libc v0.2.67
[INFO] [stderr]   Downloaded web-sys v0.3.36
[INFO] [stderr]   Downloaded encoding_rs v0.8.22
[INFO] running `Command { std: "docker" "create" "-v" "/var/lib/crater-agent-workspace/builds/worker-1/target:/opt/rustwide/target:rw,Z" "-v" "/var/lib/crater-agent-workspace/builds/worker-1/source:/opt/rustwide/workdir:ro,Z" "-v" "/var/lib/crater-agent-workspace/cargo-home:/opt/rustwide/cargo-home:ro,Z" "-v" "/var/lib/crater-agent-workspace/rustup-home:/opt/rustwide/rustup-home:ro,Z" "-e" "SOURCE_DIR=/opt/rustwide/workdir" "-e" "CARGO_TARGET_DIR=/opt/rustwide/target" "-e" "CARGO_HOME=/opt/rustwide/cargo-home" "-e" "RUSTUP_HOME=/opt/rustwide/rustup-home" "-w" "/opt/rustwide/workdir" "-m" "1610612736" "--user" "0:0" "--network" "none" "ghcr.io/rust-lang/crates-build-env/linux@sha256:34b6a614d2c27851fe6cbf88fbd1137609cefab8b10d0615aaeb6fd47975d74e" "/opt/rustwide/cargo-home/bin/cargo" "+beta-2021-08-01" "metadata" "--no-deps" "--format-version=1", kill_on_drop: false }`
[INFO] [stderr] WARNING: Your kernel does not support swap limit capabilities or the cgroup is not mounted. Memory limited without swap.
[INFO] [stdout] 8e8a33c28c718477bcbea477ab490b94bd783a4a46b99b3f06398cd3bdbd3722
[INFO] running `Command { std: "docker" "start" "-a" "8e8a33c28c718477bcbea477ab490b94bd783a4a46b99b3f06398cd3bdbd3722", kill_on_drop: false }`
[INFO] running `Command { std: "docker" "inspect" "8e8a33c28c718477bcbea477ab490b94bd783a4a46b99b3f06398cd3bdbd3722", kill_on_drop: false }`
[INFO] running `Command { std: "docker" "rm" "-f" "8e8a33c28c718477bcbea477ab490b94bd783a4a46b99b3f06398cd3bdbd3722", kill_on_drop: false }`
[INFO] [stdout] 8e8a33c28c718477bcbea477ab490b94bd783a4a46b99b3f06398cd3bdbd3722
[INFO] running `Command { std: "docker" "create" "-v" "/var/lib/crater-agent-workspace/builds/worker-1/target:/opt/rustwide/target:rw,Z" "-v" "/var/lib/crater-agent-workspace/builds/worker-1/source:/opt/rustwide/workdir:ro,Z" "-v" "/var/lib/crater-agent-workspace/cargo-home:/opt/rustwide/cargo-home:ro,Z" "-v" "/var/lib/crater-agent-workspace/rustup-home:/opt/rustwide/rustup-home:ro,Z" "-e" "SOURCE_DIR=/opt/rustwide/workdir" "-e" "CARGO_TARGET_DIR=/opt/rustwide/target" "-e" "CARGO_INCREMENTAL=0" "-e" "RUST_BACKTRACE=full" "-e" "RUSTFLAGS=--cap-lints=warn" "-e" "CARGO_HOME=/opt/rustwide/cargo-home" "-e" "RUSTUP_HOME=/opt/rustwide/rustup-home" "-w" "/opt/rustwide/workdir" "-m" "1610612736" "--user" "0:0" "--network" "none" "ghcr.io/rust-lang/crates-build-env/linux@sha256:34b6a614d2c27851fe6cbf88fbd1137609cefab8b10d0615aaeb6fd47975d74e" "/opt/rustwide/cargo-home/bin/cargo" "+beta-2021-08-01" "build" "--frozen" "--message-format=json", kill_on_drop: false }`
[INFO] [stderr] WARNING: Your kernel does not support swap limit capabilities or the cgroup is not mounted. Memory limited without swap.
[INFO] [stdout] 1456e3ddfe794182cfee2bc61cf69df62df63d0389beabc7c7620f849973a65d
[INFO] running `Command { std: "docker" "start" "-a" "1456e3ddfe794182cfee2bc61cf69df62df63d0389beabc7c7620f849973a65d", kill_on_drop: false }`
[INFO] [stderr]    Compiling syn v1.0.16
[INFO] [stderr]    Compiling wasm-bindgen-shared v0.2.59
[INFO] [stderr]    Compiling ryu v1.0.2
[INFO] [stderr]    Compiling bumpalo v3.2.0
[INFO] [stderr]    Compiling pin-project-lite v0.1.4
[INFO] [stderr]    Compiling openssl v0.10.28
[INFO] [stderr]    Compiling wasm-bindgen v0.2.59
[INFO] [stderr]    Compiling futures-task v0.3.4
[INFO] [stderr]    Compiling encoding_rs v0.8.22
[INFO] [stderr]    Compiling openssl-sys v0.9.54
[INFO] [stderr]    Compiling unicase v2.6.0
[INFO] [stderr]    Compiling http v0.2.0
[INFO] [stderr]    Compiling unicode-normalization v0.1.12
[INFO] [stderr]    Compiling futures-channel v0.3.4
[INFO] [stderr]    Compiling quote v1.0.3
[INFO] [stderr]    Compiling net2 v0.2.33
[INFO] [stderr]    Compiling iovec v0.1.4
[INFO] [stderr]    Compiling time v0.1.42
[INFO] [stderr]    Compiling futures-util v0.3.4
[INFO] [stderr]    Compiling mio v0.6.21
[INFO] [stderr]    Compiling serde_json v1.0.48
[INFO] [stderr]    Compiling idna v0.2.0
[INFO] [stderr]    Compiling mime_guess v2.0.3
[INFO] [stderr]    Compiling native-tls v0.2.4
[INFO] [stderr]    Compiling tokio v0.2.13
[INFO] [stderr]    Compiling url v2.1.1
[INFO] [stderr]    Compiling http-body v0.3.1
[INFO] [stderr]    Compiling serde_urlencoded v0.6.1
[INFO] [stderr]    Compiling tokio-util v0.2.0
[INFO] [stderr]    Compiling h2 v0.2.2
[INFO] [stderr]    Compiling wasm-bindgen-backend v0.2.59
[INFO] [stderr]    Compiling tokio-tls v0.3.0
[INFO] [stderr]    Compiling pin-project-internal v0.4.8
[INFO] [stderr]    Compiling serde_derive v1.0.104
[INFO] [stderr]    Compiling wasm-bindgen-macro-support v0.2.59
[INFO] [stderr]    Compiling wasm-bindgen-macro v0.2.59
[INFO] [stderr]    Compiling pin-project v0.4.8
[INFO] [stderr]    Compiling hyper v0.13.3
[INFO] [stderr]    Compiling js-sys v0.3.36
[INFO] [stderr]    Compiling console_error_panic_hook v0.1.6
[INFO] [stderr]    Compiling hyper-tls v0.4.1
[INFO] [stderr]    Compiling reqwest v0.10.4
[INFO] [stderr]    Compiling wasm-bindgen-futures v0.4.9
[INFO] [stderr]    Compiling web-sys v0.3.36
[INFO] [stderr]    Compiling TMP v0.0.1 (/opt/rustwide/workdir)
[INFO] [stdout] error[E0277]: `?` couldn't convert the error to `wasm_bindgen::JsValue`
[INFO] [stdout]    --> src/lib.rs:18:56
[INFO] [stdout]     |
[INFO] [stdout] 18  | let res = reqwest::Client::new().get(&url).send().await?;
[INFO] [stdout]     |                                                        ^ the trait `From<reqwest::Error>` is not implemented for `wasm_bindgen::JsValue`
[INFO] [stdout]     |
[INFO] [stdout]     = note: the question mark operation (`?`) implicitly performs a conversion on the error value using the `From` trait
[INFO] [stdout]     = help: the following implementations were found:
[INFO] [stdout]               <wasm_bindgen::JsValue as From<&'a T>>
[INFO] [stdout]               <wasm_bindgen::JsValue as From<&'a std::string::String>>
[INFO] [stdout]               <wasm_bindgen::JsValue as From<&'a str>>
[INFO] [stdout]               <wasm_bindgen::JsValue as From<Document>>
[INFO] [stdout]             and 75 others
[INFO] [stdout]     = note: required because of the requirements on the impl of `FromResidual<Result<Infallible, reqwest::Error>>` for `Result<(), wasm_bindgen::JsValue>`
[INFO] [stdout] note: required by `from_residual`
[INFO] [stdout] 
[INFO] [stdout] 
[INFO] [stdout] error[E0277]: `?` couldn't convert the error to `wasm_bindgen::JsValue`
[INFO] [stdout]    --> src/lib.rs:19:28
[INFO] [stdout]     |
[INFO] [stdout] 19  | let text = res.text().await?;
[INFO] [stdout]     |                            ^ the trait `From<reqwest::Error>` is not implemented for `wasm_bindgen::JsValue`
[INFO] [stdout]     |
[INFO] [stdout]     = note: the question mark operation (`?`) implicitly performs a conversion on the error value using the `From` trait
[INFO] [stdout]     = help: the following implementations were found:
[INFO] [stdout]               <wasm_bindgen::JsValue as From<&'a T>>
[INFO] [stdout]               <wasm_bindgen::JsValue as From<&'a std::string::String>>
[INFO] [stdout]               <wasm_bindgen::JsValue as From<&'a str>>
[INFO] [stdout]               <wasm_bindgen::JsValue as From<Document>>
[INFO] [stdout]             and 75 others
[INFO] [stdout]     = note: required because of the requirements on the impl of `FromResidual<Result<Infallible, reqwest::Error>>` for `Result<(), wasm_bindgen::JsValue>`
[INFO] [stdout] note: required by `from_residual`
[INFO] [stdout] 
[INFO] [stdout] 
[INFO] [stdout] error[E0277]: `?` couldn't convert the error to `wasm_bindgen::JsValue`
[INFO] [stdout]    --> src/lib.rs:57:95
[INFO] [stdout]     |
[INFO] [stdout] 57  |     let res = reqwest::Client::new().get("https://api.truckersmp.com/v2/servers").send().await?;
[INFO] [stdout]     |                                                                                               ^ the trait `From<reqwest::Error>` is not implemented for `wasm_bindgen::JsValue`
[INFO] [stdout]     |
[INFO] [stdout]     = note: the question mark operation (`?`) implicitly performs a conversion on the error value using the `From` trait
[INFO] [stdout]     = help: the following implementations were found:
[INFO] [stdout]               <wasm_bindgen::JsValue as From<&'a T>>
[INFO] [stdout]               <wasm_bindgen::JsValue as From<&'a std::string::String>>
[INFO] [stdout]               <wasm_bindgen::JsValue as From<&'a str>>
[INFO] [stdout]               <wasm_bindgen::JsValue as From<Document>>
[INFO] [stdout]             and 75 others
[INFO] [stdout]     = note: required because of the requirements on the impl of `FromResidual<Result<Infallible, reqwest::Error>>` for `Result<(), wasm_bindgen::JsValue>`
[INFO] [stdout] note: required by `from_residual`
[INFO] [stdout] 
[INFO] [stdout] 
[INFO] [stdout] error[E0277]: `?` couldn't convert the error to `wasm_bindgen::JsValue`
[INFO] [stdout]    --> src/lib.rs:58:32
[INFO] [stdout]     |
[INFO] [stdout] 58  |     let text = res.text().await?;
[INFO] [stdout]     |                                ^ the trait `From<reqwest::Error>` is not implemented for `wasm_bindgen::JsValue`
[INFO] [stdout]     |
[INFO] [stdout]     = note: the question mark operation (`?`) implicitly performs a conversion on the error value using the `From` trait
[INFO] [stdout]     = help: the following implementations were found:
[INFO] [stdout]               <wasm_bindgen::JsValue as From<&'a T>>
[INFO] [stdout]               <wasm_bindgen::JsValue as From<&'a std::string::String>>
[INFO] [stdout]               <wasm_bindgen::JsValue as From<&'a str>>
[INFO] [stdout]               <wasm_bindgen::JsValue as From<Document>>
[INFO] [stdout]             and 75 others
[INFO] [stdout]     = note: required because of the requirements on the impl of `FromResidual<Result<Infallible, reqwest::Error>>` for `Result<(), wasm_bindgen::JsValue>`
[INFO] [stdout] note: required by `from_residual`
[INFO] [stdout] 
[INFO] [stdout] 
[INFO] [stdout] error[E0277]: `?` couldn't convert the error to `wasm_bindgen::JsValue`
[INFO] [stdout]    --> src/lib.rs:111:93
[INFO] [stdout]     |
[INFO] [stdout] 111 |   let res = reqwest::Client::new().get("https://api.truckersmp.com/v2/servers").send().await?;
[INFO] [stdout]     |                                                                                             ^ the trait `From<reqwest::Error>` is not implemented for `wasm_bindgen::JsValue`
[INFO] [stdout]     |
[INFO] [stdout]     = note: the question mark operation (`?`) implicitly performs a conversion on the error value using the `From` trait
[INFO] [stdout]     = help: the following implementations were found:
[INFO] [stdout]               <wasm_bindgen::JsValue as From<&'a T>>
[INFO] [stdout]               <wasm_bindgen::JsValue as From<&'a std::string::String>>
[INFO] [stdout]               <wasm_bindgen::JsValue as From<&'a str>>
[INFO] [stdout]               <wasm_bindgen::JsValue as From<Document>>
[INFO] [stdout]             and 75 others
[INFO] [stdout]     = note: required because of the requirements on the impl of `FromResidual<Result<Infallible, reqwest::Error>>` for `Result<(), wasm_bindgen::JsValue>`
[INFO] [stdout] note: required by `from_residual`
[INFO] [stdout] 
[INFO] [stdout] 
[INFO] [stdout] error[E0277]: `?` couldn't convert the error to `wasm_bindgen::JsValue`
[INFO] [stdout]    --> src/lib.rs:112:30
[INFO] [stdout]     |
[INFO] [stdout] 112 |   let text = res.text().await?;
[INFO] [stdout]     |                              ^ the trait `From<reqwest::Error>` is not implemented for `wasm_bindgen::JsValue`
[INFO] [stdout]     |
[INFO] [stdout]     = note: the question mark operation (`?`) implicitly performs a conversion on the error value using the `From` trait
[INFO] [stdout]     = help: the following implementations were found:
[INFO] [stdout]               <wasm_bindgen::JsValue as From<&'a T>>
[INFO] [stdout]               <wasm_bindgen::JsValue as From<&'a std::string::String>>
[INFO] [stdout]               <wasm_bindgen::JsValue as From<&'a str>>
[INFO] [stdout]               <wasm_bindgen::JsValue as From<Document>>
[INFO] [stdout]             and 75 others
[INFO] [stdout]     = note: required because of the requirements on the impl of `FromResidual<Result<Infallible, reqwest::Error>>` for `Result<(), wasm_bindgen::JsValue>`
[INFO] [stdout] note: required by `from_residual`
[INFO] [stdout] 
[INFO] [stdout] 
[INFO] [stdout] error: aborting due to 6 previous errors
[INFO] [stdout] 
[INFO] [stdout] 
[INFO] [stdout] For more information about this error, try `rustc --explain E0277`.
[INFO] [stdout] 
[INFO] [stderr] error: could not compile `TMP` due to 7 previous errors
[INFO] running `Command { std: "docker" "inspect" "1456e3ddfe794182cfee2bc61cf69df62df63d0389beabc7c7620f849973a65d", kill_on_drop: false }`
[INFO] running `Command { std: "docker" "rm" "-f" "1456e3ddfe794182cfee2bc61cf69df62df63d0389beabc7c7620f849973a65d", kill_on_drop: false }`
[INFO] [stdout] 1456e3ddfe794182cfee2bc61cf69df62df63d0389beabc7c7620f849973a65d
