[INFO] cloning repository https://github.com/Dessix/lg600r
[INFO] running `Command { std: "git" "-c" "credential.helper=" "-c" "credential.helper=/workspace/cargo-home/bin/git-credential-null" "clone" "--bare" "https://github.com/Dessix/lg600r" "/workspace/cache/git-repos/https%3A%2F%2Fgithub.com%2FDessix%2Flg600r", kill_on_drop: false }`
[INFO] [stderr] Cloning into bare repository '/workspace/cache/git-repos/https%3A%2F%2Fgithub.com%2FDessix%2Flg600r'...
[INFO] running `Command { std: "git" "rev-parse" "HEAD", kill_on_drop: false }`
[INFO] [stdout] 12dafb4c81e8b3f2ba92c6d2765d5614aa8c4ee7
[INFO] testing Dessix/lg600r against beta-2021-08-01 for beta-1.55-1
[INFO] running `Command { std: "git" "clone" "/workspace/cache/git-repos/https%3A%2F%2Fgithub.com%2FDessix%2Flg600r" "/workspace/builds/worker-14/source", kill_on_drop: false }`
[INFO] [stderr] Cloning into '/workspace/builds/worker-14/source'...
[INFO] [stderr] done.
[INFO] validating manifest of git repo https://github.com/Dessix/lg600r on toolchain beta-2021-08-01
[INFO] running `Command { std: "/workspace/cargo-home/bin/cargo" "+beta-2021-08-01" "metadata" "--manifest-path" "Cargo.toml" "--no-deps", kill_on_drop: false }`
[INFO] started tweaking git repo https://github.com/Dessix/lg600r
[INFO] finished tweaking git repo https://github.com/Dessix/lg600r
[INFO] tweaked toml for git repo https://github.com/Dessix/lg600r written to /workspace/builds/worker-14/source/Cargo.toml
[INFO] crate git repo https://github.com/Dessix/lg600r already has a lockfile, it will not be regenerated
[INFO] running `Command { std: "/workspace/cargo-home/bin/cargo" "+beta-2021-08-01" "fetch" "--manifest-path" "Cargo.toml", kill_on_drop: false }`
[INFO] [stderr]  Downloading crates ...
[INFO] [stderr]   Downloaded proc-macro2 v1.0.5
[INFO] [stderr]   Downloaded blake2b_simd v0.5.8
[INFO] [stderr]   Downloaded nix v0.13.1
[INFO] [stderr]   Downloaded ryu v1.0.1
[INFO] [stderr]   Downloaded toml v0.5.3
[INFO] [stderr]   Downloaded evdev-sys v0.2.0
[INFO] [stderr]   Downloaded evdev-rs v0.3.0
[INFO] running `Command { std: "docker" "create" "-v" "/var/lib/crater-agent-workspace/builds/worker-14/target:/opt/rustwide/target:rw,Z" "-v" "/var/lib/crater-agent-workspace/builds/worker-14/source:/opt/rustwide/workdir:ro,Z" "-v" "/var/lib/crater-agent-workspace/cargo-home:/opt/rustwide/cargo-home:ro,Z" "-v" "/var/lib/crater-agent-workspace/rustup-home:/opt/rustwide/rustup-home:ro,Z" "-e" "SOURCE_DIR=/opt/rustwide/workdir" "-e" "CARGO_TARGET_DIR=/opt/rustwide/target" "-e" "CARGO_HOME=/opt/rustwide/cargo-home" "-e" "RUSTUP_HOME=/opt/rustwide/rustup-home" "-w" "/opt/rustwide/workdir" "-m" "1610612736" "--user" "0:0" "--network" "none" "ghcr.io/rust-lang/crates-build-env/linux@sha256:34b6a614d2c27851fe6cbf88fbd1137609cefab8b10d0615aaeb6fd47975d74e" "/opt/rustwide/cargo-home/bin/cargo" "+beta-2021-08-01" "metadata" "--no-deps" "--format-version=1", kill_on_drop: false }`
[INFO] [stdout] edc090c852b8507d013f57be5d5e8e7ac3f98ed61126aeb6e60e8e464c067368
[INFO] [stderr] WARNING: Your kernel does not support swap limit capabilities or the cgroup is not mounted. Memory limited without swap.
[INFO] running `Command { std: "docker" "start" "-a" "edc090c852b8507d013f57be5d5e8e7ac3f98ed61126aeb6e60e8e464c067368", kill_on_drop: false }`
[INFO] running `Command { std: "docker" "inspect" "edc090c852b8507d013f57be5d5e8e7ac3f98ed61126aeb6e60e8e464c067368", kill_on_drop: false }`
[INFO] running `Command { std: "docker" "rm" "-f" "edc090c852b8507d013f57be5d5e8e7ac3f98ed61126aeb6e60e8e464c067368", kill_on_drop: false }`
[INFO] [stdout] edc090c852b8507d013f57be5d5e8e7ac3f98ed61126aeb6e60e8e464c067368
[INFO] running `Command { std: "docker" "create" "-v" "/var/lib/crater-agent-workspace/builds/worker-14/target:/opt/rustwide/target:rw,Z" "-v" "/var/lib/crater-agent-workspace/builds/worker-14/source:/opt/rustwide/workdir:ro,Z" "-v" "/var/lib/crater-agent-workspace/cargo-home:/opt/rustwide/cargo-home:ro,Z" "-v" "/var/lib/crater-agent-workspace/rustup-home:/opt/rustwide/rustup-home:ro,Z" "-e" "SOURCE_DIR=/opt/rustwide/workdir" "-e" "CARGO_TARGET_DIR=/opt/rustwide/target" "-e" "CARGO_INCREMENTAL=0" "-e" "RUST_BACKTRACE=full" "-e" "RUSTFLAGS=--cap-lints=warn" "-e" "CARGO_HOME=/opt/rustwide/cargo-home" "-e" "RUSTUP_HOME=/opt/rustwide/rustup-home" "-w" "/opt/rustwide/workdir" "-m" "1610612736" "--user" "0:0" "--network" "none" "ghcr.io/rust-lang/crates-build-env/linux@sha256:34b6a614d2c27851fe6cbf88fbd1137609cefab8b10d0615aaeb6fd47975d74e" "/opt/rustwide/cargo-home/bin/cargo" "+beta-2021-08-01" "build" "--frozen" "--message-format=json", kill_on_drop: false }`
[INFO] [stdout] 8c72c9de68cf947560a8f6f8c0fb84734fa84a3d0d4db38bab76a0a1591de9b5
[INFO] [stderr] WARNING: Your kernel does not support swap limit capabilities or the cgroup is not mounted. Memory limited without swap.
[INFO] running `Command { std: "docker" "start" "-a" "8c72c9de68cf947560a8f6f8c0fb84734fa84a3d0d4db38bab76a0a1591de9b5", kill_on_drop: false }`
[INFO] [stderr]    Compiling proc-macro2 v1.0.5
[INFO] [stderr]    Compiling serde v1.0.101
[INFO] [stderr]    Compiling bindgen v0.51.1
[INFO] [stderr]    Compiling nix v0.13.1
[INFO] [stderr]    Compiling ryu v1.0.1
[INFO] [stderr]    Compiling syn v1.0.5
[INFO] [stderr]    Compiling libloading v0.5.2
[INFO] [stderr]    Compiling textwrap v0.11.0
[INFO] [stderr]    Compiling num-traits v0.2.8
[INFO] [stderr]    Compiling evdev-sys v0.2.0
[INFO] [stderr]    Compiling atty v0.2.13
[INFO] [stderr]    Compiling which v3.0.0
[INFO] [stderr]    Compiling dirs-sys v0.3.4
[INFO] [stderr]    Compiling nom v4.2.3
[INFO] [stderr]    Compiling rustc-hash v1.0.1
[INFO] [stderr]    Compiling env_logger v0.6.2
[INFO] [stderr]    Compiling clap v2.33.0
[INFO] [stderr]    Compiling dirs v2.0.2
[INFO] [stderr]    Compiling cexpr v0.3.5
[INFO] [stderr]    Compiling clang-sys v0.28.1
[INFO] [stderr]    Compiling quote v1.0.2
[INFO] [stderr]    Compiling ordered-float v1.0.2
[INFO] [stderr]    Compiling evdev-rs v0.3.0
[INFO] [stderr]    Compiling toml v0.5.3
[INFO] [stderr]    Compiling serde-value v0.6.0
[INFO] [stderr]    Compiling serde_json v1.0.41
[INFO] [stderr]    Compiling serde_derive v1.0.101
[INFO] [stderr]    Compiling lg600r v0.1.0 (/opt/rustwide/workdir)
[INFO] [stdout] error[E0557]: feature has been removed
[INFO] [stdout]  --> src/main.rs:2:12
[INFO] [stdout]   |
[INFO] [stdout] 2 | #![feature(const_fn)]
[INFO] [stdout]   |            ^^^^^^^^ feature has been removed
[INFO] [stdout]   |
[INFO] [stdout]   = note: split into finer-grained feature gates
[INFO] [stdout] 
[INFO] [stdout] 
[INFO] [stdout] error[E0554]: `#![feature]` may not be used on the beta release channel
[INFO] [stdout]  --> src/main.rs:1:1
[INFO] [stdout]   |
[INFO] [stdout] 1 | #![feature(nll)]
[INFO] [stdout]   | ^^^^^^^^^^^^^^^^
[INFO] [stdout] 
[INFO] [stdout] 
[INFO] [stdout] error[E0554]: `#![feature]` may not be used on the beta release channel
[INFO] [stdout]  --> src/main.rs:2:1
[INFO] [stdout]   |
[INFO] [stdout] 2 | #![feature(const_fn)]
[INFO] [stdout]   | ^^^^^^^^^^^^^^^^^^^^^
[INFO] [stdout] 
[INFO] [stdout] 
[INFO] [stdout] warning: unused imports: `TryFrom`, `TryInto`
[INFO] [stdout]   --> src/config/mod.rs:64:24
[INFO] [stdout]    |
[INFO] [stdout] 64 |     use std::convert::{TryFrom, TryInto};
[INFO] [stdout]    |                        ^^^^^^^  ^^^^^^^
[INFO] [stdout]    |
[INFO] [stdout]    = note: `#[warn(unused_imports)]` on by default
[INFO] [stdout] 
[INFO] [stdout] 
[INFO] [stdout] warning: unused imports: `Deserialize`, `Deserializer`, `Serialize`
[INFO] [stdout]    --> src/config/mod.rs:108:17
[INFO] [stdout]     |
[INFO] [stdout] 108 |     use serde::{Deserialize, Deserializer, Serialize, Serializer};
[INFO] [stdout]     |                 ^^^^^^^^^^^  ^^^^^^^^^^^^  ^^^^^^^^^
[INFO] [stdout] 
[INFO] [stdout] 
[INFO] [stdout] warning: unused import: `crate::linput`
[INFO] [stdout]  --> src/keyboard_watcher.rs:1:5
[INFO] [stdout]   |
[INFO] [stdout] 1 | use crate::linput;
[INFO] [stdout]   |     ^^^^^^^^^^^^^
[INFO] [stdout] 
[INFO] [stdout] 
[INFO] [stdout] warning: unused import: `BusType`
[INFO] [stdout]  --> src/keyboard_watcher.rs:2:23
[INFO] [stdout]   |
[INFO] [stdout] 2 | use evdev_rs::enums::{BusType, EventCode, EventType, EV_MSC};
[INFO] [stdout]   |                       ^^^^^^^
[INFO] [stdout] 
[INFO] [stdout] 
[INFO] [stdout] warning: unused imports: `ReadFlag`, `ReadStatus`
[INFO] [stdout]  --> src/keyboard_watcher.rs:3:36
[INFO] [stdout]   |
[INFO] [stdout] 3 | use evdev_rs::{Device, InputEvent, ReadFlag, ReadStatus};
[INFO] [stdout]   |                                    ^^^^^^^^  ^^^^^^^^^^
[INFO] [stdout] 
[INFO] [stdout] 
[INFO] [stdout] warning: unused import: `std::os::unix::prelude::AsRawFd`
[INFO] [stdout]  --> src/keyboard_watcher.rs:6:5
[INFO] [stdout]   |
[INFO] [stdout] 6 | use std::os::unix::prelude::AsRawFd;
[INFO] [stdout]   |     ^^^^^^^^^^^^^^^^^^^^^^^^^^^^^^^
[INFO] [stdout] 
[INFO] [stdout] 
[INFO] [stdout] warning: unused imports: `mem`, `slice`
[INFO] [stdout]  --> src/keyboard_watcher.rs:7:11
[INFO] [stdout]   |
[INFO] [stdout] 7 | use std::{mem, slice};
[INFO] [stdout]   |           ^^^  ^^^^^
[INFO] [stdout] 
[INFO] [stdout] 
[INFO] [stdout] warning: unused import: `std::io::prelude::*`
[INFO] [stdout]   --> src/keyboard_watcher.rs:45:13
[INFO] [stdout]    |
[INFO] [stdout] 45 |         use std::io::prelude::*;
[INFO] [stdout]    |             ^^^^^^^^^^^^^^^^^^^
[INFO] [stdout] 
[INFO] [stdout] 
[INFO] [stdout] warning: unused import: `std::io::BufReader`
[INFO] [stdout]   --> src/keyboard_watcher.rs:46:13
[INFO] [stdout]    |
[INFO] [stdout] 46 |         use std::io::BufReader;
[INFO] [stdout]    |             ^^^^^^^^^^^^^^^^^^
[INFO] [stdout] 
[INFO] [stdout] 
[INFO] [stdout] warning: unnecessary parentheses around assigned value
[INFO] [stdout]   --> src/keyboard_watcher.rs:67:28
[INFO] [stdout]    |
[INFO] [stdout] 67 |             let scancode = (scan.value & (!0x70000));
[INFO] [stdout]    |                            ^^^^^^^^^^^^^^^^^^^^^^^^^ help: remove these parentheses
[INFO] [stdout]    |
[INFO] [stdout]    = note: `#[warn(unused_parens)]` on by default
[INFO] [stdout] 
[INFO] [stdout] 
[INFO] [stdout] error: aborting due to 3 previous errors; 10 warnings emitted
[INFO] [stdout] 
[INFO] [stdout] 
[INFO] [stdout] Some errors have detailed explanations: E0554, E0557.
[INFO] [stdout] 
[INFO] [stdout] For more information about an error, try `rustc --explain E0554`.
[INFO] [stdout] 
[INFO] [stderr] error: could not compile `lg600r` due to 4 previous errors; 10 warnings emitted
[INFO] running `Command { std: "docker" "inspect" "8c72c9de68cf947560a8f6f8c0fb84734fa84a3d0d4db38bab76a0a1591de9b5", kill_on_drop: false }`
[INFO] running `Command { std: "docker" "rm" "-f" "8c72c9de68cf947560a8f6f8c0fb84734fa84a3d0d4db38bab76a0a1591de9b5", kill_on_drop: false }`
[INFO] [stdout] 8c72c9de68cf947560a8f6f8c0fb84734fa84a3d0d4db38bab76a0a1591de9b5
