[INFO] cloning repository https://github.com/Dennyching/graphql_sqlx_play
[INFO] running `Command { std: "git" "-c" "credential.helper=" "-c" "credential.helper=/workspace/cargo-home/bin/git-credential-null" "clone" "--bare" "https://github.com/Dennyching/graphql_sqlx_play" "/workspace/cache/git-repos/https%3A%2F%2Fgithub.com%2FDennyching%2Fgraphql_sqlx_play", kill_on_drop: false }`
[INFO] [stderr] Cloning into bare repository '/workspace/cache/git-repos/https%3A%2F%2Fgithub.com%2FDennyching%2Fgraphql_sqlx_play'...
[INFO] running `Command { std: "git" "rev-parse" "HEAD", kill_on_drop: false }`
[INFO] [stdout] d83d00c76484ca8f297501476c54897367ea4778
[INFO] testing Dennyching/graphql_sqlx_play against 1.54.0 for beta-1.55-1
[INFO] running `Command { std: "git" "clone" "/workspace/cache/git-repos/https%3A%2F%2Fgithub.com%2FDennyching%2Fgraphql_sqlx_play" "/workspace/builds/worker-4/source", kill_on_drop: false }`
[INFO] [stderr] Cloning into '/workspace/builds/worker-4/source'...
[INFO] [stderr] done.
[INFO] validating manifest of git repo https://github.com/Dennyching/graphql_sqlx_play on toolchain 1.54.0
[INFO] running `Command { std: "/workspace/cargo-home/bin/cargo" "+1.54.0" "metadata" "--manifest-path" "Cargo.toml" "--no-deps", kill_on_drop: false }`
[INFO] started tweaking git repo https://github.com/Dennyching/graphql_sqlx_play
[INFO] finished tweaking git repo https://github.com/Dennyching/graphql_sqlx_play
[INFO] tweaked toml for git repo https://github.com/Dennyching/graphql_sqlx_play written to /workspace/builds/worker-4/source/Cargo.toml
[INFO] crate git repo https://github.com/Dennyching/graphql_sqlx_play already has a lockfile, it will not be regenerated
[INFO] running `Command { std: "/workspace/cargo-home/bin/cargo" "+1.54.0" "fetch" "--manifest-path" "Cargo.toml", kill_on_drop: false }`
[INFO] [stderr]     Blocking waiting for file lock on package cache
[INFO] running `Command { std: "docker" "create" "-v" "/var/lib/crater-agent-workspace/builds/worker-4/target:/opt/rustwide/target:rw,Z" "-v" "/var/lib/crater-agent-workspace/builds/worker-4/source:/opt/rustwide/workdir:ro,Z" "-v" "/var/lib/crater-agent-workspace/cargo-home:/opt/rustwide/cargo-home:ro,Z" "-v" "/var/lib/crater-agent-workspace/rustup-home:/opt/rustwide/rustup-home:ro,Z" "-e" "SOURCE_DIR=/opt/rustwide/workdir" "-e" "CARGO_TARGET_DIR=/opt/rustwide/target" "-e" "CARGO_HOME=/opt/rustwide/cargo-home" "-e" "RUSTUP_HOME=/opt/rustwide/rustup-home" "-w" "/opt/rustwide/workdir" "-m" "1610612736" "--user" "0:0" "--network" "none" "ghcr.io/rust-lang/crates-build-env/linux@sha256:34b6a614d2c27851fe6cbf88fbd1137609cefab8b10d0615aaeb6fd47975d74e" "/opt/rustwide/cargo-home/bin/cargo" "+1.54.0" "metadata" "--no-deps" "--format-version=1", kill_on_drop: false }`
[INFO] [stdout] 951ca0b72082b9b90412236ef8cd522188ae5f4ea81364c1975d8067922e4b3f
[INFO] [stderr] WARNING: Your kernel does not support swap limit capabilities or the cgroup is not mounted. Memory limited without swap.
[INFO] running `Command { std: "docker" "start" "-a" "951ca0b72082b9b90412236ef8cd522188ae5f4ea81364c1975d8067922e4b3f", kill_on_drop: false }`
[INFO] running `Command { std: "docker" "inspect" "951ca0b72082b9b90412236ef8cd522188ae5f4ea81364c1975d8067922e4b3f", kill_on_drop: false }`
[INFO] running `Command { std: "docker" "rm" "-f" "951ca0b72082b9b90412236ef8cd522188ae5f4ea81364c1975d8067922e4b3f", kill_on_drop: false }`
[INFO] [stdout] 951ca0b72082b9b90412236ef8cd522188ae5f4ea81364c1975d8067922e4b3f
[INFO] running `Command { std: "docker" "create" "-v" "/var/lib/crater-agent-workspace/builds/worker-4/target:/opt/rustwide/target:rw,Z" "-v" "/var/lib/crater-agent-workspace/builds/worker-4/source:/opt/rustwide/workdir:ro,Z" "-v" "/var/lib/crater-agent-workspace/cargo-home:/opt/rustwide/cargo-home:ro,Z" "-v" "/var/lib/crater-agent-workspace/rustup-home:/opt/rustwide/rustup-home:ro,Z" "-e" "SOURCE_DIR=/opt/rustwide/workdir" "-e" "CARGO_TARGET_DIR=/opt/rustwide/target" "-e" "CARGO_INCREMENTAL=0" "-e" "RUST_BACKTRACE=full" "-e" "RUSTFLAGS=--cap-lints=warn" "-e" "CARGO_HOME=/opt/rustwide/cargo-home" "-e" "RUSTUP_HOME=/opt/rustwide/rustup-home" "-w" "/opt/rustwide/workdir" "-m" "1610612736" "--user" "0:0" "--network" "none" "ghcr.io/rust-lang/crates-build-env/linux@sha256:34b6a614d2c27851fe6cbf88fbd1137609cefab8b10d0615aaeb6fd47975d74e" "/opt/rustwide/cargo-home/bin/cargo" "+1.54.0" "build" "--frozen" "--message-format=json", kill_on_drop: false }`
[INFO] [stdout] f51cb7a16fa81bf1114ba98deef49cd2281259a7b1666903ff3394fc01125cac
[INFO] [stderr] WARNING: Your kernel does not support swap limit capabilities or the cgroup is not mounted. Memory limited without swap.
[INFO] running `Command { std: "docker" "start" "-a" "f51cb7a16fa81bf1114ba98deef49cd2281259a7b1666903ff3394fc01125cac", kill_on_drop: false }`
[INFO] [stderr]    Compiling serde v1.0.110
[INFO] [stderr]    Compiling arc-swap v0.4.6
[INFO] [stderr]    Compiling futures-io v0.3.5
[INFO] [stderr]    Compiling pin-project-lite v0.1.5
[INFO] [stderr]    Compiling ryu v1.0.4
[INFO] [stderr]    Compiling arrayvec v0.5.1
[INFO] [stderr]    Compiling anyhow v1.0.28
[INFO] [stderr]    Compiling hex v0.4.2
[INFO] [stderr]    Compiling base64 v0.13.0
[INFO] [stderr]    Compiling urlencoding v1.0.0
[INFO] [stderr]    Compiling num-traits v0.2.14
[INFO] [stderr]    Compiling num-integer v0.1.44
[INFO] [stderr]    Compiling indexmap v1.6.2
[INFO] [stderr]    Compiling futures-task v0.3.5
[INFO] [stderr]    Compiling generic-array v0.14.4
[INFO] [stderr]    Compiling crossbeam-utils v0.8.4
[INFO] [stderr]    Compiling num-bigint v0.3.2
[INFO] [stderr]    Compiling ahash v0.6.3
[INFO] [stderr]    Compiling input_buffer v0.3.1
[INFO] [stderr]    Compiling tracing-core v0.1.10
[INFO] [stderr]    Compiling futures-channel v0.3.5
[INFO] [stderr]    Compiling unicode-normalization v0.1.12
[INFO] [stderr]    Compiling ring v0.16.20
[INFO] [stderr]    Compiling libsqlite3-sys v0.17.3
[INFO] [stderr]    Compiling proc-macro2 v1.0.27
[INFO] [stderr]    Compiling headers-core v0.2.0
[INFO] [stderr]    Compiling getrandom v0.1.14
[INFO] [stderr]    Compiling iovec v0.1.4
[INFO] [stderr]    Compiling net2 v0.2.37
[INFO] [stderr]    Compiling signal-hook-registry v1.2.0
[INFO] [stderr]    Compiling time v0.1.43
[INFO] [stderr]    Compiling rand_os v0.1.3
[INFO] [stderr]    Compiling parking_lot_core v0.8.3
[INFO] [stderr]    Compiling getrandom v0.2.3
[INFO] [stderr]    Compiling parking_lot_core v0.7.2
[INFO] [stderr]    Compiling twoway v0.1.8
[INFO] [stderr]    Compiling buf_redux v0.8.4
[INFO] [stderr]    Compiling log v0.3.9
[INFO] [stderr]    Compiling rand_core v0.5.1
[INFO] [stderr]    Compiling mio v0.6.23
[INFO] [stderr]    Compiling quote v1.0.9
[INFO] [stderr]    Compiling parking_lot v0.11.1
[INFO] [stderr]    Compiling parking_lot v0.10.2
[INFO] [stderr]    Compiling mime v0.2.6
[INFO] [stderr]    Compiling rand v0.6.5
[INFO] [stderr]    Compiling parse-zoneinfo v0.2.1
[INFO] [stderr]    Compiling sqlformat v0.1.0
[INFO] [stderr]    Compiling Inflector v0.11.4
[INFO] [stderr]    Compiling rand_chacha v0.2.2
[INFO] [stderr]    Compiling idna v0.2.0
[INFO] [stderr]    Compiling stringprep v0.1.2
[INFO] [stderr]    Compiling syn v1.0.72
[INFO] [stderr]    Compiling digest v0.9.0
[INFO] [stderr]    Compiling block-buffer v0.9.0
[INFO] [stderr]    Compiling crypto-mac v0.10.0
[INFO] [stderr]    Compiling headers v0.3.2
[INFO] [stderr]    Compiling mio-uds v0.6.8
[INFO] [stderr]    Compiling crossbeam-queue v0.3.1
[INFO] [stderr]    Compiling crossbeam-channel v0.5.1
[INFO] [stderr]    Compiling rand v0.7.3
[INFO] [stderr]    Compiling atoi v0.4.0
[INFO] [stderr]    Compiling phf_generator v0.7.24
[INFO] [stderr]    Compiling md-5 v0.9.1
[INFO] [stderr]    Compiling sha-1 v0.9.6
[INFO] [stderr]    Compiling sha2 v0.9.5
[INFO] [stderr]    Compiling hmac v0.10.1
[INFO] [stderr]    Compiling phf_codegen v0.7.24
[INFO] [stderr]    Compiling url v2.1.1
[INFO] [stderr]    Compiling chrono v0.4.11
[INFO] [stderr]    Compiling num-bigint v0.2.6
[INFO] [stderr]    Compiling mime_guess v1.8.8
[INFO] [stderr]    Compiling chrono-tz v0.5.1
[INFO] [stderr]    Compiling uuid v0.8.1
[INFO] [stderr]    Compiling tempfile v3.1.0
[INFO] [stderr]    Compiling tungstenite v0.10.1
[INFO] [stderr]    Compiling bigdecimal v0.1.2
[INFO] [stderr]    Compiling bigdecimal v0.2.0
[INFO] [stderr]    Compiling webpki v0.21.4
[INFO] [stderr]    Compiling sct v0.6.1
[INFO] [stderr]    Compiling multipart v0.16.1
[INFO] [stderr]    Compiling rustls v0.18.1
[INFO] [stderr]    Compiling webpki-roots v0.21.1
[INFO] [stderr]    Compiling pest_generator v2.1.3
[INFO] [stderr]    Compiling serde_derive v1.0.110
[INFO] [stderr]    Compiling pin-project-internal v0.4.16
[INFO] [stderr]    Compiling futures-macro v0.3.5
[INFO] [stderr]    Compiling tokio-macros v0.2.6
[INFO] [stderr]    Compiling thiserror-impl v1.0.25
[INFO] [stderr]    Compiling pest_derive v2.1.0
[INFO] [stderr]    Compiling tracing-attributes v0.1.7
[INFO] [stderr]    Compiling async-trait v0.1.30
[INFO] [stderr]    Compiling tokio v0.2.25
[INFO] [stderr]    Compiling tracing v0.1.13
[INFO] [stderr]    Compiling thiserror v1.0.25
[INFO] [stderr]    Compiling pin-project v0.4.16
[INFO] [stderr]    Compiling futures-util v0.3.5
[INFO] [stderr]    Compiling tokio-util v0.3.1
[INFO] [stderr]    Compiling tokio-rustls v0.14.1
[INFO] [stderr]    Compiling sqlx-rt v0.2.0
[INFO] [stderr]    Compiling futures-executor v0.3.5
[INFO] [stderr]    Compiling h2 v0.2.5
[INFO] [stderr]    Compiling sqlx-core v0.4.2
[INFO] [stderr]    Compiling futures v0.3.5
[INFO] [stderr]    Compiling tokio-tungstenite v0.10.1
[INFO] [stderr]    Compiling serde_json v1.0.64
[INFO] [stderr]    Compiling toml v0.5.6
[INFO] [stderr]    Compiling cargo-platform v0.1.1
[INFO] [stderr]    Compiling semver v0.11.0
[INFO] [stderr]    Compiling serde_urlencoded v0.6.1
[INFO] [stderr]    Compiling hyper v0.13.5
[INFO] [stderr]    Compiling proc-macro-crate v0.1.4
[INFO] [stderr]    Compiling async-graphql-parser v0.3.0
[INFO] [stderr]    Compiling bson v0.14.1
[INFO] [stderr]    Compiling cargo_metadata v0.12.3
[INFO] [stderr]    Compiling async-graphql-derive v1.12.2
[INFO] [stderr]    Compiling warp v0.2.2
[INFO] [stderr]    Compiling sqlx-macros v0.4.2
[INFO] [stderr]    Compiling async-graphql v1.12.2
[INFO] [stderr]    Compiling sqlx v0.4.2
[INFO] [stderr]    Compiling async-graphql-warp v1.4.2
[INFO] [stderr]    Compiling lite v0.1.0 (/opt/rustwide/workdir)
[INFO] [stdout] error: error communicating with the server: Cannot assign requested address (os error 99)
[INFO] [stdout]   --> src/todo.rs:16:9
[INFO] [stdout]    |
[INFO] [stdout] 16 |         sqlx::query!("INSERT INTO todo VALUES ($1, $2, $3)", id, body, false)
[INFO] [stdout]    |         ^^^^^^^^^^^^^^^^^^^^^^^^^^^^^^^^^^^^^^^^^^^^^^^^^^^^^^^^^^^^^^^^^^^^^
[INFO] [stdout]    |
[INFO] [stdout]    = note: this error originates in the macro `$crate::sqlx_macros::expand_query` (in Nightly builds, run with -Z macro-backtrace for more info)
[INFO] [stdout] 
[INFO] [stdout] 
[INFO] [stdout] error: error communicating with the server: Cannot assign requested address (os error 99)
[INFO] [stdout]   --> src/todo.rs:28:21
[INFO] [stdout]    |
[INFO] [stdout] 28 |         let todos = sqlx::query_as!(Todo, "SELECT * FROM todo")
[INFO] [stdout]    |                     ^^^^^^^^^^^^^^^^^^^^^^^^^^^^^^^^^^^^^^^^^^^
[INFO] [stdout]    |
[INFO] [stdout]    = note: this error originates in the macro `$crate::sqlx_macros::expand_query` (in Nightly builds, run with -Z macro-backtrace for more info)
[INFO] [stdout] 
[INFO] [stdout] 
[INFO] [stdout] error: error communicating with the server: Cannot assign requested address (os error 99)
[INFO] [stdout]   --> src/todo.rs:41:9
[INFO] [stdout]    |
[INFO] [stdout] 41 | /         sqlx::query!(
[INFO] [stdout] 42 | |             "UPDATE todo SET body=$1, complete=$2 WHERE id=$3",
[INFO] [stdout] 43 | |             body,
[INFO] [stdout] 44 | |             complete,
[INFO] [stdout] 45 | |             id
[INFO] [stdout] 46 | |         )
[INFO] [stdout]    | |_________^
[INFO] [stdout]    |
[INFO] [stdout]    = note: this error originates in the macro `$crate::sqlx_macros::expand_query` (in Nightly builds, run with -Z macro-backtrace for more info)
[INFO] [stdout] 
[INFO] [stdout] 
[INFO] [stdout] error: error communicating with the server: Cannot assign requested address (os error 99)
[INFO] [stdout]   --> src/todo.rs:50:20
[INFO] [stdout]    |
[INFO] [stdout] 50 |         let todo = sqlx::query_as!(Todo, "SELECT * FROM todo WHERE id=$1", id)
[INFO] [stdout]    |                    ^^^^^^^^^^^^^^^^^^^^^^^^^^^^^^^^^^^^^^^^^^^^^^^^^^^^^^^^^^^
[INFO] [stdout]    |
[INFO] [stdout]    = note: this error originates in the macro `$crate::sqlx_macros::expand_query` (in Nightly builds, run with -Z macro-backtrace for more info)
[INFO] [stdout] 
[INFO] [stdout] 
[INFO] [stdout] error: error communicating with the server: Cannot assign requested address (os error 99)
[INFO] [stdout]   --> src/todo.rs:58:9
[INFO] [stdout]    |
[INFO] [stdout] 58 |         sqlx::query!("UPDATE todo SET complete=NOT complete WHERE id=$1", id)
[INFO] [stdout]    |         ^^^^^^^^^^^^^^^^^^^^^^^^^^^^^^^^^^^^^^^^^^^^^^^^^^^^^^^^^^^^^^^^^^^^^
[INFO] [stdout]    |
[INFO] [stdout]    = note: this error originates in the macro `$crate::sqlx_macros::expand_query` (in Nightly builds, run with -Z macro-backtrace for more info)
[INFO] [stdout] 
[INFO] [stdout] 
[INFO] [stdout] error: error communicating with the server: Cannot assign requested address (os error 99)
[INFO] [stdout]   --> src/todo.rs:62:20
[INFO] [stdout]    |
[INFO] [stdout] 62 |         let todo = sqlx::query_as!(Todo, "SELECT * FROM todo WHERE id=$1", id)
[INFO] [stdout]    |                    ^^^^^^^^^^^^^^^^^^^^^^^^^^^^^^^^^^^^^^^^^^^^^^^^^^^^^^^^^^^
[INFO] [stdout]    |
[INFO] [stdout]    = note: this error originates in the macro `$crate::sqlx_macros::expand_query` (in Nightly builds, run with -Z macro-backtrace for more info)
[INFO] [stdout] 
[INFO] [stdout] 
[INFO] [stdout] error: error communicating with the server: Cannot assign requested address (os error 99)
[INFO] [stdout]   --> src/todo.rs:70:9
[INFO] [stdout]    |
[INFO] [stdout] 70 |         sqlx::query!("DELETE FROM todo WHERE id=$1", id)
[INFO] [stdout]    |         ^^^^^^^^^^^^^^^^^^^^^^^^^^^^^^^^^^^^^^^^^^^^^^^^
[INFO] [stdout]    |
[INFO] [stdout]    = note: this error originates in the macro `$crate::sqlx_macros::expand_query` (in Nightly builds, run with -Z macro-backtrace for more info)
[INFO] [stdout] 
[INFO] [stdout] 
[INFO] [stdout] error: error communicating with the server: Cannot assign requested address (os error 99)
[INFO] [stdout]   --> src/main.rs:17:5
[INFO] [stdout]    |
[INFO] [stdout] 17 |     sqlx::query!("CREATE TABLE IF NOT EXISTS todo (id TEXT PRIMARY KEY NOT NULL, body TEXT NOT NULL, complete BOOLEAN NOT NULL) ")
[INFO] [stdout]    |     ^^^^^^^^^^^^^^^^^^^^^^^^^^^^^^^^^^^^^^^^^^^^^^^^^^^^^^^^^^^^^^^^^^^^^^^^^^^^^^^^^^^^^^^^^^^^^^^^^^^^^^^^^^^^^^^^^^^^^^^^^^^^^^
[INFO] [stdout]    |
[INFO] [stdout]    = note: this error originates in the macro `$crate::sqlx_macros::expand_query` (in Nightly builds, run with -Z macro-backtrace for more info)
[INFO] [stdout] 
[INFO] [stdout] 
[INFO] [stdout] warning: unused import: `Row`
[INFO] [stdout]  --> src/todo.rs:3:20
[INFO] [stdout]   |
[INFO] [stdout] 3 | use sqlx::{PgPool, Row};
[INFO] [stdout]   |                    ^^^
[INFO] [stdout]   |
[INFO] [stdout]   = note: `#[warn(unused_imports)]` on by default
[INFO] [stdout] 
[INFO] [stdout] 
[INFO] [stdout] warning: unused import: `Row`
[INFO] [stdout]  --> src/web.rs:5:20
[INFO] [stdout]   |
[INFO] [stdout] 5 | use sqlx::{PgPool, Row};
[INFO] [stdout]   |                    ^^^
[INFO] [stdout] 
[INFO] [stdout] 
[INFO] [stdout] warning: unused import: `Row`
[INFO] [stdout]  --> src/main.rs:7:20
[INFO] [stdout]   |
[INFO] [stdout] 7 | use sqlx::{PgPool, Row};
[INFO] [stdout]   |                    ^^^
[INFO] [stdout] 
[INFO] [stdout] 
[INFO] [stdout] warning: unused import: `Row`
[INFO] [stdout]  --> src/graphql.rs:4:20
[INFO] [stdout]   |
[INFO] [stdout] 4 | use sqlx::{PgPool, Row};
[INFO] [stdout]   |                    ^^^
[INFO] [stdout] 
[INFO] [stdout] 
[INFO] [stdout] error: aborting due to 8 previous errors; 4 warnings emitted
[INFO] [stdout] 
[INFO] [stdout] 
[INFO] [stderr] error: could not compile `lite`
[INFO] [stderr] 
[INFO] [stderr] To learn more, run the command again with --verbose.
[INFO] running `Command { std: "docker" "inspect" "f51cb7a16fa81bf1114ba98deef49cd2281259a7b1666903ff3394fc01125cac", kill_on_drop: false }`
[INFO] running `Command { std: "docker" "rm" "-f" "f51cb7a16fa81bf1114ba98deef49cd2281259a7b1666903ff3394fc01125cac", kill_on_drop: false }`
[INFO] [stdout] f51cb7a16fa81bf1114ba98deef49cd2281259a7b1666903ff3394fc01125cac
