[INFO] cloning repository https://github.com/DenialAdams/bamegoy
[INFO] running `Command { std: "git" "-c" "credential.helper=" "-c" "credential.helper=/workspace/cargo-home/bin/git-credential-null" "clone" "--bare" "https://github.com/DenialAdams/bamegoy" "/workspace/cache/git-repos/https%3A%2F%2Fgithub.com%2FDenialAdams%2Fbamegoy", kill_on_drop: false }`
[INFO] [stderr] Cloning into bare repository '/workspace/cache/git-repos/https%3A%2F%2Fgithub.com%2FDenialAdams%2Fbamegoy'...
[INFO] running `Command { std: "git" "rev-parse" "HEAD", kill_on_drop: false }`
[INFO] [stdout] 30b4ff0703d080b8fefa631b1d2d10aec677faa8
[INFO] testing DenialAdams/bamegoy against beta-2021-08-01 for beta-1.55-1
[INFO] running `Command { std: "git" "clone" "/workspace/cache/git-repos/https%3A%2F%2Fgithub.com%2FDenialAdams%2Fbamegoy" "/workspace/builds/worker-0/source", kill_on_drop: false }`
[INFO] [stderr] Cloning into '/workspace/builds/worker-0/source'...
[INFO] [stderr] done.
[INFO] validating manifest of git repo https://github.com/DenialAdams/bamegoy on toolchain beta-2021-08-01
[INFO] running `Command { std: "/workspace/cargo-home/bin/cargo" "+beta-2021-08-01" "metadata" "--manifest-path" "Cargo.toml" "--no-deps", kill_on_drop: false }`
[INFO] started tweaking git repo https://github.com/DenialAdams/bamegoy
[INFO] finished tweaking git repo https://github.com/DenialAdams/bamegoy
[INFO] tweaked toml for git repo https://github.com/DenialAdams/bamegoy written to /workspace/builds/worker-0/source/Cargo.toml
[INFO] crate git repo https://github.com/DenialAdams/bamegoy already has a lockfile, it will not be regenerated
[INFO] running `Command { std: "/workspace/cargo-home/bin/cargo" "+beta-2021-08-01" "fetch" "--manifest-path" "Cargo.toml", kill_on_drop: false }`
[INFO] [stderr]  Downloading crates ...
[INFO] [stderr]   Downloaded adler32 v1.0.0
[INFO] [stderr]   Downloaded rayon v0.7.0
[INFO] [stderr]   Downloaded smallvec v0.1.8
[INFO] [stderr]   Downloaded alsa-sys v0.1.1
[INFO] [stderr]   Downloaded coreaudio-sys v0.1.2
[INFO] [stderr]   Downloaded num-complex v0.1.37
[INFO] [stderr]   Downloaded daggy v0.4.1
[INFO] [stderr]   Downloaded petgraph v0.2.9
[INFO] [stderr]   Downloaded x11-dl v2.13.0
[INFO] [stderr]   Downloaded backtrace-sys v0.1.10
[INFO] [stderr]   Downloaded num_cpus v1.4.0
[INFO] [stderr]   Downloaded deflate v0.7.9
[INFO] [stderr]   Downloaded image v0.13.0
[INFO] [stderr]   Downloaded linked-hash-map v0.0.10
[INFO] [stderr]   Downloaded rusttype v0.2.1
[INFO] [stderr]   Downloaded fixedbitset v0.1.6
[INFO] [stderr]   Downloaded jpeg-decoder v0.1.12
[INFO] [stderr]   Downloaded coreaudio-rs v0.6.0
[INFO] [stderr]   Downloaded pistoncore-input v0.18.0
[INFO] [stderr]   Downloaded glium v0.16.0
[INFO] [stderr]   Downloaded cpal v0.4.5
[INFO] [stderr]   Downloaded png v0.7.0
[INFO] [stderr]   Downloaded futures v0.1.13
[INFO] [stderr]   Downloaded log-panics v1.1.0
[INFO] [stderr]   Downloaded gif v0.9.1
[INFO] [stderr]   Downloaded cfg-if v0.1.0
[INFO] [stderr]   Downloaded deque v0.3.2
[INFO] [stderr]   Downloaded rayon-core v1.0.0
[INFO] [stderr]   Downloaded conrod v0.52.0
[INFO] running `Command { std: "docker" "create" "-v" "/var/lib/crater-agent-workspace/builds/worker-0/target:/opt/rustwide/target:rw,Z" "-v" "/var/lib/crater-agent-workspace/builds/worker-0/source:/opt/rustwide/workdir:ro,Z" "-v" "/var/lib/crater-agent-workspace/cargo-home:/opt/rustwide/cargo-home:ro,Z" "-v" "/var/lib/crater-agent-workspace/rustup-home:/opt/rustwide/rustup-home:ro,Z" "-e" "SOURCE_DIR=/opt/rustwide/workdir" "-e" "CARGO_TARGET_DIR=/opt/rustwide/target" "-e" "CARGO_HOME=/opt/rustwide/cargo-home" "-e" "RUSTUP_HOME=/opt/rustwide/rustup-home" "-w" "/opt/rustwide/workdir" "-m" "1610612736" "--user" "0:0" "--network" "none" "ghcr.io/rust-lang/crates-build-env/linux@sha256:34b6a614d2c27851fe6cbf88fbd1137609cefab8b10d0615aaeb6fd47975d74e" "/opt/rustwide/cargo-home/bin/cargo" "+beta-2021-08-01" "metadata" "--no-deps" "--format-version=1", kill_on_drop: false }`
[INFO] [stdout] 0fb92e45937580ecbd79d1dde02b47fd22c9acbf848af310176d0139719ee438
[INFO] [stderr] WARNING: Your kernel does not support swap limit capabilities or the cgroup is not mounted. Memory limited without swap.
[INFO] running `Command { std: "docker" "start" "-a" "0fb92e45937580ecbd79d1dde02b47fd22c9acbf848af310176d0139719ee438", kill_on_drop: false }`
[INFO] running `Command { std: "docker" "inspect" "0fb92e45937580ecbd79d1dde02b47fd22c9acbf848af310176d0139719ee438", kill_on_drop: false }`
[INFO] running `Command { std: "docker" "rm" "-f" "0fb92e45937580ecbd79d1dde02b47fd22c9acbf848af310176d0139719ee438", kill_on_drop: false }`
[INFO] [stdout] 0fb92e45937580ecbd79d1dde02b47fd22c9acbf848af310176d0139719ee438
[INFO] running `Command { std: "docker" "create" "-v" "/var/lib/crater-agent-workspace/builds/worker-0/target:/opt/rustwide/target:rw,Z" "-v" "/var/lib/crater-agent-workspace/builds/worker-0/source:/opt/rustwide/workdir:ro,Z" "-v" "/var/lib/crater-agent-workspace/cargo-home:/opt/rustwide/cargo-home:ro,Z" "-v" "/var/lib/crater-agent-workspace/rustup-home:/opt/rustwide/rustup-home:ro,Z" "-e" "SOURCE_DIR=/opt/rustwide/workdir" "-e" "CARGO_TARGET_DIR=/opt/rustwide/target" "-e" "CARGO_INCREMENTAL=0" "-e" "RUST_BACKTRACE=full" "-e" "RUSTFLAGS=--cap-lints=warn" "-e" "CARGO_HOME=/opt/rustwide/cargo-home" "-e" "RUSTUP_HOME=/opt/rustwide/rustup-home" "-w" "/opt/rustwide/workdir" "-m" "1610612736" "--user" "0:0" "--network" "none" "ghcr.io/rust-lang/crates-build-env/linux@sha256:34b6a614d2c27851fe6cbf88fbd1137609cefab8b10d0615aaeb6fd47975d74e" "/opt/rustwide/cargo-home/bin/cargo" "+beta-2021-08-01" "build" "--frozen" "--message-format=json", kill_on_drop: false }`
[INFO] [stdout] 3d3e5ac04179b7dbc781aec4a15b0ce3a4afb000af0bd541daa7468e564dcdfe
[INFO] [stderr] WARNING: Your kernel does not support swap limit capabilities or the cgroup is not mounted. Memory limited without swap.
[INFO] running `Command { std: "docker" "start" "-a" "3d3e5ac04179b7dbc781aec4a15b0ce3a4afb000af0bd541daa7468e564dcdfe", kill_on_drop: false }`
[INFO] [stderr]    Compiling log v0.3.7
[INFO] [stderr]    Compiling semver v0.1.20
[INFO] [stderr]    Compiling khronos_api v1.0.0
[INFO] [stderr]    Compiling gcc v0.3.45
[INFO] [stderr]    Compiling odds v0.2.25
[INFO] [stderr]    Compiling backtrace v0.2.3
[INFO] [stderr]    Compiling cfg-if v0.1.0
[INFO] [stderr]    Compiling fixedbitset v0.1.6
[INFO] [stderr]    Compiling fnv v1.0.5
[INFO] [stderr]    Compiling smallvec v0.1.8
[INFO] [stderr]    Compiling linked-hash-map v0.0.10
[INFO] [stderr]    Compiling futures v0.1.13
[INFO] [stderr]    Compiling phf_shared v0.7.21
[INFO] [stderr]    Compiling xml-rs v0.3.6
[INFO] [stderr]    Compiling serde_json v0.9.10
[INFO] [stderr]    Compiling x11-dl v2.13.0
[INFO] [stderr]    Compiling dbghelp-sys v0.2.0
[INFO] [stderr]    Compiling shared_library v0.1.5
[INFO] [stderr]    Compiling alsa-sys v0.1.1
[INFO] [stderr]    Compiling num-complex v0.1.37
[INFO] [stderr]    Compiling stb_truetype v0.2.1
[INFO] [stderr]    Compiling deflate v0.7.9
[INFO] [stderr]    Compiling num-bigint v0.1.37
[INFO] [stderr]    Compiling phf_generator v0.7.21
[INFO] [stderr]    Compiling phf v0.7.21
[INFO] [stderr]    Compiling petgraph v0.2.9
[INFO] [stderr]    Compiling log-panics v1.1.0
[INFO] [stderr]    Compiling pistoncore-input v0.18.0
[INFO] [stderr]    Compiling rustc_version v0.1.7
[INFO] [stderr]    Compiling osmesa-sys v0.1.2
[INFO] [stderr]    Compiling nodrop v0.1.9
[INFO] [stderr]    Compiling phf_codegen v0.7.21
[INFO] [stderr]    Compiling fs2 v0.2.5
[INFO] [stdout] error[E0034]: multiple applicable items in scope
[INFO] [stdout]    --> /opt/rustwide/cargo-home/registry/src/github.com-1ecc6299db9ec823/petgraph-0.2.9/src/graph.rs:421:21
[INFO] [stdout]     |
[INFO] [stdout] 421 |         assert!(Ix::max().index() == !0 || NodeIndex::end() != node_idx);
[INFO] [stdout]     |                     ^^^ multiple `max` found
[INFO] [stdout]     |
[INFO] [stdout] note: candidate #1 is defined in the trait `IndexType`
[INFO] [stdout]    --> /opt/rustwide/cargo-home/registry/src/github.com-1ecc6299db9ec823/petgraph-0.2.9/src/graph.rs:31:5
[INFO] [stdout]     |
[INFO] [stdout] 31  |     fn max() -> Self;
[INFO] [stdout]     |     ^^^^^^^^^^^^^^^^^
[INFO] [stdout] note: candidate #2 is defined in the trait `Ord`
[INFO] [stdout] help: disambiguate the associated function for candidate #1
[INFO] [stdout]     |
[INFO] [stdout] 421 |         assert!(IndexType::max().index() == !0 || NodeIndex::end() != node_idx);
[INFO] [stdout]     |                 ^^^^^^^^^^^^^^
[INFO] [stdout] help: disambiguate the associated function for candidate #2
[INFO] [stdout]     |
[INFO] [stdout] 421 |         assert!(Ord::max().index() == !0 || NodeIndex::end() != node_idx);
[INFO] [stdout]     |                 ^^^^^^^^
[INFO] [stdout] 
[INFO] [stdout] 
[INFO] [stderr]    Compiling arrayvec v0.3.23
[INFO] [stderr]    Compiling wayland-scanner v0.7.8
[INFO] [stderr]    Compiling gl_generator v0.5.2
[INFO] [stderr]    Compiling memmap v0.4.0
[INFO] [stdout] error[E0308]: mismatched types
[INFO] [stdout]    --> /opt/rustwide/cargo-home/registry/src/github.com-1ecc6299db9ec823/petgraph-0.2.9/src/graph.rs:421:38
[INFO] [stdout]     |
[INFO] [stdout] 374 | impl<N, E, Ty, Ix> Graph<N, E, Ty, Ix>
[INFO] [stdout]     |                -- this type parameter
[INFO] [stdout] ...
[INFO] [stdout] 421 |         assert!(Ix::max().index() == !0 || NodeIndex::end() != node_idx);
[INFO] [stdout]     |                                      ^^ expected type parameter `Ix`, found integer
[INFO] [stdout]     |
[INFO] [stdout]     = note: expected type parameter `Ix`
[INFO] [stdout]                          found type `{integer}`
[INFO] [stdout] 
[INFO] [stdout] 
[INFO] [stdout] error[E0034]: multiple applicable items in scope
[INFO] [stdout]    --> /opt/rustwide/cargo-home/registry/src/github.com-1ecc6299db9ec823/petgraph-0.2.9/src/graph.rs:458:21
[INFO] [stdout]     |
[INFO] [stdout] 458 |         assert!(Ix::max().index() == !0 || EdgeIndex::end() != edge_idx);
[INFO] [stdout]     |                     ^^^ multiple `max` found
[INFO] [stdout]     |
[INFO] [stdout] note: candidate #1 is defined in the trait `IndexType`
[INFO] [stdout]    --> /opt/rustwide/cargo-home/registry/src/github.com-1ecc6299db9ec823/petgraph-0.2.9/src/graph.rs:31:5
[INFO] [stdout]     |
[INFO] [stdout] 31  |     fn max() -> Self;
[INFO] [stdout]     |     ^^^^^^^^^^^^^^^^^
[INFO] [stdout] note: candidate #2 is defined in the trait `Ord`
[INFO] [stdout] help: disambiguate the associated function for candidate #1
[INFO] [stdout]     |
[INFO] [stdout] 458 |         assert!(IndexType::max().index() == !0 || EdgeIndex::end() != edge_idx);
[INFO] [stdout]     |                 ^^^^^^^^^^^^^^
[INFO] [stdout] help: disambiguate the associated function for candidate #2
[INFO] [stdout]     |
[INFO] [stdout] 458 |         assert!(Ord::max().index() == !0 || EdgeIndex::end() != edge_idx);
[INFO] [stdout]     |                 ^^^^^^^^
[INFO] [stdout] 
[INFO] [stdout] 
[INFO] [stderr]    Compiling png v0.7.0
[INFO] [stdout] error[E0308]: mismatched types
[INFO] [stdout]    --> /opt/rustwide/cargo-home/registry/src/github.com-1ecc6299db9ec823/petgraph-0.2.9/src/graph.rs:458:38
[INFO] [stdout]     |
[INFO] [stdout] 374 | impl<N, E, Ty, Ix> Graph<N, E, Ty, Ix>
[INFO] [stdout]     |                -- this type parameter
[INFO] [stdout] ...
[INFO] [stdout] 458 |         assert!(Ix::max().index() == !0 || EdgeIndex::end() != edge_idx);
[INFO] [stdout]     |                                      ^^ expected type parameter `Ix`, found integer
[INFO] [stdout]     |
[INFO] [stdout]     = note: expected type parameter `Ix`
[INFO] [stdout]                          found type `{integer}`
[INFO] [stdout] 
[INFO] [stdout] 
[INFO] [stderr]    Compiling num-rational v0.1.36
[INFO] [stderr]    Compiling target_build_utils v0.3.0
[INFO] [stdout] error: aborting due to 4 previous errors
[INFO] [stdout] 
[INFO] [stdout] 
[INFO] [stdout] Some errors have detailed explanations: E0034, E0308.
[INFO] [stdout] 
[INFO] [stdout] For more information about an error, try `rustc --explain E0034`.
[INFO] [stdout] 
[INFO] [stderr] error: could not compile `petgraph` due to 5 previous errors
[INFO] [stderr] warning: build failed, waiting for other jobs to finish...
[INFO] [stderr] error: build failed
[INFO] running `Command { std: "docker" "inspect" "3d3e5ac04179b7dbc781aec4a15b0ce3a4afb000af0bd541daa7468e564dcdfe", kill_on_drop: false }`
[INFO] running `Command { std: "docker" "rm" "-f" "3d3e5ac04179b7dbc781aec4a15b0ce3a4afb000af0bd541daa7468e564dcdfe", kill_on_drop: false }`
[INFO] [stdout] 3d3e5ac04179b7dbc781aec4a15b0ce3a4afb000af0bd541daa7468e564dcdfe
