[INFO] cloning repository https://github.com/DanielMSchmidt/ikea-pax-delivery
[INFO] running `Command { std: "git" "-c" "credential.helper=" "-c" "credential.helper=/workspace/cargo-home/bin/git-credential-null" "clone" "--bare" "https://github.com/DanielMSchmidt/ikea-pax-delivery" "/workspace/cache/git-repos/https%3A%2F%2Fgithub.com%2FDanielMSchmidt%2Fikea-pax-delivery", kill_on_drop: false }`
[INFO] [stderr] Cloning into bare repository '/workspace/cache/git-repos/https%3A%2F%2Fgithub.com%2FDanielMSchmidt%2Fikea-pax-delivery'...
[INFO] running `Command { std: "git" "rev-parse" "HEAD", kill_on_drop: false }`
[INFO] [stdout] 440ed9042229e873575006c70cc5b41e13a075f9
[INFO] testing DanielMSchmidt/ikea-pax-delivery against beta-2021-08-01 for beta-1.55-1
[INFO] running `Command { std: "git" "clone" "/workspace/cache/git-repos/https%3A%2F%2Fgithub.com%2FDanielMSchmidt%2Fikea-pax-delivery" "/workspace/builds/worker-61/source", kill_on_drop: false }`
[INFO] [stderr] Cloning into '/workspace/builds/worker-61/source'...
[INFO] [stderr] done.
[INFO] validating manifest of git repo https://github.com/DanielMSchmidt/ikea-pax-delivery on toolchain beta-2021-08-01
[INFO] running `Command { std: "/workspace/cargo-home/bin/cargo" "+beta-2021-08-01" "metadata" "--manifest-path" "Cargo.toml" "--no-deps", kill_on_drop: false }`
[INFO] started tweaking git repo https://github.com/DanielMSchmidt/ikea-pax-delivery
[INFO] finished tweaking git repo https://github.com/DanielMSchmidt/ikea-pax-delivery
[INFO] tweaked toml for git repo https://github.com/DanielMSchmidt/ikea-pax-delivery written to /workspace/builds/worker-61/source/Cargo.toml
[INFO] crate git repo https://github.com/DanielMSchmidt/ikea-pax-delivery already has a lockfile, it will not be regenerated
[INFO] running `Command { std: "/workspace/cargo-home/bin/cargo" "+beta-2021-08-01" "fetch" "--manifest-path" "Cargo.toml", kill_on_drop: false }`
[INFO] [stderr]     Blocking waiting for file lock on package cache
[INFO] [stderr]     Blocking waiting for file lock on package cache
[INFO] [stderr]  Downloading crates ...
[INFO] [stderr]   Downloaded headless_chrome v0.9.0
[INFO] [stderr]   Downloaded websocket v0.23.0
[INFO] running `Command { std: "docker" "create" "-v" "/var/lib/crater-agent-workspace/builds/worker-61/target:/opt/rustwide/target:rw,Z" "-v" "/var/lib/crater-agent-workspace/builds/worker-61/source:/opt/rustwide/workdir:ro,Z" "-v" "/var/lib/crater-agent-workspace/cargo-home:/opt/rustwide/cargo-home:ro,Z" "-v" "/var/lib/crater-agent-workspace/rustup-home:/opt/rustwide/rustup-home:ro,Z" "-e" "SOURCE_DIR=/opt/rustwide/workdir" "-e" "CARGO_TARGET_DIR=/opt/rustwide/target" "-e" "CARGO_HOME=/opt/rustwide/cargo-home" "-e" "RUSTUP_HOME=/opt/rustwide/rustup-home" "-w" "/opt/rustwide/workdir" "-m" "1610612736" "--user" "0:0" "--network" "none" "ghcr.io/rust-lang/crates-build-env/linux@sha256:34b6a614d2c27851fe6cbf88fbd1137609cefab8b10d0615aaeb6fd47975d74e" "/opt/rustwide/cargo-home/bin/cargo" "+beta-2021-08-01" "metadata" "--no-deps" "--format-version=1", kill_on_drop: false }`
[INFO] [stdout] 96d06b11c0fbf827f9d0265111f920feba14acfd51e337c553376baa9c645cfc
[INFO] running `Command { std: "docker" "start" "-a" "96d06b11c0fbf827f9d0265111f920feba14acfd51e337c553376baa9c645cfc", kill_on_drop: false }`
[INFO] running `Command { std: "docker" "inspect" "96d06b11c0fbf827f9d0265111f920feba14acfd51e337c553376baa9c645cfc", kill_on_drop: false }`
[INFO] running `Command { std: "docker" "rm" "-f" "96d06b11c0fbf827f9d0265111f920feba14acfd51e337c553376baa9c645cfc", kill_on_drop: false }`
[INFO] [stdout] 96d06b11c0fbf827f9d0265111f920feba14acfd51e337c553376baa9c645cfc
[INFO] running `Command { std: "docker" "create" "-v" "/var/lib/crater-agent-workspace/builds/worker-61/target:/opt/rustwide/target:rw,Z" "-v" "/var/lib/crater-agent-workspace/builds/worker-61/source:/opt/rustwide/workdir:ro,Z" "-v" "/var/lib/crater-agent-workspace/cargo-home:/opt/rustwide/cargo-home:ro,Z" "-v" "/var/lib/crater-agent-workspace/rustup-home:/opt/rustwide/rustup-home:ro,Z" "-e" "SOURCE_DIR=/opt/rustwide/workdir" "-e" "CARGO_TARGET_DIR=/opt/rustwide/target" "-e" "CARGO_INCREMENTAL=0" "-e" "RUST_BACKTRACE=full" "-e" "RUSTFLAGS=--cap-lints=warn" "-e" "CARGO_HOME=/opt/rustwide/cargo-home" "-e" "RUSTUP_HOME=/opt/rustwide/rustup-home" "-w" "/opt/rustwide/workdir" "-m" "1610612736" "--user" "0:0" "--network" "none" "ghcr.io/rust-lang/crates-build-env/linux@sha256:34b6a614d2c27851fe6cbf88fbd1137609cefab8b10d0615aaeb6fd47975d74e" "/opt/rustwide/cargo-home/bin/cargo" "+beta-2021-08-01" "build" "--frozen" "--message-format=json", kill_on_drop: false }`
[INFO] [stdout] 73db9f4aad3dd3943db82334a6beb67d9756e8d8e4a7c62a7ea12e5bd3356357
[INFO] running `Command { std: "docker" "start" "-a" "73db9f4aad3dd3943db82334a6beb67d9756e8d8e4a7c62a7ea12e5bd3356357", kill_on_drop: false }`
[INFO] [stderr]     Blocking waiting for file lock on package cache
[INFO] [stderr]    Compiling libc v0.2.92
[INFO] [stderr]    Compiling cfg-if v1.0.0
[INFO] [stderr]    Compiling proc-macro2 v1.0.26
[INFO] [stderr]    Compiling unicode-xid v0.2.1
[INFO] [stderr]    Compiling autocfg v0.1.7
[INFO] [stderr]    Compiling rand_core v0.4.2
[INFO] [stderr]    Compiling proc-macro2 v0.4.30
[INFO] [stderr]    Compiling syn v1.0.68
[INFO] [stderr]    Compiling unicode-xid v0.1.0
[INFO] [stderr]    Compiling log v0.4.14
[INFO] [stderr]    Compiling syn v0.15.44
[INFO] [stderr]    Compiling getrandom v0.2.2
[INFO] [stderr]    Compiling tinyvec_macros v0.1.0
[INFO] [stderr]    Compiling autocfg v1.0.1
[INFO] [stderr]    Compiling ident_case v1.0.1
[INFO] [stderr]    Compiling strsim v0.7.0
[INFO] [stderr]    Compiling ppv-lite86 v0.2.10
[INFO] [stderr]    Compiling version_check v0.1.5
[INFO] [stderr]    Compiling matches v0.1.8
[INFO] [stderr]    Compiling memchr v2.3.4
[INFO] [stderr]    Compiling fnv v1.0.7
[INFO] [stderr]    Compiling getrandom v0.1.16
[INFO] [stderr]    Compiling serde_derive v1.0.125
[INFO] [stderr]    Compiling httparse v1.3.5
[INFO] [stderr]    Compiling failure_derive v0.1.8
[INFO] [stderr]    Compiling byteorder v1.4.3
[INFO] [stderr]    Compiling gimli v0.23.0
[INFO] [stderr]    Compiling adler v1.0.2
[INFO] [stderr]    Compiling serde v1.0.125
[INFO] [stderr]    Compiling object v0.23.0
[INFO] [stderr]    Compiling safemem v0.3.3
[INFO] [stderr]    Compiling rustc-demangle v0.1.18
[INFO] [stderr]    Compiling percent-encoding v1.0.1
[INFO] [stderr]    Compiling quick-error v1.2.3
[INFO] [stderr]    Compiling serde_json v1.0.64
[INFO] [stderr]    Compiling traitobject v0.1.0
[INFO] [stderr]    Compiling typeable v0.1.2
[INFO] [stderr]    Compiling regex-syntax v0.6.23
[INFO] [stderr]    Compiling derive_builder v0.7.2
[INFO] [stderr]    Compiling language-tags v0.2.2
[INFO] [stderr]    Compiling termcolor v1.1.2
[INFO] [stderr]    Compiling sha1 v0.6.0
[INFO] [stderr]    Compiling remove_dir_all v0.5.3
[INFO] [stderr]    Compiling itoa v0.4.7
[INFO] [stderr]    Compiling unicode-bidi v0.3.4
[INFO] [stderr]    Compiling miniz_oxide v0.4.4
[INFO] [stderr]    Compiling tinyvec v1.1.1
[INFO] [stderr]    Compiling humantime v1.3.0
[INFO] [stderr]    Compiling rand_core v0.3.1
[INFO] [stderr]    Compiling rand_jitter v0.1.4
[INFO] [stderr]    Compiling unicase v1.4.2
[INFO] [stderr]    Compiling base64 v0.9.3
[INFO] [stderr]    Compiling base64 v0.10.1
[INFO] [stderr]    Compiling quote v0.6.13
[INFO] [stderr]    Compiling aho-corasick v0.7.15
[INFO] [stderr]    Compiling quote v1.0.9
[INFO] [stderr]    Compiling unicode-normalization v0.1.17
[INFO] [stderr]    Compiling rand_os v0.1.3
[INFO] [stderr]    Compiling num_cpus v1.13.0
[INFO] [stderr]    Compiling time v0.1.43
[INFO] [stderr]    Compiling atty v0.2.14
[INFO] [stderr]    Compiling addr2line v0.14.1
[INFO] [stderr]    Compiling rand_xorshift v0.1.1
[INFO] [stderr]    Compiling rand_hc v0.1.0
[INFO] [stderr]    Compiling rand_isaac v0.1.1
[INFO] [stderr]    Compiling log v0.3.9
[INFO] [stderr]    Compiling rand_core v0.6.2
[INFO] [stderr]    Compiling rand_chacha v0.1.1
[INFO] [stderr]    Compiling rand_pcg v0.1.2
[INFO] [stderr]    Compiling rand v0.6.5
[INFO] [stderr]    Compiling rand_core v0.5.1
[INFO] [stderr]    Compiling mime v0.2.6
[INFO] [stderr]    Compiling backtrace v0.3.56
[INFO] [stderr]    Compiling rand_chacha v0.3.0
[INFO] [stderr]    Compiling rand_chacha v0.2.2
[INFO] [stderr]    Compiling rand v0.8.3
[INFO] [stderr]    Compiling rand v0.7.3
[INFO] [stderr]    Compiling idna v0.1.5
[INFO] [stderr]    Compiling regex v1.4.5
[INFO] [stderr]    Compiling url v1.7.2
[INFO] [stderr]    Compiling tempfile v3.2.0
[INFO] [stderr]    Compiling env_logger v0.6.2
[INFO] [stderr]    Compiling hyper v0.10.16
[INFO] [stderr]    Compiling synstructure v0.12.4
[INFO] [stderr]    Compiling websocket v0.23.0
[INFO] [stderr]    Compiling darling_core v0.9.0
[INFO] [stderr]    Compiling failure v0.1.8
[INFO] [stderr]    Compiling which v2.0.1
[INFO] [stderr]    Compiling darling_macro v0.9.0
[INFO] [stderr]    Compiling darling v0.9.0
[INFO] [stderr]    Compiling derive_builder_core v0.5.0
[INFO] [stderr]    Compiling headless_chrome v0.9.0
[INFO] [stderr]    Compiling ikea-pax-delivery v0.1.0 (/opt/rustwide/workdir)
[INFO] [stdout] error[E0603]: module `point` is private
[INFO] [stdout]   --> src/main.rs:54:48
[INFO] [stdout]    |
[INFO] [stdout] 54 |     let point = headless_chrome::browser::tab::point::Point { x: x, y: y };
[INFO] [stdout]    |                                                ^^^^^ private module
[INFO] [stdout]    |
[INFO] [stdout] note: the module `point` is defined here
[INFO] [stdout]   --> /opt/rustwide/cargo-home/registry/src/github.com-1ecc6299db9ec823/headless_chrome-0.9.0/src/browser/tab/mod.rs:27:1
[INFO] [stdout]    |
[INFO] [stdout] 27 | mod point;
[INFO] [stdout]    | ^^^^^^^^^^
[INFO] [stdout] 
[INFO] [stdout] 
[INFO] [stdout] warning: unused import: `Tab`
[INFO] [stdout]  --> src/main.rs:3:88
[INFO] [stdout]   |
[INFO] [stdout] 3 | use headless_chrome::{protocol::page::ScreenshotFormat, Browser, LaunchOptionsBuilder, Tab};
[INFO] [stdout]   |                                                                                        ^^^
[INFO] [stdout]   |
[INFO] [stdout]   = note: `#[warn(unused_imports)]` on by default
[INFO] [stdout] 
[INFO] [stdout] 
[INFO] [stdout] error[E0308]: mismatched types
[INFO] [stdout]   --> src/main.rs:54:66
[INFO] [stdout]    |
[INFO] [stdout] 54 |     let point = headless_chrome::browser::tab::point::Point { x: x, y: y };
[INFO] [stdout]    |                                                                  ^ expected `f64`, found `u32`
[INFO] [stdout] 
[INFO] [stdout] 
[INFO] [stdout] error[E0308]: mismatched types
[INFO] [stdout]   --> src/main.rs:54:72
[INFO] [stdout]    |
[INFO] [stdout] 54 |     let point = headless_chrome::browser::tab::point::Point { x: x, y: y };
[INFO] [stdout]    |                                                                        ^ expected `f64`, found `u32`
[INFO] [stdout] 
[INFO] [stdout] 
[INFO] [stdout] error: aborting due to 3 previous errors; 1 warning emitted
[INFO] [stdout] 
[INFO] [stdout] 
[INFO] [stdout] Some errors have detailed explanations: E0308, E0603.
[INFO] [stdout] 
[INFO] [stdout] For more information about an error, try `rustc --explain E0308`.
[INFO] [stdout] 
[INFO] [stderr] error: could not compile `ikea-pax-delivery` due to 4 previous errors; 1 warning emitted
[INFO] running `Command { std: "docker" "inspect" "73db9f4aad3dd3943db82334a6beb67d9756e8d8e4a7c62a7ea12e5bd3356357", kill_on_drop: false }`
[INFO] running `Command { std: "docker" "rm" "-f" "73db9f4aad3dd3943db82334a6beb67d9756e8d8e4a7c62a7ea12e5bd3356357", kill_on_drop: false }`
[INFO] [stdout] 73db9f4aad3dd3943db82334a6beb67d9756e8d8e4a7c62a7ea12e5bd3356357
