[INFO] cloning repository https://github.com/ChristopherBiscardi/windows-screen-capture
[INFO] running `Command { std: "git" "-c" "credential.helper=" "-c" "credential.helper=/workspace/cargo-home/bin/git-credential-null" "clone" "--bare" "https://github.com/ChristopherBiscardi/windows-screen-capture" "/workspace/cache/git-repos/https%3A%2F%2Fgithub.com%2FChristopherBiscardi%2Fwindows-screen-capture", kill_on_drop: false }`
[INFO] [stderr] Cloning into bare repository '/workspace/cache/git-repos/https%3A%2F%2Fgithub.com%2FChristopherBiscardi%2Fwindows-screen-capture'...
[INFO] running `Command { std: "git" "rev-parse" "HEAD", kill_on_drop: false }`
[INFO] [stdout] 74048b55b398a4b5367186178b2a35ebdd41a987
[INFO] testing ChristopherBiscardi/windows-screen-capture against beta-2021-08-01 for beta-1.55-1
[INFO] running `Command { std: "git" "clone" "/workspace/cache/git-repos/https%3A%2F%2Fgithub.com%2FChristopherBiscardi%2Fwindows-screen-capture" "/workspace/builds/worker-3/source", kill_on_drop: false }`
[INFO] [stderr] Cloning into '/workspace/builds/worker-3/source'...
[INFO] [stderr] done.
[INFO] validating manifest of git repo https://github.com/ChristopherBiscardi/windows-screen-capture on toolchain beta-2021-08-01
[INFO] running `Command { std: "/workspace/cargo-home/bin/cargo" "+beta-2021-08-01" "metadata" "--manifest-path" "Cargo.toml" "--no-deps", kill_on_drop: false }`
[INFO] started tweaking git repo https://github.com/ChristopherBiscardi/windows-screen-capture
[INFO] finished tweaking git repo https://github.com/ChristopherBiscardi/windows-screen-capture
[INFO] tweaked toml for git repo https://github.com/ChristopherBiscardi/windows-screen-capture written to /workspace/builds/worker-3/source/Cargo.toml
[INFO] crate git repo https://github.com/ChristopherBiscardi/windows-screen-capture already has a lockfile, it will not be regenerated
[INFO] running `Command { std: "/workspace/cargo-home/bin/cargo" "+beta-2021-08-01" "fetch" "--manifest-path" "Cargo.toml", kill_on_drop: false }`
[INFO] [stderr]  Downloading crates ...
[INFO] [stderr]   Downloaded winput v0.2.4
[INFO] [stderr]   Downloaded x11cap v0.4.1
[INFO] [stderr]   Downloaded captrs v0.3.1
[INFO] [stderr]   Downloaded dxgcap v0.2.4
[INFO] running `Command { std: "docker" "create" "-v" "/var/lib/crater-agent-workspace/builds/worker-3/target:/opt/rustwide/target:rw,Z" "-v" "/var/lib/crater-agent-workspace/builds/worker-3/source:/opt/rustwide/workdir:ro,Z" "-v" "/var/lib/crater-agent-workspace/cargo-home:/opt/rustwide/cargo-home:ro,Z" "-v" "/var/lib/crater-agent-workspace/rustup-home:/opt/rustwide/rustup-home:ro,Z" "-e" "SOURCE_DIR=/opt/rustwide/workdir" "-e" "CARGO_TARGET_DIR=/opt/rustwide/target" "-e" "CARGO_HOME=/opt/rustwide/cargo-home" "-e" "RUSTUP_HOME=/opt/rustwide/rustup-home" "-w" "/opt/rustwide/workdir" "-m" "1610612736" "--user" "0:0" "--network" "none" "ghcr.io/rust-lang/crates-build-env/linux@sha256:34b6a614d2c27851fe6cbf88fbd1137609cefab8b10d0615aaeb6fd47975d74e" "/opt/rustwide/cargo-home/bin/cargo" "+beta-2021-08-01" "metadata" "--no-deps" "--format-version=1", kill_on_drop: false }`
[INFO] [stdout] 32a61f01d1a9ac5e1c0a9209f4f8d5ba196ce6c4168c66db92d948bae16a45ba
[INFO] [stderr] WARNING: Your kernel does not support swap limit capabilities or the cgroup is not mounted. Memory limited without swap.
[INFO] running `Command { std: "docker" "start" "-a" "32a61f01d1a9ac5e1c0a9209f4f8d5ba196ce6c4168c66db92d948bae16a45ba", kill_on_drop: false }`
[INFO] running `Command { std: "docker" "inspect" "32a61f01d1a9ac5e1c0a9209f4f8d5ba196ce6c4168c66db92d948bae16a45ba", kill_on_drop: false }`
[INFO] running `Command { std: "docker" "rm" "-f" "32a61f01d1a9ac5e1c0a9209f4f8d5ba196ce6c4168c66db92d948bae16a45ba", kill_on_drop: false }`
[INFO] [stdout] 32a61f01d1a9ac5e1c0a9209f4f8d5ba196ce6c4168c66db92d948bae16a45ba
[INFO] running `Command { std: "docker" "create" "-v" "/var/lib/crater-agent-workspace/builds/worker-3/target:/opt/rustwide/target:rw,Z" "-v" "/var/lib/crater-agent-workspace/builds/worker-3/source:/opt/rustwide/workdir:ro,Z" "-v" "/var/lib/crater-agent-workspace/cargo-home:/opt/rustwide/cargo-home:ro,Z" "-v" "/var/lib/crater-agent-workspace/rustup-home:/opt/rustwide/rustup-home:ro,Z" "-e" "SOURCE_DIR=/opt/rustwide/workdir" "-e" "CARGO_TARGET_DIR=/opt/rustwide/target" "-e" "CARGO_INCREMENTAL=0" "-e" "RUST_BACKTRACE=full" "-e" "RUSTFLAGS=--cap-lints=warn" "-e" "CARGO_HOME=/opt/rustwide/cargo-home" "-e" "RUSTUP_HOME=/opt/rustwide/rustup-home" "-w" "/opt/rustwide/workdir" "-m" "1610612736" "--user" "0:0" "--network" "none" "ghcr.io/rust-lang/crates-build-env/linux@sha256:34b6a614d2c27851fe6cbf88fbd1137609cefab8b10d0615aaeb6fd47975d74e" "/opt/rustwide/cargo-home/bin/cargo" "+beta-2021-08-01" "build" "--frozen" "--message-format=json", kill_on_drop: false }`
[INFO] [stderr] WARNING: Your kernel does not support swap limit capabilities or the cgroup is not mounted. Memory limited without swap.
[INFO] [stdout] 3b6e15c102a34871df65b565dcb9c1c302399d46788b4491a08ae4d8df4a69ad
[INFO] running `Command { std: "docker" "start" "-a" "3b6e15c102a34871df65b565dcb9c1c302399d46788b4491a08ae4d8df4a69ad", kill_on_drop: false }`
[INFO] [stderr]     Blocking waiting for file lock on package cache
[INFO] [stderr]    Compiling adler32 v1.2.0
[INFO] [stderr]    Compiling x11cap v0.4.1
[INFO] [stderr]    Compiling winapi v0.3.9
[INFO] [stderr]    Compiling arraydeque v0.4.5
[INFO] [stderr]    Compiling x11 v2.18.2
[INFO] [stderr]    Compiling miniz_oxide v0.3.7
[INFO] [stderr]    Compiling deflate v0.8.6
[INFO] [stderr]    Compiling winput v0.2.4
[INFO] [stderr]    Compiling png v0.16.8
[INFO] [stdout] error[E0433]: failed to resolve: could not find `um` in `winapi`
[INFO] [stdout]   --> /opt/rustwide/cargo-home/registry/src/github.com-1ecc6299db9ec823/winput-0.2.4/src/error.rs:26:21
[INFO] [stdout]    |
[INFO] [stdout] 26 |         use winapi::um::errhandlingapi::GetLastError;
[INFO] [stdout]    |                     ^^ could not find `um` in `winapi`
[INFO] [stdout] 
[INFO] [stdout] 
[INFO] [stdout] error[E0433]: failed to resolve: could not find `um` in `winapi`
[INFO] [stdout]    --> /opt/rustwide/cargo-home/registry/src/github.com-1ecc6299db9ec823/winput-0.2.4/src/vk.rs:706:21
[INFO] [stdout]     |
[INFO] [stdout] 706 |         use winapi::um::winuser::GetAsyncKeyState;
[INFO] [stdout]     |                     ^^ could not find `um` in `winapi`
[INFO] [stdout] 
[INFO] [stdout] 
[INFO] [stdout] error[E0433]: failed to resolve: could not find `um` in `winapi`
[INFO] [stdout]    --> /opt/rustwide/cargo-home/registry/src/github.com-1ecc6299db9ec823/winput-0.2.4/src/vk.rs:732:21
[INFO] [stdout]     |
[INFO] [stdout] 732 |         use winapi::um::winuser::GetKeyState;
[INFO] [stdout]     |                     ^^ could not find `um` in `winapi`
[INFO] [stdout] 
[INFO] [stdout] 
[INFO] [stdout] error[E0432]: unresolved import `winapi::um`
[INFO] [stdout]   --> /opt/rustwide/cargo-home/registry/src/github.com-1ecc6299db9ec823/winput-0.2.4/src/error.rs:47:21
[INFO] [stdout]    |
[INFO] [stdout] 47 |         use winapi::um::winbase;
[INFO] [stdout]    |                     ^^ could not find `um` in `winapi`
[INFO] [stdout] 
[INFO] [stdout] 
[INFO] [stdout] error[E0432]: unresolved import `winapi::um`
[INFO] [stdout]  --> /opt/rustwide/cargo-home/registry/src/github.com-1ecc6299db9ec823/winput-0.2.4/src/input.rs:3:13
[INFO] [stdout]   |
[INFO] [stdout] 3 | use winapi::um::winuser;
[INFO] [stdout]   |             ^^ could not find `um` in `winapi`
[INFO] [stdout] 
[INFO] [stdout] 
[INFO] [stdout] error[E0432]: unresolved import `winapi::shared`
[INFO] [stdout]  --> /opt/rustwide/cargo-home/registry/src/github.com-1ecc6299db9ec823/winput-0.2.4/src/mouse.rs:6:13
[INFO] [stdout]   |
[INFO] [stdout] 6 | use winapi::shared::windef;
[INFO] [stdout]   |             ^^^^^^ could not find `shared` in `winapi`
[INFO] [stdout] 
[INFO] [stdout] 
[INFO] [stdout] error[E0433]: failed to resolve: could not find `windows` in `os`
[INFO] [stdout]   --> /opt/rustwide/cargo-home/registry/src/github.com-1ecc6299db9ec823/winput-0.2.4/src/message_loop.rs:35:14
[INFO] [stdout]    |
[INFO] [stdout] 35 | use std::os::windows::ffi::OsStrExt;
[INFO] [stdout]    |              ^^^^^^^ could not find `windows` in `os`
[INFO] [stdout] 
[INFO] [stdout] 
[INFO] [stdout] error[E0432]: unresolved import `winapi::um`
[INFO] [stdout]  --> /opt/rustwide/cargo-home/registry/src/github.com-1ecc6299db9ec823/winput-0.2.4/src/mouse.rs:7:13
[INFO] [stdout]   |
[INFO] [stdout] 7 | use winapi::um::winuser;
[INFO] [stdout]   |             ^^ could not find `um` in `winapi`
[INFO] [stdout] 
[INFO] [stdout] 
[INFO] [stdout] error[E0432]: unresolved import `winapi::shared`
[INFO] [stdout]   --> /opt/rustwide/cargo-home/registry/src/github.com-1ecc6299db9ec823/winput-0.2.4/src/message_loop.rs:41:13
[INFO] [stdout]    |
[INFO] [stdout] 41 | use winapi::shared::{hidusage, minwindef, windef};
[INFO] [stdout]    |             ^^^^^^ could not find `shared` in `winapi`
[INFO] [stdout] 
[INFO] [stdout] 
[INFO] [stdout] error[E0432]: unresolved import `winapi::um`
[INFO] [stdout]   --> /opt/rustwide/cargo-home/registry/src/github.com-1ecc6299db9ec823/winput-0.2.4/src/message_loop.rs:42:13
[INFO] [stdout]    |
[INFO] [stdout] 42 | use winapi::um::{libloaderapi, winuser};
[INFO] [stdout]    |             ^^ could not find `um` in `winapi`
[INFO] [stdout] 
[INFO] [stdout] 
[INFO] [stdout] error[E0425]: cannot find function, tuple struct or tuple variant `GetLastError` in this scope
[INFO] [stdout]   --> /opt/rustwide/cargo-home/registry/src/github.com-1ecc6299db9ec823/winput-0.2.4/src/error.rs:28:40
[INFO] [stdout]    |
[INFO] [stdout] 28 |         let last_error_code = unsafe { GetLastError() };
[INFO] [stdout]    |                                        ^^^^^^^^^^^^ not found in this scope
[INFO] [stdout] 
[INFO] [stdout] 
[INFO] [stdout] error[E0425]: cannot find function, tuple struct or tuple variant `GetAsyncKeyState` in this scope
[INFO] [stdout]    --> /opt/rustwide/cargo-home/registry/src/github.com-1ecc6299db9ec823/winput-0.2.4/src/vk.rs:711:30
[INFO] [stdout]     |
[INFO] [stdout] 711 |         let state = unsafe { GetAsyncKeyState(self.into()) } as u16;
[INFO] [stdout]     |                              ^^^^^^^^^^^^^^^^ not found in this scope
[INFO] [stdout] 
[INFO] [stdout] 
[INFO] [stdout] error[E0425]: cannot find function, tuple struct or tuple variant `GetKeyState` in this scope
[INFO] [stdout]    --> /opt/rustwide/cargo-home/registry/src/github.com-1ecc6299db9ec823/winput-0.2.4/src/vk.rs:737:30
[INFO] [stdout]     |
[INFO] [stdout] 737 |         let state = unsafe { GetKeyState(self.into()) } as u16;
[INFO] [stdout]     |                              ^^^^^^^^^^^ not found in this scope
[INFO] [stdout] 
[INFO] [stdout] 
[INFO] [stdout] error[E0599]: no method named `encode_wide` found for reference `&OsStr` in the current scope
[INFO] [stdout]    --> /opt/rustwide/cargo-home/registry/src/github.com-1ecc6299db9ec823/winput-0.2.4/src/message_loop.rs:372:18
[INFO] [stdout]     |
[INFO] [stdout] 372 |                 .encode_wide()
[INFO] [stdout]     |                  ^^^^^^^^^^^ method not found in `&OsStr`
[INFO] [stdout] 
[INFO] [stdout] 
[INFO] [stdout] error: aborting due to 14 previous errors
[INFO] [stdout] 
[INFO] [stdout] 
[INFO] [stdout] Some errors have detailed explanations: E0425, E0432, E0433, E0599.
[INFO] [stdout] 
[INFO] [stdout] For more information about an error, try `rustc --explain E0425`.
[INFO] [stdout] 
[INFO] [stderr] error: could not compile `winput` due to 15 previous errors
[INFO] [stderr] warning: build failed, waiting for other jobs to finish...
[INFO] [stderr] error: build failed
[INFO] running `Command { std: "docker" "inspect" "3b6e15c102a34871df65b565dcb9c1c302399d46788b4491a08ae4d8df4a69ad", kill_on_drop: false }`
[INFO] running `Command { std: "docker" "rm" "-f" "3b6e15c102a34871df65b565dcb9c1c302399d46788b4491a08ae4d8df4a69ad", kill_on_drop: false }`
[INFO] [stdout] 3b6e15c102a34871df65b565dcb9c1c302399d46788b4491a08ae4d8df4a69ad
