[INFO] cloning repository https://github.com/Chriscbr/rustgen_test
[INFO] running `Command { std: "git" "-c" "credential.helper=" "-c" "credential.helper=/workspace/cargo-home/bin/git-credential-null" "clone" "--bare" "https://github.com/Chriscbr/rustgen_test" "/workspace/cache/git-repos/https%3A%2F%2Fgithub.com%2FChriscbr%2Frustgen_test", kill_on_drop: false }`
[INFO] [stderr] Cloning into bare repository '/workspace/cache/git-repos/https%3A%2F%2Fgithub.com%2FChriscbr%2Frustgen_test'...
[INFO] running `Command { std: "git" "rev-parse" "HEAD", kill_on_drop: false }`
[INFO] [stdout] b2b4ffc1d576fd60c253a59c4f082b76582667d8
[INFO] testing Chriscbr/rustgen_test against beta-2021-08-01 for beta-1.55-1
[INFO] running `Command { std: "git" "clone" "/workspace/cache/git-repos/https%3A%2F%2Fgithub.com%2FChriscbr%2Frustgen_test" "/workspace/builds/worker-4/source", kill_on_drop: false }`
[INFO] [stderr] Cloning into '/workspace/builds/worker-4/source'...
[INFO] [stderr] done.
[INFO] validating manifest of git repo https://github.com/Chriscbr/rustgen_test on toolchain beta-2021-08-01
[INFO] running `Command { std: "/workspace/cargo-home/bin/cargo" "+beta-2021-08-01" "metadata" "--manifest-path" "Cargo.toml" "--no-deps", kill_on_drop: false }`
[INFO] started tweaking git repo https://github.com/Chriscbr/rustgen_test
[INFO] finished tweaking git repo https://github.com/Chriscbr/rustgen_test
[INFO] tweaked toml for git repo https://github.com/Chriscbr/rustgen_test written to /workspace/builds/worker-4/source/Cargo.toml
[INFO] crate git repo https://github.com/Chriscbr/rustgen_test already has a lockfile, it will not be regenerated
[INFO] running `Command { std: "/workspace/cargo-home/bin/cargo" "+beta-2021-08-01" "fetch" "--manifest-path" "Cargo.toml", kill_on_drop: false }`
[INFO] [stderr]  Downloading crates ...
[INFO] [stderr]   Downloaded ena v0.11.0
[INFO] [stderr]   Downloaded jobserver v0.1.12
[INFO] [stderr]   Downloaded termcolor v1.0.4
[INFO] [stderr]   Downloaded either v1.5.1
[INFO] [stderr]   Downloaded rustc-ap-graphviz v401.0.0
[INFO] [stderr]   Downloaded rustc-ap-rustc_cratesio_shim v401.0.0
[INFO] [stderr]   Downloaded rustc-ap-arena v401.0.0
[INFO] [stderr]   Downloaded rustc-ap-syntax_pos v401.0.0
[INFO] [stderr]   Downloaded rustc-ap-rustc_errors v401.0.0
[INFO] [stderr]   Downloaded rustc-ap-serialize v401.0.0
[INFO] [stderr]   Downloaded rustc-ap-rustc_target v401.0.0
[INFO] [stderr]   Downloaded rustc-rayon-core v0.1.2
[INFO] [stderr]   Downloaded rustc-ap-rustc_data_structures v401.0.0
[INFO] [stderr]   Downloaded rustc-rayon v0.1.2
[INFO] [stderr]   Downloaded rustc-ap-syntax v401.0.0
[INFO] running `Command { std: "docker" "create" "-v" "/var/lib/crater-agent-workspace/builds/worker-4/target:/opt/rustwide/target:rw,Z" "-v" "/var/lib/crater-agent-workspace/builds/worker-4/source:/opt/rustwide/workdir:ro,Z" "-v" "/var/lib/crater-agent-workspace/cargo-home:/opt/rustwide/cargo-home:ro,Z" "-v" "/var/lib/crater-agent-workspace/rustup-home:/opt/rustwide/rustup-home:ro,Z" "-e" "SOURCE_DIR=/opt/rustwide/workdir" "-e" "CARGO_TARGET_DIR=/opt/rustwide/target" "-e" "CARGO_HOME=/opt/rustwide/cargo-home" "-e" "RUSTUP_HOME=/opt/rustwide/rustup-home" "-w" "/opt/rustwide/workdir" "-m" "1610612736" "--user" "0:0" "--network" "none" "ghcr.io/rust-lang/crates-build-env/linux@sha256:34b6a614d2c27851fe6cbf88fbd1137609cefab8b10d0615aaeb6fd47975d74e" "/opt/rustwide/cargo-home/bin/cargo" "+beta-2021-08-01" "metadata" "--no-deps" "--format-version=1", kill_on_drop: false }`
[INFO] [stdout] 1c54693cee2423669cb62bafdc2092acdc3aaf66f47f04648351b093ee57a461
[INFO] [stderr] WARNING: Your kernel does not support swap limit capabilities or the cgroup is not mounted. Memory limited without swap.
[INFO] running `Command { std: "docker" "start" "-a" "1c54693cee2423669cb62bafdc2092acdc3aaf66f47f04648351b093ee57a461", kill_on_drop: false }`
[INFO] running `Command { std: "docker" "inspect" "1c54693cee2423669cb62bafdc2092acdc3aaf66f47f04648351b093ee57a461", kill_on_drop: false }`
[INFO] running `Command { std: "docker" "rm" "-f" "1c54693cee2423669cb62bafdc2092acdc3aaf66f47f04648351b093ee57a461", kill_on_drop: false }`
[INFO] [stdout] 1c54693cee2423669cb62bafdc2092acdc3aaf66f47f04648351b093ee57a461
[INFO] running `Command { std: "docker" "create" "-v" "/var/lib/crater-agent-workspace/builds/worker-4/target:/opt/rustwide/target:rw,Z" "-v" "/var/lib/crater-agent-workspace/builds/worker-4/source:/opt/rustwide/workdir:ro,Z" "-v" "/var/lib/crater-agent-workspace/cargo-home:/opt/rustwide/cargo-home:ro,Z" "-v" "/var/lib/crater-agent-workspace/rustup-home:/opt/rustwide/rustup-home:ro,Z" "-e" "SOURCE_DIR=/opt/rustwide/workdir" "-e" "CARGO_TARGET_DIR=/opt/rustwide/target" "-e" "CARGO_INCREMENTAL=0" "-e" "RUST_BACKTRACE=full" "-e" "RUSTFLAGS=--cap-lints=warn" "-e" "CARGO_HOME=/opt/rustwide/cargo-home" "-e" "RUSTUP_HOME=/opt/rustwide/rustup-home" "-w" "/opt/rustwide/workdir" "-m" "1610612736" "--user" "0:0" "--network" "none" "ghcr.io/rust-lang/crates-build-env/linux@sha256:34b6a614d2c27851fe6cbf88fbd1137609cefab8b10d0615aaeb6fd47975d74e" "/opt/rustwide/cargo-home/bin/cargo" "+beta-2021-08-01" "build" "--frozen" "--message-format=json", kill_on_drop: false }`
[INFO] [stdout] 41f74458dfb89e519d6d8011fc9dc6f78c4bcb73558f17da623062b533a776ac
[INFO] [stderr] WARNING: Your kernel does not support swap limit capabilities or the cgroup is not mounted. Memory limited without swap.
[INFO] running `Command { std: "docker" "start" "-a" "41f74458dfb89e519d6d8011fc9dc6f78c4bcb73558f17da623062b533a776ac", kill_on_drop: false }`
[INFO] [stderr]    Compiling autocfg v0.1.2
[INFO] [stderr]    Compiling libc v0.2.50
[INFO] [stderr]    Compiling rand_core v0.4.0
[INFO] [stderr]    Compiling cfg-if v0.1.7
[INFO] [stderr]    Compiling arrayvec v0.4.10
[INFO] [stderr]    Compiling lazy_static v1.3.0
[INFO] [stderr]    Compiling memoffset v0.2.1
[INFO] [stderr]    Compiling rustc-rayon-core v0.1.2
[INFO] [stderr]    Compiling byteorder v1.3.1
[INFO] [stderr]    Compiling smallvec v0.6.9
[INFO] [stderr]    Compiling stable_deref_trait v1.1.1
[INFO] [stderr]    Compiling rustc-rayon v0.1.2
[INFO] [stderr]    Compiling either v1.5.1
[INFO] [stderr]    Compiling bitflags v1.0.4
[INFO] [stderr]    Compiling rustc-ap-graphviz v401.0.0
[INFO] [stderr]    Compiling proc-macro2 v0.4.27
[INFO] [stderr]    Compiling syn v0.15.29
[INFO] [stderr]    Compiling rustc-ap-rustc_target v401.0.0
[INFO] [stdout] error[E0554]: `#![feature]` may not be used on the beta release channel
[INFO] [stdout]    --> /opt/rustwide/cargo-home/registry/src/github.com-1ecc6299db9ec823/rustc-ap-graphviz-401.0.0/lib.rs:279:1
[INFO] [stdout]     |
[INFO] [stdout] 279 | #![feature(rustc_private, nll)]
[INFO] [stdout]     | ^^^^^^^^^^^^^^^^^^^^^^^^^^^^^^^
[INFO] [stdout] 
[INFO] [stdout] 
[INFO] [stderr]    Compiling termcolor v1.0.4
[INFO] [stderr]    Compiling rustc-ap-syntax v401.0.0
[INFO] [stdout] error[E0554]: `#![feature]` may not be used on the beta release channel
[INFO] [stdout]   --> /opt/rustwide/cargo-home/registry/src/github.com-1ecc6299db9ec823/smallvec-0.6.9/lib.rs:33:32
[INFO] [stdout]    |
[INFO] [stdout] 33 | #![cfg_attr(feature = "union", feature(untagged_unions))]
[INFO] [stdout]    |                                ^^^^^^^^^^^^^^^^^^^^^^^^
[INFO] [stdout] 
[INFO] [stdout] 
[INFO] [stdout] error[E0554]: `#![feature]` may not be used on the beta release channel
[INFO] [stdout]   --> /opt/rustwide/cargo-home/registry/src/github.com-1ecc6299db9ec823/smallvec-0.6.9/lib.rs:35:37
[INFO] [stdout]    |
[INFO] [stdout] 35 | #![cfg_attr(feature = "may_dangle", feature(dropck_eyepatch))]
[INFO] [stdout]    |                                     ^^^^^^^^^^^^^^^^^^^^^^^^
[INFO] [stdout] 
[INFO] [stdout] 
[INFO] [stderr]    Compiling crossbeam-utils v0.2.2
[INFO] [stdout] error: aborting due to previous error
[INFO] [stdout] 
[INFO] [stdout] 
[INFO] [stdout] For more information about this error, try `rustc --explain E0554`.
[INFO] [stdout] 
[INFO] [stderr] error: could not compile `rustc-ap-graphviz` due to 2 previous errors
[INFO] [stderr] warning: build failed, waiting for other jobs to finish...
[INFO] [stdout] error: aborting due to 2 previous errors
[INFO] [stdout] 
[INFO] [stdout] 
[INFO] [stdout] For more information about this error, try `rustc --explain E0554`.
[INFO] [stdout] 
[INFO] [stderr] error: build failed
[INFO] running `Command { std: "docker" "inspect" "41f74458dfb89e519d6d8011fc9dc6f78c4bcb73558f17da623062b533a776ac", kill_on_drop: false }`
[INFO] running `Command { std: "docker" "rm" "-f" "41f74458dfb89e519d6d8011fc9dc6f78c4bcb73558f17da623062b533a776ac", kill_on_drop: false }`
[INFO] [stdout] 41f74458dfb89e519d6d8011fc9dc6f78c4bcb73558f17da623062b533a776ac
