[INFO] cloning repository https://github.com/ChangeCaps/rust-synth
[INFO] running `Command { std: "git" "-c" "credential.helper=" "-c" "credential.helper=/workspace/cargo-home/bin/git-credential-null" "clone" "--bare" "https://github.com/ChangeCaps/rust-synth" "/workspace/cache/git-repos/https%3A%2F%2Fgithub.com%2FChangeCaps%2Frust-synth", kill_on_drop: false }`
[INFO] [stderr] Cloning into bare repository '/workspace/cache/git-repos/https%3A%2F%2Fgithub.com%2FChangeCaps%2Frust-synth'...
[INFO] running `Command { std: "git" "rev-parse" "HEAD", kill_on_drop: false }`
[INFO] [stdout] e39a0d7efda72c409b75ccf73220ef149f311b40
[INFO] testing ChangeCaps/rust-synth against beta-2021-08-01 for beta-1.55-1
[INFO] running `Command { std: "git" "clone" "/workspace/cache/git-repos/https%3A%2F%2Fgithub.com%2FChangeCaps%2Frust-synth" "/workspace/builds/worker-2/source", kill_on_drop: false }`
[INFO] [stderr] Cloning into '/workspace/builds/worker-2/source'...
[INFO] [stderr] done.
[INFO] validating manifest of git repo https://github.com/ChangeCaps/rust-synth on toolchain beta-2021-08-01
[INFO] running `Command { std: "/workspace/cargo-home/bin/cargo" "+beta-2021-08-01" "metadata" "--manifest-path" "Cargo.toml" "--no-deps", kill_on_drop: false }`
[INFO] started tweaking git repo https://github.com/ChangeCaps/rust-synth
[INFO] finished tweaking git repo https://github.com/ChangeCaps/rust-synth
[INFO] tweaked toml for git repo https://github.com/ChangeCaps/rust-synth written to /workspace/builds/worker-2/source/Cargo.toml
[INFO] crate git repo https://github.com/ChangeCaps/rust-synth already has a lockfile, it will not be regenerated
[INFO] running `Command { std: "/workspace/cargo-home/bin/cargo" "+beta-2021-08-01" "fetch" "--manifest-path" "Cargo.toml", kill_on_drop: false }`
[INFO] [stderr]  Downloading crates ...
[INFO] [stderr]   Downloaded eframe v0.10.0
[INFO] [stderr]   Downloaded metatype v0.2.0
[INFO] [stderr]   Downloaded procinfo v0.4.2
[INFO] [stderr]   Downloaded jni v0.14.0
[INFO] [stderr]   Downloaded fetch_unroll v0.2.2
[INFO] [stderr]   Downloaded oboe-sys v0.3.0
[INFO] [stderr]   Downloaded egui_glium v0.10.0
[INFO] [stderr]   Downloaded alsa v0.4.3
[INFO] [stderr]   Downloaded jni v0.17.0
[INFO] [stderr]   Downloaded libflate v1.0.4
[INFO] [stderr]   Downloaded palaver v0.2.8
[INFO] [stderr]   Downloaded build_id v0.2.1
[INFO] [stderr]   Downloaded clang-sys v1.1.1
[INFO] [stderr]   Downloaded emath v0.10.0
[INFO] [stderr]   Downloaded epi v0.10.0
[INFO] [stderr]   Downloaded serde_traitobject v0.2.7
[INFO] [stderr]   Downloaded oboe v0.3.1
[INFO] [stderr]   Downloaded relative v0.2.2
[INFO] [stderr]   Downloaded epaint v0.10.0
[INFO] [stderr]   Downloaded egui v0.10.0
[INFO] [stderr]   Downloaded cpal v0.13.1
[INFO] [stderr]   Downloaded egui_web v0.10.0
[INFO] [stderr]   Downloaded atomic_refcell v0.1.6
[INFO] running `Command { std: "docker" "create" "-v" "/var/lib/crater-agent-workspace/builds/worker-2/target:/opt/rustwide/target:rw,Z" "-v" "/var/lib/crater-agent-workspace/builds/worker-2/source:/opt/rustwide/workdir:ro,Z" "-v" "/var/lib/crater-agent-workspace/cargo-home:/opt/rustwide/cargo-home:ro,Z" "-v" "/var/lib/crater-agent-workspace/rustup-home:/opt/rustwide/rustup-home:ro,Z" "-e" "SOURCE_DIR=/opt/rustwide/workdir" "-e" "CARGO_TARGET_DIR=/opt/rustwide/target" "-e" "CARGO_HOME=/opt/rustwide/cargo-home" "-e" "RUSTUP_HOME=/opt/rustwide/rustup-home" "-w" "/opt/rustwide/workdir" "-m" "1610612736" "--user" "0:0" "--network" "none" "ghcr.io/rust-lang/crates-build-env/linux@sha256:34b6a614d2c27851fe6cbf88fbd1137609cefab8b10d0615aaeb6fd47975d74e" "/opt/rustwide/cargo-home/bin/cargo" "+beta-2021-08-01" "metadata" "--no-deps" "--format-version=1", kill_on_drop: false }`
[INFO] [stderr] WARNING: Your kernel does not support swap limit capabilities or the cgroup is not mounted. Memory limited without swap.
[INFO] [stdout] f5d7fbed5e1c64844d03fa13f157f3076309db679d94428b9187390280889379
[INFO] running `Command { std: "docker" "start" "-a" "f5d7fbed5e1c64844d03fa13f157f3076309db679d94428b9187390280889379", kill_on_drop: false }`
[INFO] running `Command { std: "docker" "inspect" "f5d7fbed5e1c64844d03fa13f157f3076309db679d94428b9187390280889379", kill_on_drop: false }`
[INFO] running `Command { std: "docker" "rm" "-f" "f5d7fbed5e1c64844d03fa13f157f3076309db679d94428b9187390280889379", kill_on_drop: false }`
[INFO] [stdout] f5d7fbed5e1c64844d03fa13f157f3076309db679d94428b9187390280889379
[INFO] running `Command { std: "docker" "create" "-v" "/var/lib/crater-agent-workspace/builds/worker-2/target:/opt/rustwide/target:rw,Z" "-v" "/var/lib/crater-agent-workspace/builds/worker-2/source:/opt/rustwide/workdir:ro,Z" "-v" "/var/lib/crater-agent-workspace/cargo-home:/opt/rustwide/cargo-home:ro,Z" "-v" "/var/lib/crater-agent-workspace/rustup-home:/opt/rustwide/rustup-home:ro,Z" "-e" "SOURCE_DIR=/opt/rustwide/workdir" "-e" "CARGO_TARGET_DIR=/opt/rustwide/target" "-e" "CARGO_INCREMENTAL=0" "-e" "RUST_BACKTRACE=full" "-e" "RUSTFLAGS=--cap-lints=warn" "-e" "CARGO_HOME=/opt/rustwide/cargo-home" "-e" "RUSTUP_HOME=/opt/rustwide/rustup-home" "-w" "/opt/rustwide/workdir" "-m" "1610612736" "--user" "0:0" "--network" "none" "ghcr.io/rust-lang/crates-build-env/linux@sha256:34b6a614d2c27851fe6cbf88fbd1137609cefab8b10d0615aaeb6fd47975d74e" "/opt/rustwide/cargo-home/bin/cargo" "+beta-2021-08-01" "build" "--frozen" "--message-format=json", kill_on_drop: false }`
[INFO] [stdout] 50f8da677c58645d01325b0d6c30af8b22495bbbae18763639f98bdf378fa4bd
[INFO] [stderr] WARNING: Your kernel does not support swap limit capabilities or the cgroup is not mounted. Memory limited without swap.
[INFO] running `Command { std: "docker" "start" "-a" "50f8da677c58645d01325b0d6c30af8b22495bbbae18763639f98bdf378fa4bd", kill_on_drop: false }`
[INFO] [stderr]    Compiling libc v0.2.88
[INFO] [stderr]    Compiling syn v1.0.64
[INFO] [stderr]    Compiling once_cell v1.7.2
[INFO] [stderr]    Compiling serde v1.0.124
[INFO] [stderr]    Compiling memchr v2.3.4
[INFO] [stderr]    Compiling wasm-bindgen-shared v0.2.71
[INFO] [stderr]    Compiling heapless v0.5.6
[INFO] [stderr]    Compiling bumpalo v3.6.1
[INFO] [stderr]    Compiling atomic_refcell v0.1.6
[INFO] [stderr]    Compiling nom v2.2.1
[INFO] [stderr]    Compiling build_id v0.2.1
[INFO] [stderr]    Compiling relative v0.2.2
[INFO] [stderr]    Compiling wasm-bindgen v0.2.71
[INFO] [stderr]    Compiling webbrowser v0.5.5
[INFO] [stderr]    Compiling cpal v0.13.1
[INFO] [stderr]    Compiling metatype v0.2.0
[INFO] [stdout] error[E0432]: unresolved import `std::raw`
[INFO] [stdout]   --> /opt/rustwide/cargo-home/registry/src/github.com-1ecc6299db9ec823/metatype-0.2.0/src/lib.rs:56:190
[INFO] [stdout]    |
[INFO] [stdout] 56 | ...smute_copy}, ptr::{slice_from_raw_parts_mut, NonNull}, raw
[INFO] [stdout]    |                                                           ^^^ no `raw` in the root
[INFO] [stdout] 
[INFO] [stdout] 
[INFO] [stdout] error[E0554]: `#![feature]` may not be used on the beta release channel
[INFO] [stdout]   --> /opt/rustwide/cargo-home/registry/src/github.com-1ecc6299db9ec823/metatype-0.2.0/src/lib.rs:34:1
[INFO] [stdout]    |
[INFO] [stdout] 34 | #![feature(arbitrary_self_types)]
[INFO] [stdout]    | ^^^^^^^^^^^^^^^^^^^^^^^^^^^^^^^^^
[INFO] [stdout] 
[INFO] [stdout] 
[INFO] [stdout] error[E0554]: `#![feature]` may not be used on the beta release channel
[INFO] [stdout]   --> /opt/rustwide/cargo-home/registry/src/github.com-1ecc6299db9ec823/metatype-0.2.0/src/lib.rs:35:1
[INFO] [stdout]    |
[INFO] [stdout] 35 | #![feature(raw)]
[INFO] [stdout]    | ^^^^^^^^^^^^^^^^
[INFO] [stdout] 
[INFO] [stdout] 
[INFO] [stdout] error[E0554]: `#![feature]` may not be used on the beta release channel
[INFO] [stdout]   --> /opt/rustwide/cargo-home/registry/src/github.com-1ecc6299db9ec823/metatype-0.2.0/src/lib.rs:36:1
[INFO] [stdout]    |
[INFO] [stdout] 36 | #![feature(slice_from_raw_parts)]
[INFO] [stdout]    | ^^^^^^^^^^^^^^^^^^^^^^^^^^^^^^^^^
[INFO] [stdout] 
[INFO] [stdout] 
[INFO] [stdout] error[E0554]: `#![feature]` may not be used on the beta release channel
[INFO] [stdout]   --> /opt/rustwide/cargo-home/registry/src/github.com-1ecc6299db9ec823/metatype-0.2.0/src/lib.rs:37:1
[INFO] [stdout]    |
[INFO] [stdout] 37 | #![feature(specialization)]
[INFO] [stdout]    | ^^^^^^^^^^^^^^^^^^^^^^^^^^^
[INFO] [stdout] 
[INFO] [stdout] 
[INFO] [stdout] error: aborting due to 5 previous errors
[INFO] [stdout] 
[INFO] [stdout] 
[INFO] [stdout] Some errors have detailed explanations: E0432, E0554.
[INFO] [stdout] 
[INFO] [stdout] For more information about an error, try `rustc --explain E0432`.
[INFO] [stdout] 
[INFO] [stderr] error: could not compile `metatype` due to 6 previous errors
[INFO] [stderr] warning: build failed, waiting for other jobs to finish...
[INFO] [stderr] error: build failed
[INFO] running `Command { std: "docker" "inspect" "50f8da677c58645d01325b0d6c30af8b22495bbbae18763639f98bdf378fa4bd", kill_on_drop: false }`
[INFO] running `Command { std: "docker" "rm" "-f" "50f8da677c58645d01325b0d6c30af8b22495bbbae18763639f98bdf378fa4bd", kill_on_drop: false }`
[INFO] [stdout] 50f8da677c58645d01325b0d6c30af8b22495bbbae18763639f98bdf378fa4bd
