[INFO] cloning repository https://github.com/Blackstaff/advent-of-code-2018
[INFO] running `Command { std: "git" "-c" "credential.helper=" "-c" "credential.helper=/workspace/cargo-home/bin/git-credential-null" "clone" "--bare" "https://github.com/Blackstaff/advent-of-code-2018" "/workspace/cache/git-repos/https%3A%2F%2Fgithub.com%2FBlackstaff%2Fadvent-of-code-2018", kill_on_drop: false }`
[INFO] [stderr] Cloning into bare repository '/workspace/cache/git-repos/https%3A%2F%2Fgithub.com%2FBlackstaff%2Fadvent-of-code-2018'...
[INFO] running `Command { std: "git" "rev-parse" "HEAD", kill_on_drop: false }`
[INFO] [stdout] 49a03d0d657864dbb8801905a7511286ca84074b
[INFO] testing Blackstaff/advent-of-code-2018 against beta-2021-08-01 for beta-1.55-1
[INFO] running `Command { std: "git" "clone" "/workspace/cache/git-repos/https%3A%2F%2Fgithub.com%2FBlackstaff%2Fadvent-of-code-2018" "/workspace/builds/worker-16/source", kill_on_drop: false }`
[INFO] [stderr] Cloning into '/workspace/builds/worker-16/source'...
[INFO] [stderr] done.
[INFO] validating manifest of git repo https://github.com/Blackstaff/advent-of-code-2018 on toolchain beta-2021-08-01
[INFO] running `Command { std: "/workspace/cargo-home/bin/cargo" "+beta-2021-08-01" "metadata" "--manifest-path" "Cargo.toml" "--no-deps", kill_on_drop: false }`
[INFO] started tweaking git repo https://github.com/Blackstaff/advent-of-code-2018
[INFO] finished tweaking git repo https://github.com/Blackstaff/advent-of-code-2018
[INFO] tweaked toml for git repo https://github.com/Blackstaff/advent-of-code-2018 written to /workspace/builds/worker-16/source/Cargo.toml
[INFO] crate git repo https://github.com/Blackstaff/advent-of-code-2018 already has a lockfile, it will not be regenerated
[INFO] running `Command { std: "/workspace/cargo-home/bin/cargo" "+beta-2021-08-01" "fetch" "--manifest-path" "Cargo.toml", kill_on_drop: false }`
[INFO] [stderr]     Blocking waiting for file lock on package cache
[INFO] [stderr]     Blocking waiting for file lock on package cache
[INFO] running `Command { std: "docker" "create" "-v" "/var/lib/crater-agent-workspace/builds/worker-16/target:/opt/rustwide/target:rw,Z" "-v" "/var/lib/crater-agent-workspace/builds/worker-16/source:/opt/rustwide/workdir:ro,Z" "-v" "/var/lib/crater-agent-workspace/cargo-home:/opt/rustwide/cargo-home:ro,Z" "-v" "/var/lib/crater-agent-workspace/rustup-home:/opt/rustwide/rustup-home:ro,Z" "-e" "SOURCE_DIR=/opt/rustwide/workdir" "-e" "CARGO_TARGET_DIR=/opt/rustwide/target" "-e" "CARGO_HOME=/opt/rustwide/cargo-home" "-e" "RUSTUP_HOME=/opt/rustwide/rustup-home" "-w" "/opt/rustwide/workdir" "-m" "1610612736" "--user" "0:0" "--network" "none" "ghcr.io/rust-lang/crates-build-env/linux@sha256:34b6a614d2c27851fe6cbf88fbd1137609cefab8b10d0615aaeb6fd47975d74e" "/opt/rustwide/cargo-home/bin/cargo" "+beta-2021-08-01" "metadata" "--no-deps" "--format-version=1", kill_on_drop: false }`
[INFO] [stdout] 9d06312a3ce0d917bb49185a4a8a6b1e2b37181b1ac22bae6079f290826bf177
[INFO] running `Command { std: "docker" "start" "-a" "9d06312a3ce0d917bb49185a4a8a6b1e2b37181b1ac22bae6079f290826bf177", kill_on_drop: false }`
[INFO] running `Command { std: "docker" "inspect" "9d06312a3ce0d917bb49185a4a8a6b1e2b37181b1ac22bae6079f290826bf177", kill_on_drop: false }`
[INFO] running `Command { std: "docker" "rm" "-f" "9d06312a3ce0d917bb49185a4a8a6b1e2b37181b1ac22bae6079f290826bf177", kill_on_drop: false }`
[INFO] [stdout] 9d06312a3ce0d917bb49185a4a8a6b1e2b37181b1ac22bae6079f290826bf177
[INFO] running `Command { std: "docker" "create" "-v" "/var/lib/crater-agent-workspace/builds/worker-16/target:/opt/rustwide/target:rw,Z" "-v" "/var/lib/crater-agent-workspace/builds/worker-16/source:/opt/rustwide/workdir:ro,Z" "-v" "/var/lib/crater-agent-workspace/cargo-home:/opt/rustwide/cargo-home:ro,Z" "-v" "/var/lib/crater-agent-workspace/rustup-home:/opt/rustwide/rustup-home:ro,Z" "-e" "SOURCE_DIR=/opt/rustwide/workdir" "-e" "CARGO_TARGET_DIR=/opt/rustwide/target" "-e" "CARGO_INCREMENTAL=0" "-e" "RUST_BACKTRACE=full" "-e" "RUSTFLAGS=--cap-lints=warn" "-e" "CARGO_HOME=/opt/rustwide/cargo-home" "-e" "RUSTUP_HOME=/opt/rustwide/rustup-home" "-w" "/opt/rustwide/workdir" "-m" "1610612736" "--user" "0:0" "--network" "none" "ghcr.io/rust-lang/crates-build-env/linux@sha256:34b6a614d2c27851fe6cbf88fbd1137609cefab8b10d0615aaeb6fd47975d74e" "/opt/rustwide/cargo-home/bin/cargo" "+beta-2021-08-01" "build" "--frozen" "--message-format=json", kill_on_drop: false }`
[INFO] [stdout] a8cbcd1fcc1375501bff476f01b5b6e3aa63c3b22fa5a381d06711defa3b9588
[INFO] running `Command { std: "docker" "start" "-a" "a8cbcd1fcc1375501bff476f01b5b6e3aa63c3b22fa5a381d06711defa3b9588", kill_on_drop: false }`
[INFO] [stderr]    Compiling proc-macro2 v0.4.24
[INFO] [stderr]    Compiling unicode-xid v0.1.0
[INFO] [stderr]    Compiling ryu v0.2.7
[INFO] [stderr]    Compiling serde v1.0.80
[INFO] [stderr]    Compiling itoa v0.4.3
[INFO] [stderr]    Compiling aoc-runner v0.1.0
[INFO] [stderr]    Compiling quote v0.6.10
[INFO] [stderr]    Compiling syn v0.15.22
[INFO] [stderr]    Compiling serde_json v1.0.33
[INFO] [stderr]    Compiling serde_derive v1.0.80
[INFO] [stderr]    Compiling aoc-runner-internal v0.1.0
[INFO] [stderr]    Compiling aoc-runner-derive v0.1.6
[INFO] [stderr]    Compiling advent-of-code-2018 v0.1.0 (/opt/rustwide/workdir)
[INFO] [stdout] error: proc macro panicked
[INFO] [stdout]  --> src/lib.rs:9:1
[INFO] [stdout]   |
[INFO] [stdout] 9 | aoc_lib!{ year = 2018 }
[INFO] [stdout]   | ^^^^^^^^^^^^^^^^^^^^^^^
[INFO] [stdout]   |
[INFO] [stdout]   = help: message: failed to write infos from lib: Os { code: 30, kind: ReadOnlyFilesystem, message: "Read-only file system" }
[INFO] [stdout] 
[INFO] [stdout] 
[INFO] [stdout] error[E0432]: unresolved import `crate`
[INFO] [stdout]   --> src/day1.rs:14:1
[INFO] [stdout]    |
[INFO] [stdout] 14 | #[aoc(day1, part1)]
[INFO] [stdout]    | ^^^^^^^^^^^^^^^^^^^ no `Factory` in the root
[INFO] [stdout]    |
[INFO] [stdout]    = note: this error originates in the attribute macro `aoc` (in Nightly builds, run with -Z macro-backtrace for more info)
[INFO] [stdout] 
[INFO] [stdout] 
[INFO] [stdout] error[E0432]: unresolved import `crate`
[INFO] [stdout]   --> src/day1.rs:19:1
[INFO] [stdout]    |
[INFO] [stdout] 19 | #[aoc(day1, part2)]
[INFO] [stdout]    | ^^^^^^^^^^^^^^^^^^^ no `Factory` in the root
[INFO] [stdout]    |
[INFO] [stdout]    = note: this error originates in the attribute macro `aoc` (in Nightly builds, run with -Z macro-backtrace for more info)
[INFO] [stdout] 
[INFO] [stdout] 
[INFO] [stdout] error[E0432]: unresolved import `crate`
[INFO] [stdout]   --> src/day2.rs:14:1
[INFO] [stdout]    |
[INFO] [stdout] 14 | #[aoc(day2, part1)]
[INFO] [stdout]    | ^^^^^^^^^^^^^^^^^^^ no `Factory` in the root
[INFO] [stdout]    |
[INFO] [stdout]    = note: this error originates in the attribute macro `aoc` (in Nightly builds, run with -Z macro-backtrace for more info)
[INFO] [stdout] 
[INFO] [stdout] 
[INFO] [stdout] error[E0432]: unresolved import `crate`
[INFO] [stdout]   --> src/day2.rs:34:1
[INFO] [stdout]    |
[INFO] [stdout] 34 | #[aoc(day2, part2)]
[INFO] [stdout]    | ^^^^^^^^^^^^^^^^^^^ no `Factory` in the root
[INFO] [stdout]    |
[INFO] [stdout]    = note: this error originates in the attribute macro `aoc` (in Nightly builds, run with -Z macro-backtrace for more info)
[INFO] [stdout] 
[INFO] [stdout] 
[INFO] [stdout] error: aborting due to 5 previous errors
[INFO] [stdout] 
[INFO] [stdout] 
[INFO] [stdout] For more information about this error, try `rustc --explain E0432`.
[INFO] [stdout] 
[INFO] [stderr] error: could not compile `advent-of-code-2018` due to 6 previous errors
[INFO] running `Command { std: "docker" "inspect" "a8cbcd1fcc1375501bff476f01b5b6e3aa63c3b22fa5a381d06711defa3b9588", kill_on_drop: false }`
[INFO] running `Command { std: "docker" "rm" "-f" "a8cbcd1fcc1375501bff476f01b5b6e3aa63c3b22fa5a381d06711defa3b9588", kill_on_drop: false }`
[INFO] [stdout] a8cbcd1fcc1375501bff476f01b5b6e3aa63c3b22fa5a381d06711defa3b9588
