[INFO] updating cached repository https://github.com/BahNahNah/rust-arch
[INFO] running `Command { std: "git" "-c" "credential.helper=" "-c" "credential.helper=/workspace/cargo-home/bin/git-credential-null" "-c" "remote.origin.fetch=refs/heads/*:refs/heads/*" "fetch" "origin" "--force" "--prune", kill_on_drop: false }`
[INFO] running `Command { std: "git" "rev-parse" "HEAD", kill_on_drop: false }`
[INFO] [stdout] 8458c22a161cb8996659fd124de49972f8164712
[INFO] testing BahNahNah/rust-arch against beta-2021-08-01 for beta-1.55-1
[INFO] running `Command { std: "git" "clone" "/workspace/cache/git-repos/https%3A%2F%2Fgithub.com%2FBahNahNah%2Frust-arch" "/workspace/builds/worker-43/source", kill_on_drop: false }`
[INFO] [stderr] Cloning into '/workspace/builds/worker-43/source'...
[INFO] [stderr] done.
[INFO] validating manifest of git repo https://github.com/BahNahNah/rust-arch on toolchain beta-2021-08-01
[INFO] running `Command { std: "/workspace/cargo-home/bin/cargo" "+beta-2021-08-01" "metadata" "--manifest-path" "Cargo.toml" "--no-deps", kill_on_drop: false }`
[INFO] started tweaking git repo https://github.com/BahNahNah/rust-arch
[INFO] finished tweaking git repo https://github.com/BahNahNah/rust-arch
[INFO] tweaked toml for git repo https://github.com/BahNahNah/rust-arch written to /workspace/builds/worker-43/source/Cargo.toml
[INFO] crate git repo https://github.com/BahNahNah/rust-arch already has a lockfile, it will not be regenerated
[INFO] running `Command { std: "/workspace/cargo-home/bin/cargo" "+beta-2021-08-01" "fetch" "--manifest-path" "Cargo.toml", kill_on_drop: false }`
[INFO] [stderr]     Blocking waiting for file lock on package cache
[INFO] [stderr]     Blocking waiting for file lock on package cache
[INFO] running `Command { std: "docker" "create" "-v" "/var/lib/crater-agent-workspace/builds/worker-43/target:/opt/rustwide/target:rw,Z" "-v" "/var/lib/crater-agent-workspace/builds/worker-43/source:/opt/rustwide/workdir:ro,Z" "-v" "/var/lib/crater-agent-workspace/cargo-home:/opt/rustwide/cargo-home:ro,Z" "-v" "/var/lib/crater-agent-workspace/rustup-home:/opt/rustwide/rustup-home:ro,Z" "-e" "SOURCE_DIR=/opt/rustwide/workdir" "-e" "CARGO_TARGET_DIR=/opt/rustwide/target" "-e" "CARGO_HOME=/opt/rustwide/cargo-home" "-e" "RUSTUP_HOME=/opt/rustwide/rustup-home" "-w" "/opt/rustwide/workdir" "-m" "1610612736" "--user" "0:0" "--network" "none" "ghcr.io/rust-lang/crates-build-env/linux@sha256:34b6a614d2c27851fe6cbf88fbd1137609cefab8b10d0615aaeb6fd47975d74e" "/opt/rustwide/cargo-home/bin/cargo" "+beta-2021-08-01" "metadata" "--no-deps" "--format-version=1", kill_on_drop: false }`
[INFO] [stdout] b2acc4033bb4a1b0a4aebcecff08c9a8a1629e082e4807d8f67306ea061c8188
[INFO] running `Command { std: "docker" "start" "-a" "b2acc4033bb4a1b0a4aebcecff08c9a8a1629e082e4807d8f67306ea061c8188", kill_on_drop: false }`
[INFO] running `Command { std: "docker" "inspect" "b2acc4033bb4a1b0a4aebcecff08c9a8a1629e082e4807d8f67306ea061c8188", kill_on_drop: false }`
[INFO] running `Command { std: "docker" "rm" "-f" "b2acc4033bb4a1b0a4aebcecff08c9a8a1629e082e4807d8f67306ea061c8188", kill_on_drop: false }`
[INFO] [stdout] b2acc4033bb4a1b0a4aebcecff08c9a8a1629e082e4807d8f67306ea061c8188
[INFO] running `Command { std: "docker" "create" "-v" "/var/lib/crater-agent-workspace/builds/worker-43/target:/opt/rustwide/target:rw,Z" "-v" "/var/lib/crater-agent-workspace/builds/worker-43/source:/opt/rustwide/workdir:ro,Z" "-v" "/var/lib/crater-agent-workspace/cargo-home:/opt/rustwide/cargo-home:ro,Z" "-v" "/var/lib/crater-agent-workspace/rustup-home:/opt/rustwide/rustup-home:ro,Z" "-e" "SOURCE_DIR=/opt/rustwide/workdir" "-e" "CARGO_TARGET_DIR=/opt/rustwide/target" "-e" "CARGO_INCREMENTAL=0" "-e" "RUST_BACKTRACE=full" "-e" "RUSTFLAGS=--cap-lints=warn" "-e" "CARGO_HOME=/opt/rustwide/cargo-home" "-e" "RUSTUP_HOME=/opt/rustwide/rustup-home" "-w" "/opt/rustwide/workdir" "-m" "1610612736" "--user" "0:0" "--network" "none" "ghcr.io/rust-lang/crates-build-env/linux@sha256:34b6a614d2c27851fe6cbf88fbd1137609cefab8b10d0615aaeb6fd47975d74e" "/opt/rustwide/cargo-home/bin/cargo" "+beta-2021-08-01" "build" "--frozen" "--message-format=json", kill_on_drop: false }`
[INFO] [stdout] 53dc759dce40ca8b783f0ca35e35947f8273eccab6a53539988c57d9f0ffdb7f
[INFO] running `Command { std: "docker" "start" "-a" "53dc759dce40ca8b783f0ca35e35947f8273eccab6a53539988c57d9f0ffdb7f", kill_on_drop: false }`
[INFO] [stderr]    Compiling libc v0.2.48
[INFO] [stderr]    Compiling cfg-if v0.1.6
[INFO] [stderr]    Compiling rand_core v0.4.0
[INFO] [stderr]    Compiling semver-parser v0.7.0
[INFO] [stderr]    Compiling autocfg v0.1.2
[INFO] [stderr]    Compiling pkg-config v0.3.14
[INFO] [stderr]    Compiling cc v1.0.29
[INFO] [stderr]    Compiling lazy_static v1.2.0
[INFO] [stderr]    Compiling smallvec v0.6.9
[INFO] [stderr]    Compiling version_check v0.1.5
[INFO] [stderr]    Compiling futures v0.1.25
[INFO] [stderr]    Compiling byteorder v1.3.1
[INFO] [stderr]    Compiling scopeguard v0.3.3
[INFO] [stderr]    Compiling stable_deref_trait v1.1.1
[INFO] [stderr]    Compiling arrayvec v0.4.10
[INFO] [stderr]    Compiling slab v0.4.2
[INFO] [stderr]    Compiling nodrop v0.1.13
[INFO] [stderr]    Compiling proc-macro2 v0.4.27
[INFO] [stderr]    Compiling siphasher v0.2.3
[INFO] [stderr]    Compiling memoffset v0.2.1
[INFO] [stderr]    Compiling unicode-xid v0.1.0
[INFO] [stderr]    Compiling lazycell v1.2.1
[INFO] [stderr]    Compiling itoa v0.4.3
[INFO] [stderr]    Compiling matches v0.1.8
[INFO] [stderr]    Compiling foreign-types-shared v0.1.1
[INFO] [stderr]    Compiling fnv v1.0.6
[INFO] [stderr]    Compiling bitflags v1.0.4
[INFO] [stderr]    Compiling openssl v0.10.16
[INFO] [stderr]    Compiling serde v1.0.88
[INFO] [stderr]    Compiling httparse v1.3.3
[INFO] [stderr]    Compiling string v0.1.3
[INFO] [stderr]    Compiling indexmap v1.0.2
[INFO] [stderr]    Compiling percent-encoding v1.0.1
[INFO] [stderr]    Compiling openssl-probe v0.1.2
[INFO] [stderr]    Compiling try-lock v0.2.2
[INFO] [stderr]    Compiling ryu v0.2.7
[INFO] [stderr]    Compiling crc32fast v1.1.2
[INFO] [stderr]    Compiling native-tls v0.2.2
[INFO] [stderr]    Compiling encoding_rs v0.8.16
[INFO] [stderr]    Compiling dtoa v0.4.3
[INFO] [stderr]    Compiling adler32 v1.0.3
[INFO] [stderr]    Compiling pacman v0.1.3 (/opt/rustwide/workdir/pacman)
[INFO] [stdout] warning: unused import: `OpenOptions`
[INFO] [stdout]   --> pacman/src/ini.rs:35:21
[INFO] [stdout]    |
[INFO] [stdout] 35 | use std::fs::{File, OpenOptions};
[INFO] [stdout]    |                     ^^^^^^^^^^^
[INFO] [stdout]    |
[INFO] [stdout]    = note: `#[warn(unused_imports)]` on by default
[INFO] [stdout] 
[INFO] [stdout] 
[INFO] [stdout] warning: unused import: `std::num::ParseIntError`
[INFO] [stdout]   --> pacman/src/ini.rs:43:5
[INFO] [stdout]    |
[INFO] [stdout] 43 | use std::num::ParseIntError;
[INFO] [stdout]    |     ^^^^^^^^^^^^^^^^^^^^^^^
[INFO] [stdout] 
[INFO] [stdout] 
[INFO] [stdout] warning: `...` range patterns are deprecated
[INFO] [stdout]   --> pacman/src/ini.rs:92:26
[INFO] [stdout]    |
[INFO] [stdout] 92 |             '\\' | '\x00'...'\x1f' | '\x7f'...'\u{00ff}' => self.escape_basics(),
[INFO] [stdout]    |                          ^^^ help: use `..=` for an inclusive range
[INFO] [stdout]    |
[INFO] [stdout]    = note: `#[warn(ellipsis_inclusive_range_patterns)]` on by default
[INFO] [stdout]    = warning: this is accepted in the current edition (Rust 2018) but is a hard error in Rust 2021!
[INFO] [stdout]    = note: for more information, see issue #80165 <https://github.com/rust-lang/rust/issues/80165>
[INFO] [stdout] 
[INFO] [stdout] 
[INFO] [stdout] warning: `...` range patterns are deprecated
[INFO] [stdout]   --> pacman/src/ini.rs:92:44
[INFO] [stdout]    |
[INFO] [stdout] 92 |             '\\' | '\x00'...'\x1f' | '\x7f'...'\u{00ff}' => self.escape_basics(),
[INFO] [stdout]    |                                            ^^^ help: use `..=` for an inclusive range
[INFO] [stdout]    |
[INFO] [stdout]    = warning: this is accepted in the current edition (Rust 2018) but is a hard error in Rust 2021!
[INFO] [stdout]    = note: for more information, see issue #80165 <https://github.com/rust-lang/rust/issues/80165>
[INFO] [stdout] 
[INFO] [stdout] 
[INFO] [stdout] warning: `...` range patterns are deprecated
[INFO] [stdout]   --> pacman/src/ini.rs:94:23
[INFO] [stdout]    |
[INFO] [stdout] 94 |             '\u{0080}'...'\u{FFFF}' => self.escape_unicode(),
[INFO] [stdout]    |                       ^^^ help: use `..=` for an inclusive range
[INFO] [stdout]    |
[INFO] [stdout]    = warning: this is accepted in the current edition (Rust 2018) but is a hard error in Rust 2021!
[INFO] [stdout]    = note: for more information, see issue #80165 <https://github.com/rust-lang/rust/issues/80165>
[INFO] [stdout] 
[INFO] [stdout] 
[INFO] [stdout] warning: `...` range patterns are deprecated
[INFO] [stdout]    --> pacman/src/ini.rs:129:19
[INFO] [stdout]     |
[INFO] [stdout] 129 |             '\x01'...'\x06' | '\x0e'...'\x1f' | '\x7f'...'\u{00ff}' => {
[INFO] [stdout]     |                   ^^^ help: use `..=` for an inclusive range
[INFO] [stdout]     |
[INFO] [stdout]     = warning: this is accepted in the current edition (Rust 2018) but is a hard error in Rust 2021!
[INFO] [stdout]     = note: for more information, see issue #80165 <https://github.com/rust-lang/rust/issues/80165>
[INFO] [stdout] 
[INFO] [stdout] 
[INFO] [stdout] warning: `...` range patterns are deprecated
[INFO] [stdout]    --> pacman/src/ini.rs:129:37
[INFO] [stdout]     |
[INFO] [stdout] 129 |             '\x01'...'\x06' | '\x0e'...'\x1f' | '\x7f'...'\u{00ff}' => {
[INFO] [stdout]     |                                     ^^^ help: use `..=` for an inclusive range
[INFO] [stdout]     |
[INFO] [stdout]     = warning: this is accepted in the current edition (Rust 2018) but is a hard error in Rust 2021!
[INFO] [stdout]     = note: for more information, see issue #80165 <https://github.com/rust-lang/rust/issues/80165>
[INFO] [stdout] 
[INFO] [stdout] 
[INFO] [stdout] warning: `...` range patterns are deprecated
[INFO] [stdout]    --> pacman/src/ini.rs:129:55
[INFO] [stdout]     |
[INFO] [stdout] 129 |             '\x01'...'\x06' | '\x0e'...'\x1f' | '\x7f'...'\u{00ff}' => {
[INFO] [stdout]     |                                                       ^^^ help: use `..=` for an inclusive range
[INFO] [stdout]     |
[INFO] [stdout]     = warning: this is accepted in the current edition (Rust 2018) but is a hard error in Rust 2021!
[INFO] [stdout]     = note: for more information, see issue #80165 <https://github.com/rust-lang/rust/issues/80165>
[INFO] [stdout] 
[INFO] [stdout] 
[INFO] [stdout] warning: `...` range patterns are deprecated
[INFO] [stdout]    --> pacman/src/ini.rs:139:23
[INFO] [stdout]     |
[INFO] [stdout] 139 |             '\u{0080}'...'\u{FFFF}' => escaped.push_str(&format!("\\x{:04x}", c as isize)[..]),
[INFO] [stdout]     |                       ^^^ help: use `..=` for an inclusive range
[INFO] [stdout]     |
[INFO] [stdout]     = warning: this is accepted in the current edition (Rust 2018) but is a hard error in Rust 2021!
[INFO] [stdout]     = note: for more information, see issue #80165 <https://github.com/rust-lang/rust/issues/80165>
[INFO] [stdout] 
[INFO] [stdout] 
[INFO] [stdout] warning: trait objects without an explicit `dyn` are deprecated
[INFO] [stdout]    --> pacman/src/ini.rs:635:32
[INFO] [stdout]     |
[INFO] [stdout] 635 |     fn cause(&self) -> Option<&error::Error> {
[INFO] [stdout]     |                                ^^^^^^^^^^^^ help: use `dyn`: `dyn error::Error`
[INFO] [stdout]     |
[INFO] [stdout]     = note: `#[warn(bare_trait_objects)]` on by default
[INFO] [stdout]     = warning: this is accepted in the current edition (Rust 2018) but is a hard error in Rust 2021!
[INFO] [stdout]     = note: for more information, see issue #80165 <https://github.com/rust-lang/rust/issues/80165>
[INFO] [stdout] 
[INFO] [stdout] 
[INFO] [stdout] warning: trait objects without an explicit `dyn` are deprecated
[INFO] [stdout]    --> pacman/src/ini.rs:663:32
[INFO] [stdout]     |
[INFO] [stdout] 663 |     fn cause(&self) -> Option<&error::Error> {
[INFO] [stdout]     |                                ^^^^^^^^^^^^ help: use `dyn`: `dyn error::Error`
[INFO] [stdout]     |
[INFO] [stdout]     = warning: this is accepted in the current edition (Rust 2018) but is a hard error in Rust 2021!
[INFO] [stdout]     = note: for more information, see issue #80165 <https://github.com/rust-lang/rust/issues/80165>
[INFO] [stdout] 
[INFO] [stdout] 
[INFO] [stdout] warning: use of deprecated associated function `std::error::Error::description`: use the Display impl or to_string()
[INFO] [stdout]    --> pacman/src/ini.rs:658:39
[INFO] [stdout]     |
[INFO] [stdout] 658 |             Error::Io(ref err) => err.description(),
[INFO] [stdout]     |                                       ^^^^^^^^^^^
[INFO] [stdout]     |
[INFO] [stdout]     = note: `#[warn(deprecated)]` on by default
[INFO] [stdout] 
[INFO] [stdout] 
[INFO] [stdout] warning: use of deprecated associated function `std::error::Error::description`: use the Display impl or to_string()
[INFO] [stdout]    --> pacman/src/ini.rs:659:42
[INFO] [stdout]     |
[INFO] [stdout] 659 |             Error::Parse(ref err) => err.description(),
[INFO] [stdout]     |                                          ^^^^^^^^^^^
[INFO] [stdout] 
[INFO] [stdout] 
[INFO] [stdout] warning: use of deprecated associated function `std::error::Error::cause`: replaced by Error::source, which can support downcasting
[INFO] [stdout]    --> pacman/src/ini.rs:665:39
[INFO] [stdout]     |
[INFO] [stdout] 665 |             Error::Io(ref err) => err.cause(),
[INFO] [stdout]     |                                       ^^^^^
[INFO] [stdout] 
[INFO] [stdout] 
[INFO] [stdout] warning: use of deprecated associated function `std::error::Error::cause`: replaced by Error::source, which can support downcasting
[INFO] [stdout]    --> pacman/src/ini.rs:666:42
[INFO] [stdout]     |
[INFO] [stdout] 666 |             Error::Parse(ref err) => err.cause(),
[INFO] [stdout]     |                                          ^^^^^
[INFO] [stdout] 
[INFO] [stdout] 
[INFO] [stdout] warning: unused import: `Write`
[INFO] [stdout]   --> pacman/src/ini.rs:37:27
[INFO] [stdout]    |
[INFO] [stdout] 37 | use std::io::{self, Read, Write};
[INFO] [stdout]    |                           ^^^^^
[INFO] [stdout] 
[INFO] [stdout] 
[INFO] [stdout] warning: variable does not need to be mutable
[INFO] [stdout]   --> pacman/src/config.rs:86:17
[INFO] [stdout]    |
[INFO] [stdout] 86 |             let mut section : String;
[INFO] [stdout]    |                 ----^^^^^^^
[INFO] [stdout]    |                 |
[INFO] [stdout]    |                 help: remove this `mut`
[INFO] [stdout]    |
[INFO] [stdout]    = note: `#[warn(unused_mut)]` on by default
[INFO] [stdout] 
[INFO] [stdout] 
[INFO] [stdout] warning: function is never used: `escape_str`
[INFO] [stdout]    --> pacman/src/ini.rs:116:4
[INFO] [stdout]     |
[INFO] [stdout] 116 | fn escape_str(s: &str, policy: EscapePolicy) -> String {
[INFO] [stdout]     |    ^^^^^^^^^^
[INFO] [stdout]     |
[INFO] [stdout]     = note: `#[warn(dead_code)]` on by default
[INFO] [stdout] 
[INFO] [stdout] 
[INFO] [stderr]    Compiling rand_core v0.3.1
[INFO] [stderr]    Compiling rand_jitter v0.1.3
[INFO] [stderr]    Compiling log v0.4.6
[INFO] [stderr]    Compiling unicode-normalization v0.1.8
[INFO] [stderr]    Compiling rand_isaac v0.1.1
[INFO] [stderr]    Compiling rand_xorshift v0.1.1
[INFO] [stderr]    Compiling rand_hc v0.1.0
[INFO] [stderr]    Compiling unicode-bidi v0.3.4
[INFO] [stderr]    Compiling foreign-types v0.3.2
[INFO] [stderr]    Compiling rand_chacha v0.1.1
[INFO] [stderr]    Compiling rand v0.6.5
[INFO] [stderr]    Compiling unicase v1.4.2
[INFO] [stderr]    Compiling unicase v2.2.0
[INFO] [stdout] warning: 18 warnings emitted
[INFO] [stdout] 
[INFO] [stdout] 
[INFO] [stderr]    Compiling crossbeam-utils v0.6.5
[INFO] [stderr]    Compiling owning_ref v0.4.0
[INFO] [stderr]    Compiling semver v0.9.0
[INFO] [stderr]    Compiling lock_api v0.1.5
[INFO] [stderr]    Compiling crossbeam-channel v0.3.8
[INFO] [stderr]    Compiling openssl-sys v0.9.40
[INFO] [stderr]    Compiling libz-sys v1.0.25
[INFO] [stderr]    Compiling curl-sys v0.4.16
[INFO] [stderr]    Compiling libssh2-sys v0.2.11
[INFO] [stderr]    Compiling libgit2-sys v0.7.11
[INFO] [stderr]    Compiling rustc_version v0.2.3
[INFO] [stderr]    Compiling idna v0.1.5
[INFO] [stderr]    Compiling tokio-executor v0.1.6
[INFO] [stderr]    Compiling want v0.0.6
[INFO] [stderr]    Compiling phf_shared v0.7.24
[INFO] [stderr]    Compiling crossbeam-epoch v0.7.1
[INFO] [stderr]    Compiling quote v0.6.11
[INFO] [stderr]    Compiling libflate v0.1.20
[INFO] [stderr]    Compiling base64 v0.10.1
[INFO] [stderr]    Compiling rand_pcg v0.1.1
[INFO] [stderr]    Compiling parking_lot_core v0.4.0
[INFO] [stderr]    Compiling rand_os v0.1.2
[INFO] [stderr]    Compiling iovec v0.1.2
[INFO] [stderr]    Compiling num_cpus v1.10.0
[INFO] [stderr]    Compiling net2 v0.2.33
[INFO] [stderr]    Compiling time v0.1.42
[INFO] [stderr]    Compiling alpm-rs v0.1.24 (/opt/rustwide/workdir/alpm-rs)
[INFO] [stderr]    Compiling tokio-timer v0.2.10
[INFO] [stderr]    Compiling tokio-current-thread v0.1.4
[INFO] [stderr]    Compiling phf v0.7.24
[INFO] [stderr]    Compiling mime v0.3.13
[INFO] [stderr]    Compiling syn v0.15.26
[INFO] [stderr]    Compiling url v1.7.2
[INFO] [stderr]    Compiling crossbeam-deque v0.6.3
[INFO] [stderr]    Compiling bytes v0.4.11
[INFO] [stdout] warning: trait objects without an explicit `dyn` are deprecated
[INFO] [stdout]   --> alpm-rs/src/callbacks.rs:34:20
[INFO] [stdout]    |
[INFO] [stdout] 34 | type LogCallback = Fn(i32, String);
[INFO] [stdout]    |                    ^^^^^^^^^^^^^^^ help: use `dyn`: `dyn Fn(i32, String)`
[INFO] [stdout]    |
[INFO] [stdout]    = note: `#[warn(bare_trait_objects)]` on by default
[INFO] [stdout]    = warning: this is accepted in the current edition (Rust 2018) but is a hard error in Rust 2021!
[INFO] [stdout]    = note: for more information, see issue #80165 <https://github.com/rust-lang/rust/issues/80165>
[INFO] [stdout] 
[INFO] [stdout] 
[INFO] [stdout] warning: trait objects without an explicit `dyn` are deprecated
[INFO] [stdout]   --> alpm-rs/src/callbacks.rs:35:25
[INFO] [stdout]    |
[INFO] [stdout] 35 | type DownloadCallback = Fn(&str, i64, i64);
[INFO] [stdout]    |                         ^^^^^^^^^^^^^^^^^^ help: use `dyn`: `dyn Fn(&str, i64, i64)`
[INFO] [stdout]    |
[INFO] [stdout]    = warning: this is accepted in the current edition (Rust 2018) but is a hard error in Rust 2021!
[INFO] [stdout]    = note: for more information, see issue #80165 <https://github.com/rust-lang/rust/issues/80165>
[INFO] [stdout] 
[INFO] [stdout] 
[INFO] [stdout] warning: trait objects without an explicit `dyn` are deprecated
[INFO] [stdout]   --> alpm-rs/src/callbacks.rs:36:25
[INFO] [stdout]    |
[INFO] [stdout] 36 | type QuestionCallback = Fn(QuestionArgs);
[INFO] [stdout]    |                         ^^^^^^^^^^^^^^^^ help: use `dyn`: `dyn Fn(QuestionArgs)`
[INFO] [stdout]    |
[INFO] [stdout]    = warning: this is accepted in the current edition (Rust 2018) but is a hard error in Rust 2021!
[INFO] [stdout]    = note: for more information, see issue #80165 <https://github.com/rust-lang/rust/issues/80165>
[INFO] [stdout] 
[INFO] [stdout] 
[INFO] [stdout] warning: unnecessary parentheses around assigned value
[INFO] [stdout]  --> alpm-rs/src/enums.rs:5:37
[INFO] [stdout]   |
[INFO] [stdout] 5 | pub const ALPM_LOG_WARNING : i32 =  (1 << 1);
[INFO] [stdout]   |                                     ^^^^^^^^ help: remove these parentheses
[INFO] [stdout]   |
[INFO] [stdout]   = note: `#[warn(unused_parens)]` on by default
[INFO] [stdout] 
[INFO] [stdout] 
[INFO] [stdout] warning: unnecessary parentheses around assigned value
[INFO] [stdout]  --> alpm-rs/src/enums.rs:6:35
[INFO] [stdout]   |
[INFO] [stdout] 6 | pub const ALPM_LOG_DEBUG :  i32 = (1 << 2);
[INFO] [stdout]   |                                   ^^^^^^^^ help: remove these parentheses
[INFO] [stdout] 
[INFO] [stdout] 
[INFO] [stdout] warning: unnecessary parentheses around assigned value
[INFO] [stdout]  --> alpm-rs/src/enums.rs:7:37
[INFO] [stdout]   |
[INFO] [stdout] 7 | pub const ALPM_LOG_FUNCTION : i32 = (1 << 3);
[INFO] [stdout]   |                                     ^^^^^^^^ help: remove these parentheses
[INFO] [stdout] 
[INFO] [stdout] 
[INFO] [stdout] warning: unnecessary parentheses around assigned value
[INFO] [stdout]   --> alpm-rs/src/enums.rs:10:45
[INFO] [stdout]    |
[INFO] [stdout] 10 | pub const ALPM_PKG_VALIDATION_NONE : i32 =  (1 << 0);
[INFO] [stdout]    |                                             ^^^^^^^^ help: remove these parentheses
[INFO] [stdout] 
[INFO] [stdout] 
[INFO] [stdout] warning: unnecessary parentheses around assigned value
[INFO] [stdout]   --> alpm-rs/src/enums.rs:11:47
[INFO] [stdout]    |
[INFO] [stdout] 11 | pub const ALPM_PKG_VALIDATION_MD5SUM :  i32 = (1 << 1);
[INFO] [stdout]    |                                               ^^^^^^^^ help: remove these parentheses
[INFO] [stdout] 
[INFO] [stdout] 
[INFO] [stdout] warning: unnecessary parentheses around assigned value
[INFO] [stdout]   --> alpm-rs/src/enums.rs:12:49
[INFO] [stdout]    |
[INFO] [stdout] 12 | pub const ALPM_PKG_VALIDATION_SHA256SUM : i32 = (1 << 2);
[INFO] [stdout]    |                                                 ^^^^^^^^ help: remove these parentheses
[INFO] [stdout] 
[INFO] [stdout] 
[INFO] [stdout] warning: unnecessary parentheses around assigned value
[INFO] [stdout]   --> alpm-rs/src/enums.rs:13:49
[INFO] [stdout]    |
[INFO] [stdout] 13 | pub const ALPM_PKG_VALIDATION_SIGNATURE : i32 = (1 << 3);
[INFO] [stdout]    |                                                 ^^^^^^^^ help: remove these parentheses
[INFO] [stdout] 
[INFO] [stdout] 
[INFO] [stdout] warning: unnecessary parentheses around assigned value
[INFO] [stdout]   --> alpm-rs/src/enums.rs:38:51
[INFO] [stdout]    |
[INFO] [stdout] 38 | pub const ALPM_QUESTION_INSTALL_IGNOREPKG : i32 = (1 << 0);
[INFO] [stdout]    |                                                   ^^^^^^^^ help: remove these parentheses
[INFO] [stdout] 
[INFO] [stdout] 
[INFO] [stdout] warning: unnecessary parentheses around assigned value
[INFO] [stdout]   --> alpm-rs/src/enums.rs:39:45
[INFO] [stdout]    |
[INFO] [stdout] 39 | pub const ALPM_QUESTION_REPLACE_PKG : i32 = (1 << 1);
[INFO] [stdout]    |                                             ^^^^^^^^ help: remove these parentheses
[INFO] [stdout] 
[INFO] [stdout] 
[INFO] [stdout] warning: unnecessary parentheses around assigned value
[INFO] [stdout]   --> alpm-rs/src/enums.rs:40:46
[INFO] [stdout]    |
[INFO] [stdout] 40 | pub const ALPM_QUESTION_CONFLICT_PKG : i32 = (1 << 2);
[INFO] [stdout]    |                                              ^^^^^^^^ help: remove these parentheses
[INFO] [stdout] 
[INFO] [stdout] 
[INFO] [stdout] warning: unnecessary parentheses around assigned value
[INFO] [stdout]   --> alpm-rs/src/enums.rs:41:47
[INFO] [stdout]    |
[INFO] [stdout] 41 | pub const ALPM_QUESTION_CORRUPTED_PKG : i32 = (1 << 3);
[INFO] [stdout]    |                                               ^^^^^^^^ help: remove these parentheses
[INFO] [stdout] 
[INFO] [stdout] 
[INFO] [stdout] warning: unnecessary parentheses around assigned value
[INFO] [stdout]   --> alpm-rs/src/enums.rs:42:45
[INFO] [stdout]    |
[INFO] [stdout] 42 | pub const ALPM_QUESTION_REMOVE_PKGS : i32 = (1 << 4);
[INFO] [stdout]    |                                             ^^^^^^^^ help: remove these parentheses
[INFO] [stdout] 
[INFO] [stdout] 
[INFO] [stdout] warning: unnecessary parentheses around assigned value
[INFO] [stdout]   --> alpm-rs/src/enums.rs:43:49
[INFO] [stdout]    |
[INFO] [stdout] 43 | pub const ALPM_QUESTION_SELECT_PROVIDER : i32 = (1 << 5);
[INFO] [stdout]    |                                                 ^^^^^^^^ help: remove these parentheses
[INFO] [stdout] 
[INFO] [stdout] 
[INFO] [stdout] warning: unnecessary parentheses around assigned value
[INFO] [stdout]   --> alpm-rs/src/enums.rs:44:44
[INFO] [stdout]    |
[INFO] [stdout] 44 | pub const ALPM_QUESTION_IMPORT_KEY : i32 = (1 << 6);
[INFO] [stdout]    |                                            ^^^^^^^^ help: remove these parentheses
[INFO] [stdout] 
[INFO] [stdout] 
[INFO] [stdout] warning: unnecessary parentheses around assigned value
[INFO] [stdout]   --> alpm-rs/src/enums.rs:48:41
[INFO] [stdout]    |
[INFO] [stdout] 48 | pub const ALPM_TRANS_FLAG_FORCE : i32 = (1 << 1);
[INFO] [stdout]    |                                         ^^^^^^^^ help: remove these parentheses
[INFO] [stdout] 
[INFO] [stdout] 
[INFO] [stdout] warning: unnecessary parentheses around assigned value
[INFO] [stdout]   --> alpm-rs/src/enums.rs:50:42
[INFO] [stdout]    |
[INFO] [stdout] 50 | pub const ALPM_TRANS_FLAG_NOSAVE : i32 = (1 << 2);
[INFO] [stdout]    |                                          ^^^^^^^^ help: remove these parentheses
[INFO] [stdout] 
[INFO] [stdout] 
[INFO] [stdout] warning: unnecessary parentheses around assigned value
[INFO] [stdout]   --> alpm-rs/src/enums.rs:52:48
[INFO] [stdout]    |
[INFO] [stdout] 52 | pub const ALPM_TRANS_FLAG_NODEPVERSION : i32 = (1 << 3);
[INFO] [stdout]    |                                                ^^^^^^^^ help: remove these parentheses
[INFO] [stdout] 
[INFO] [stdout] 
[INFO] [stdout] warning: unnecessary parentheses around assigned value
[INFO] [stdout]   --> alpm-rs/src/enums.rs:54:43
[INFO] [stdout]    |
[INFO] [stdout] 54 | pub const ALPM_TRANS_FLAG_CASCADE : i32 = (1 << 4);
[INFO] [stdout]    |                                           ^^^^^^^^ help: remove these parentheses
[INFO] [stdout] 
[INFO] [stdout] 
[INFO] [stdout] warning: unnecessary parentheses around assigned value
[INFO] [stdout]   --> alpm-rs/src/enums.rs:56:43
[INFO] [stdout]    |
[INFO] [stdout] 56 | pub const ALPM_TRANS_FLAG_RECURSE : i32 = (1 << 5);
[INFO] [stdout]    |                                           ^^^^^^^^ help: remove these parentheses
[INFO] [stdout] 
[INFO] [stdout] 
[INFO] [stdout] warning: unnecessary parentheses around assigned value
[INFO] [stdout]   --> alpm-rs/src/enums.rs:58:42
[INFO] [stdout]    |
[INFO] [stdout] 58 | pub const ALPM_TRANS_FLAG_DBONLY : i32 = (1 << 6);
[INFO] [stdout]    |                                          ^^^^^^^^ help: remove these parentheses
[INFO] [stdout] 
[INFO] [stdout] 
[INFO] [stdout] warning: unnecessary parentheses around assigned value
[INFO] [stdout]   --> alpm-rs/src/enums.rs:61:43
[INFO] [stdout]    |
[INFO] [stdout] 61 | pub const ALPM_TRANS_FLAG_ALLDEPS : i32 = (1 << 8);
[INFO] [stdout]    |                                           ^^^^^^^^ help: remove these parentheses
[INFO] [stdout] 
[INFO] [stdout] 
[INFO] [stdout] warning: unnecessary parentheses around assigned value
[INFO] [stdout]   --> alpm-rs/src/enums.rs:63:48
[INFO] [stdout]    |
[INFO] [stdout] 63 | pub const ALPM_TRANS_FLAG_DOWNLOADONLY : i32 = (1 << 9);
[INFO] [stdout]    |                                                ^^^^^^^^ help: remove these parentheses
[INFO] [stdout] 
[INFO] [stdout] 
[INFO] [stdout] warning: unnecessary parentheses around assigned value
[INFO] [stdout]   --> alpm-rs/src/enums.rs:65:47
[INFO] [stdout]    |
[INFO] [stdout] 65 | pub const ALPM_TRANS_FLAG_NOSCRIPTLET : i32 = (1 << 10);
[INFO] [stdout]    |                                               ^^^^^^^^^ help: remove these parentheses
[INFO] [stdout] 
[INFO] [stdout] 
[INFO] [stdout] warning: unnecessary parentheses around assigned value
[INFO] [stdout]   --> alpm-rs/src/enums.rs:67:47
[INFO] [stdout]    |
[INFO] [stdout] 67 | pub const ALPM_TRANS_FLAG_NOCONFLICTS : i32 = (1 << 11);
[INFO] [stdout]    |                                               ^^^^^^^^^ help: remove these parentheses
[INFO] [stdout] 
[INFO] [stdout] 
[INFO] [stdout] warning: unnecessary parentheses around assigned value
[INFO] [stdout]   --> alpm-rs/src/enums.rs:70:42
[INFO] [stdout]    |
[INFO] [stdout] 70 | pub const ALPM_TRANS_FLAG_NEEDED : i32 = (1 << 13);
[INFO] [stdout]    |                                          ^^^^^^^^^ help: remove these parentheses
[INFO] [stdout] 
[INFO] [stdout] 
[INFO] [stdout] warning: unnecessary parentheses around assigned value
[INFO] [stdout]   --> alpm-rs/src/enums.rs:72:47
[INFO] [stdout]    |
[INFO] [stdout] 72 | pub const ALPM_TRANS_FLAG_ALLEXPLICIT : i32 = (1 << 14);
[INFO] [stdout]    |                                               ^^^^^^^^^ help: remove these parentheses
[INFO] [stdout] 
[INFO] [stdout] 
[INFO] [stdout] warning: unnecessary parentheses around assigned value
[INFO] [stdout]   --> alpm-rs/src/enums.rs:74:44
[INFO] [stdout]    |
[INFO] [stdout] 74 | pub const ALPM_TRANS_FLAG_UNNEEDED : i32 = (1 << 15);
[INFO] [stdout]    |                                            ^^^^^^^^^ help: remove these parentheses
[INFO] [stdout] 
[INFO] [stdout] 
[INFO] [stdout] warning: unnecessary parentheses around assigned value
[INFO] [stdout]   --> alpm-rs/src/enums.rs:76:46
[INFO] [stdout]    |
[INFO] [stdout] 76 | pub const ALPM_TRANS_FLAG_RECURSEALL : i32 = (1 << 16);
[INFO] [stdout]    |                                              ^^^^^^^^^ help: remove these parentheses
[INFO] [stdout] 
[INFO] [stdout] 
[INFO] [stdout] warning: unnecessary parentheses around assigned value
[INFO] [stdout]   --> alpm-rs/src/enums.rs:78:42
[INFO] [stdout]    |
[INFO] [stdout] 78 | pub const ALPM_TRANS_FLAG_NOLOCK : i32 = (1 << 17);
[INFO] [stdout]    |                                          ^^^^^^^^^ help: remove these parentheses
[INFO] [stdout] 
[INFO] [stdout] 
[INFO] [stdout] warning: trait objects without an explicit `dyn` are deprecated
[INFO] [stdout]   --> alpm-rs/src/error.rs:31:32
[INFO] [stdout]    |
[INFO] [stdout] 31 |     fn cause(&self) -> Option<&error::Error> {
[INFO] [stdout]    |                                ^^^^^^^^^^^^ help: use `dyn`: `dyn error::Error`
[INFO] [stdout]    |
[INFO] [stdout]    = warning: this is accepted in the current edition (Rust 2018) but is a hard error in Rust 2021!
[INFO] [stdout]    = note: for more information, see issue #80165 <https://github.com/rust-lang/rust/issues/80165>
[INFO] [stdout] 
[INFO] [stdout] 
[INFO] [stderr]    Compiling mio v0.6.16
[INFO] [stderr]    Compiling futures-cpupool v0.1.8
[INFO] [stdout] warning: 33 warnings emitted
[INFO] [stdout] 
[INFO] [stdout] 
[INFO] [stderr]    Compiling tokio-io v0.1.11
[INFO] [stderr]    Compiling http v0.1.16
[INFO] [stderr]    Compiling phf_generator v0.7.24
[INFO] [stderr]    Compiling uuid v0.7.2
[INFO] [stderr]    Compiling phf_codegen v0.7.24
[INFO] [stderr]    Compiling parking_lot v0.7.1
[INFO] [stderr]    Compiling mime_guess v2.0.0-alpha.6
[INFO] [stderr]    Compiling crossbeam v0.6.0
[INFO] [stderr]    Compiling tokio-reactor v0.1.8
[INFO] [stderr]    Compiling tokio-threadpool v0.1.11
[INFO] [stderr]    Compiling tokio-tcp v0.1.3
[INFO] [stderr]    Compiling h2 v0.1.16
[INFO] [stderr]    Compiling serde_derive v1.0.88
[INFO] [stderr]    Compiling tokio v0.1.15
[INFO] [stderr]    Compiling hyper v0.12.24
[INFO] [stderr]    Compiling hyper-tls v0.3.1
[INFO] [stderr]    Compiling serde_urlencoded v0.5.4
[INFO] [stderr]    Compiling serde_json v1.0.38
[INFO] [stderr]    Compiling reqwest v0.9.10
[INFO] [stderr]    Compiling git2 v0.8.0
[INFO] [stderr]    Compiling aur-client v0.1.3 (/opt/rustwide/workdir/aur-client)
[INFO] [stdout] warning: trait objects without an explicit `dyn` are deprecated
[INFO] [stdout]   --> aur-client/src/aur.rs:56:50
[INFO] [stdout]    |
[INFO] [stdout] 56 | pub fn search(arg: &str) -> Result<Response, Box<Error>> {
[INFO] [stdout]    |                                                  ^^^^^ help: use `dyn`: `dyn Error`
[INFO] [stdout]    |
[INFO] [stdout]    = note: `#[warn(bare_trait_objects)]` on by default
[INFO] [stdout]    = warning: this is accepted in the current edition (Rust 2018) but is a hard error in Rust 2021!
[INFO] [stdout]    = note: for more information, see issue #80165 <https://github.com/rust-lang/rust/issues/80165>
[INFO] [stdout] 
[INFO] [stdout] 
[INFO] [stdout] warning: trait objects without an explicit `dyn` are deprecated
[INFO] [stdout]   --> aur-client/src/aur.rs:66:55
[INFO] [stdout]    |
[INFO] [stdout] 66 | pub fn info(needles: &[&str]) -> Result<Response, Box<Error>>{
[INFO] [stdout]    |                                                       ^^^^^ help: use `dyn`: `dyn Error`
[INFO] [stdout]    |
[INFO] [stdout]    = warning: this is accepted in the current edition (Rust 2018) but is a hard error in Rust 2021!
[INFO] [stdout]    = note: for more information, see issue #80165 <https://github.com/rust-lang/rust/issues/80165>
[INFO] [stdout] 
[INFO] [stdout] 
[INFO] [stdout] warning: trait objects without an explicit `dyn` are deprecated
[INFO] [stdout]   --> aur-client/src/aur.rs:81:65
[INFO] [stdout]    |
[INFO] [stdout] 81 | pub fn clone(package: &str, p: &Path) -> Result<Repository, Box<Error>>{
[INFO] [stdout]    |                                                                 ^^^^^ help: use `dyn`: `dyn Error`
[INFO] [stdout]    |
[INFO] [stdout]    = warning: this is accepted in the current edition (Rust 2018) but is a hard error in Rust 2021!
[INFO] [stdout]    = note: for more information, see issue #80165 <https://github.com/rust-lang/rust/issues/80165>
[INFO] [stdout] 
[INFO] [stdout] 
[INFO] [stdout] warning: 3 warnings emitted
[INFO] [stdout] 
[INFO] [stdout] 
[INFO] [stderr]     Finished dev [unoptimized + debuginfo] target(s) in 52.62s
[INFO] running `Command { std: "docker" "inspect" "53dc759dce40ca8b783f0ca35e35947f8273eccab6a53539988c57d9f0ffdb7f", kill_on_drop: false }`
[INFO] running `Command { std: "docker" "rm" "-f" "53dc759dce40ca8b783f0ca35e35947f8273eccab6a53539988c57d9f0ffdb7f", kill_on_drop: false }`
[INFO] [stdout] 53dc759dce40ca8b783f0ca35e35947f8273eccab6a53539988c57d9f0ffdb7f
[INFO] running `Command { std: "docker" "create" "-v" "/var/lib/crater-agent-workspace/builds/worker-43/target:/opt/rustwide/target:rw,Z" "-v" "/var/lib/crater-agent-workspace/builds/worker-43/source:/opt/rustwide/workdir:ro,Z" "-v" "/var/lib/crater-agent-workspace/cargo-home:/opt/rustwide/cargo-home:ro,Z" "-v" "/var/lib/crater-agent-workspace/rustup-home:/opt/rustwide/rustup-home:ro,Z" "-e" "SOURCE_DIR=/opt/rustwide/workdir" "-e" "CARGO_TARGET_DIR=/opt/rustwide/target" "-e" "CARGO_INCREMENTAL=0" "-e" "RUST_BACKTRACE=full" "-e" "RUSTFLAGS=--cap-lints=warn" "-e" "CARGO_HOME=/opt/rustwide/cargo-home" "-e" "RUSTUP_HOME=/opt/rustwide/rustup-home" "-w" "/opt/rustwide/workdir" "-m" "1610612736" "--user" "0:0" "--network" "none" "ghcr.io/rust-lang/crates-build-env/linux@sha256:34b6a614d2c27851fe6cbf88fbd1137609cefab8b10d0615aaeb6fd47975d74e" "/opt/rustwide/cargo-home/bin/cargo" "+beta-2021-08-01" "test" "--frozen" "--no-run" "--message-format=json", kill_on_drop: false }`
[INFO] [stdout] 20c17dc884486b50c3e88ae9cc31b9faada2c813ffb96ab53ce8cffd2e165768
[INFO] running `Command { std: "docker" "start" "-a" "20c17dc884486b50c3e88ae9cc31b9faada2c813ffb96ab53ce8cffd2e165768", kill_on_drop: false }`
[INFO] [stdout] warning: unused import: `OpenOptions`
[INFO] [stdout]   --> pacman/src/ini.rs:35:21
[INFO] [stdout]    |
[INFO] [stdout] 35 | use std::fs::{File, OpenOptions};
[INFO] [stdout]    |                     ^^^^^^^^^^^
[INFO] [stdout]    |
[INFO] [stdout]    = note: `#[warn(unused_imports)]` on by default
[INFO] [stdout] 
[INFO] [stdout] 
[INFO] [stdout] warning: unused import: `std::num::ParseIntError`
[INFO] [stdout]   --> pacman/src/ini.rs:43:5
[INFO] [stdout]    |
[INFO] [stdout] 43 | use std::num::ParseIntError;
[INFO] [stdout]    |     ^^^^^^^^^^^^^^^^^^^^^^^
[INFO] [stdout] 
[INFO] [stdout] 
[INFO] [stdout] warning: `...` range patterns are deprecated
[INFO] [stdout]   --> pacman/src/ini.rs:92:26
[INFO] [stdout]    |
[INFO] [stdout] 92 |             '\\' | '\x00'...'\x1f' | '\x7f'...'\u{00ff}' => self.escape_basics(),
[INFO] [stdout]    |                          ^^^ help: use `..=` for an inclusive range
[INFO] [stdout]    |
[INFO] [stdout]    = note: `#[warn(ellipsis_inclusive_range_patterns)]` on by default
[INFO] [stdout]    = warning: this is accepted in the current edition (Rust 2018) but is a hard error in Rust 2021!
[INFO] [stdout]    = note: for more information, see issue #80165 <https://github.com/rust-lang/rust/issues/80165>
[INFO] [stdout] 
[INFO] [stdout] 
[INFO] [stdout] warning: `...` range patterns are deprecated
[INFO] [stdout]   --> pacman/src/ini.rs:92:44
[INFO] [stdout]    |
[INFO] [stdout] 92 |             '\\' | '\x00'...'\x1f' | '\x7f'...'\u{00ff}' => self.escape_basics(),
[INFO] [stdout]    |                                            ^^^ help: use `..=` for an inclusive range
[INFO] [stdout]    |
[INFO] [stdout]    = warning: this is accepted in the current edition (Rust 2018) but is a hard error in Rust 2021!
[INFO] [stdout]    = note: for more information, see issue #80165 <https://github.com/rust-lang/rust/issues/80165>
[INFO] [stdout] 
[INFO] [stdout] 
[INFO] [stdout] warning: `...` range patterns are deprecated
[INFO] [stdout]   --> pacman/src/ini.rs:94:23
[INFO] [stdout]    |
[INFO] [stdout] 94 |             '\u{0080}'...'\u{FFFF}' => self.escape_unicode(),
[INFO] [stdout]    |                       ^^^ help: use `..=` for an inclusive range
[INFO] [stdout]    |
[INFO] [stdout]    = warning: this is accepted in the current edition (Rust 2018) but is a hard error in Rust 2021!
[INFO] [stdout]    = note: for more information, see issue #80165 <https://github.com/rust-lang/rust/issues/80165>
[INFO] [stdout] 
[INFO] [stdout] 
[INFO] [stdout] warning: `...` range patterns are deprecated
[INFO] [stdout]    --> pacman/src/ini.rs:129:19
[INFO] [stdout]     |
[INFO] [stdout] 129 |             '\x01'...'\x06' | '\x0e'...'\x1f' | '\x7f'...'\u{00ff}' => {
[INFO] [stdout]     |                   ^^^ help: use `..=` for an inclusive range
[INFO] [stdout]     |
[INFO] [stdout]     = warning: this is accepted in the current edition (Rust 2018) but is a hard error in Rust 2021!
[INFO] [stdout]     = note: for more information, see issue #80165 <https://github.com/rust-lang/rust/issues/80165>
[INFO] [stdout] 
[INFO] [stdout] 
[INFO] [stdout] warning: `...` range patterns are deprecated
[INFO] [stdout]    --> pacman/src/ini.rs:129:37
[INFO] [stdout]     |
[INFO] [stdout] 129 |             '\x01'...'\x06' | '\x0e'...'\x1f' | '\x7f'...'\u{00ff}' => {
[INFO] [stdout]     |                                     ^^^ help: use `..=` for an inclusive range
[INFO] [stdout]     |
[INFO] [stdout]     = warning: this is accepted in the current edition (Rust 2018) but is a hard error in Rust 2021!
[INFO] [stdout]     = note: for more information, see issue #80165 <https://github.com/rust-lang/rust/issues/80165>
[INFO] [stdout] 
[INFO] [stdout] 
[INFO] [stdout] warning: `...` range patterns are deprecated
[INFO] [stdout]    --> pacman/src/ini.rs:129:55
[INFO] [stdout]     |
[INFO] [stdout] 129 |             '\x01'...'\x06' | '\x0e'...'\x1f' | '\x7f'...'\u{00ff}' => {
[INFO] [stdout]     |                                                       ^^^ help: use `..=` for an inclusive range
[INFO] [stdout]     |
[INFO] [stdout]     = warning: this is accepted in the current edition (Rust 2018) but is a hard error in Rust 2021!
[INFO] [stdout]     = note: for more information, see issue #80165 <https://github.com/rust-lang/rust/issues/80165>
[INFO] [stdout] 
[INFO] [stdout] 
[INFO] [stdout] warning: `...` range patterns are deprecated
[INFO] [stdout]    --> pacman/src/ini.rs:139:23
[INFO] [stdout]     |
[INFO] [stdout] 139 |             '\u{0080}'...'\u{FFFF}' => escaped.push_str(&format!("\\x{:04x}", c as isize)[..]),
[INFO] [stdout]     |                       ^^^ help: use `..=` for an inclusive range
[INFO] [stdout]     |
[INFO] [stdout]     = warning: this is accepted in the current edition (Rust 2018) but is a hard error in Rust 2021!
[INFO] [stdout]     = note: for more information, see issue #80165 <https://github.com/rust-lang/rust/issues/80165>
[INFO] [stdout] 
[INFO] [stdout] 
[INFO] [stdout] warning: trait objects without an explicit `dyn` are deprecated
[INFO] [stdout]    --> pacman/src/ini.rs:635:32
[INFO] [stdout]     |
[INFO] [stdout] 635 |     fn cause(&self) -> Option<&error::Error> {
[INFO] [stdout]     |                                ^^^^^^^^^^^^ help: use `dyn`: `dyn error::Error`
[INFO] [stdout]     |
[INFO] [stdout]     = note: `#[warn(bare_trait_objects)]` on by default
[INFO] [stdout]     = warning: this is accepted in the current edition (Rust 2018) but is a hard error in Rust 2021!
[INFO] [stdout]     = note: for more information, see issue #80165 <https://github.com/rust-lang/rust/issues/80165>
[INFO] [stdout] 
[INFO] [stdout] 
[INFO] [stdout] warning: trait objects without an explicit `dyn` are deprecated
[INFO] [stdout]    --> pacman/src/ini.rs:663:32
[INFO] [stdout]     |
[INFO] [stdout] 663 |     fn cause(&self) -> Option<&error::Error> {
[INFO] [stdout]     |                                ^^^^^^^^^^^^ help: use `dyn`: `dyn error::Error`
[INFO] [stdout]     |
[INFO] [stdout]     = warning: this is accepted in the current edition (Rust 2018) but is a hard error in Rust 2021!
[INFO] [stdout]     = note: for more information, see issue #80165 <https://github.com/rust-lang/rust/issues/80165>
[INFO] [stdout] 
[INFO] [stdout] 
[INFO] [stdout] warning: use of deprecated associated function `std::error::Error::description`: use the Display impl or to_string()
[INFO] [stdout]    --> pacman/src/ini.rs:658:39
[INFO] [stdout]     |
[INFO] [stdout] 658 |             Error::Io(ref err) => err.description(),
[INFO] [stdout]     |                                       ^^^^^^^^^^^
[INFO] [stdout]     |
[INFO] [stdout]     = note: `#[warn(deprecated)]` on by default
[INFO] [stdout] 
[INFO] [stdout] 
[INFO] [stderr]    Compiling pacman v0.1.3 (/opt/rustwide/workdir/pacman)
[INFO] [stdout] warning: use of deprecated associated function `std::error::Error::description`: use the Display impl or to_string()
[INFO] [stdout]    --> pacman/src/ini.rs:659:42
[INFO] [stdout]     |
[INFO] [stdout] 659 |             Error::Parse(ref err) => err.description(),
[INFO] [stdout]     |                                          ^^^^^^^^^^^
[INFO] [stdout] 
[INFO] [stdout] 
[INFO] [stdout] warning: use of deprecated associated function `std::error::Error::cause`: replaced by Error::source, which can support downcasting
[INFO] [stdout]    --> pacman/src/ini.rs:665:39
[INFO] [stdout]     |
[INFO] [stdout] 665 |             Error::Io(ref err) => err.cause(),
[INFO] [stdout]     |                                       ^^^^^
[INFO] [stdout] 
[INFO] [stdout] 
[INFO] [stdout] warning: use of deprecated associated function `std::error::Error::cause`: replaced by Error::source, which can support downcasting
[INFO] [stdout]    --> pacman/src/ini.rs:666:42
[INFO] [stdout]     |
[INFO] [stdout] 666 |             Error::Parse(ref err) => err.cause(),
[INFO] [stdout]     |                                          ^^^^^
[INFO] [stdout] 
[INFO] [stdout] 
[INFO] [stdout] warning: unused import: `Write`
[INFO] [stdout]   --> pacman/src/ini.rs:37:27
[INFO] [stdout]    |
[INFO] [stdout] 37 | use std::io::{self, Read, Write};
[INFO] [stdout]    |                           ^^^^^
[INFO] [stdout] 
[INFO] [stdout] 
[INFO] [stdout] warning: variable does not need to be mutable
[INFO] [stdout]   --> pacman/src/config.rs:86:17
[INFO] [stdout]    |
[INFO] [stdout] 86 |             let mut section : String;
[INFO] [stdout]    |                 ----^^^^^^^
[INFO] [stdout]    |                 |
[INFO] [stdout]    |                 help: remove this `mut`
[INFO] [stdout]    |
[INFO] [stdout]    = note: `#[warn(unused_mut)]` on by default
[INFO] [stdout] 
[INFO] [stdout] 
[INFO] [stdout] warning: function is never used: `escape_str`
[INFO] [stdout]    --> pacman/src/ini.rs:116:4
[INFO] [stdout]     |
[INFO] [stdout] 116 | fn escape_str(s: &str, policy: EscapePolicy) -> String {
[INFO] [stdout]     |    ^^^^^^^^^^
[INFO] [stdout]     |
[INFO] [stdout]     = note: `#[warn(dead_code)]` on by default
[INFO] [stdout] 
[INFO] [stdout] 
[INFO] [stdout] warning: 18 warnings emitted
[INFO] [stdout] 
[INFO] [stdout] 
[INFO] [stdout] warning: trait objects without an explicit `dyn` are deprecated
[INFO] [stdout]   --> alpm-rs/src/callbacks.rs:34:20
[INFO] [stdout]    |
[INFO] [stdout] 34 | type LogCallback = Fn(i32, String);
[INFO] [stdout]    |                    ^^^^^^^^^^^^^^^ help: use `dyn`: `dyn Fn(i32, String)`
[INFO] [stdout]    |
[INFO] [stdout]    = note: `#[warn(bare_trait_objects)]` on by default
[INFO] [stdout]    = warning: this is accepted in the current edition (Rust 2018) but is a hard error in Rust 2021!
[INFO] [stdout]    = note: for more information, see issue #80165 <https://github.com/rust-lang/rust/issues/80165>
[INFO] [stdout] 
[INFO] [stdout] 
[INFO] [stdout] warning: trait objects without an explicit `dyn` are deprecated
[INFO] [stdout]   --> alpm-rs/src/callbacks.rs:35:25
[INFO] [stdout]    |
[INFO] [stdout] 35 | type DownloadCallback = Fn(&str, i64, i64);
[INFO] [stdout]    |                         ^^^^^^^^^^^^^^^^^^ help: use `dyn`: `dyn Fn(&str, i64, i64)`
[INFO] [stdout]    |
[INFO] [stdout]    = warning: this is accepted in the current edition (Rust 2018) but is a hard error in Rust 2021!
[INFO] [stdout]    = note: for more information, see issue #80165 <https://github.com/rust-lang/rust/issues/80165>
[INFO] [stdout] 
[INFO] [stdout] 
[INFO] [stdout] warning: trait objects without an explicit `dyn` are deprecated
[INFO] [stdout]   --> alpm-rs/src/callbacks.rs:36:25
[INFO] [stdout]    |
[INFO] [stdout] 36 | type QuestionCallback = Fn(QuestionArgs);
[INFO] [stdout]    |                         ^^^^^^^^^^^^^^^^ help: use `dyn`: `dyn Fn(QuestionArgs)`
[INFO] [stdout]    |
[INFO] [stdout]    = warning: this is accepted in the current edition (Rust 2018) but is a hard error in Rust 2021!
[INFO] [stdout]    = note: for more information, see issue #80165 <https://github.com/rust-lang/rust/issues/80165>
[INFO] [stdout] 
[INFO] [stdout] 
[INFO] [stdout] warning: unnecessary parentheses around assigned value
[INFO] [stdout]  --> alpm-rs/src/enums.rs:5:37
[INFO] [stdout]   |
[INFO] [stdout] 5 | pub const ALPM_LOG_WARNING : i32 =  (1 << 1);
[INFO] [stdout]   |                                     ^^^^^^^^ help: remove these parentheses
[INFO] [stdout]   |
[INFO] [stdout]   = note: `#[warn(unused_parens)]` on by default
[INFO] [stdout] 
[INFO] [stdout] 
[INFO] [stdout] warning: unnecessary parentheses around assigned value
[INFO] [stdout]  --> alpm-rs/src/enums.rs:6:35
[INFO] [stdout]   |
[INFO] [stdout] 6 | pub const ALPM_LOG_DEBUG :  i32 = (1 << 2);
[INFO] [stdout]   |                                   ^^^^^^^^ help: remove these parentheses
[INFO] [stdout] 
[INFO] [stdout] 
[INFO] [stdout] warning: unnecessary parentheses around assigned value
[INFO] [stdout]  --> alpm-rs/src/enums.rs:7:37
[INFO] [stdout]   |
[INFO] [stdout] 7 | pub const ALPM_LOG_FUNCTION : i32 = (1 << 3);
[INFO] [stdout]   |                                     ^^^^^^^^ help: remove these parentheses
[INFO] [stdout] 
[INFO] [stdout] 
[INFO] [stdout] warning: unnecessary parentheses around assigned value
[INFO] [stdout]   --> alpm-rs/src/enums.rs:10:45
[INFO] [stdout]    |
[INFO] [stdout] 10 | pub const ALPM_PKG_VALIDATION_NONE : i32 =  (1 << 0);
[INFO] [stdout]    |                                             ^^^^^^^^ help: remove these parentheses
[INFO] [stdout] 
[INFO] [stdout] 
[INFO] [stdout] warning: unnecessary parentheses around assigned value
[INFO] [stdout]   --> alpm-rs/src/enums.rs:11:47
[INFO] [stdout]    |
[INFO] [stdout] 11 | pub const ALPM_PKG_VALIDATION_MD5SUM :  i32 = (1 << 1);
[INFO] [stdout]    |                                               ^^^^^^^^ help: remove these parentheses
[INFO] [stdout] 
[INFO] [stdout] 
[INFO] [stdout] warning: unnecessary parentheses around assigned value
[INFO] [stdout]   --> alpm-rs/src/enums.rs:12:49
[INFO] [stdout]    |
[INFO] [stdout] 12 | pub const ALPM_PKG_VALIDATION_SHA256SUM : i32 = (1 << 2);
[INFO] [stdout]    |                                                 ^^^^^^^^ help: remove these parentheses
[INFO] [stdout] 
[INFO] [stdout] 
[INFO] [stdout] warning: unnecessary parentheses around assigned value
[INFO] [stdout]   --> alpm-rs/src/enums.rs:13:49
[INFO] [stdout]    |
[INFO] [stdout] 13 | pub const ALPM_PKG_VALIDATION_SIGNATURE : i32 = (1 << 3);
[INFO] [stdout]    |                                                 ^^^^^^^^ help: remove these parentheses
[INFO] [stdout] 
[INFO] [stdout] 
[INFO] [stdout] warning: unnecessary parentheses around assigned value
[INFO] [stdout]   --> alpm-rs/src/enums.rs:38:51
[INFO] [stdout]    |
[INFO] [stdout] 38 | pub const ALPM_QUESTION_INSTALL_IGNOREPKG : i32 = (1 << 0);
[INFO] [stdout]    |                                                   ^^^^^^^^ help: remove these parentheses
[INFO] [stdout] 
[INFO] [stdout] 
[INFO] [stdout] warning: unnecessary parentheses around assigned value
[INFO] [stdout]   --> alpm-rs/src/enums.rs:39:45
[INFO] [stdout]    |
[INFO] [stdout] 39 | pub const ALPM_QUESTION_REPLACE_PKG : i32 = (1 << 1);
[INFO] [stdout]    |                                             ^^^^^^^^ help: remove these parentheses
[INFO] [stdout] 
[INFO] [stdout] 
[INFO] [stdout] warning: unnecessary parentheses around assigned value
[INFO] [stdout]   --> alpm-rs/src/enums.rs:40:46
[INFO] [stdout]    |
[INFO] [stdout] 40 | pub const ALPM_QUESTION_CONFLICT_PKG : i32 = (1 << 2);
[INFO] [stdout]    |                                              ^^^^^^^^ help: remove these parentheses
[INFO] [stdout] 
[INFO] [stdout] 
[INFO] [stdout] warning: unnecessary parentheses around assigned value
[INFO] [stdout]   --> alpm-rs/src/enums.rs:41:47
[INFO] [stdout]    |
[INFO] [stdout] 41 | pub const ALPM_QUESTION_CORRUPTED_PKG : i32 = (1 << 3);
[INFO] [stdout]    |                                               ^^^^^^^^ help: remove these parentheses
[INFO] [stdout] 
[INFO] [stdout] 
[INFO] [stdout] warning: unnecessary parentheses around assigned value
[INFO] [stdout]   --> alpm-rs/src/enums.rs:42:45
[INFO] [stdout]    |
[INFO] [stdout] 42 | pub const ALPM_QUESTION_REMOVE_PKGS : i32 = (1 << 4);
[INFO] [stdout]    |                                             ^^^^^^^^ help: remove these parentheses
[INFO] [stdout] 
[INFO] [stdout] 
[INFO] [stdout] warning: unnecessary parentheses around assigned value
[INFO] [stdout]   --> alpm-rs/src/enums.rs:43:49
[INFO] [stdout]    |
[INFO] [stdout] 43 | pub const ALPM_QUESTION_SELECT_PROVIDER : i32 = (1 << 5);
[INFO] [stdout]    |                                                 ^^^^^^^^ help: remove these parentheses
[INFO] [stdout] 
[INFO] [stdout] 
[INFO] [stdout] warning: unnecessary parentheses around assigned value
[INFO] [stdout]   --> alpm-rs/src/enums.rs:44:44
[INFO] [stdout]    |
[INFO] [stdout] 44 | pub const ALPM_QUESTION_IMPORT_KEY : i32 = (1 << 6);
[INFO] [stdout]    |                                            ^^^^^^^^ help: remove these parentheses
[INFO] [stdout] 
[INFO] [stdout] 
[INFO] [stdout] warning: unnecessary parentheses around assigned value
[INFO] [stdout]   --> alpm-rs/src/enums.rs:48:41
[INFO] [stdout]    |
[INFO] [stdout] 48 | pub const ALPM_TRANS_FLAG_FORCE : i32 = (1 << 1);
[INFO] [stdout]    |                                         ^^^^^^^^ help: remove these parentheses
[INFO] [stdout] 
[INFO] [stdout] 
[INFO] [stdout] warning: unnecessary parentheses around assigned value
[INFO] [stdout]   --> alpm-rs/src/enums.rs:50:42
[INFO] [stdout]    |
[INFO] [stdout] 50 | pub const ALPM_TRANS_FLAG_NOSAVE : i32 = (1 << 2);
[INFO] [stdout]    |                                          ^^^^^^^^ help: remove these parentheses
[INFO] [stdout] 
[INFO] [stdout] 
[INFO] [stdout] warning: unnecessary parentheses around assigned value
[INFO] [stdout]   --> alpm-rs/src/enums.rs:52:48
[INFO] [stdout]    |
[INFO] [stdout] 52 | pub const ALPM_TRANS_FLAG_NODEPVERSION : i32 = (1 << 3);
[INFO] [stdout]    |                                                ^^^^^^^^ help: remove these parentheses
[INFO] [stdout] 
[INFO] [stdout] 
[INFO] [stdout] warning: unnecessary parentheses around assigned value
[INFO] [stdout]   --> alpm-rs/src/enums.rs:54:43
[INFO] [stdout]    |
[INFO] [stdout] 54 | pub const ALPM_TRANS_FLAG_CASCADE : i32 = (1 << 4);
[INFO] [stdout]    |                                           ^^^^^^^^ help: remove these parentheses
[INFO] [stdout] 
[INFO] [stdout] 
[INFO] [stdout] warning: unnecessary parentheses around assigned value
[INFO] [stdout]   --> alpm-rs/src/enums.rs:56:43
[INFO] [stdout]    |
[INFO] [stdout] 56 | pub const ALPM_TRANS_FLAG_RECURSE : i32 = (1 << 5);
[INFO] [stdout]    |                                           ^^^^^^^^ help: remove these parentheses
[INFO] [stdout] 
[INFO] [stdout] 
[INFO] [stdout] warning: unnecessary parentheses around assigned value
[INFO] [stdout]   --> alpm-rs/src/enums.rs:58:42
[INFO] [stdout]    |
[INFO] [stdout] 58 | pub const ALPM_TRANS_FLAG_DBONLY : i32 = (1 << 6);
[INFO] [stdout]    |                                          ^^^^^^^^ help: remove these parentheses
[INFO] [stdout] 
[INFO] [stdout] 
[INFO] [stdout] warning: unnecessary parentheses around assigned value
[INFO] [stdout]   --> alpm-rs/src/enums.rs:61:43
[INFO] [stdout]    |
[INFO] [stdout] 61 | pub const ALPM_TRANS_FLAG_ALLDEPS : i32 = (1 << 8);
[INFO] [stdout]    |                                           ^^^^^^^^ help: remove these parentheses
[INFO] [stdout] 
[INFO] [stdout] 
[INFO] [stdout] warning: unnecessary parentheses around assigned value
[INFO] [stdout]   --> alpm-rs/src/enums.rs:63:48
[INFO] [stdout]    |
[INFO] [stdout] 63 | pub const ALPM_TRANS_FLAG_DOWNLOADONLY : i32 = (1 << 9);
[INFO] [stdout]    |                                                ^^^^^^^^ help: remove these parentheses
[INFO] [stdout] 
[INFO] [stdout] 
[INFO] [stdout] warning: unnecessary parentheses around assigned value
[INFO] [stdout]   --> alpm-rs/src/enums.rs:65:47
[INFO] [stdout]    |
[INFO] [stdout] 65 | pub const ALPM_TRANS_FLAG_NOSCRIPTLET : i32 = (1 << 10);
[INFO] [stdout]    |                                               ^^^^^^^^^ help: remove these parentheses
[INFO] [stdout] 
[INFO] [stdout] 
[INFO] [stdout] warning: unnecessary parentheses around assigned value
[INFO] [stdout]   --> alpm-rs/src/enums.rs:67:47
[INFO] [stdout]    |
[INFO] [stdout] 67 | pub const ALPM_TRANS_FLAG_NOCONFLICTS : i32 = (1 << 11);
[INFO] [stdout]    |                                               ^^^^^^^^^ help: remove these parentheses
[INFO] [stdout] 
[INFO] [stdout] 
[INFO] [stdout] warning: unnecessary parentheses around assigned value
[INFO] [stdout]   --> alpm-rs/src/enums.rs:70:42
[INFO] [stdout]    |
[INFO] [stdout] 70 | pub const ALPM_TRANS_FLAG_NEEDED : i32 = (1 << 13);
[INFO] [stdout]    |                                          ^^^^^^^^^ help: remove these parentheses
[INFO] [stdout] 
[INFO] [stdout] 
[INFO] [stdout] warning: unnecessary parentheses around assigned value
[INFO] [stdout]   --> alpm-rs/src/enums.rs:72:47
[INFO] [stdout]    |
[INFO] [stdout] 72 | pub const ALPM_TRANS_FLAG_ALLEXPLICIT : i32 = (1 << 14);
[INFO] [stdout]    |                                               ^^^^^^^^^ help: remove these parentheses
[INFO] [stdout] 
[INFO] [stdout] 
[INFO] [stdout] warning: unnecessary parentheses around assigned value
[INFO] [stdout]   --> alpm-rs/src/enums.rs:74:44
[INFO] [stdout]    |
[INFO] [stdout] 74 | pub const ALPM_TRANS_FLAG_UNNEEDED : i32 = (1 << 15);
[INFO] [stdout]    |                                            ^^^^^^^^^ help: remove these parentheses
[INFO] [stdout] 
[INFO] [stdout] 
[INFO] [stdout] warning: unnecessary parentheses around assigned value
[INFO] [stdout]   --> alpm-rs/src/enums.rs:76:46
[INFO] [stdout]    |
[INFO] [stdout] 76 | pub const ALPM_TRANS_FLAG_RECURSEALL : i32 = (1 << 16);
[INFO] [stdout]    |                                              ^^^^^^^^^ help: remove these parentheses
[INFO] [stdout] 
[INFO] [stdout] 
[INFO] [stdout] warning: unnecessary parentheses around assigned value
[INFO] [stdout]   --> alpm-rs/src/enums.rs:78:42
[INFO] [stdout]    |
[INFO] [stdout] 78 | pub const ALPM_TRANS_FLAG_NOLOCK : i32 = (1 << 17);
[INFO] [stdout]    |                                          ^^^^^^^^^ help: remove these parentheses
[INFO] [stdout] 
[INFO] [stdout] 
[INFO] [stdout] warning: trait objects without an explicit `dyn` are deprecated
[INFO] [stdout]   --> alpm-rs/src/error.rs:31:32
[INFO] [stdout]    |
[INFO] [stdout] 31 |     fn cause(&self) -> Option<&error::Error> {
[INFO] [stdout]    |                                ^^^^^^^^^^^^ help: use `dyn`: `dyn error::Error`
[INFO] [stdout]    |
[INFO] [stdout]    = warning: this is accepted in the current edition (Rust 2018) but is a hard error in Rust 2021!
[INFO] [stdout]    = note: for more information, see issue #80165 <https://github.com/rust-lang/rust/issues/80165>
[INFO] [stdout] 
[INFO] [stdout] 
[INFO] [stderr]    Compiling alpm-rs v0.1.24 (/opt/rustwide/workdir/alpm-rs)
[INFO] [stdout] warning: 33 warnings emitted
[INFO] [stdout] 
[INFO] [stdout] 
[INFO] [stdout] warning: trait objects without an explicit `dyn` are deprecated
[INFO] [stdout]   --> aur-client/src/aur.rs:56:50
[INFO] [stdout]    |
[INFO] [stdout] 56 | pub fn search(arg: &str) -> Result<Response, Box<Error>> {
[INFO] [stdout]    |                                                  ^^^^^ help: use `dyn`: `dyn Error`
[INFO] [stdout]    |
[INFO] [stdout]    = note: `#[warn(bare_trait_objects)]` on by default
[INFO] [stdout]    = warning: this is accepted in the current edition (Rust 2018) but is a hard error in Rust 2021!
[INFO] [stdout]    = note: for more information, see issue #80165 <https://github.com/rust-lang/rust/issues/80165>
[INFO] [stdout] 
[INFO] [stdout] 
[INFO] [stdout] warning: trait objects without an explicit `dyn` are deprecated
[INFO] [stdout]   --> aur-client/src/aur.rs:66:55
[INFO] [stdout]    |
[INFO] [stdout] 66 | pub fn info(needles: &[&str]) -> Result<Response, Box<Error>>{
[INFO] [stdout]    |                                                       ^^^^^ help: use `dyn`: `dyn Error`
[INFO] [stdout]    |
[INFO] [stdout]    = warning: this is accepted in the current edition (Rust 2018) but is a hard error in Rust 2021!
[INFO] [stdout]    = note: for more information, see issue #80165 <https://github.com/rust-lang/rust/issues/80165>
[INFO] [stdout] 
[INFO] [stdout] 
[INFO] [stderr]    Compiling aur-client v0.1.3 (/opt/rustwide/workdir/aur-client)
[INFO] [stdout] warning: trait objects without an explicit `dyn` are deprecated
[INFO] [stdout]   --> aur-client/src/aur.rs:81:65
[INFO] [stdout]    |
[INFO] [stdout] 81 | pub fn clone(package: &str, p: &Path) -> Result<Repository, Box<Error>>{
[INFO] [stdout]    |                                                                 ^^^^^ help: use `dyn`: `dyn Error`
[INFO] [stdout]    |
[INFO] [stdout]    = warning: this is accepted in the current edition (Rust 2018) but is a hard error in Rust 2021!
[INFO] [stdout]    = note: for more information, see issue #80165 <https://github.com/rust-lang/rust/issues/80165>
[INFO] [stdout] 
[INFO] [stdout] 
[INFO] [stdout] warning: 3 warnings emitted
[INFO] [stdout] 
[INFO] [stdout] 
[INFO] [stdout] warning: unused import: `OpenOptions`
[INFO] [stdout]   --> pacman/src/ini.rs:35:21
[INFO] [stdout]    |
[INFO] [stdout] 35 | use std::fs::{File, OpenOptions};
[INFO] [stdout]    |                     ^^^^^^^^^^^
[INFO] [stdout]    |
[INFO] [stdout]    = note: `#[warn(unused_imports)]` on by default
[INFO] [stdout] 
[INFO] [stdout] 
[INFO] [stdout] warning: unused import: `std::num::ParseIntError`
[INFO] [stdout]   --> pacman/src/ini.rs:43:5
[INFO] [stdout]    |
[INFO] [stdout] 43 | use std::num::ParseIntError;
[INFO] [stdout]    |     ^^^^^^^^^^^^^^^^^^^^^^^
[INFO] [stdout] 
[INFO] [stdout] 
[INFO] [stdout] warning: `...` range patterns are deprecated
[INFO] [stdout]   --> pacman/src/ini.rs:92:26
[INFO] [stdout]    |
[INFO] [stdout] 92 |             '\\' | '\x00'...'\x1f' | '\x7f'...'\u{00ff}' => self.escape_basics(),
[INFO] [stdout]    |                          ^^^ help: use `..=` for an inclusive range
[INFO] [stdout]    |
[INFO] [stdout]    = note: `#[warn(ellipsis_inclusive_range_patterns)]` on by default
[INFO] [stdout]    = warning: this is accepted in the current edition (Rust 2018) but is a hard error in Rust 2021!
[INFO] [stdout]    = note: for more information, see issue #80165 <https://github.com/rust-lang/rust/issues/80165>
[INFO] [stdout] 
[INFO] [stdout] 
[INFO] [stdout] warning: `...` range patterns are deprecated
[INFO] [stdout]   --> pacman/src/ini.rs:92:44
[INFO] [stdout]    |
[INFO] [stdout] 92 |             '\\' | '\x00'...'\x1f' | '\x7f'...'\u{00ff}' => self.escape_basics(),
[INFO] [stdout]    |                                            ^^^ help: use `..=` for an inclusive range
[INFO] [stdout]    |
[INFO] [stdout]    = warning: this is accepted in the current edition (Rust 2018) but is a hard error in Rust 2021!
[INFO] [stdout]    = note: for more information, see issue #80165 <https://github.com/rust-lang/rust/issues/80165>
[INFO] [stdout] 
[INFO] [stdout] 
[INFO] [stdout] warning: `...` range patterns are deprecated
[INFO] [stdout]   --> pacman/src/ini.rs:94:23
[INFO] [stdout]    |
[INFO] [stdout] 94 |             '\u{0080}'...'\u{FFFF}' => self.escape_unicode(),
[INFO] [stdout]    |                       ^^^ help: use `..=` for an inclusive range
[INFO] [stdout]    |
[INFO] [stdout]    = warning: this is accepted in the current edition (Rust 2018) but is a hard error in Rust 2021!
[INFO] [stdout]    = note: for more information, see issue #80165 <https://github.com/rust-lang/rust/issues/80165>
[INFO] [stdout] 
[INFO] [stdout] 
[INFO] [stdout] warning: `...` range patterns are deprecated
[INFO] [stdout]    --> pacman/src/ini.rs:129:19
[INFO] [stdout]     |
[INFO] [stdout] 129 |             '\x01'...'\x06' | '\x0e'...'\x1f' | '\x7f'...'\u{00ff}' => {
[INFO] [stdout]     |                   ^^^ help: use `..=` for an inclusive range
[INFO] [stdout]     |
[INFO] [stdout]     = warning: this is accepted in the current edition (Rust 2018) but is a hard error in Rust 2021!
[INFO] [stdout]     = note: for more information, see issue #80165 <https://github.com/rust-lang/rust/issues/80165>
[INFO] [stdout] 
[INFO] [stdout] 
[INFO] [stdout] warning: `...` range patterns are deprecated
[INFO] [stdout]    --> pacman/src/ini.rs:129:37
[INFO] [stdout]     |
[INFO] [stdout] 129 |             '\x01'...'\x06' | '\x0e'...'\x1f' | '\x7f'...'\u{00ff}' => {
[INFO] [stdout]     |                                     ^^^ help: use `..=` for an inclusive range
[INFO] [stdout]     |
[INFO] [stdout]     = warning: this is accepted in the current edition (Rust 2018) but is a hard error in Rust 2021!
[INFO] [stdout]     = note: for more information, see issue #80165 <https://github.com/rust-lang/rust/issues/80165>
[INFO] [stdout] 
[INFO] [stdout] 
[INFO] [stdout] warning: `...` range patterns are deprecated
[INFO] [stdout]    --> pacman/src/ini.rs:129:55
[INFO] [stdout]     |
[INFO] [stdout] 129 |             '\x01'...'\x06' | '\x0e'...'\x1f' | '\x7f'...'\u{00ff}' => {
[INFO] [stdout]     |                                                       ^^^ help: use `..=` for an inclusive range
[INFO] [stdout]     |
[INFO] [stdout]     = warning: this is accepted in the current edition (Rust 2018) but is a hard error in Rust 2021!
[INFO] [stdout]     = note: for more information, see issue #80165 <https://github.com/rust-lang/rust/issues/80165>
[INFO] [stdout] 
[INFO] [stdout] 
[INFO] [stdout] warning: `...` range patterns are deprecated
[INFO] [stdout]    --> pacman/src/ini.rs:139:23
[INFO] [stdout]     |
[INFO] [stdout] 139 |             '\u{0080}'...'\u{FFFF}' => escaped.push_str(&format!("\\x{:04x}", c as isize)[..]),
[INFO] [stdout]     |                       ^^^ help: use `..=` for an inclusive range
[INFO] [stdout]     |
[INFO] [stdout]     = warning: this is accepted in the current edition (Rust 2018) but is a hard error in Rust 2021!
[INFO] [stdout]     = note: for more information, see issue #80165 <https://github.com/rust-lang/rust/issues/80165>
[INFO] [stdout] 
[INFO] [stdout] 
[INFO] [stdout] warning: trait objects without an explicit `dyn` are deprecated
[INFO] [stdout]    --> pacman/src/ini.rs:635:32
[INFO] [stdout]     |
[INFO] [stdout] 635 |     fn cause(&self) -> Option<&error::Error> {
[INFO] [stdout]     |                                ^^^^^^^^^^^^ help: use `dyn`: `dyn error::Error`
[INFO] [stdout]     |
[INFO] [stdout]     = note: `#[warn(bare_trait_objects)]` on by default
[INFO] [stdout]     = warning: this is accepted in the current edition (Rust 2018) but is a hard error in Rust 2021!
[INFO] [stdout]     = note: for more information, see issue #80165 <https://github.com/rust-lang/rust/issues/80165>
[INFO] [stdout] 
[INFO] [stdout] 
[INFO] [stdout] warning: trait objects without an explicit `dyn` are deprecated
[INFO] [stdout]    --> pacman/src/ini.rs:663:32
[INFO] [stdout]     |
[INFO] [stdout] 663 |     fn cause(&self) -> Option<&error::Error> {
[INFO] [stdout]     |                                ^^^^^^^^^^^^ help: use `dyn`: `dyn error::Error`
[INFO] [stdout]     |
[INFO] [stdout]     = warning: this is accepted in the current edition (Rust 2018) but is a hard error in Rust 2021!
[INFO] [stdout]     = note: for more information, see issue #80165 <https://github.com/rust-lang/rust/issues/80165>
[INFO] [stdout] 
[INFO] [stdout] 
[INFO] [stdout] warning: trait objects without an explicit `dyn` are deprecated
[INFO] [stdout]   --> alpm-rs/src/callbacks.rs:34:20
[INFO] [stdout]    |
[INFO] [stdout] 34 | type LogCallback = Fn(i32, String);
[INFO] [stdout]    |                    ^^^^^^^^^^^^^^^ help: use `dyn`: `dyn Fn(i32, String)`
[INFO] [stdout]    |
[INFO] [stdout]    = note: `#[warn(bare_trait_objects)]` on by default
[INFO] [stdout]    = warning: this is accepted in the current edition (Rust 2018) but is a hard error in Rust 2021!
[INFO] [stdout]    = note: for more information, see issue #80165 <https://github.com/rust-lang/rust/issues/80165>
[INFO] [stdout] 
[INFO] [stdout] 
[INFO] [stdout] warning: trait objects without an explicit `dyn` are deprecated
[INFO] [stdout]   --> alpm-rs/src/callbacks.rs:35:25
[INFO] [stdout]    |
[INFO] [stdout] 35 | type DownloadCallback = Fn(&str, i64, i64);
[INFO] [stdout]    |                         ^^^^^^^^^^^^^^^^^^ help: use `dyn`: `dyn Fn(&str, i64, i64)`
[INFO] [stdout]    |
[INFO] [stdout]    = warning: this is accepted in the current edition (Rust 2018) but is a hard error in Rust 2021!
[INFO] [stdout]    = note: for more information, see issue #80165 <https://github.com/rust-lang/rust/issues/80165>
[INFO] [stdout] 
[INFO] [stdout] 
[INFO] [stdout] warning: trait objects without an explicit `dyn` are deprecated
[INFO] [stdout]   --> alpm-rs/src/callbacks.rs:36:25
[INFO] [stdout]    |
[INFO] [stdout] 36 | type QuestionCallback = Fn(QuestionArgs);
[INFO] [stdout]    |                         ^^^^^^^^^^^^^^^^ help: use `dyn`: `dyn Fn(QuestionArgs)`
[INFO] [stdout]    |
[INFO] [stdout]    = warning: this is accepted in the current edition (Rust 2018) but is a hard error in Rust 2021!
[INFO] [stdout]    = note: for more information, see issue #80165 <https://github.com/rust-lang/rust/issues/80165>
[INFO] [stdout] 
[INFO] [stdout] 
[INFO] [stdout] warning: unnecessary parentheses around assigned value
[INFO] [stdout]  --> alpm-rs/src/enums.rs:5:37
[INFO] [stdout]   |
[INFO] [stdout] 5 | pub const ALPM_LOG_WARNING : i32 =  (1 << 1);
[INFO] [stdout]   |                                     ^^^^^^^^ help: remove these parentheses
[INFO] [stdout]   |
[INFO] [stdout]   = note: `#[warn(unused_parens)]` on by default
[INFO] [stdout] 
[INFO] [stdout] 
[INFO] [stdout] warning: unnecessary parentheses around assigned value
[INFO] [stdout]  --> alpm-rs/src/enums.rs:6:35
[INFO] [stdout]   |
[INFO] [stdout] 6 | pub const ALPM_LOG_DEBUG :  i32 = (1 << 2);
[INFO] [stdout]   |                                   ^^^^^^^^ help: remove these parentheses
[INFO] [stdout] 
[INFO] [stdout] 
[INFO] [stdout] warning: unnecessary parentheses around assigned value
[INFO] [stdout]  --> alpm-rs/src/enums.rs:7:37
[INFO] [stdout]   |
[INFO] [stdout] 7 | pub const ALPM_LOG_FUNCTION : i32 = (1 << 3);
[INFO] [stdout]   |                                     ^^^^^^^^ help: remove these parentheses
[INFO] [stdout] 
[INFO] [stdout] 
[INFO] [stdout] warning: unnecessary parentheses around assigned value
[INFO] [stdout]   --> alpm-rs/src/enums.rs:10:45
[INFO] [stdout]    |
[INFO] [stdout] 10 | pub const ALPM_PKG_VALIDATION_NONE : i32 =  (1 << 0);
[INFO] [stdout]    |                                             ^^^^^^^^ help: remove these parentheses
[INFO] [stdout] 
[INFO] [stdout] 
[INFO] [stdout] warning: unnecessary parentheses around assigned value
[INFO] [stdout]   --> alpm-rs/src/enums.rs:11:47
[INFO] [stdout]    |
[INFO] [stdout] 11 | pub const ALPM_PKG_VALIDATION_MD5SUM :  i32 = (1 << 1);
[INFO] [stdout]    |                                               ^^^^^^^^ help: remove these parentheses
[INFO] [stdout] 
[INFO] [stdout] 
[INFO] [stdout] warning: unnecessary parentheses around assigned value
[INFO] [stdout]   --> alpm-rs/src/enums.rs:12:49
[INFO] [stdout]    |
[INFO] [stdout] 12 | pub const ALPM_PKG_VALIDATION_SHA256SUM : i32 = (1 << 2);
[INFO] [stdout]    |                                                 ^^^^^^^^ help: remove these parentheses
[INFO] [stdout] 
[INFO] [stdout] 
[INFO] [stdout] warning: unnecessary parentheses around assigned value
[INFO] [stdout]   --> alpm-rs/src/enums.rs:13:49
[INFO] [stdout]    |
[INFO] [stdout] 13 | pub const ALPM_PKG_VALIDATION_SIGNATURE : i32 = (1 << 3);
[INFO] [stdout]    |                                                 ^^^^^^^^ help: remove these parentheses
[INFO] [stdout] 
[INFO] [stdout] 
[INFO] [stdout] warning: unnecessary parentheses around assigned value
[INFO] [stdout]   --> alpm-rs/src/enums.rs:38:51
[INFO] [stdout]    |
[INFO] [stdout] 38 | pub const ALPM_QUESTION_INSTALL_IGNOREPKG : i32 = (1 << 0);
[INFO] [stdout]    |                                                   ^^^^^^^^ help: remove these parentheses
[INFO] [stdout] 
[INFO] [stdout] 
[INFO] [stdout] warning: unnecessary parentheses around assigned value
[INFO] [stdout]   --> alpm-rs/src/enums.rs:39:45
[INFO] [stdout]    |
[INFO] [stdout] 39 | pub const ALPM_QUESTION_REPLACE_PKG : i32 = (1 << 1);
[INFO] [stdout]    |                                             ^^^^^^^^ help: remove these parentheses
[INFO] [stdout] 
[INFO] [stdout] 
[INFO] [stdout] warning: unnecessary parentheses around assigned value
[INFO] [stdout]   --> alpm-rs/src/enums.rs:40:46
[INFO] [stdout]    |
[INFO] [stdout] 40 | pub const ALPM_QUESTION_CONFLICT_PKG : i32 = (1 << 2);
[INFO] [stdout]    |                                              ^^^^^^^^ help: remove these parentheses
[INFO] [stdout] 
[INFO] [stdout] 
[INFO] [stdout] warning: unnecessary parentheses around assigned value
[INFO] [stdout]   --> alpm-rs/src/enums.rs:41:47
[INFO] [stdout]    |
[INFO] [stdout] 41 | pub const ALPM_QUESTION_CORRUPTED_PKG : i32 = (1 << 3);
[INFO] [stdout]    |                                               ^^^^^^^^ help: remove these parentheses
[INFO] [stdout] 
[INFO] [stdout] 
[INFO] [stdout] warning: unnecessary parentheses around assigned value
[INFO] [stdout]   --> alpm-rs/src/enums.rs:42:45
[INFO] [stdout]    |
[INFO] [stdout] 42 | pub const ALPM_QUESTION_REMOVE_PKGS : i32 = (1 << 4);
[INFO] [stdout]    |                                             ^^^^^^^^ help: remove these parentheses
[INFO] [stdout] 
[INFO] [stdout] 
[INFO] [stdout] warning: unnecessary parentheses around assigned value
[INFO] [stdout]   --> alpm-rs/src/enums.rs:43:49
[INFO] [stdout]    |
[INFO] [stdout] 43 | pub const ALPM_QUESTION_SELECT_PROVIDER : i32 = (1 << 5);
[INFO] [stdout]    |                                                 ^^^^^^^^ help: remove these parentheses
[INFO] [stdout] 
[INFO] [stdout] 
[INFO] [stdout] warning: unnecessary parentheses around assigned value
[INFO] [stdout]   --> alpm-rs/src/enums.rs:44:44
[INFO] [stdout]    |
[INFO] [stdout] 44 | pub const ALPM_QUESTION_IMPORT_KEY : i32 = (1 << 6);
[INFO] [stdout]    |                                            ^^^^^^^^ help: remove these parentheses
[INFO] [stdout] 
[INFO] [stdout] 
[INFO] [stdout] warning: unnecessary parentheses around assigned value
[INFO] [stdout]   --> alpm-rs/src/enums.rs:48:41
[INFO] [stdout]    |
[INFO] [stdout] 48 | pub const ALPM_TRANS_FLAG_FORCE : i32 = (1 << 1);
[INFO] [stdout]    |                                         ^^^^^^^^ help: remove these parentheses
[INFO] [stdout] 
[INFO] [stdout] 
[INFO] [stdout] warning: unnecessary parentheses around assigned value
[INFO] [stdout]   --> alpm-rs/src/enums.rs:50:42
[INFO] [stdout]    |
[INFO] [stdout] 50 | pub const ALPM_TRANS_FLAG_NOSAVE : i32 = (1 << 2);
[INFO] [stdout]    |                                          ^^^^^^^^ help: remove these parentheses
[INFO] [stdout] 
[INFO] [stdout] 
[INFO] [stdout] warning: unnecessary parentheses around assigned value
[INFO] [stdout]   --> alpm-rs/src/enums.rs:52:48
[INFO] [stdout]    |
[INFO] [stdout] 52 | pub const ALPM_TRANS_FLAG_NODEPVERSION : i32 = (1 << 3);
[INFO] [stdout]    |                                                ^^^^^^^^ help: remove these parentheses
[INFO] [stdout] 
[INFO] [stdout] 
[INFO] [stdout] warning: unnecessary parentheses around assigned value
[INFO] [stdout]   --> alpm-rs/src/enums.rs:54:43
[INFO] [stdout]    |
[INFO] [stdout] 54 | pub const ALPM_TRANS_FLAG_CASCADE : i32 = (1 << 4);
[INFO] [stdout]    |                                           ^^^^^^^^ help: remove these parentheses
[INFO] [stdout] 
[INFO] [stdout] 
[INFO] [stdout] warning: unnecessary parentheses around assigned value
[INFO] [stdout]   --> alpm-rs/src/enums.rs:56:43
[INFO] [stdout]    |
[INFO] [stdout] 56 | pub const ALPM_TRANS_FLAG_RECURSE : i32 = (1 << 5);
[INFO] [stdout]    |                                           ^^^^^^^^ help: remove these parentheses
[INFO] [stdout] 
[INFO] [stdout] 
[INFO] [stdout] warning: unnecessary parentheses around assigned value
[INFO] [stdout]   --> alpm-rs/src/enums.rs:58:42
[INFO] [stdout]    |
[INFO] [stdout] 58 | pub const ALPM_TRANS_FLAG_DBONLY : i32 = (1 << 6);
[INFO] [stdout]    |                                          ^^^^^^^^ help: remove these parentheses
[INFO] [stdout] 
[INFO] [stdout] 
[INFO] [stdout] warning: unnecessary parentheses around assigned value
[INFO] [stdout]   --> alpm-rs/src/enums.rs:61:43
[INFO] [stdout]    |
[INFO] [stdout] 61 | pub const ALPM_TRANS_FLAG_ALLDEPS : i32 = (1 << 8);
[INFO] [stdout]    |                                           ^^^^^^^^ help: remove these parentheses
[INFO] [stdout] 
[INFO] [stdout] 
[INFO] [stdout] warning: unnecessary parentheses around assigned value
[INFO] [stdout]   --> alpm-rs/src/enums.rs:63:48
[INFO] [stdout]    |
[INFO] [stdout] 63 | pub const ALPM_TRANS_FLAG_DOWNLOADONLY : i32 = (1 << 9);
[INFO] [stdout]    |                                                ^^^^^^^^ help: remove these parentheses
[INFO] [stdout] 
[INFO] [stdout] 
[INFO] [stdout] warning: unnecessary parentheses around assigned value
[INFO] [stdout]   --> alpm-rs/src/enums.rs:65:47
[INFO] [stdout]    |
[INFO] [stdout] 65 | pub const ALPM_TRANS_FLAG_NOSCRIPTLET : i32 = (1 << 10);
[INFO] [stdout]    |                                               ^^^^^^^^^ help: remove these parentheses
[INFO] [stdout] 
[INFO] [stdout] 
[INFO] [stdout] warning: unnecessary parentheses around assigned value
[INFO] [stdout]   --> alpm-rs/src/enums.rs:67:47
[INFO] [stdout]    |
[INFO] [stdout] 67 | pub const ALPM_TRANS_FLAG_NOCONFLICTS : i32 = (1 << 11);
[INFO] [stdout]    |                                               ^^^^^^^^^ help: remove these parentheses
[INFO] [stdout] 
[INFO] [stdout] 
[INFO] [stdout] warning: unnecessary parentheses around assigned value
[INFO] [stdout]   --> alpm-rs/src/enums.rs:70:42
[INFO] [stdout]    |
[INFO] [stdout] 70 | pub const ALPM_TRANS_FLAG_NEEDED : i32 = (1 << 13);
[INFO] [stdout]    |                                          ^^^^^^^^^ help: remove these parentheses
[INFO] [stdout] 
[INFO] [stdout] 
[INFO] [stdout] warning: unnecessary parentheses around assigned value
[INFO] [stdout]   --> alpm-rs/src/enums.rs:72:47
[INFO] [stdout]    |
[INFO] [stdout] 72 | pub const ALPM_TRANS_FLAG_ALLEXPLICIT : i32 = (1 << 14);
[INFO] [stdout]    |                                               ^^^^^^^^^ help: remove these parentheses
[INFO] [stdout] 
[INFO] [stdout] 
[INFO] [stdout] warning: unnecessary parentheses around assigned value
[INFO] [stdout]   --> alpm-rs/src/enums.rs:74:44
[INFO] [stdout]    |
[INFO] [stdout] 74 | pub const ALPM_TRANS_FLAG_UNNEEDED : i32 = (1 << 15);
[INFO] [stdout]    |                                            ^^^^^^^^^ help: remove these parentheses
[INFO] [stdout] 
[INFO] [stdout] 
[INFO] [stdout] warning: unnecessary parentheses around assigned value
[INFO] [stdout]   --> alpm-rs/src/enums.rs:76:46
[INFO] [stdout]    |
[INFO] [stdout] 76 | pub const ALPM_TRANS_FLAG_RECURSEALL : i32 = (1 << 16);
[INFO] [stdout]    |                                              ^^^^^^^^^ help: remove these parentheses
[INFO] [stdout] 
[INFO] [stdout] 
[INFO] [stdout] warning: unnecessary parentheses around assigned value
[INFO] [stdout]   --> alpm-rs/src/enums.rs:78:42
[INFO] [stdout]    |
[INFO] [stdout] 78 | pub const ALPM_TRANS_FLAG_NOLOCK : i32 = (1 << 17);
[INFO] [stdout]    |                                          ^^^^^^^^^ help: remove these parentheses
[INFO] [stdout] 
[INFO] [stdout] 
[INFO] [stdout] warning: trait objects without an explicit `dyn` are deprecated
[INFO] [stdout]   --> alpm-rs/src/error.rs:31:32
[INFO] [stdout]    |
[INFO] [stdout] 31 |     fn cause(&self) -> Option<&error::Error> {
[INFO] [stdout]    |                                ^^^^^^^^^^^^ help: use `dyn`: `dyn error::Error`
[INFO] [stdout]    |
[INFO] [stdout]    = warning: this is accepted in the current edition (Rust 2018) but is a hard error in Rust 2021!
[INFO] [stdout]    = note: for more information, see issue #80165 <https://github.com/rust-lang/rust/issues/80165>
[INFO] [stdout] 
[INFO] [stdout] 
[INFO] [stdout] warning: use of deprecated associated function `std::error::Error::description`: use the Display impl or to_string()
[INFO] [stdout]    --> pacman/src/ini.rs:658:39
[INFO] [stdout]     |
[INFO] [stdout] 658 |             Error::Io(ref err) => err.description(),
[INFO] [stdout]     |                                       ^^^^^^^^^^^
[INFO] [stdout]     |
[INFO] [stdout]     = note: `#[warn(deprecated)]` on by default
[INFO] [stdout] 
[INFO] [stdout] 
[INFO] [stdout] warning: use of deprecated associated function `std::error::Error::description`: use the Display impl or to_string()
[INFO] [stdout]    --> pacman/src/ini.rs:659:42
[INFO] [stdout]     |
[INFO] [stdout] 659 |             Error::Parse(ref err) => err.description(),
[INFO] [stdout]     |                                          ^^^^^^^^^^^
[INFO] [stdout] 
[INFO] [stdout] 
[INFO] [stdout] warning: use of deprecated associated function `std::error::Error::cause`: replaced by Error::source, which can support downcasting
[INFO] [stdout]    --> pacman/src/ini.rs:665:39
[INFO] [stdout]     |
[INFO] [stdout] 665 |             Error::Io(ref err) => err.cause(),
[INFO] [stdout]     |                                       ^^^^^
[INFO] [stdout] 
[INFO] [stdout] 
[INFO] [stdout] warning: use of deprecated associated function `std::error::Error::cause`: replaced by Error::source, which can support downcasting
[INFO] [stdout]    --> pacman/src/ini.rs:666:42
[INFO] [stdout]     |
[INFO] [stdout] 666 |             Error::Parse(ref err) => err.cause(),
[INFO] [stdout]     |                                          ^^^^^
[INFO] [stdout] 
[INFO] [stdout] 
[INFO] [stdout] warning: unused import: `Write`
[INFO] [stdout]   --> pacman/src/ini.rs:37:27
[INFO] [stdout]    |
[INFO] [stdout] 37 | use std::io::{self, Read, Write};
[INFO] [stdout]    |                           ^^^^^
[INFO] [stdout] 
[INFO] [stdout] 
[INFO] [stdout] warning: variable does not need to be mutable
[INFO] [stdout]   --> pacman/src/config.rs:86:17
[INFO] [stdout]    |
[INFO] [stdout] 86 |             let mut section : String;
[INFO] [stdout]    |                 ----^^^^^^^
[INFO] [stdout]    |                 |
[INFO] [stdout]    |                 help: remove this `mut`
[INFO] [stdout]    |
[INFO] [stdout]    = note: `#[warn(unused_mut)]` on by default
[INFO] [stdout] 
[INFO] [stdout] 
[INFO] [stdout] warning: function is never used: `escape_str`
[INFO] [stdout]    --> pacman/src/ini.rs:116:4
[INFO] [stdout]     |
[INFO] [stdout] 116 | fn escape_str(s: &str, policy: EscapePolicy) -> String {
[INFO] [stdout]     |    ^^^^^^^^^^
[INFO] [stdout]     |
[INFO] [stdout]     = note: `#[warn(dead_code)]` on by default
[INFO] [stdout] 
[INFO] [stdout] 
[INFO] [stdout] warning: trait objects without an explicit `dyn` are deprecated
[INFO] [stdout]   --> aur-client/src/aur.rs:56:50
[INFO] [stdout]    |
[INFO] [stdout] 56 | pub fn search(arg: &str) -> Result<Response, Box<Error>> {
[INFO] [stdout]    |                                                  ^^^^^ help: use `dyn`: `dyn Error`
[INFO] [stdout]    |
[INFO] [stdout]    = note: `#[warn(bare_trait_objects)]` on by default
[INFO] [stdout]    = warning: this is accepted in the current edition (Rust 2018) but is a hard error in Rust 2021!
[INFO] [stdout]    = note: for more information, see issue #80165 <https://github.com/rust-lang/rust/issues/80165>
[INFO] [stdout] 
[INFO] [stdout] 
[INFO] [stdout] warning: trait objects without an explicit `dyn` are deprecated
[INFO] [stdout]   --> aur-client/src/aur.rs:66:55
[INFO] [stdout]    |
[INFO] [stdout] 66 | pub fn info(needles: &[&str]) -> Result<Response, Box<Error>>{
[INFO] [stdout]    |                                                       ^^^^^ help: use `dyn`: `dyn Error`
[INFO] [stdout]    |
[INFO] [stdout]    = warning: this is accepted in the current edition (Rust 2018) but is a hard error in Rust 2021!
[INFO] [stdout]    = note: for more information, see issue #80165 <https://github.com/rust-lang/rust/issues/80165>
[INFO] [stdout] 
[INFO] [stdout] 
[INFO] [stdout] warning: trait objects without an explicit `dyn` are deprecated
[INFO] [stdout]   --> aur-client/src/aur.rs:81:65
[INFO] [stdout]    |
[INFO] [stdout] 81 | pub fn clone(package: &str, p: &Path) -> Result<Repository, Box<Error>>{
[INFO] [stdout]    |                                                                 ^^^^^ help: use `dyn`: `dyn Error`
[INFO] [stdout]    |
[INFO] [stdout]    = warning: this is accepted in the current edition (Rust 2018) but is a hard error in Rust 2021!
[INFO] [stdout]    = note: for more information, see issue #80165 <https://github.com/rust-lang/rust/issues/80165>
[INFO] [stdout] 
[INFO] [stdout] 
[INFO] [stdout] error: linking with `cc` failed: exit status: 1
[INFO] [stdout]   |
[INFO] [stdout]   = note: "cc" "-m64" "/opt/rustwide/target/debug/deps/types-fa442d3e9b5ca299.types.11485749-cgu.0.rcgu.o" "/opt/rustwide/target/debug/deps/types-fa442d3e9b5ca299.types.11485749-cgu.1.rcgu.o" "/opt/rustwide/target/debug/deps/types-fa442d3e9b5ca299.types.11485749-cgu.10.rcgu.o" "/opt/rustwide/target/debug/deps/types-fa442d3e9b5ca299.types.11485749-cgu.11.rcgu.o" "/opt/rustwide/target/debug/deps/types-fa442d3e9b5ca299.types.11485749-cgu.12.rcgu.o" "/opt/rustwide/target/debug/deps/types-fa442d3e9b5ca299.types.11485749-cgu.13.rcgu.o" "/opt/rustwide/target/debug/deps/types-fa442d3e9b5ca299.types.11485749-cgu.14.rcgu.o" "/opt/rustwide/target/debug/deps/types-fa442d3e9b5ca299.types.11485749-cgu.15.rcgu.o" "/opt/rustwide/target/debug/deps/types-fa442d3e9b5ca299.types.11485749-cgu.2.rcgu.o" "/opt/rustwide/target/debug/deps/types-fa442d3e9b5ca299.types.11485749-cgu.3.rcgu.o" "/opt/rustwide/target/debug/deps/types-fa442d3e9b5ca299.types.11485749-cgu.4.rcgu.o" "/opt/rustwide/target/debug/deps/types-fa442d3e9b5ca299.types.11485749-cgu.5.rcgu.o" "/opt/rustwide/target/debug/deps/types-fa442d3e9b5ca299.types.11485749-cgu.6.rcgu.o" "/opt/rustwide/target/debug/deps/types-fa442d3e9b5ca299.types.11485749-cgu.7.rcgu.o" "/opt/rustwide/target/debug/deps/types-fa442d3e9b5ca299.types.11485749-cgu.8.rcgu.o" "/opt/rustwide/target/debug/deps/types-fa442d3e9b5ca299.types.11485749-cgu.9.rcgu.o" "/opt/rustwide/target/debug/deps/types-fa442d3e9b5ca299.55tuiy7spij0s3ns.rcgu.o" "-Wl,--as-needed" "-L" "/opt/rustwide/target/debug/deps" "-L" "/opt/rustwide/rustup-home/toolchains/beta-2021-08-01-x86_64-unknown-linux-gnu/lib/rustlib/x86_64-unknown-linux-gnu/lib" "-Wl,-Bstatic" "/opt/rustwide/rustup-home/toolchains/beta-2021-08-01-x86_64-unknown-linux-gnu/lib/rustlib/x86_64-unknown-linux-gnu/lib/libtest-6e9019ff2cdb2237.rlib" "/opt/rustwide/rustup-home/toolchains/beta-2021-08-01-x86_64-unknown-linux-gnu/lib/rustlib/x86_64-unknown-linux-gnu/lib/libgetopts-e9cc0b5f091b140c.rlib" "/opt/rustwide/rustup-home/toolchains/beta-2021-08-01-x86_64-unknown-linux-gnu/lib/rustlib/x86_64-unknown-linux-gnu/lib/libunicode_width-762dfa4479f14aad.rlib" "/opt/rustwide/rustup-home/toolchains/beta-2021-08-01-x86_64-unknown-linux-gnu/lib/rustlib/x86_64-unknown-linux-gnu/lib/librustc_std_workspace_std-2a5ac1cc0b21909c.rlib" "/opt/rustwide/target/debug/deps/libalpm_rs-1d3aa659b570ba9e.rlib" "/opt/rustwide/target/debug/deps/liblibc-b684b5b61d6ab574.rlib" "-Wl,--start-group" "/opt/rustwide/rustup-home/toolchains/beta-2021-08-01-x86_64-unknown-linux-gnu/lib/rustlib/x86_64-unknown-linux-gnu/lib/libstd-197d933f09d9a590.rlib" "/opt/rustwide/rustup-home/toolchains/beta-2021-08-01-x86_64-unknown-linux-gnu/lib/rustlib/x86_64-unknown-linux-gnu/lib/libpanic_unwind-46a006cddfd334f0.rlib" "/opt/rustwide/rustup-home/toolchains/beta-2021-08-01-x86_64-unknown-linux-gnu/lib/rustlib/x86_64-unknown-linux-gnu/lib/libminiz_oxide-5b9870310e470b38.rlib" "/opt/rustwide/rustup-home/toolchains/beta-2021-08-01-x86_64-unknown-linux-gnu/lib/rustlib/x86_64-unknown-linux-gnu/lib/libadler-260022ba8f1ab4ee.rlib" "/opt/rustwide/rustup-home/toolchains/beta-2021-08-01-x86_64-unknown-linux-gnu/lib/rustlib/x86_64-unknown-linux-gnu/lib/libobject-71377435a799394f.rlib" "/opt/rustwide/rustup-home/toolchains/beta-2021-08-01-x86_64-unknown-linux-gnu/lib/rustlib/x86_64-unknown-linux-gnu/lib/libaddr2line-658ee5924fde57cd.rlib" "/opt/rustwide/rustup-home/toolchains/beta-2021-08-01-x86_64-unknown-linux-gnu/lib/rustlib/x86_64-unknown-linux-gnu/lib/libgimli-9e8627da6bd1b94a.rlib" "/opt/rustwide/rustup-home/toolchains/beta-2021-08-01-x86_64-unknown-linux-gnu/lib/rustlib/x86_64-unknown-linux-gnu/lib/libstd_detect-19fdaac49f59be84.rlib" "/opt/rustwide/rustup-home/toolchains/beta-2021-08-01-x86_64-unknown-linux-gnu/lib/rustlib/x86_64-unknown-linux-gnu/lib/librustc_demangle-cb00e2691ea45905.rlib" "/opt/rustwide/rustup-home/toolchains/beta-2021-08-01-x86_64-unknown-linux-gnu/lib/rustlib/x86_64-unknown-linux-gnu/lib/libhashbrown-50f6726defae5ae1.rlib" "/opt/rustwide/rustup-home/toolchains/beta-2021-08-01-x86_64-unknown-linux-gnu/lib/rustlib/x86_64-unknown-linux-gnu/lib/librustc_std_workspace_alloc-2afc16311deea26e.rlib" "/opt/rustwide/rustup-home/toolchains/beta-2021-08-01-x86_64-unknown-linux-gnu/lib/rustlib/x86_64-unknown-linux-gnu/lib/libunwind-bb5cb0fe086ee8cf.rlib" "/opt/rustwide/rustup-home/toolchains/beta-2021-08-01-x86_64-unknown-linux-gnu/lib/rustlib/x86_64-unknown-linux-gnu/lib/libcfg_if-896053247b5dfd0b.rlib" "/opt/rustwide/rustup-home/toolchains/beta-2021-08-01-x86_64-unknown-linux-gnu/lib/rustlib/x86_64-unknown-linux-gnu/lib/liblibc-735e1f2ac3cf23be.rlib" "/opt/rustwide/rustup-home/toolchains/beta-2021-08-01-x86_64-unknown-linux-gnu/lib/rustlib/x86_64-unknown-linux-gnu/lib/liballoc-9dfb6622644c732c.rlib" "/opt/rustwide/rustup-home/toolchains/beta-2021-08-01-x86_64-unknown-linux-gnu/lib/rustlib/x86_64-unknown-linux-gnu/lib/librustc_std_workspace_core-beea7d9617fe25c5.rlib" "/opt/rustwide/rustup-home/toolchains/beta-2021-08-01-x86_64-unknown-linux-gnu/lib/rustlib/x86_64-unknown-linux-gnu/lib/libcore-8ef7dd43fc671f88.rlib" "-Wl,--end-group" "/opt/rustwide/rustup-home/toolchains/beta-2021-08-01-x86_64-unknown-linux-gnu/lib/rustlib/x86_64-unknown-linux-gnu/lib/libcompiler_builtins-a9a3b2ad67977f47.rlib" "-Wl,-Bdynamic" "-lalpm" "-lutil" "-lgcc_s" "-lutil" "-lrt" "-lpthread" "-lm" "-ldl" "-lc" "-Wl,--eh-frame-hdr" "-Wl,-znoexecstack" "-L" "/opt/rustwide/rustup-home/toolchains/beta-2021-08-01-x86_64-unknown-linux-gnu/lib/rustlib/x86_64-unknown-linux-gnu/lib" "-o" "/opt/rustwide/target/debug/deps/types-fa442d3e9b5ca299" "-Wl,--gc-sections" "-pie" "-Wl,-zrelro" "-Wl,-znow" "-nodefaultlibs"
[INFO] [stdout]   = note: /usr/bin/ld: cannot find -lalpm
[INFO] [stdout]           collect2: error: ld returned 1 exit status
[INFO] [stdout]           
[INFO] [stdout] 
[INFO] [stdout] 
[INFO] [stdout] error: aborting due to previous error
[INFO] [stdout] 
[INFO] [stdout] 
[INFO] [stdout] error: linking with `cc` failed: exit status: 1
[INFO] [stdout]   |
[INFO] [stdout]   = note: "cc" "-m64" "/opt/rustwide/target/debug/deps/db-9dd3cc89fdc9ba4b.db.71e88c94-cgu.0.rcgu.o" "/opt/rustwide/target/debug/deps/db-9dd3cc89fdc9ba4b.db.71e88c94-cgu.1.rcgu.o" "/opt/rustwide/target/debug/deps/db-9dd3cc89fdc9ba4b.db.71e88c94-cgu.10.rcgu.o" "/opt/rustwide/target/debug/deps/db-9dd3cc89fdc9ba4b.db.71e88c94-cgu.11.rcgu.o" "/opt/rustwide/target/debug/deps/db-9dd3cc89fdc9ba4b.db.71e88c94-cgu.12.rcgu.o" "/opt/rustwide/target/debug/deps/db-9dd3cc89fdc9ba4b.db.71e88c94-cgu.13.rcgu.o" "/opt/rustwide/target/debug/deps/db-9dd3cc89fdc9ba4b.db.71e88c94-cgu.14.rcgu.o" "/opt/rustwide/target/debug/deps/db-9dd3cc89fdc9ba4b.db.71e88c94-cgu.15.rcgu.o" "/opt/rustwide/target/debug/deps/db-9dd3cc89fdc9ba4b.db.71e88c94-cgu.2.rcgu.o" "/opt/rustwide/target/debug/deps/db-9dd3cc89fdc9ba4b.db.71e88c94-cgu.3.rcgu.o" "/opt/rustwide/target/debug/deps/db-9dd3cc89fdc9ba4b.db.71e88c94-cgu.4.rcgu.o" "/opt/rustwide/target/debug/deps/db-9dd3cc89fdc9ba4b.db.71e88c94-cgu.5.rcgu.o" "/opt/rustwide/target/debug/deps/db-9dd3cc89fdc9ba4b.db.71e88c94-cgu.6.rcgu.o" "/opt/rustwide/target/debug/deps/db-9dd3cc89fdc9ba4b.db.71e88c94-cgu.7.rcgu.o" "/opt/rustwide/target/debug/deps/db-9dd3cc89fdc9ba4b.db.71e88c94-cgu.8.rcgu.o" "/opt/rustwide/target/debug/deps/db-9dd3cc89fdc9ba4b.db.71e88c94-cgu.9.rcgu.o" "/opt/rustwide/target/debug/deps/db-9dd3cc89fdc9ba4b.1ffil4siaumj69r1.rcgu.o" "-Wl,--as-needed" "-L" "/opt/rustwide/target/debug/deps" "-L" "/opt/rustwide/rustup-home/toolchains/beta-2021-08-01-x86_64-unknown-linux-gnu/lib/rustlib/x86_64-unknown-linux-gnu/lib" "-Wl,-Bstatic" "/opt/rustwide/target/debug/deps/libalpm_rs-1d3aa659b570ba9e.rlib" "/opt/rustwide/target/debug/deps/liblibc-b684b5b61d6ab574.rlib" "/opt/rustwide/rustup-home/toolchains/beta-2021-08-01-x86_64-unknown-linux-gnu/lib/rustlib/x86_64-unknown-linux-gnu/lib/libtest-6e9019ff2cdb2237.rlib" "/opt/rustwide/rustup-home/toolchains/beta-2021-08-01-x86_64-unknown-linux-gnu/lib/rustlib/x86_64-unknown-linux-gnu/lib/libgetopts-e9cc0b5f091b140c.rlib" "/opt/rustwide/rustup-home/toolchains/beta-2021-08-01-x86_64-unknown-linux-gnu/lib/rustlib/x86_64-unknown-linux-gnu/lib/libunicode_width-762dfa4479f14aad.rlib" "/opt/rustwide/rustup-home/toolchains/beta-2021-08-01-x86_64-unknown-linux-gnu/lib/rustlib/x86_64-unknown-linux-gnu/lib/librustc_std_workspace_std-2a5ac1cc0b21909c.rlib" "-Wl,--start-group" "/opt/rustwide/rustup-home/toolchains/beta-2021-08-01-x86_64-unknown-linux-gnu/lib/rustlib/x86_64-unknown-linux-gnu/lib/libstd-197d933f09d9a590.rlib" "/opt/rustwide/rustup-home/toolchains/beta-2021-08-01-x86_64-unknown-linux-gnu/lib/rustlib/x86_64-unknown-linux-gnu/lib/libpanic_unwind-46a006cddfd334f0.rlib" "/opt/rustwide/rustup-home/toolchains/beta-2021-08-01-x86_64-unknown-linux-gnu/lib/rustlib/x86_64-unknown-linux-gnu/lib/libminiz_oxide-5b9870310e470b38.rlib" "/opt/rustwide/rustup-home/toolchains/beta-2021-08-01-x86_64-unknown-linux-gnu/lib/rustlib/x86_64-unknown-linux-gnu/lib/libadler-260022ba8f1ab4ee.rlib" "/opt/rustwide/rustup-home/toolchains/beta-2021-08-01-x86_64-unknown-linux-gnu/lib/rustlib/x86_64-unknown-linux-gnu/lib/libobject-71377435a799394f.rlib" "/opt/rustwide/rustup-home/toolchains/beta-2021-08-01-x86_64-unknown-linux-gnu/lib/rustlib/x86_64-unknown-linux-gnu/lib/libaddr2line-658ee5924fde57cd.rlib" "/opt/rustwide/rustup-home/toolchains/beta-2021-08-01-x86_64-unknown-linux-gnu/lib/rustlib/x86_64-unknown-linux-gnu/lib/libgimli-9e8627da6bd1b94a.rlib" "/opt/rustwide/rustup-home/toolchains/beta-2021-08-01-x86_64-unknown-linux-gnu/lib/rustlib/x86_64-unknown-linux-gnu/lib/libstd_detect-19fdaac49f59be84.rlib" "/opt/rustwide/rustup-home/toolchains/beta-2021-08-01-x86_64-unknown-linux-gnu/lib/rustlib/x86_64-unknown-linux-gnu/lib/librustc_demangle-cb00e2691ea45905.rlib" "/opt/rustwide/rustup-home/toolchains/beta-2021-08-01-x86_64-unknown-linux-gnu/lib/rustlib/x86_64-unknown-linux-gnu/lib/libhashbrown-50f6726defae5ae1.rlib" "/opt/rustwide/rustup-home/toolchains/beta-2021-08-01-x86_64-unknown-linux-gnu/lib/rustlib/x86_64-unknown-linux-gnu/lib/librustc_std_workspace_alloc-2afc16311deea26e.rlib" "/opt/rustwide/rustup-home/toolchains/beta-2021-08-01-x86_64-unknown-linux-gnu/lib/rustlib/x86_64-unknown-linux-gnu/lib/libunwind-bb5cb0fe086ee8cf.rlib" "/opt/rustwide/rustup-home/toolchains/beta-2021-08-01-x86_64-unknown-linux-gnu/lib/rustlib/x86_64-unknown-linux-gnu/lib/libcfg_if-896053247b5dfd0b.rlib" "/opt/rustwide/rustup-home/toolchains/beta-2021-08-01-x86_64-unknown-linux-gnu/lib/rustlib/x86_64-unknown-linux-gnu/lib/liblibc-735e1f2ac3cf23be.rlib" "/opt/rustwide/rustup-home/toolchains/beta-2021-08-01-x86_64-unknown-linux-gnu/lib/rustlib/x86_64-unknown-linux-gnu/lib/liballoc-9dfb6622644c732c.rlib" "/opt/rustwide/rustup-home/toolchains/beta-2021-08-01-x86_64-unknown-linux-gnu/lib/rustlib/x86_64-unknown-linux-gnu/lib/librustc_std_workspace_core-beea7d9617fe25c5.rlib" "/opt/rustwide/rustup-home/toolchains/beta-2021-08-01-x86_64-unknown-linux-gnu/lib/rustlib/x86_64-unknown-linux-gnu/lib/libcore-8ef7dd43fc671f88.rlib" "-Wl,--end-group" "/opt/rustwide/rustup-home/toolchains/beta-2021-08-01-x86_64-unknown-linux-gnu/lib/rustlib/x86_64-unknown-linux-gnu/lib/libcompiler_builtins-a9a3b2ad67977f47.rlib" "-Wl,-Bdynamic" "-lalpm" "-lutil" "-lgcc_s" "-lutil" "-lrt" "-lpthread" "-lm" "-ldl" "-lc" "-Wl,--eh-frame-hdr" "-Wl,-znoexecstack" "-L" "/opt/rustwide/rustup-home/toolchains/beta-2021-08-01-x86_64-unknown-linux-gnu/lib/rustlib/x86_64-unknown-linux-gnu/lib" "-o" "/opt/rustwide/target/debug/deps/db-9dd3cc89fdc9ba4b" "-Wl,--gc-sections" "-pie" "-Wl,-zrelro" "-Wl,-znow" "-nodefaultlibs"
[INFO] [stdout]   = note: /usr/bin/ld: cannot find -lalpm
[INFO] [stdout]           collect2: error: ld returned 1 exit status
[INFO] [stdout]           
[INFO] [stdout] 
[INFO] [stdout] 
[INFO] [stdout] error: aborting due to previous error
[INFO] [stdout] 
[INFO] [stdout] 
[INFO] [stderr] error: could not compile `alpm-rs` due to 2 previous errors
[INFO] [stderr] warning: build failed, waiting for other jobs to finish...
[INFO] [stdout] error: linking with `cc` failed: exit status: 1
[INFO] [stdout]   |
[INFO] [stdout]   = note: "cc" "-m64" "/opt/rustwide/target/debug/deps/package-867cb3b6a862c15c.package.7507db9e-cgu.0.rcgu.o" "/opt/rustwide/target/debug/deps/package-867cb3b6a862c15c.package.7507db9e-cgu.1.rcgu.o" "/opt/rustwide/target/debug/deps/package-867cb3b6a862c15c.package.7507db9e-cgu.10.rcgu.o" "/opt/rustwide/target/debug/deps/package-867cb3b6a862c15c.package.7507db9e-cgu.11.rcgu.o" "/opt/rustwide/target/debug/deps/package-867cb3b6a862c15c.package.7507db9e-cgu.12.rcgu.o" "/opt/rustwide/target/debug/deps/package-867cb3b6a862c15c.package.7507db9e-cgu.13.rcgu.o" "/opt/rustwide/target/debug/deps/package-867cb3b6a862c15c.package.7507db9e-cgu.14.rcgu.o" "/opt/rustwide/target/debug/deps/package-867cb3b6a862c15c.package.7507db9e-cgu.15.rcgu.o" "/opt/rustwide/target/debug/deps/package-867cb3b6a862c15c.package.7507db9e-cgu.2.rcgu.o" "/opt/rustwide/target/debug/deps/package-867cb3b6a862c15c.package.7507db9e-cgu.3.rcgu.o" "/opt/rustwide/target/debug/deps/package-867cb3b6a862c15c.package.7507db9e-cgu.4.rcgu.o" "/opt/rustwide/target/debug/deps/package-867cb3b6a862c15c.package.7507db9e-cgu.5.rcgu.o" "/opt/rustwide/target/debug/deps/package-867cb3b6a862c15c.package.7507db9e-cgu.6.rcgu.o" "/opt/rustwide/target/debug/deps/package-867cb3b6a862c15c.package.7507db9e-cgu.7.rcgu.o" "/opt/rustwide/target/debug/deps/package-867cb3b6a862c15c.package.7507db9e-cgu.8.rcgu.o" "/opt/rustwide/target/debug/deps/package-867cb3b6a862c15c.package.7507db9e-cgu.9.rcgu.o" "/opt/rustwide/target/debug/deps/package-867cb3b6a862c15c.z9luscz4hwgj6a4.rcgu.o" "-Wl,--as-needed" "-L" "/opt/rustwide/target/debug/deps" "-L" "/opt/rustwide/rustup-home/toolchains/beta-2021-08-01-x86_64-unknown-linux-gnu/lib/rustlib/x86_64-unknown-linux-gnu/lib" "-Wl,-Bstatic" "/opt/rustwide/rustup-home/toolchains/beta-2021-08-01-x86_64-unknown-linux-gnu/lib/rustlib/x86_64-unknown-linux-gnu/lib/libtest-6e9019ff2cdb2237.rlib" "/opt/rustwide/rustup-home/toolchains/beta-2021-08-01-x86_64-unknown-linux-gnu/lib/rustlib/x86_64-unknown-linux-gnu/lib/libgetopts-e9cc0b5f091b140c.rlib" "/opt/rustwide/rustup-home/toolchains/beta-2021-08-01-x86_64-unknown-linux-gnu/lib/rustlib/x86_64-unknown-linux-gnu/lib/libunicode_width-762dfa4479f14aad.rlib" "/opt/rustwide/rustup-home/toolchains/beta-2021-08-01-x86_64-unknown-linux-gnu/lib/rustlib/x86_64-unknown-linux-gnu/lib/librustc_std_workspace_std-2a5ac1cc0b21909c.rlib" "/opt/rustwide/target/debug/deps/libalpm_rs-1d3aa659b570ba9e.rlib" "/opt/rustwide/target/debug/deps/liblibc-b684b5b61d6ab574.rlib" "-Wl,--start-group" "/opt/rustwide/rustup-home/toolchains/beta-2021-08-01-x86_64-unknown-linux-gnu/lib/rustlib/x86_64-unknown-linux-gnu/lib/libstd-197d933f09d9a590.rlib" "/opt/rustwide/rustup-home/toolchains/beta-2021-08-01-x86_64-unknown-linux-gnu/lib/rustlib/x86_64-unknown-linux-gnu/lib/libpanic_unwind-46a006cddfd334f0.rlib" "/opt/rustwide/rustup-home/toolchains/beta-2021-08-01-x86_64-unknown-linux-gnu/lib/rustlib/x86_64-unknown-linux-gnu/lib/libminiz_oxide-5b9870310e470b38.rlib" "/opt/rustwide/rustup-home/toolchains/beta-2021-08-01-x86_64-unknown-linux-gnu/lib/rustlib/x86_64-unknown-linux-gnu/lib/libadler-260022ba8f1ab4ee.rlib" "/opt/rustwide/rustup-home/toolchains/beta-2021-08-01-x86_64-unknown-linux-gnu/lib/rustlib/x86_64-unknown-linux-gnu/lib/libobject-71377435a799394f.rlib" "/opt/rustwide/rustup-home/toolchains/beta-2021-08-01-x86_64-unknown-linux-gnu/lib/rustlib/x86_64-unknown-linux-gnu/lib/libaddr2line-658ee5924fde57cd.rlib" "/opt/rustwide/rustup-home/toolchains/beta-2021-08-01-x86_64-unknown-linux-gnu/lib/rustlib/x86_64-unknown-linux-gnu/lib/libgimli-9e8627da6bd1b94a.rlib" "/opt/rustwide/rustup-home/toolchains/beta-2021-08-01-x86_64-unknown-linux-gnu/lib/rustlib/x86_64-unknown-linux-gnu/lib/libstd_detect-19fdaac49f59be84.rlib" "/opt/rustwide/rustup-home/toolchains/beta-2021-08-01-x86_64-unknown-linux-gnu/lib/rustlib/x86_64-unknown-linux-gnu/lib/librustc_demangle-cb00e2691ea45905.rlib" "/opt/rustwide/rustup-home/toolchains/beta-2021-08-01-x86_64-unknown-linux-gnu/lib/rustlib/x86_64-unknown-linux-gnu/lib/libhashbrown-50f6726defae5ae1.rlib" "/opt/rustwide/rustup-home/toolchains/beta-2021-08-01-x86_64-unknown-linux-gnu/lib/rustlib/x86_64-unknown-linux-gnu/lib/librustc_std_workspace_alloc-2afc16311deea26e.rlib" "/opt/rustwide/rustup-home/toolchains/beta-2021-08-01-x86_64-unknown-linux-gnu/lib/rustlib/x86_64-unknown-linux-gnu/lib/libunwind-bb5cb0fe086ee8cf.rlib" "/opt/rustwide/rustup-home/toolchains/beta-2021-08-01-x86_64-unknown-linux-gnu/lib/rustlib/x86_64-unknown-linux-gnu/lib/libcfg_if-896053247b5dfd0b.rlib" "/opt/rustwide/rustup-home/toolchains/beta-2021-08-01-x86_64-unknown-linux-gnu/lib/rustlib/x86_64-unknown-linux-gnu/lib/liblibc-735e1f2ac3cf23be.rlib" "/opt/rustwide/rustup-home/toolchains/beta-2021-08-01-x86_64-unknown-linux-gnu/lib/rustlib/x86_64-unknown-linux-gnu/lib/liballoc-9dfb6622644c732c.rlib" "/opt/rustwide/rustup-home/toolchains/beta-2021-08-01-x86_64-unknown-linux-gnu/lib/rustlib/x86_64-unknown-linux-gnu/lib/librustc_std_workspace_core-beea7d9617fe25c5.rlib" "/opt/rustwide/rustup-home/toolchains/beta-2021-08-01-x86_64-unknown-linux-gnu/lib/rustlib/x86_64-unknown-linux-gnu/lib/libcore-8ef7dd43fc671f88.rlib" "-Wl,--end-group" "/opt/rustwide/rustup-home/toolchains/beta-2021-08-01-x86_64-unknown-linux-gnu/lib/rustlib/x86_64-unknown-linux-gnu/lib/libcompiler_builtins-a9a3b2ad67977f47.rlib" "-Wl,-Bdynamic" "-lalpm" "-lutil" "-lgcc_s" "-lutil" "-lrt" "-lpthread" "-lm" "-ldl" "-lc" "-Wl,--eh-frame-hdr" "-Wl,-znoexecstack" "-L" "/opt/rustwide/rustup-home/toolchains/beta-2021-08-01-x86_64-unknown-linux-gnu/lib/rustlib/x86_64-unknown-linux-gnu/lib" "-o" "/opt/rustwide/target/debug/deps/package-867cb3b6a862c15c" "-Wl,--gc-sections" "-pie" "-Wl,-zrelro" "-Wl,-znow" "-nodefaultlibs"
[INFO] [stdout]   = note: /usr/bin/ld: cannot find -lalpm
[INFO] [stdout]           collect2: error: ld returned 1 exit status
[INFO] [stdout]           
[INFO] [stdout] 
[INFO] [stdout] 
[INFO] [stdout] error: aborting due to previous error
[INFO] [stdout] 
[INFO] [stdout] 
[INFO] [stdout] error: linking with `cc` failed: exit status: 1
[INFO] [stdout]   |
[INFO] [stdout]   = note: "cc" "-m64" "/opt/rustwide/target/debug/deps/alpm-ab5d3a898f463f85.alpm.66d1c47d-cgu.0.rcgu.o" "/opt/rustwide/target/debug/deps/alpm-ab5d3a898f463f85.alpm.66d1c47d-cgu.1.rcgu.o" "/opt/rustwide/target/debug/deps/alpm-ab5d3a898f463f85.alpm.66d1c47d-cgu.10.rcgu.o" "/opt/rustwide/target/debug/deps/alpm-ab5d3a898f463f85.alpm.66d1c47d-cgu.11.rcgu.o" "/opt/rustwide/target/debug/deps/alpm-ab5d3a898f463f85.alpm.66d1c47d-cgu.12.rcgu.o" "/opt/rustwide/target/debug/deps/alpm-ab5d3a898f463f85.alpm.66d1c47d-cgu.13.rcgu.o" "/opt/rustwide/target/debug/deps/alpm-ab5d3a898f463f85.alpm.66d1c47d-cgu.14.rcgu.o" "/opt/rustwide/target/debug/deps/alpm-ab5d3a898f463f85.alpm.66d1c47d-cgu.15.rcgu.o" "/opt/rustwide/target/debug/deps/alpm-ab5d3a898f463f85.alpm.66d1c47d-cgu.2.rcgu.o" "/opt/rustwide/target/debug/deps/alpm-ab5d3a898f463f85.alpm.66d1c47d-cgu.3.rcgu.o" "/opt/rustwide/target/debug/deps/alpm-ab5d3a898f463f85.alpm.66d1c47d-cgu.4.rcgu.o" "/opt/rustwide/target/debug/deps/alpm-ab5d3a898f463f85.alpm.66d1c47d-cgu.5.rcgu.o" "/opt/rustwide/target/debug/deps/alpm-ab5d3a898f463f85.alpm.66d1c47d-cgu.6.rcgu.o" "/opt/rustwide/target/debug/deps/alpm-ab5d3a898f463f85.alpm.66d1c47d-cgu.7.rcgu.o" "/opt/rustwide/target/debug/deps/alpm-ab5d3a898f463f85.alpm.66d1c47d-cgu.8.rcgu.o" "/opt/rustwide/target/debug/deps/alpm-ab5d3a898f463f85.alpm.66d1c47d-cgu.9.rcgu.o" "/opt/rustwide/target/debug/deps/alpm-ab5d3a898f463f85.1ef1d7gl29om4f4n.rcgu.o" "-Wl,--as-needed" "-L" "/opt/rustwide/target/debug/deps" "-L" "/opt/rustwide/rustup-home/toolchains/beta-2021-08-01-x86_64-unknown-linux-gnu/lib/rustlib/x86_64-unknown-linux-gnu/lib" "-Wl,-Bstatic" "/opt/rustwide/target/debug/deps/libalpm_rs-1d3aa659b570ba9e.rlib" "/opt/rustwide/target/debug/deps/liblibc-b684b5b61d6ab574.rlib" "/opt/rustwide/rustup-home/toolchains/beta-2021-08-01-x86_64-unknown-linux-gnu/lib/rustlib/x86_64-unknown-linux-gnu/lib/libtest-6e9019ff2cdb2237.rlib" "/opt/rustwide/rustup-home/toolchains/beta-2021-08-01-x86_64-unknown-linux-gnu/lib/rustlib/x86_64-unknown-linux-gnu/lib/libgetopts-e9cc0b5f091b140c.rlib" "/opt/rustwide/rustup-home/toolchains/beta-2021-08-01-x86_64-unknown-linux-gnu/lib/rustlib/x86_64-unknown-linux-gnu/lib/libunicode_width-762dfa4479f14aad.rlib" "/opt/rustwide/rustup-home/toolchains/beta-2021-08-01-x86_64-unknown-linux-gnu/lib/rustlib/x86_64-unknown-linux-gnu/lib/librustc_std_workspace_std-2a5ac1cc0b21909c.rlib" "-Wl,--start-group" "/opt/rustwide/rustup-home/toolchains/beta-2021-08-01-x86_64-unknown-linux-gnu/lib/rustlib/x86_64-unknown-linux-gnu/lib/libstd-197d933f09d9a590.rlib" "/opt/rustwide/rustup-home/toolchains/beta-2021-08-01-x86_64-unknown-linux-gnu/lib/rustlib/x86_64-unknown-linux-gnu/lib/libpanic_unwind-46a006cddfd334f0.rlib" "/opt/rustwide/rustup-home/toolchains/beta-2021-08-01-x86_64-unknown-linux-gnu/lib/rustlib/x86_64-unknown-linux-gnu/lib/libminiz_oxide-5b9870310e470b38.rlib" "/opt/rustwide/rustup-home/toolchains/beta-2021-08-01-x86_64-unknown-linux-gnu/lib/rustlib/x86_64-unknown-linux-gnu/lib/libadler-260022ba8f1ab4ee.rlib" "/opt/rustwide/rustup-home/toolchains/beta-2021-08-01-x86_64-unknown-linux-gnu/lib/rustlib/x86_64-unknown-linux-gnu/lib/libobject-71377435a799394f.rlib" "/opt/rustwide/rustup-home/toolchains/beta-2021-08-01-x86_64-unknown-linux-gnu/lib/rustlib/x86_64-unknown-linux-gnu/lib/libaddr2line-658ee5924fde57cd.rlib" "/opt/rustwide/rustup-home/toolchains/beta-2021-08-01-x86_64-unknown-linux-gnu/lib/rustlib/x86_64-unknown-linux-gnu/lib/libgimli-9e8627da6bd1b94a.rlib" "/opt/rustwide/rustup-home/toolchains/beta-2021-08-01-x86_64-unknown-linux-gnu/lib/rustlib/x86_64-unknown-linux-gnu/lib/libstd_detect-19fdaac49f59be84.rlib" "/opt/rustwide/rustup-home/toolchains/beta-2021-08-01-x86_64-unknown-linux-gnu/lib/rustlib/x86_64-unknown-linux-gnu/lib/librustc_demangle-cb00e2691ea45905.rlib" "/opt/rustwide/rustup-home/toolchains/beta-2021-08-01-x86_64-unknown-linux-gnu/lib/rustlib/x86_64-unknown-linux-gnu/lib/libhashbrown-50f6726defae5ae1.rlib" "/opt/rustwide/rustup-home/toolchains/beta-2021-08-01-x86_64-unknown-linux-gnu/lib/rustlib/x86_64-unknown-linux-gnu/lib/librustc_std_workspace_alloc-2afc16311deea26e.rlib" "/opt/rustwide/rustup-home/toolchains/beta-2021-08-01-x86_64-unknown-linux-gnu/lib/rustlib/x86_64-unknown-linux-gnu/lib/libunwind-bb5cb0fe086ee8cf.rlib" "/opt/rustwide/rustup-home/toolchains/beta-2021-08-01-x86_64-unknown-linux-gnu/lib/rustlib/x86_64-unknown-linux-gnu/lib/libcfg_if-896053247b5dfd0b.rlib" "/opt/rustwide/rustup-home/toolchains/beta-2021-08-01-x86_64-unknown-linux-gnu/lib/rustlib/x86_64-unknown-linux-gnu/lib/liblibc-735e1f2ac3cf23be.rlib" "/opt/rustwide/rustup-home/toolchains/beta-2021-08-01-x86_64-unknown-linux-gnu/lib/rustlib/x86_64-unknown-linux-gnu/lib/liballoc-9dfb6622644c732c.rlib" "/opt/rustwide/rustup-home/toolchains/beta-2021-08-01-x86_64-unknown-linux-gnu/lib/rustlib/x86_64-unknown-linux-gnu/lib/librustc_std_workspace_core-beea7d9617fe25c5.rlib" "/opt/rustwide/rustup-home/toolchains/beta-2021-08-01-x86_64-unknown-linux-gnu/lib/rustlib/x86_64-unknown-linux-gnu/lib/libcore-8ef7dd43fc671f88.rlib" "-Wl,--end-group" "/opt/rustwide/rustup-home/toolchains/beta-2021-08-01-x86_64-unknown-linux-gnu/lib/rustlib/x86_64-unknown-linux-gnu/lib/libcompiler_builtins-a9a3b2ad67977f47.rlib" "-Wl,-Bdynamic" "-lalpm" "-lutil" "-lgcc_s" "-lutil" "-lrt" "-lpthread" "-lm" "-ldl" "-lc" "-Wl,--eh-frame-hdr" "-Wl,-znoexecstack" "-L" "/opt/rustwide/rustup-home/toolchains/beta-2021-08-01-x86_64-unknown-linux-gnu/lib/rustlib/x86_64-unknown-linux-gnu/lib" "-o" "/opt/rustwide/target/debug/deps/alpm-ab5d3a898f463f85" "-Wl,--gc-sections" "-pie" "-Wl,-zrelro" "-Wl,-znow" "-nodefaultlibs"
[INFO] [stdout]   = note: /usr/bin/ld: cannot find -lalpm
[INFO] [stdout]           collect2: error: ld returned 1 exit status
[INFO] [stdout]           
[INFO] [stdout] 
[INFO] [stdout] 
[INFO] [stdout] error: aborting due to previous error
[INFO] [stdout] 
[INFO] [stdout] 
[INFO] [stdout] error: linking with `cc` failed: exit status: 1
[INFO] [stdout]   |
[INFO] [stdout]   = note: "cc" "-m64" "/opt/rustwide/target/debug/deps/alpm_rs-97103aac7c299985.alpm_rs.1b1f12f0-cgu.0.rcgu.o" "/opt/rustwide/target/debug/deps/alpm_rs-97103aac7c299985.alpm_rs.1b1f12f0-cgu.1.rcgu.o" "/opt/rustwide/target/debug/deps/alpm_rs-97103aac7c299985.alpm_rs.1b1f12f0-cgu.10.rcgu.o" "/opt/rustwide/target/debug/deps/alpm_rs-97103aac7c299985.alpm_rs.1b1f12f0-cgu.11.rcgu.o" "/opt/rustwide/target/debug/deps/alpm_rs-97103aac7c299985.alpm_rs.1b1f12f0-cgu.12.rcgu.o" "/opt/rustwide/target/debug/deps/alpm_rs-97103aac7c299985.alpm_rs.1b1f12f0-cgu.13.rcgu.o" "/opt/rustwide/target/debug/deps/alpm_rs-97103aac7c299985.alpm_rs.1b1f12f0-cgu.14.rcgu.o" "/opt/rustwide/target/debug/deps/alpm_rs-97103aac7c299985.alpm_rs.1b1f12f0-cgu.2.rcgu.o" "/opt/rustwide/target/debug/deps/alpm_rs-97103aac7c299985.alpm_rs.1b1f12f0-cgu.3.rcgu.o" "/opt/rustwide/target/debug/deps/alpm_rs-97103aac7c299985.alpm_rs.1b1f12f0-cgu.4.rcgu.o" "/opt/rustwide/target/debug/deps/alpm_rs-97103aac7c299985.alpm_rs.1b1f12f0-cgu.5.rcgu.o" "/opt/rustwide/target/debug/deps/alpm_rs-97103aac7c299985.alpm_rs.1b1f12f0-cgu.6.rcgu.o" "/opt/rustwide/target/debug/deps/alpm_rs-97103aac7c299985.alpm_rs.1b1f12f0-cgu.7.rcgu.o" "/opt/rustwide/target/debug/deps/alpm_rs-97103aac7c299985.alpm_rs.1b1f12f0-cgu.8.rcgu.o" "/opt/rustwide/target/debug/deps/alpm_rs-97103aac7c299985.alpm_rs.1b1f12f0-cgu.9.rcgu.o" "/opt/rustwide/target/debug/deps/alpm_rs-97103aac7c299985.2o8jmc8au05p1xhx.rcgu.o" "-Wl,--as-needed" "-L" "/opt/rustwide/target/debug/deps" "-L" "/opt/rustwide/rustup-home/toolchains/beta-2021-08-01-x86_64-unknown-linux-gnu/lib/rustlib/x86_64-unknown-linux-gnu/lib" "-lalpm" "-Wl,-Bstatic" "/opt/rustwide/rustup-home/toolchains/beta-2021-08-01-x86_64-unknown-linux-gnu/lib/rustlib/x86_64-unknown-linux-gnu/lib/libtest-6e9019ff2cdb2237.rlib" "/opt/rustwide/rustup-home/toolchains/beta-2021-08-01-x86_64-unknown-linux-gnu/lib/rustlib/x86_64-unknown-linux-gnu/lib/libgetopts-e9cc0b5f091b140c.rlib" "/opt/rustwide/rustup-home/toolchains/beta-2021-08-01-x86_64-unknown-linux-gnu/lib/rustlib/x86_64-unknown-linux-gnu/lib/libunicode_width-762dfa4479f14aad.rlib" "/opt/rustwide/rustup-home/toolchains/beta-2021-08-01-x86_64-unknown-linux-gnu/lib/rustlib/x86_64-unknown-linux-gnu/lib/librustc_std_workspace_std-2a5ac1cc0b21909c.rlib" "/opt/rustwide/target/debug/deps/liblibc-b684b5b61d6ab574.rlib" "-Wl,--start-group" "/opt/rustwide/rustup-home/toolchains/beta-2021-08-01-x86_64-unknown-linux-gnu/lib/rustlib/x86_64-unknown-linux-gnu/lib/libstd-197d933f09d9a590.rlib" "/opt/rustwide/rustup-home/toolchains/beta-2021-08-01-x86_64-unknown-linux-gnu/lib/rustlib/x86_64-unknown-linux-gnu/lib/libpanic_unwind-46a006cddfd334f0.rlib" "/opt/rustwide/rustup-home/toolchains/beta-2021-08-01-x86_64-unknown-linux-gnu/lib/rustlib/x86_64-unknown-linux-gnu/lib/libminiz_oxide-5b9870310e470b38.rlib" "/opt/rustwide/rustup-home/toolchains/beta-2021-08-01-x86_64-unknown-linux-gnu/lib/rustlib/x86_64-unknown-linux-gnu/lib/libadler-260022ba8f1ab4ee.rlib" "/opt/rustwide/rustup-home/toolchains/beta-2021-08-01-x86_64-unknown-linux-gnu/lib/rustlib/x86_64-unknown-linux-gnu/lib/libobject-71377435a799394f.rlib" "/opt/rustwide/rustup-home/toolchains/beta-2021-08-01-x86_64-unknown-linux-gnu/lib/rustlib/x86_64-unknown-linux-gnu/lib/libaddr2line-658ee5924fde57cd.rlib" "/opt/rustwide/rustup-home/toolchains/beta-2021-08-01-x86_64-unknown-linux-gnu/lib/rustlib/x86_64-unknown-linux-gnu/lib/libgimli-9e8627da6bd1b94a.rlib" "/opt/rustwide/rustup-home/toolchains/beta-2021-08-01-x86_64-unknown-linux-gnu/lib/rustlib/x86_64-unknown-linux-gnu/lib/libstd_detect-19fdaac49f59be84.rlib" "/opt/rustwide/rustup-home/toolchains/beta-2021-08-01-x86_64-unknown-linux-gnu/lib/rustlib/x86_64-unknown-linux-gnu/lib/librustc_demangle-cb00e2691ea45905.rlib" "/opt/rustwide/rustup-home/toolchains/beta-2021-08-01-x86_64-unknown-linux-gnu/lib/rustlib/x86_64-unknown-linux-gnu/lib/libhashbrown-50f6726defae5ae1.rlib" "/opt/rustwide/rustup-home/toolchains/beta-2021-08-01-x86_64-unknown-linux-gnu/lib/rustlib/x86_64-unknown-linux-gnu/lib/librustc_std_workspace_alloc-2afc16311deea26e.rlib" "/opt/rustwide/rustup-home/toolchains/beta-2021-08-01-x86_64-unknown-linux-gnu/lib/rustlib/x86_64-unknown-linux-gnu/lib/libunwind-bb5cb0fe086ee8cf.rlib" "/opt/rustwide/rustup-home/toolchains/beta-2021-08-01-x86_64-unknown-linux-gnu/lib/rustlib/x86_64-unknown-linux-gnu/lib/libcfg_if-896053247b5dfd0b.rlib" "/opt/rustwide/rustup-home/toolchains/beta-2021-08-01-x86_64-unknown-linux-gnu/lib/rustlib/x86_64-unknown-linux-gnu/lib/liblibc-735e1f2ac3cf23be.rlib" "/opt/rustwide/rustup-home/toolchains/beta-2021-08-01-x86_64-unknown-linux-gnu/lib/rustlib/x86_64-unknown-linux-gnu/lib/liballoc-9dfb6622644c732c.rlib" "/opt/rustwide/rustup-home/toolchains/beta-2021-08-01-x86_64-unknown-linux-gnu/lib/rustlib/x86_64-unknown-linux-gnu/lib/librustc_std_workspace_core-beea7d9617fe25c5.rlib" "/opt/rustwide/rustup-home/toolchains/beta-2021-08-01-x86_64-unknown-linux-gnu/lib/rustlib/x86_64-unknown-linux-gnu/lib/libcore-8ef7dd43fc671f88.rlib" "-Wl,--end-group" "/opt/rustwide/rustup-home/toolchains/beta-2021-08-01-x86_64-unknown-linux-gnu/lib/rustlib/x86_64-unknown-linux-gnu/lib/libcompiler_builtins-a9a3b2ad67977f47.rlib" "-Wl,-Bdynamic" "-lutil" "-lgcc_s" "-lutil" "-lrt" "-lpthread" "-lm" "-ldl" "-lc" "-Wl,--eh-frame-hdr" "-Wl,-znoexecstack" "-L" "/opt/rustwide/rustup-home/toolchains/beta-2021-08-01-x86_64-unknown-linux-gnu/lib/rustlib/x86_64-unknown-linux-gnu/lib" "-o" "/opt/rustwide/target/debug/deps/alpm_rs-97103aac7c299985" "-Wl,--gc-sections" "-pie" "-Wl,-zrelro" "-Wl,-znow" "-nodefaultlibs"
[INFO] [stdout]   = note: /usr/bin/ld: cannot find -lalpm
[INFO] [stdout]           collect2: error: ld returned 1 exit status
[INFO] [stdout]           
[INFO] [stdout] 
[INFO] [stdout] 
[INFO] [stdout] error: aborting due to previous error; 33 warnings emitted
[INFO] [stdout] 
[INFO] [stdout] 
[INFO] [stdout] warning: 18 warnings emitted
[INFO] [stdout] 
[INFO] [stdout] 
[INFO] [stdout] warning: 3 warnings emitted
[INFO] [stdout] 
[INFO] [stdout] 
[INFO] [stderr] error: build failed
[INFO] running `Command { std: "docker" "inspect" "20c17dc884486b50c3e88ae9cc31b9faada2c813ffb96ab53ce8cffd2e165768", kill_on_drop: false }`
[INFO] running `Command { std: "docker" "rm" "-f" "20c17dc884486b50c3e88ae9cc31b9faada2c813ffb96ab53ce8cffd2e165768", kill_on_drop: false }`
[INFO] [stdout] 20c17dc884486b50c3e88ae9cc31b9faada2c813ffb96ab53ce8cffd2e165768
