[INFO] cloning repository https://github.com/AtsukiTak/letsboardgame
[INFO] running `Command { std: "git" "-c" "credential.helper=" "-c" "credential.helper=/workspace/cargo-home/bin/git-credential-null" "clone" "--bare" "https://github.com/AtsukiTak/letsboardgame" "/workspace/cache/git-repos/https%3A%2F%2Fgithub.com%2FAtsukiTak%2Fletsboardgame", kill_on_drop: false }`
[INFO] [stderr] Cloning into bare repository '/workspace/cache/git-repos/https%3A%2F%2Fgithub.com%2FAtsukiTak%2Fletsboardgame'...
[INFO] running `Command { std: "git" "rev-parse" "HEAD", kill_on_drop: false }`
[INFO] [stdout] f8297f2f840e5e7afc70c8e2f3b5c4fae7d924e8
[INFO] testing AtsukiTak/letsboardgame against beta-2021-08-01 for beta-1.55-1
[INFO] running `Command { std: "git" "clone" "/workspace/cache/git-repos/https%3A%2F%2Fgithub.com%2FAtsukiTak%2Fletsboardgame" "/workspace/builds/worker-9/source", kill_on_drop: false }`
[INFO] [stderr] Cloning into '/workspace/builds/worker-9/source'...
[INFO] [stderr] done.
[INFO] validating manifest of git repo https://github.com/AtsukiTak/letsboardgame on toolchain beta-2021-08-01
[INFO] running `Command { std: "/workspace/cargo-home/bin/cargo" "+beta-2021-08-01" "metadata" "--manifest-path" "Cargo.toml" "--no-deps", kill_on_drop: false }`
[INFO] removed /workspace/builds/worker-9/source/.cargo/config
[INFO] started tweaking git repo https://github.com/AtsukiTak/letsboardgame
[INFO] finished tweaking git repo https://github.com/AtsukiTak/letsboardgame
[INFO] tweaked toml for git repo https://github.com/AtsukiTak/letsboardgame written to /workspace/builds/worker-9/source/Cargo.toml
[INFO] crate git repo https://github.com/AtsukiTak/letsboardgame already has a lockfile, it will not be regenerated
[INFO] running `Command { std: "/workspace/cargo-home/bin/cargo" "+beta-2021-08-01" "fetch" "--manifest-path" "Cargo.toml", kill_on_drop: false }`
[INFO] [stderr]  Downloading crates ...
[INFO] [stderr]   Downloaded wasm-bindgen-test v0.3.17
[INFO] [stderr]   Downloaded wasm-bindgen-test-macro v0.3.17
[INFO] [stderr]   Downloaded palette_derive v0.5.0
[INFO] [stderr]   Downloaded image v0.23.8
[INFO] [stderr]   Downloaded palette v0.5.0
[INFO] running `Command { std: "docker" "create" "-v" "/var/lib/crater-agent-workspace/builds/worker-9/target:/opt/rustwide/target:rw,Z" "-v" "/var/lib/crater-agent-workspace/builds/worker-9/source:/opt/rustwide/workdir:ro,Z" "-v" "/var/lib/crater-agent-workspace/cargo-home:/opt/rustwide/cargo-home:ro,Z" "-v" "/var/lib/crater-agent-workspace/rustup-home:/opt/rustwide/rustup-home:ro,Z" "-e" "SOURCE_DIR=/opt/rustwide/workdir" "-e" "CARGO_TARGET_DIR=/opt/rustwide/target" "-e" "CARGO_HOME=/opt/rustwide/cargo-home" "-e" "RUSTUP_HOME=/opt/rustwide/rustup-home" "-w" "/opt/rustwide/workdir" "-m" "1610612736" "--user" "0:0" "--network" "none" "ghcr.io/rust-lang/crates-build-env/linux@sha256:34b6a614d2c27851fe6cbf88fbd1137609cefab8b10d0615aaeb6fd47975d74e" "/opt/rustwide/cargo-home/bin/cargo" "+beta-2021-08-01" "metadata" "--no-deps" "--format-version=1", kill_on_drop: false }`
[INFO] [stdout] 9a7781fbfbb8526cb2d3d5d94bc148beef6ac2e08b3cb1f4fb5c42cb7567331f
[INFO] running `Command { std: "docker" "start" "-a" "9a7781fbfbb8526cb2d3d5d94bc148beef6ac2e08b3cb1f4fb5c42cb7567331f", kill_on_drop: false }`
[INFO] running `Command { std: "docker" "inspect" "9a7781fbfbb8526cb2d3d5d94bc148beef6ac2e08b3cb1f4fb5c42cb7567331f", kill_on_drop: false }`
[INFO] running `Command { std: "docker" "rm" "-f" "9a7781fbfbb8526cb2d3d5d94bc148beef6ac2e08b3cb1f4fb5c42cb7567331f", kill_on_drop: false }`
[INFO] [stdout] 9a7781fbfbb8526cb2d3d5d94bc148beef6ac2e08b3cb1f4fb5c42cb7567331f
[INFO] running `Command { std: "docker" "create" "-v" "/var/lib/crater-agent-workspace/builds/worker-9/target:/opt/rustwide/target:rw,Z" "-v" "/var/lib/crater-agent-workspace/builds/worker-9/source:/opt/rustwide/workdir:ro,Z" "-v" "/var/lib/crater-agent-workspace/cargo-home:/opt/rustwide/cargo-home:ro,Z" "-v" "/var/lib/crater-agent-workspace/rustup-home:/opt/rustwide/rustup-home:ro,Z" "-e" "SOURCE_DIR=/opt/rustwide/workdir" "-e" "CARGO_TARGET_DIR=/opt/rustwide/target" "-e" "CARGO_INCREMENTAL=0" "-e" "RUST_BACKTRACE=full" "-e" "RUSTFLAGS=--cap-lints=warn" "-e" "CARGO_HOME=/opt/rustwide/cargo-home" "-e" "RUSTUP_HOME=/opt/rustwide/rustup-home" "-w" "/opt/rustwide/workdir" "-m" "1610612736" "--user" "0:0" "--network" "none" "ghcr.io/rust-lang/crates-build-env/linux@sha256:34b6a614d2c27851fe6cbf88fbd1137609cefab8b10d0615aaeb6fd47975d74e" "/opt/rustwide/cargo-home/bin/cargo" "+beta-2021-08-01" "build" "--frozen" "--message-format=json", kill_on_drop: false }`
[INFO] [stdout] 3f1db4a636d1645b02d28ce802d220102dfeb09b472738aafe78f631c3407337
[INFO] running `Command { std: "docker" "start" "-a" "3f1db4a636d1645b02d28ce802d220102dfeb09b472738aafe78f631c3407337", kill_on_drop: false }`
[INFO] [stderr]    Compiling syn v1.0.36
[INFO] [stderr]    Compiling wasm-bindgen-shared v0.2.67
[INFO] [stderr]    Compiling bumpalo v3.4.0
[INFO] [stderr]    Compiling wasm-bindgen v0.2.67
[INFO] [stderr]    Compiling futures-sink v0.3.5
[INFO] [stderr]    Compiling rayon-core v1.7.1
[INFO] [stderr]    Compiling proc-macro-hack v0.5.18
[INFO] [stderr]    Compiling crc32fast v1.2.0
[INFO] [stderr]    Compiling cgmath v0.17.0
[INFO] [stderr]    Compiling bytemuck v1.3.1
[INFO] [stderr]    Compiling num-traits v0.2.12
[INFO] [stderr]    Compiling crossbeam-utils v0.7.2
[INFO] [stderr]    Compiling memoffset v0.5.5
[INFO] [stderr]    Compiling crossbeam-epoch v0.8.2
[INFO] [stderr]    Compiling num-integer v0.1.43
[INFO] [stderr]    Compiling rayon v1.3.1
[INFO] [stderr]    Compiling futures-task v0.3.5
[INFO] [stderr]    Compiling num-iter v0.1.41
[INFO] [stderr]    Compiling num-rational v0.3.0
[INFO] [stderr]    Compiling getrandom v0.1.14
[INFO] [stderr]    Compiling rand_os v0.1.3
[INFO] [stderr]    Compiling deflate v0.8.6
[INFO] [stderr]    Compiling tiff v0.5.0
[INFO] [stderr]    Compiling rand_core v0.5.1
[INFO] [stderr]    Compiling futures-channel v0.3.5
[INFO] [stderr]    Compiling rand_pcg v0.2.1
[INFO] [stderr]    Compiling rand_chacha v0.2.2
[INFO] [stderr]    Compiling rand v0.6.5
[INFO] [stderr]    Compiling rand v0.7.3
[INFO] [stderr]    Compiling png v0.16.7
[INFO] [stderr]    Compiling phf_generator v0.8.0
[INFO] [stderr]    Compiling phf_codegen v0.8.0
[INFO] [stderr]    Compiling crossbeam-queue v0.2.3
[INFO] [stderr]    Compiling palette v0.5.0
[INFO] [stderr]    Compiling crossbeam-deque v0.7.3
[INFO] [stderr]    Compiling approx v0.3.2
[INFO] [stderr]    Compiling wasm-bindgen-backend v0.2.67
[INFO] [stderr]    Compiling jpeg-decoder v0.1.20
[INFO] [stderr]    Compiling image v0.23.8
[INFO] [stderr]    Compiling wasm-bindgen-macro-support v0.2.67
[INFO] [stderr]    Compiling pin-project-internal v0.4.23
[INFO] [stderr]    Compiling futures-macro v0.3.5
[INFO] [stderr]    Compiling palette_derive v0.5.0
[INFO] [stderr]    Compiling derive_more v0.99.9
[INFO] [stderr]    Compiling wasm-bindgen-macro v0.2.67
[INFO] [stderr]    Compiling pin-project v0.4.23
[INFO] [stderr]    Compiling js-sys v0.3.44
[INFO] [stderr]    Compiling console_error_panic_hook v0.1.6
[INFO] [stderr]    Compiling futures-util v0.3.5
[INFO] [stderr]    Compiling web-sys v0.3.44
[INFO] [stderr]    Compiling wasm-bindgen-futures v0.4.17
[INFO] [stderr]    Compiling futures-executor v0.3.5
[INFO] [stderr]    Compiling futures v0.3.5
[INFO] [stderr]    Compiling gloo-events v0.1.1
[INFO] [stderr]    Compiling gloo-timers v0.2.1
[INFO] [stderr]    Compiling napier-webgl v0.1.0 (/opt/rustwide/workdir/napier-webgl)
[INFO] [stderr]    Compiling napier-window v0.1.0 (/opt/rustwide/workdir/napier-window)
[INFO] [stdout] warning: unused borrow that must be used
[INFO] [stdout]   --> napier-window/src/event.rs:48:1
[INFO] [stdout]    |
[INFO] [stdout] 48 | #[pin_project::pin_project]
[INFO] [stdout]    | ^^^^^^^^^^^^^^^^^^^^^^^^^^^
[INFO] [stdout]    |
[INFO] [stdout]    = note: `#[warn(unused_must_use)]` on by default
[INFO] [stdout]    = note: this warning originates in the derive macro `::pin_project::__private::__PinProjectInternalDerive` (in Nightly builds, run with -Z macro-backtrace for more info)
[INFO] [stdout] 
[INFO] [stdout] 
[INFO] [stdout] warning: unused borrow that must be used
[INFO] [stdout]   --> napier-window/src/event.rs:48:1
[INFO] [stdout]    |
[INFO] [stdout] 48 | #[pin_project::pin_project]
[INFO] [stdout]    | ^^^^^^^^^^^^^^^^^^^^^^^^^^^
[INFO] [stdout]    |
[INFO] [stdout]    = note: this warning originates in the derive macro `::pin_project::__private::__PinProjectInternalDerive` (in Nightly builds, run with -Z macro-backtrace for more info)
[INFO] [stdout] 
[INFO] [stdout] 
[INFO] [stderr]    Compiling napier v0.1.0 (/opt/rustwide/workdir)
[INFO] [stdout] warning: 2 warnings emitted
[INFO] [stdout] 
[INFO] [stdout] 
[INFO] [stderr]     Finished dev [unoptimized + debuginfo] target(s) in 50.91s
[INFO] running `Command { std: "docker" "inspect" "3f1db4a636d1645b02d28ce802d220102dfeb09b472738aafe78f631c3407337", kill_on_drop: false }`
[INFO] running `Command { std: "docker" "rm" "-f" "3f1db4a636d1645b02d28ce802d220102dfeb09b472738aafe78f631c3407337", kill_on_drop: false }`
[INFO] [stdout] 3f1db4a636d1645b02d28ce802d220102dfeb09b472738aafe78f631c3407337
[INFO] running `Command { std: "docker" "create" "-v" "/var/lib/crater-agent-workspace/builds/worker-9/target:/opt/rustwide/target:rw,Z" "-v" "/var/lib/crater-agent-workspace/builds/worker-9/source:/opt/rustwide/workdir:ro,Z" "-v" "/var/lib/crater-agent-workspace/cargo-home:/opt/rustwide/cargo-home:ro,Z" "-v" "/var/lib/crater-agent-workspace/rustup-home:/opt/rustwide/rustup-home:ro,Z" "-e" "SOURCE_DIR=/opt/rustwide/workdir" "-e" "CARGO_TARGET_DIR=/opt/rustwide/target" "-e" "CARGO_INCREMENTAL=0" "-e" "RUST_BACKTRACE=full" "-e" "RUSTFLAGS=--cap-lints=warn" "-e" "CARGO_HOME=/opt/rustwide/cargo-home" "-e" "RUSTUP_HOME=/opt/rustwide/rustup-home" "-w" "/opt/rustwide/workdir" "-m" "1610612736" "--user" "0:0" "--network" "none" "ghcr.io/rust-lang/crates-build-env/linux@sha256:34b6a614d2c27851fe6cbf88fbd1137609cefab8b10d0615aaeb6fd47975d74e" "/opt/rustwide/cargo-home/bin/cargo" "+beta-2021-08-01" "test" "--frozen" "--no-run" "--message-format=json", kill_on_drop: false }`
[INFO] [stdout] 4337415d7673e657d08d83c824704e9442273ea8fd7ef2945bd727df9c028c02
[INFO] running `Command { std: "docker" "start" "-a" "4337415d7673e657d08d83c824704e9442273ea8fd7ef2945bd727df9c028c02", kill_on_drop: false }`
[INFO] [stderr]    Compiling wasm-bindgen-test-macro v0.3.17
[INFO] [stdout] warning: unused borrow that must be used
[INFO] [stdout]   --> napier-window/src/event.rs:48:1
[INFO] [stdout]    |
[INFO] [stdout] 48 | #[pin_project::pin_project]
[INFO] [stdout]    | ^^^^^^^^^^^^^^^^^^^^^^^^^^^
[INFO] [stdout]    |
[INFO] [stdout]    = note: `#[warn(unused_must_use)]` on by default
[INFO] [stdout]    = note: this warning originates in the derive macro `::pin_project::__private::__PinProjectInternalDerive` (in Nightly builds, run with -Z macro-backtrace for more info)
[INFO] [stdout] 
[INFO] [stdout] 
[INFO] [stdout] warning: unused borrow that must be used
[INFO] [stdout]   --> napier-window/src/event.rs:48:1
[INFO] [stdout]    |
[INFO] [stdout] 48 | #[pin_project::pin_project]
[INFO] [stdout]    | ^^^^^^^^^^^^^^^^^^^^^^^^^^^
[INFO] [stdout]    |
[INFO] [stdout]    = note: this warning originates in the derive macro `::pin_project::__private::__PinProjectInternalDerive` (in Nightly builds, run with -Z macro-backtrace for more info)
[INFO] [stdout] 
[INFO] [stdout] 
[INFO] [stdout] warning: 2 warnings emitted
[INFO] [stdout] 
[INFO] [stdout] 
[INFO] [stderr]    Compiling wasm-bindgen-test v0.3.17
[INFO] [stderr]    Compiling napier v0.1.0 (/opt/rustwide/workdir)
[INFO] [stdout] error[E0308]: mismatched types
[INFO] [stdout]    --> src/meshes/torus.rs:115:31
[INFO] [stdout]     |
[INFO] [stdout] 115 |                 idx.push(vec3(r, r + column as i16 + 1, r + 1));
[INFO] [stdout]     |                               ^ expected `f32`, found `i16`
[INFO] [stdout]     |
[INFO] [stdout] help: you can convert an `i16` to an `f32`, producing the floating point representation of the integer
[INFO] [stdout]     |
[INFO] [stdout] 115 |                 idx.push(vec3(r.into(), r + column as i16 + 1, r + 1));
[INFO] [stdout]     |                               ^^^^^^^^
[INFO] [stdout] 
[INFO] [stdout] 
[INFO] [stdout] error[E0308]: mismatched types
[INFO] [stdout]    --> src/meshes/torus.rs:115:34
[INFO] [stdout]     |
[INFO] [stdout] 115 |                 idx.push(vec3(r, r + column as i16 + 1, r + 1));
[INFO] [stdout]     |                                  ^^^^^^^^^^^^^^^^^^^^^ expected `f32`, found `i16`
[INFO] [stdout]     |
[INFO] [stdout] help: you can convert an `i16` to an `f32`, producing the floating point representation of the integer
[INFO] [stdout]     |
[INFO] [stdout] 115 |                 idx.push(vec3(r, (r + column as i16 + 1).into(), r + 1));
[INFO] [stdout]     |                                  ^^^^^^^^^^^^^^^^^^^^^^^^^^^^^^
[INFO] [stdout] 
[INFO] [stdout] 
[INFO] [stdout] error[E0308]: mismatched types
[INFO] [stdout]    --> src/meshes/torus.rs:115:57
[INFO] [stdout]     |
[INFO] [stdout] 115 |                 idx.push(vec3(r, r + column as i16 + 1, r + 1));
[INFO] [stdout]     |                                                         ^^^^^ expected `f32`, found `i16`
[INFO] [stdout]     |
[INFO] [stdout] help: you can convert an `i16` to an `f32`, producing the floating point representation of the integer
[INFO] [stdout]     |
[INFO] [stdout] 115 |                 idx.push(vec3(r, r + column as i16 + 1, (r + 1).into()));
[INFO] [stdout]     |                                                         ^^^^^^^^^^^^^^
[INFO] [stdout] 
[INFO] [stdout] 
[INFO] [stdout] error[E0308]: mismatched types
[INFO] [stdout]    --> src/meshes/torus.rs:116:31
[INFO] [stdout]     |
[INFO] [stdout] 116 |                 idx.push(vec3(r + column as i16 + 1, r + column as i16 + 2, r + 1));
[INFO] [stdout]     |                               ^^^^^^^^^^^^^^^^^^^^^ expected `f32`, found `i16`
[INFO] [stdout]     |
[INFO] [stdout] help: you can convert an `i16` to an `f32`, producing the floating point representation of the integer
[INFO] [stdout]     |
[INFO] [stdout] 116 |                 idx.push(vec3((r + column as i16 + 1).into(), r + column as i16 + 2, r + 1));
[INFO] [stdout]     |                               ^^^^^^^^^^^^^^^^^^^^^^^^^^^^^^
[INFO] [stdout] 
[INFO] [stdout] 
[INFO] [stdout] error[E0308]: mismatched types
[INFO] [stdout]    --> src/meshes/torus.rs:116:54
[INFO] [stdout]     |
[INFO] [stdout] 116 |                 idx.push(vec3(r + column as i16 + 1, r + column as i16 + 2, r + 1));
[INFO] [stdout]     |                                                      ^^^^^^^^^^^^^^^^^^^^^ expected `f32`, found `i16`
[INFO] [stdout]     |
[INFO] [stdout] help: you can convert an `i16` to an `f32`, producing the floating point representation of the integer
[INFO] [stdout]     |
[INFO] [stdout] 116 |                 idx.push(vec3(r + column as i16 + 1, (r + column as i16 + 2).into(), r + 1));
[INFO] [stdout]     |                                                      ^^^^^^^^^^^^^^^^^^^^^^^^^^^^^^
[INFO] [stdout] 
[INFO] [stdout] 
[INFO] [stdout] error[E0308]: mismatched types
[INFO] [stdout]    --> src/meshes/torus.rs:116:77
[INFO] [stdout]     |
[INFO] [stdout] 116 |                 idx.push(vec3(r + column as i16 + 1, r + column as i16 + 2, r + 1));
[INFO] [stdout]     |                                                                             ^^^^^ expected `f32`, found `i16`
[INFO] [stdout]     |
[INFO] [stdout] help: you can convert an `i16` to an `f32`, producing the floating point representation of the integer
[INFO] [stdout]     |
[INFO] [stdout] 116 |                 idx.push(vec3(r + column as i16 + 1, r + column as i16 + 2, (r + 1).into()));
[INFO] [stdout]     |                                                                             ^^^^^^^^^^^^^^
[INFO] [stdout] 
[INFO] [stdout] 
[INFO] [stdout] error[E0560]: struct `meshes::Mesh` has no field named `positions`
[INFO] [stdout]    --> src/meshes/torus.rs:121:13
[INFO] [stdout]     |
[INFO] [stdout] 121 |             positions: pos,
[INFO] [stdout]     |             ^^^^^^^^^ `meshes::Mesh` does not have this field
[INFO] [stdout]     |
[INFO] [stdout]     = note: available fields are: `positions_vbo`, `colors_vbo`, `normals_vbo`, `indexes_ibo`, `index_len`, `texture`
[INFO] [stdout] 
[INFO] [stdout] 
[INFO] [stdout] error[E0560]: struct `meshes::Mesh` has no field named `colors`
[INFO] [stdout]    --> src/meshes/torus.rs:122:13
[INFO] [stdout]     |
[INFO] [stdout] 122 |             colors: col,
[INFO] [stdout]     |             ^^^^^^ `meshes::Mesh` does not have this field
[INFO] [stdout]     |
[INFO] [stdout]     = note: available fields are: `positions_vbo`, `colors_vbo`, `normals_vbo`, `indexes_ibo`, `index_len`, `texture`
[INFO] [stdout] 
[INFO] [stdout] 
[INFO] [stdout] error[E0560]: struct `meshes::Mesh` has no field named `indexes`
[INFO] [stdout]    --> src/meshes/torus.rs:123:13
[INFO] [stdout]     |
[INFO] [stdout] 123 |             indexes: idx,
[INFO] [stdout]     |             ^^^^^^^ `meshes::Mesh` does not have this field
[INFO] [stdout]     |
[INFO] [stdout]     = note: available fields are: `positions_vbo`, `colors_vbo`, `normals_vbo`, `indexes_ibo`, `index_len`, `texture`
[INFO] [stdout] 
[INFO] [stdout] 
[INFO] [stdout] error[E0560]: struct `meshes::Mesh` has no field named `normals`
[INFO] [stdout]    --> src/meshes/torus.rs:124:13
[INFO] [stdout]     |
[INFO] [stdout] 124 |             normals: nor,
[INFO] [stdout]     |             ^^^^^^^ `meshes::Mesh` does not have this field
[INFO] [stdout]     |
[INFO] [stdout]     = note: available fields are: `positions_vbo`, `colors_vbo`, `normals_vbo`, `indexes_ibo`, `index_len`, `texture`
[INFO] [stdout] 
[INFO] [stdout] 
[INFO] [stdout] error[E0609]: no field `positions` on type `meshes::Mesh`
[INFO] [stdout]    --> src/meshes/torus.rs:217:29
[INFO] [stdout]     |
[INFO] [stdout] 217 |         relative_eq!(torus1.positions.0.as_slice(), torus2[0].as_slice());
[INFO] [stdout]     |                             ^^^^^^^^^ unknown field
[INFO] [stdout]     |
[INFO] [stdout]     = note: available fields are: `positions_vbo`, `colors_vbo`, `normals_vbo`, `indexes_ibo`, `index_len`, `texture`
[INFO] [stdout] 
[INFO] [stdout] 
[INFO] [stdout] error[E0609]: no field `normals` on type `meshes::Mesh`
[INFO] [stdout]    --> src/meshes/torus.rs:218:29
[INFO] [stdout]     |
[INFO] [stdout] 218 |         relative_eq!(torus1.normals.0.as_slice(), torus2[1].as_slice());
[INFO] [stdout]     |                             ^^^^^^^ unknown field
[INFO] [stdout]     |
[INFO] [stdout]     = note: available fields are: `positions_vbo`, `colors_vbo`, `normals_vbo`, `indexes_ibo`, `index_len`, `texture`
[INFO] [stdout] 
[INFO] [stdout] 
[INFO] [stdout] error[E0609]: no field `colors` on type `meshes::Mesh`
[INFO] [stdout]    --> src/meshes/torus.rs:219:29
[INFO] [stdout]     |
[INFO] [stdout] 219 |         relative_eq!(torus1.colors.0.as_slice(), torus2[2].as_slice());
[INFO] [stdout]     |                             ^^^^^^ unknown field
[INFO] [stdout]     |
[INFO] [stdout]     = note: available fields are: `positions_vbo`, `colors_vbo`, `normals_vbo`, `indexes_ibo`, `index_len`, `texture`
[INFO] [stdout] 
[INFO] [stdout] 
[INFO] [stdout] error[E0609]: no field `indexes` on type `meshes::Mesh`
[INFO] [stdout]    --> src/meshes/torus.rs:221:20
[INFO] [stdout]     |
[INFO] [stdout] 221 |             torus1.indexes.0,
[INFO] [stdout]     |                    ^^^^^^^ unknown field
[INFO] [stdout]     |
[INFO] [stdout]     = note: available fields are: `positions_vbo`, `colors_vbo`, `normals_vbo`, `indexes_ibo`, `index_len`, `texture`
[INFO] [stdout] 
[INFO] [stdout] 
[INFO] [stdout] error: aborting due to 14 previous errors
[INFO] [stdout] 
[INFO] [stdout] 
[INFO] [stdout] Some errors have detailed explanations: E0308, E0560, E0609.
[INFO] [stdout] 
[INFO] [stdout] For more information about an error, try `rustc --explain E0308`.
[INFO] [stdout] 
[INFO] [stderr] error: could not compile `napier` due to 15 previous errors
[INFO] [stderr] warning: build failed, waiting for other jobs to finish...
[INFO] [stderr] error: build failed
[INFO] running `Command { std: "docker" "inspect" "4337415d7673e657d08d83c824704e9442273ea8fd7ef2945bd727df9c028c02", kill_on_drop: false }`
[INFO] running `Command { std: "docker" "rm" "-f" "4337415d7673e657d08d83c824704e9442273ea8fd7ef2945bd727df9c028c02", kill_on_drop: false }`
[INFO] [stdout] 4337415d7673e657d08d83c824704e9442273ea8fd7ef2945bd727df9c028c02
