[INFO] cloning repository https://github.com/AnActualEmerald/miru
[INFO] running `Command { std: "git" "-c" "credential.helper=" "-c" "credential.helper=/workspace/cargo-home/bin/git-credential-null" "clone" "--bare" "https://github.com/AnActualEmerald/miru" "/workspace/cache/git-repos/https%3A%2F%2Fgithub.com%2FAnActualEmerald%2Fmiru", kill_on_drop: false }`
[INFO] [stderr] Cloning into bare repository '/workspace/cache/git-repos/https%3A%2F%2Fgithub.com%2FAnActualEmerald%2Fmiru'...
[INFO] running `Command { std: "git" "rev-parse" "HEAD", kill_on_drop: false }`
[INFO] [stdout] 0dd7cc1e1a002e42c9c1ec7f78b9787e21ff39f8
[INFO] testing AnActualEmerald/miru against beta-2021-08-01 for beta-1.55-1
[INFO] running `Command { std: "git" "clone" "/workspace/cache/git-repos/https%3A%2F%2Fgithub.com%2FAnActualEmerald%2Fmiru" "/workspace/builds/worker-14/source", kill_on_drop: false }`
[INFO] [stderr] Cloning into '/workspace/builds/worker-14/source'...
[INFO] [stderr] done.
[INFO] validating manifest of git repo https://github.com/AnActualEmerald/miru on toolchain beta-2021-08-01
[INFO] running `Command { std: "/workspace/cargo-home/bin/cargo" "+beta-2021-08-01" "metadata" "--manifest-path" "Cargo.toml" "--no-deps", kill_on_drop: false }`
[INFO] started tweaking git repo https://github.com/AnActualEmerald/miru
[INFO] finished tweaking git repo https://github.com/AnActualEmerald/miru
[INFO] tweaked toml for git repo https://github.com/AnActualEmerald/miru written to /workspace/builds/worker-14/source/Cargo.toml
[INFO] crate git repo https://github.com/AnActualEmerald/miru already has a lockfile, it will not be regenerated
[INFO] running `Command { std: "/workspace/cargo-home/bin/cargo" "+beta-2021-08-01" "fetch" "--manifest-path" "Cargo.toml", kill_on_drop: false }`
[INFO] [stderr]     Updating crates.io index
[INFO] [stderr]     Updating git repository `https://github.com/AnActualEmerald/lib-mal.git`
[INFO] [stderr]     Blocking waiting for file lock on package cache
[INFO] [stderr]  Downloading crates ...
[INFO] [stderr]   Downloaded universal-hash v0.4.1
[INFO] [stderr]   Downloaded crossterm_winapi v0.8.0
[INFO] [stderr]   Downloaded signal-hook v0.3.9
[INFO] [stderr]   Downloaded aes v0.7.4
[INFO] [stderr]   Downloaded hyper v0.14.10
[INFO] [stderr]   Downloaded tinyvec v1.3.0
[INFO] [stderr]   Downloaded spinner v0.5.0
[INFO] [stderr]   Downloaded tiny_http v0.8.2
[INFO] [stderr]   Downloaded crossterm v0.20.0
[INFO] [stderr]   Downloaded ghash v0.4.3
[INFO] [stderr]   Downloaded pkce v0.1.1
[INFO] [stderr]   Downloaded spinners v2.0.0
[INFO] [stderr]   Downloaded signal-hook-mio v0.2.1
[INFO] [stderr]   Downloaded cipher v0.3.0
[INFO] [stderr]   Downloaded webbrowser v0.5.5
[INFO] [stderr]   Downloaded aead v0.4.2
[INFO] [stderr]   Downloaded tokio v1.8.2
[INFO] [stderr]   Downloaded ctr v0.8.0
[INFO] [stderr]   Downloaded aes-gcm v0.9.3
[INFO] [stderr]   Downloaded polyval v0.5.2
[INFO] running `Command { std: "docker" "create" "-v" "/var/lib/crater-agent-workspace/builds/worker-14/target:/opt/rustwide/target:rw,Z" "-v" "/var/lib/crater-agent-workspace/builds/worker-14/source:/opt/rustwide/workdir:ro,Z" "-v" "/var/lib/crater-agent-workspace/cargo-home:/opt/rustwide/cargo-home:ro,Z" "-v" "/var/lib/crater-agent-workspace/rustup-home:/opt/rustwide/rustup-home:ro,Z" "-e" "SOURCE_DIR=/opt/rustwide/workdir" "-e" "CARGO_TARGET_DIR=/opt/rustwide/target" "-e" "CARGO_HOME=/opt/rustwide/cargo-home" "-e" "RUSTUP_HOME=/opt/rustwide/rustup-home" "-w" "/opt/rustwide/workdir" "-m" "1610612736" "--user" "0:0" "--network" "none" "ghcr.io/rust-lang/crates-build-env/linux@sha256:34b6a614d2c27851fe6cbf88fbd1137609cefab8b10d0615aaeb6fd47975d74e" "/opt/rustwide/cargo-home/bin/cargo" "+beta-2021-08-01" "metadata" "--no-deps" "--format-version=1", kill_on_drop: false }`
[INFO] [stdout] 44c04b0667e89b0be9ab3afb0daff3efc8b7ea39dcc46a5dfb0a44f150a902b0
[INFO] running `Command { std: "docker" "start" "-a" "44c04b0667e89b0be9ab3afb0daff3efc8b7ea39dcc46a5dfb0a44f150a902b0", kill_on_drop: false }`
[INFO] running `Command { std: "docker" "inspect" "44c04b0667e89b0be9ab3afb0daff3efc8b7ea39dcc46a5dfb0a44f150a902b0", kill_on_drop: false }`
[INFO] running `Command { std: "docker" "rm" "-f" "44c04b0667e89b0be9ab3afb0daff3efc8b7ea39dcc46a5dfb0a44f150a902b0", kill_on_drop: false }`
[INFO] [stdout] 44c04b0667e89b0be9ab3afb0daff3efc8b7ea39dcc46a5dfb0a44f150a902b0
[INFO] running `Command { std: "docker" "create" "-v" "/var/lib/crater-agent-workspace/builds/worker-14/target:/opt/rustwide/target:rw,Z" "-v" "/var/lib/crater-agent-workspace/builds/worker-14/source:/opt/rustwide/workdir:ro,Z" "-v" "/var/lib/crater-agent-workspace/cargo-home:/opt/rustwide/cargo-home:ro,Z" "-v" "/var/lib/crater-agent-workspace/rustup-home:/opt/rustwide/rustup-home:ro,Z" "-e" "SOURCE_DIR=/opt/rustwide/workdir" "-e" "CARGO_TARGET_DIR=/opt/rustwide/target" "-e" "CARGO_INCREMENTAL=0" "-e" "RUST_BACKTRACE=full" "-e" "RUSTFLAGS=--cap-lints=warn" "-e" "CARGO_HOME=/opt/rustwide/cargo-home" "-e" "RUSTUP_HOME=/opt/rustwide/rustup-home" "-w" "/opt/rustwide/workdir" "-m" "1610612736" "--user" "0:0" "--network" "none" "ghcr.io/rust-lang/crates-build-env/linux@sha256:34b6a614d2c27851fe6cbf88fbd1137609cefab8b10d0615aaeb6fd47975d74e" "/opt/rustwide/cargo-home/bin/cargo" "+beta-2021-08-01" "build" "--frozen" "--message-format=json", kill_on_drop: false }`
[INFO] [stdout] 3730b35ea73a23340428a45383a3dc996f18702bf52707d0e88fd596925489d3
[INFO] running `Command { std: "docker" "start" "-a" "3730b35ea73a23340428a45383a3dc996f18702bf52707d0e88fd596925489d3", kill_on_drop: false }`
[INFO] [stderr]    Compiling libc v0.2.98
[INFO] [stderr]    Compiling syn v1.0.73
[INFO] [stderr]    Compiling cc v1.0.69
[INFO] [stderr]    Compiling futures-task v0.3.15
[INFO] [stderr]    Compiling cpufeatures v0.1.5
[INFO] [stderr]    Compiling futures-channel v0.3.15
[INFO] [stderr]    Compiling subtle v2.4.1
[INFO] [stderr]    Compiling signal-hook v0.3.9
[INFO] [stderr]    Compiling unicode-segmentation v1.8.0
[INFO] [stderr]    Compiling base64 v0.12.3
[INFO] [stderr]    Compiling ansi_term v0.7.5
[INFO] [stderr]    Compiling ascii v1.0.0
[INFO] [stderr]    Compiling chunked_transfer v1.4.0
[INFO] [stderr]    Compiling strum v0.21.0
[INFO] [stderr]    Compiling webbrowser v0.5.5
[INFO] [stderr]    Compiling instant v0.1.10
[INFO] [stderr]    Compiling lock_api v0.4.4
[INFO] [stderr]    Compiling tokio v1.8.2
[INFO] [stderr]    Compiling futures-util v0.3.15
[INFO] [stderr]    Compiling tinyvec v1.3.0
[INFO] [stderr]    Compiling want v0.3.0
[INFO] [stderr]    Compiling cipher v0.3.0
[INFO] [stderr]    Compiling aead v0.4.2
[INFO] [stderr]    Compiling sha2 v0.9.5
[INFO] [stderr]    Compiling universal-hash v0.4.1
[INFO] [stderr]    Compiling ctr v0.8.0
[INFO] [stderr]    Compiling aes v0.7.4
[INFO] [stderr]    Compiling polyval v0.5.2
[INFO] [stderr]    Compiling heck v0.3.3
[INFO] [stderr]    Compiling ghash v0.4.3
[INFO] [stderr]    Compiling aes-gcm v0.9.3
[INFO] [stderr]    Compiling openssl-sys v0.9.65
[INFO] [stderr]    Compiling signal-hook-registry v1.4.0
[INFO] [stderr]    Compiling parking_lot_core v0.8.3
[INFO] [stderr]    Compiling mio v0.7.13
[INFO] [stderr]    Compiling num_cpus v1.13.0
[INFO] [stderr]    Compiling dirs-sys v0.3.6
[INFO] [stderr]    Compiling getrandom v0.1.16
[INFO] [stderr]    Compiling socket2 v0.4.0
[INFO] [stderr]    Compiling getrandom v0.2.3
[INFO] [stderr]    Compiling chrono v0.4.19
[INFO] [stderr]    Compiling atty v0.2.14
[INFO] [stderr]    Compiling rand_core v0.5.1
[INFO] [stderr]    Compiling unicode-normalization v0.1.19
[INFO] [stderr]    Compiling clap v2.33.3
[INFO] [stderr]    Compiling dirs v2.0.2
[INFO] [stderr]    Compiling directories v3.0.2
[INFO] [stderr]    Compiling rand_core v0.6.3
[INFO] [stderr]    Compiling parking_lot v0.11.1
[INFO] [stderr]    Compiling term v0.6.1
[INFO] [stderr]    Compiling rand_chacha v0.2.2
[INFO] [stderr]    Compiling rand_chacha v0.3.1
[INFO] [stderr]    Compiling rand v0.7.3
[INFO] [stderr]    Compiling signal-hook-mio v0.2.1
[INFO] [stderr]    Compiling spinner v0.5.0
[INFO] [stderr]    Compiling crossterm v0.20.0
[INFO] [stderr]    Compiling openssl v0.10.35
[INFO] [stderr]    Compiling native-tls v0.2.7
[INFO] [stderr]    Compiling rand v0.8.4
[INFO] [stderr]    Compiling idna v0.2.3
[INFO] [stderr]    Compiling url v2.2.2
[INFO] [stderr]    Compiling pkce v0.1.1
[INFO] [stderr]    Compiling tiny_http v0.8.2
[INFO] [stderr]    Compiling tokio-macros v1.3.0
[INFO] [stderr]    Compiling serde_derive v1.0.126
[INFO] [stderr]    Compiling strum_macros v0.21.1
[INFO] [stderr]    Compiling spinners v2.0.0
[INFO] [stderr]    Compiling serde v1.0.126
[INFO] [stderr]    Compiling tokio-util v0.6.7
[INFO] [stderr]    Compiling tokio-native-tls v0.3.0
[INFO] [stderr]    Compiling h2 v0.3.3
[INFO] [stderr]    Compiling serde_urlencoded v0.7.0
[INFO] [stderr]    Compiling serde_json v1.0.64
[INFO] [stderr]    Compiling hyper v0.14.10
[INFO] [stderr]    Compiling hyper-tls v0.5.0
[INFO] [stderr]    Compiling reqwest v0.11.4
[INFO] [stderr]    Compiling lib-mal v0.3.2 (https://github.com/AnActualEmerald/lib-mal.git?branch=dev#1e85f62a)
[INFO] [stderr]    Compiling miru v0.1.0-alpha (/opt/rustwide/workdir)
[INFO] [stdout] error: couldn't read src/secret: No such file or directory (os error 2)
[INFO] [stdout]   --> src/main.rs:22:37
[INFO] [stdout]    |
[INFO] [stdout] 22 |     let mut client = MALClient::new(include_str!("secret"), true, cache_dir).await;
[INFO] [stdout]    |                                     ^^^^^^^^^^^^^^^^^^^^^^
[INFO] [stdout]    |
[INFO] [stdout]    = note: this error originates in the macro `include_str` (in Nightly builds, run with -Z macro-backtrace for more info)
[INFO] [stdout] 
[INFO] [stdout] 
[INFO] [stdout] error[E0432]: unresolved import `lib_mal::model::fields::AnimeField`
[INFO] [stdout]  --> src/main.rs:4:5
[INFO] [stdout]   |
[INFO] [stdout] 4 | use lib_mal::model::fields::AnimeField;
[INFO] [stdout]   |     ^^^^^^^^^^^^^^^^^^^^^^^^----------
[INFO] [stdout]   |     |                       |
[INFO] [stdout]   |     |                       help: a similar name exists in the module: `AnimeFields`
[INFO] [stdout]   |     no `AnimeField` in `model::fields`
[INFO] [stdout] 
[INFO] [stdout] 
[INFO] [stdout] warning: unused imports: `Params`, `RankingType`
[INFO] [stdout]  --> src/main.rs:5:31
[INFO] [stdout]   |
[INFO] [stdout] 5 | use lib_mal::model::options::{RankingType, Status, StatusUpdate, Params};
[INFO] [stdout]   |                               ^^^^^^^^^^^                        ^^^^^^
[INFO] [stdout]   |
[INFO] [stdout]   = note: `#[warn(unused_imports)]` on by default
[INFO] [stdout] 
[INFO] [stdout] 
[INFO] [stdout] error[E0308]: mismatched types
[INFO] [stdout]   --> src/main.rs:24:13
[INFO] [stdout]    |
[INFO] [stdout] 24 |         let (url, challenge) = client.get_auth_parts();
[INFO] [stdout]    |             ^^^^^^^^^^^^^^^^   ----------------------- this expression has type `(String, String, String)`
[INFO] [stdout]    |             |
[INFO] [stdout]    |             expected a tuple with 3 elements, found one with 2 elements
[INFO] [stdout]    |
[INFO] [stdout]    = note: expected tuple `(String, String, String)`
[INFO] [stdout]               found tuple `(_, _)`
[INFO] [stdout] 
[INFO] [stdout] 
[INFO] [stdout] error[E0061]: this function takes 3 arguments but 1 argument was supplied
[INFO] [stdout]    --> src/main.rs:32:16
[INFO] [stdout]     |
[INFO] [stdout] 32  |         client.auth(&challenge).await.expect("Auth failed");
[INFO] [stdout]     |                ^^^^ ---------- supplied 1 argument
[INFO] [stdout]     |                |
[INFO] [stdout]     |                expected 3 arguments
[INFO] [stdout]     |
[INFO] [stdout] note: associated function defined here
[INFO] [stdout]    --> /opt/rustwide/cargo-home/git/checkouts/lib-mal-f2b06539a8b8e410/1e85f62/src/lib.rs:193:18
[INFO] [stdout]     |
[INFO] [stdout] 193 |     pub async fn auth(
[INFO] [stdout]     |                  ^^^^
[INFO] [stdout] 
[INFO] [stdout] 
[INFO] [stdout] error[E0599]: no function or associated item named `new` found for struct `StatusUpdate` in the current scope
[INFO] [stdout]   --> src/main.rs:35:36
[INFO] [stdout]    |
[INFO] [stdout] 35 |     let mut update = StatusUpdate::new();
[INFO] [stdout]    |                                    ^^^ function or associated item not found in `StatusUpdate`
[INFO] [stdout] 
[INFO] [stdout] 
[INFO] [stdout] error: aborting due to 5 previous errors; 1 warning emitted
[INFO] [stdout] 
[INFO] [stdout] 
[INFO] [stdout] Some errors have detailed explanations: E0061, E0308, E0432, E0599.
[INFO] [stdout] 
[INFO] [stdout] For more information about an error, try `rustc --explain E0061`.
[INFO] [stdout] 
[INFO] [stderr] error: could not compile `miru` due to 6 previous errors; 1 warning emitted
[INFO] running `Command { std: "docker" "inspect" "3730b35ea73a23340428a45383a3dc996f18702bf52707d0e88fd596925489d3", kill_on_drop: false }`
[INFO] running `Command { std: "docker" "rm" "-f" "3730b35ea73a23340428a45383a3dc996f18702bf52707d0e88fd596925489d3", kill_on_drop: false }`
[INFO] [stdout] 3730b35ea73a23340428a45383a3dc996f18702bf52707d0e88fd596925489d3
