[INFO] cloning repository https://github.com/Ameobea/advent-of-code-2018
[INFO] running `Command { std: "git" "-c" "credential.helper=" "-c" "credential.helper=/workspace/cargo-home/bin/git-credential-null" "clone" "--bare" "https://github.com/Ameobea/advent-of-code-2018" "/workspace/cache/git-repos/https%3A%2F%2Fgithub.com%2FAmeobea%2Fadvent-of-code-2018", kill_on_drop: false }`
[INFO] [stderr] Cloning into bare repository '/workspace/cache/git-repos/https%3A%2F%2Fgithub.com%2FAmeobea%2Fadvent-of-code-2018'...
[INFO] running `Command { std: "git" "rev-parse" "HEAD", kill_on_drop: false }`
[INFO] [stdout] ca253aeef8a2cc01609866a6e12a89038743b73f
[INFO] testing Ameobea/advent-of-code-2018 against beta-2021-08-01 for beta-1.55-1
[INFO] running `Command { std: "git" "clone" "/workspace/cache/git-repos/https%3A%2F%2Fgithub.com%2FAmeobea%2Fadvent-of-code-2018" "/workspace/builds/worker-68/source", kill_on_drop: false }`
[INFO] [stderr] Cloning into '/workspace/builds/worker-68/source'...
[INFO] [stderr] done.
[INFO] validating manifest of git repo https://github.com/Ameobea/advent-of-code-2018 on toolchain beta-2021-08-01
[INFO] running `Command { std: "/workspace/cargo-home/bin/cargo" "+beta-2021-08-01" "metadata" "--manifest-path" "Cargo.toml" "--no-deps", kill_on_drop: false }`
[INFO] started tweaking git repo https://github.com/Ameobea/advent-of-code-2018
[INFO] finished tweaking git repo https://github.com/Ameobea/advent-of-code-2018
[INFO] tweaked toml for git repo https://github.com/Ameobea/advent-of-code-2018 written to /workspace/builds/worker-68/source/Cargo.toml
[INFO] crate git repo https://github.com/Ameobea/advent-of-code-2018 already has a lockfile, it will not be regenerated
[INFO] running `Command { std: "/workspace/cargo-home/bin/cargo" "+beta-2021-08-01" "fetch" "--manifest-path" "Cargo.toml", kill_on_drop: false }`
[INFO] [stderr]     Blocking waiting for file lock on package cache
[INFO] [stderr]     Blocking waiting for file lock on package cache
[INFO] [stderr]  Downloading crates ...
[INFO] [stderr]   Downloaded regex-syntax v0.6.4
[INFO] [stderr]   Downloaded once_cell v0.1.6
[INFO] [stderr]   Downloaded cached v0.8.0
[INFO] [stderr]   Downloaded z3 v0.3.0
[INFO] [stderr]   Downloaded smallvec v0.6.7
[INFO] [stderr]   Downloaded z3-sys v0.4.0
[INFO] [stderr]   Downloaded pathfinding v1.1.10
[INFO] [stderr]   Downloaded packed_simd v0.3.1
[INFO] running `Command { std: "docker" "create" "-v" "/var/lib/crater-agent-workspace/builds/worker-68/target:/opt/rustwide/target:rw,Z" "-v" "/var/lib/crater-agent-workspace/builds/worker-68/source:/opt/rustwide/workdir:ro,Z" "-v" "/var/lib/crater-agent-workspace/cargo-home:/opt/rustwide/cargo-home:ro,Z" "-v" "/var/lib/crater-agent-workspace/rustup-home:/opt/rustwide/rustup-home:ro,Z" "-e" "SOURCE_DIR=/opt/rustwide/workdir" "-e" "CARGO_TARGET_DIR=/opt/rustwide/target" "-e" "CARGO_HOME=/opt/rustwide/cargo-home" "-e" "RUSTUP_HOME=/opt/rustwide/rustup-home" "-w" "/opt/rustwide/workdir" "-m" "1610612736" "--user" "0:0" "--network" "none" "ghcr.io/rust-lang/crates-build-env/linux@sha256:34b6a614d2c27851fe6cbf88fbd1137609cefab8b10d0615aaeb6fd47975d74e" "/opt/rustwide/cargo-home/bin/cargo" "+beta-2021-08-01" "metadata" "--no-deps" "--format-version=1", kill_on_drop: false }`
[INFO] [stdout] d7a23c9e21ef85e66533e7c1f2fb5e81da4ac996647c7d298f0611be5fd94459
[INFO] running `Command { std: "docker" "start" "-a" "d7a23c9e21ef85e66533e7c1f2fb5e81da4ac996647c7d298f0611be5fd94459", kill_on_drop: false }`
[INFO] running `Command { std: "docker" "inspect" "d7a23c9e21ef85e66533e7c1f2fb5e81da4ac996647c7d298f0611be5fd94459", kill_on_drop: false }`
[INFO] running `Command { std: "docker" "rm" "-f" "d7a23c9e21ef85e66533e7c1f2fb5e81da4ac996647c7d298f0611be5fd94459", kill_on_drop: false }`
[INFO] [stdout] d7a23c9e21ef85e66533e7c1f2fb5e81da4ac996647c7d298f0611be5fd94459
[INFO] running `Command { std: "docker" "create" "-v" "/var/lib/crater-agent-workspace/builds/worker-68/target:/opt/rustwide/target:rw,Z" "-v" "/var/lib/crater-agent-workspace/builds/worker-68/source:/opt/rustwide/workdir:ro,Z" "-v" "/var/lib/crater-agent-workspace/cargo-home:/opt/rustwide/cargo-home:ro,Z" "-v" "/var/lib/crater-agent-workspace/rustup-home:/opt/rustwide/rustup-home:ro,Z" "-e" "SOURCE_DIR=/opt/rustwide/workdir" "-e" "CARGO_TARGET_DIR=/opt/rustwide/target" "-e" "CARGO_INCREMENTAL=0" "-e" "RUST_BACKTRACE=full" "-e" "RUSTFLAGS=--cap-lints=warn" "-e" "CARGO_HOME=/opt/rustwide/cargo-home" "-e" "RUSTUP_HOME=/opt/rustwide/rustup-home" "-w" "/opt/rustwide/workdir" "-m" "1610612736" "--user" "0:0" "--network" "none" "ghcr.io/rust-lang/crates-build-env/linux@sha256:34b6a614d2c27851fe6cbf88fbd1137609cefab8b10d0615aaeb6fd47975d74e" "/opt/rustwide/cargo-home/bin/cargo" "+beta-2021-08-01" "build" "--frozen" "--message-format=json", kill_on_drop: false }`
[INFO] [stdout] 174d7833f4df4ddbeb8e3f04281013012e008a573b3b517daf1239d921f352e4
[INFO] running `Command { std: "docker" "start" "-a" "174d7833f4df4ddbeb8e3f04281013012e008a573b3b517daf1239d921f352e4", kill_on_drop: false }`
[INFO] [stderr]     Blocking waiting for file lock on package cache
[INFO] [stderr]    Compiling libc v0.2.45
[INFO] [stderr]    Compiling cfg-if v0.1.6
[INFO] [stderr]    Compiling scopeguard v0.3.3
[INFO] [stderr]    Compiling lazy_static v1.2.0
[INFO] [stderr]    Compiling version_check v0.1.5
[INFO] [stderr]    Compiling rand_core v0.3.0
[INFO] [stderr]    Compiling proc-macro2 v0.4.24
[INFO] [stderr]    Compiling void v1.0.2
[INFO] [stderr]    Compiling arrayvec v0.4.10
[INFO] [stderr]    Compiling nodrop v0.1.13
[INFO] [stderr]    Compiling num-traits v0.2.6
[INFO] [stderr]    Compiling rayon-core v1.4.1
[INFO] [stderr]    Compiling memoffset v0.2.1
[INFO] [stderr]    Compiling unicode-width v0.1.5
[INFO] [stderr]    Compiling unicode-segmentation v1.2.1
[INFO] [stderr]    Compiling either v1.5.0
[INFO] [stderr]    Compiling num-integer v0.1.39
[INFO] [stderr]    Compiling strsim v0.7.0
[INFO] [stderr]    Compiling bitflags v1.0.4
[INFO] [stderr]    Compiling ansi_term v0.11.0
[INFO] [stderr]    Compiling vec_map v0.8.1
[INFO] [stderr]    Compiling rayon v1.0.3
[INFO] [stderr]    Compiling ucd-util v0.1.3
[INFO] [stderr]    Compiling regex v1.1.0
[INFO] [stderr]    Compiling indexmap v1.0.2
[INFO] [stderr]    Compiling utf8-ranges v1.0.2
[INFO] [stderr]    Compiling z3-sys v0.4.0
[INFO] [stderr]    Compiling slab v0.4.1
[INFO] [stderr]    Compiling parking_lot_core v0.3.1
[INFO] [stderr]    Compiling textwrap v0.10.0
[INFO] [stderr]    Compiling unreachable v1.0.0
[INFO] [stderr]    Compiling thread_local v0.3.6
[INFO] [stderr]    Compiling rand_core v0.2.2
[INFO] [stderr]    Compiling crossbeam-utils v0.2.2
[INFO] [stderr]    Compiling log v0.4.6
[INFO] [stderr]    Compiling packed_simd v0.3.1
[INFO] [stderr]    Compiling lock_api v0.1.5
[INFO] [stderr]    Compiling regex-syntax v0.6.4
[INFO] [stderr]    Compiling itertools v0.8.0
[INFO] [stderr]    Compiling heck v0.3.1
[INFO] [stderr]    Compiling smallvec v0.6.7
[INFO] [stderr]    Compiling memchr v2.1.2
[INFO] [stderr]    Compiling z3 v0.3.0
[INFO] [stdout] error[E0557]: feature has been removed
[INFO] [stdout]    --> /opt/rustwide/cargo-home/registry/src/github.com-1ecc6299db9ec823/packed_simd-0.3.1/src/lib.rs:204:5
[INFO] [stdout]     |
[INFO] [stdout] 204 |     const_fn,
[INFO] [stdout]     |     ^^^^^^^^ feature has been removed
[INFO] [stdout]     |
[INFO] [stdout]     = note: split into finer-grained feature gates
[INFO] [stdout] 
[INFO] [stdout] 
[INFO] [stdout] error[E0432]: unresolved import `crate::arch::x86_64::__m64`
[INFO] [stdout]   --> /opt/rustwide/cargo-home/registry/src/github.com-1ecc6299db9ec823/packed_simd-0.3.1/src/api/into_bits/arch_specific.rs:51:15
[INFO] [stdout]    |
[INFO] [stdout] 51 |               $($arch_ty),*
[INFO] [stdout]    |                 ^^^^^^^^ no `__m64` in `arch::x86_64`
[INFO] [stdout] ...
[INFO] [stdout] 86 | / impl_arch!(
[INFO] [stdout] 87 | |     [x86["x86"]: __m64], [x86_64["x86_64"]: __m64],
[INFO] [stdout] 88 | |     [arm["arm"]: int8x8_t, uint8x8_t, poly8x8_t, int16x4_t, uint16x4_t,
[INFO] [stdout] 89 | |      poly16x4_t, int32x2_t, uint32x2_t, float32x2_t, int64x1_t,
[INFO] [stdout] ...  |
[INFO] [stdout] 96 | |     test: test_v64
[INFO] [stdout] 97 | | );
[INFO] [stdout]    | |__- in this macro invocation
[INFO] [stdout]    |
[INFO] [stdout]    = note: this error originates in the macro `impl_arch` (in Nightly builds, run with -Z macro-backtrace for more info)
[INFO] [stdout] 
[INFO] [stdout] 
[INFO] [stdout] error[E0554]: `#![feature]` may not be used on the beta release channel
[INFO] [stdout]    --> /opt/rustwide/cargo-home/registry/src/github.com-1ecc6299db9ec823/packed_simd-0.3.1/src/lib.rs:202:1
[INFO] [stdout]     |
[INFO] [stdout] 202 | / #![feature(
[INFO] [stdout] 203 | |     repr_simd,
[INFO] [stdout] 204 | |     const_fn,
[INFO] [stdout] 205 | |     platform_intrinsics,
[INFO] [stdout] ...   |
[INFO] [stdout] 215 | |     custom_inner_attributes
[INFO] [stdout] 216 | | )]
[INFO] [stdout]     | |__^
[INFO] [stdout] 
[INFO] [stdout] 
[INFO] [stderr]    Compiling crossbeam-epoch v0.3.1
[INFO] [stderr]    Compiling quote v0.6.10
[INFO] [stderr]    Compiling rand v0.5.5
[INFO] [stderr]    Compiling atty v0.2.11
[INFO] [stderr]    Compiling num_cpus v1.9.0
[INFO] [stderr]    Compiling time v0.1.41
[INFO] [stderr]    Compiling crossbeam-deque v0.2.0
[INFO] [stderr]    Compiling syn v0.15.23
[INFO] [stderr]    Compiling clap v2.32.0
[INFO] [stderr]    Compiling pathfinding v1.1.10
[INFO] [stderr]    Compiling aho-corasick v0.6.9
[INFO] [stderr]    Compiling nom v4.1.1
[INFO] [stderr]    Compiling chrono v0.4.6
[INFO] [stderr]    Compiling parking_lot v0.6.4
[INFO] [stderr]    Compiling once_cell v0.1.6
[INFO] [stderr]    Compiling cached v0.8.0
[INFO] [stderr]    Compiling structopt-derive v0.2.14
[INFO] [stderr]    Compiling structopt v0.2.14
[INFO] [stdout] error: aborting due to 3 previous errors
[INFO] [stdout] 
[INFO] [stdout] 
[INFO] [stdout] Some errors have detailed explanations: E0432, E0554, E0557.
[INFO] [stdout] 
[INFO] [stdout] For more information about an error, try `rustc --explain E0432`.
[INFO] [stdout] 
[INFO] [stderr] error: could not compile `packed_simd` due to 4 previous errors
[INFO] running `Command { std: "docker" "inspect" "174d7833f4df4ddbeb8e3f04281013012e008a573b3b517daf1239d921f352e4", kill_on_drop: false }`
[INFO] running `Command { std: "docker" "rm" "-f" "174d7833f4df4ddbeb8e3f04281013012e008a573b3b517daf1239d921f352e4", kill_on_drop: false }`
[INFO] [stdout] 174d7833f4df4ddbeb8e3f04281013012e008a573b3b517daf1239d921f352e4
