[INFO] cloning repository https://github.com/AmaranthineCodices/rust-win32-notifications
[INFO] running `Command { std: "git" "-c" "credential.helper=" "-c" "credential.helper=/workspace/cargo-home/bin/git-credential-null" "clone" "--bare" "https://github.com/AmaranthineCodices/rust-win32-notifications" "/workspace/cache/git-repos/https%3A%2F%2Fgithub.com%2FAmaranthineCodices%2Frust-win32-notifications", kill_on_drop: false }`
[INFO] [stderr] Cloning into bare repository '/workspace/cache/git-repos/https%3A%2F%2Fgithub.com%2FAmaranthineCodices%2Frust-win32-notifications'...
[INFO] running `Command { std: "git" "rev-parse" "HEAD", kill_on_drop: false }`
[INFO] [stdout] 8eb88b7545e83bcc6fa8247756b77b6ff25c9c0d
[INFO] testing AmaranthineCodices/rust-win32-notifications against beta-2021-08-01 for beta-1.55-1
[INFO] running `Command { std: "git" "clone" "/workspace/cache/git-repos/https%3A%2F%2Fgithub.com%2FAmaranthineCodices%2Frust-win32-notifications" "/workspace/builds/worker-65/source", kill_on_drop: false }`
[INFO] [stderr] Cloning into '/workspace/builds/worker-65/source'...
[INFO] [stderr] done.
[INFO] validating manifest of git repo https://github.com/AmaranthineCodices/rust-win32-notifications on toolchain beta-2021-08-01
[INFO] running `Command { std: "/workspace/cargo-home/bin/cargo" "+beta-2021-08-01" "metadata" "--manifest-path" "Cargo.toml" "--no-deps", kill_on_drop: false }`
[INFO] started tweaking git repo https://github.com/AmaranthineCodices/rust-win32-notifications
[INFO] finished tweaking git repo https://github.com/AmaranthineCodices/rust-win32-notifications
[INFO] tweaked toml for git repo https://github.com/AmaranthineCodices/rust-win32-notifications written to /workspace/builds/worker-65/source/Cargo.toml
[INFO] crate git repo https://github.com/AmaranthineCodices/rust-win32-notifications already has a lockfile, it will not be regenerated
[INFO] running `Command { std: "/workspace/cargo-home/bin/cargo" "+beta-2021-08-01" "fetch" "--manifest-path" "Cargo.toml", kill_on_drop: false }`
[INFO] [stderr]     Blocking waiting for file lock on package cache
[INFO] [stderr]     Blocking waiting for file lock on package cache
[INFO] running `Command { std: "docker" "create" "-v" "/var/lib/crater-agent-workspace/builds/worker-65/target:/opt/rustwide/target:rw,Z" "-v" "/var/lib/crater-agent-workspace/builds/worker-65/source:/opt/rustwide/workdir:ro,Z" "-v" "/var/lib/crater-agent-workspace/cargo-home:/opt/rustwide/cargo-home:ro,Z" "-v" "/var/lib/crater-agent-workspace/rustup-home:/opt/rustwide/rustup-home:ro,Z" "-e" "SOURCE_DIR=/opt/rustwide/workdir" "-e" "CARGO_TARGET_DIR=/opt/rustwide/target" "-e" "CARGO_HOME=/opt/rustwide/cargo-home" "-e" "RUSTUP_HOME=/opt/rustwide/rustup-home" "-w" "/opt/rustwide/workdir" "-m" "1610612736" "--user" "0:0" "--network" "none" "ghcr.io/rust-lang/crates-build-env/linux@sha256:34b6a614d2c27851fe6cbf88fbd1137609cefab8b10d0615aaeb6fd47975d74e" "/opt/rustwide/cargo-home/bin/cargo" "+beta-2021-08-01" "metadata" "--no-deps" "--format-version=1", kill_on_drop: false }`
[INFO] [stdout] 85b847087ca08bf69806f8d91ac2b1b1e8461ec60229ef5f80a5d99a41329f99
[INFO] running `Command { std: "docker" "start" "-a" "85b847087ca08bf69806f8d91ac2b1b1e8461ec60229ef5f80a5d99a41329f99", kill_on_drop: false }`
[INFO] running `Command { std: "docker" "inspect" "85b847087ca08bf69806f8d91ac2b1b1e8461ec60229ef5f80a5d99a41329f99", kill_on_drop: false }`
[INFO] running `Command { std: "docker" "rm" "-f" "85b847087ca08bf69806f8d91ac2b1b1e8461ec60229ef5f80a5d99a41329f99", kill_on_drop: false }`
[INFO] [stdout] 85b847087ca08bf69806f8d91ac2b1b1e8461ec60229ef5f80a5d99a41329f99
[INFO] running `Command { std: "docker" "create" "-v" "/var/lib/crater-agent-workspace/builds/worker-65/target:/opt/rustwide/target:rw,Z" "-v" "/var/lib/crater-agent-workspace/builds/worker-65/source:/opt/rustwide/workdir:ro,Z" "-v" "/var/lib/crater-agent-workspace/cargo-home:/opt/rustwide/cargo-home:ro,Z" "-v" "/var/lib/crater-agent-workspace/rustup-home:/opt/rustwide/rustup-home:ro,Z" "-e" "SOURCE_DIR=/opt/rustwide/workdir" "-e" "CARGO_TARGET_DIR=/opt/rustwide/target" "-e" "CARGO_INCREMENTAL=0" "-e" "RUST_BACKTRACE=full" "-e" "RUSTFLAGS=--cap-lints=warn" "-e" "CARGO_HOME=/opt/rustwide/cargo-home" "-e" "RUSTUP_HOME=/opt/rustwide/rustup-home" "-w" "/opt/rustwide/workdir" "-m" "1610612736" "--user" "0:0" "--network" "none" "ghcr.io/rust-lang/crates-build-env/linux@sha256:34b6a614d2c27851fe6cbf88fbd1137609cefab8b10d0615aaeb6fd47975d74e" "/opt/rustwide/cargo-home/bin/cargo" "+beta-2021-08-01" "build" "--frozen" "--message-format=json", kill_on_drop: false }`
[INFO] [stdout] 6a5d82825b2bc93596b89b25833a1e486cd88684d4cec001ea88562a176c2cf3
[INFO] running `Command { std: "docker" "start" "-a" "6a5d82825b2bc93596b89b25833a1e486cd88684d4cec001ea88562a176c2cf3", kill_on_drop: false }`
[INFO] [stderr]     Blocking waiting for file lock on package cache
[INFO] [stderr]    Compiling winapi v0.3.8
[INFO] [stderr]    Compiling notification-test v0.1.0 (/opt/rustwide/workdir)
[INFO] [stdout] error[E0433]: failed to resolve: could not find `windows` in `os`
[INFO] [stdout]  --> src/main.rs:2:14
[INFO] [stdout]   |
[INFO] [stdout] 2 | use std::os::windows::ffi::OsStrExt;
[INFO] [stdout]   |              ^^^^^^^ could not find `windows` in `os`
[INFO] [stdout] 
[INFO] [stdout] 
[INFO] [stdout] error[E0433]: failed to resolve: could not find `shared` in `winapi`
[INFO] [stdout]  --> src/main.rs:3:13
[INFO] [stdout]   |
[INFO] [stdout] 3 | use winapi::shared::guiddef::GUID;
[INFO] [stdout]   |             ^^^^^^ could not find `shared` in `winapi`
[INFO] [stdout] 
[INFO] [stdout] 
[INFO] [stdout] error[E0433]: failed to resolve: could not find `um` in `winapi`
[INFO] [stdout]  --> src/main.rs:4:13
[INFO] [stdout]   |
[INFO] [stdout] 4 | use winapi::um::shellapi::{self, Shell_NotifyIconW, NOTIFYICONDATAW};
[INFO] [stdout]   |             ^^ could not find `um` in `winapi`
[INFO] [stdout] 
[INFO] [stdout] 
[INFO] [stdout] error[E0432]: unresolved import `winapi::um`
[INFO] [stdout]  --> src/main.rs:4:13
[INFO] [stdout]   |
[INFO] [stdout] 4 | use winapi::um::shellapi::{self, Shell_NotifyIconW, NOTIFYICONDATAW};
[INFO] [stdout]   |             ^^ could not find `um` in `winapi`
[INFO] [stdout] 
[INFO] [stdout] 
[INFO] [stdout] error[E0433]: failed to resolve: could not find `um` in `winapi`
[INFO] [stdout]   --> src/main.rs:38:21
[INFO] [stdout]    |
[INFO] [stdout] 38 |             winapi::um::combaseapi::CoCreateGuid(&mut gen_guid);
[INFO] [stdout]    |                     ^^ could not find `um` in `winapi`
[INFO] [stdout] 
[INFO] [stdout] 
[INFO] [stdout] error[E0433]: failed to resolve: could not find `um` in `winapi`
[INFO] [stdout]   --> src/main.rs:56:41
[INFO] [stdout]    |
[INFO] [stdout] 56 |         let last_err = unsafe { winapi::um::errhandlingapi::GetLastError() };
[INFO] [stdout]    |                                         ^^ could not find `um` in `winapi`
[INFO] [stdout] 
[INFO] [stdout] 
[INFO] [stdout] error[E0433]: failed to resolve: could not find `um` in `winapi`
[INFO] [stdout]   --> src/main.rs:74:41
[INFO] [stdout]    |
[INFO] [stdout] 74 |         let last_err = unsafe { winapi::um::errhandlingapi::GetLastError() };
[INFO] [stdout]    |                                         ^^ could not find `um` in `winapi`
[INFO] [stdout] 
[INFO] [stdout] 
[INFO] [stdout] error[E0412]: cannot find type `GUID` in this scope
[INFO] [stdout]  --> src/main.rs:6:63
[INFO] [stdout]   |
[INFO] [stdout] 6 | fn create_notification(title: String, body: String) -> Result<GUID, u32> {
[INFO] [stdout]   |                       -                                       ^^^^ not found in this scope
[INFO] [stdout]   |                       |
[INFO] [stdout]   |                       help: you might be missing a type parameter: `<GUID>`
[INFO] [stdout] 
[INFO] [stdout] 
[INFO] [stdout] error[E0412]: cannot find type `GUID` in this scope
[INFO] [stdout]   --> src/main.rs:36:27
[INFO] [stdout]    |
[INFO] [stdout] 36 |         let mut gen_guid: GUID = Default::default();
[INFO] [stdout]    |                           ^^^^ not found in this scope
[INFO] [stdout] 
[INFO] [stdout] 
[INFO] [stdout] error[E0422]: cannot find struct, variant or union type `NOTIFYICONDATAW` in this scope
[INFO] [stdout]   --> src/main.rs:43:25
[INFO] [stdout]    |
[INFO] [stdout] 43 |     let mut icon_data = NOTIFYICONDATAW {
[INFO] [stdout]    |                         ^^^^^^^^^^^^^^^ not found in this scope
[INFO] [stdout] 
[INFO] [stdout] 
[INFO] [stdout] error[E0412]: cannot find type `NOTIFYICONDATAW` in this scope
[INFO] [stdout]   --> src/main.rs:44:37
[INFO] [stdout]    |
[INFO] [stdout] 6  | fn create_notification(title: String, body: String) -> Result<GUID, u32> {
[INFO] [stdout]    |                       - help: you might be missing a type parameter: `<NOTIFYICONDATAW>`
[INFO] [stdout] ...
[INFO] [stdout] 44 |         cbSize: std::mem::size_of::<NOTIFYICONDATAW>() as u32,
[INFO] [stdout]    |                                     ^^^^^^^^^^^^^^^ not found in this scope
[INFO] [stdout] 
[INFO] [stdout] 
[INFO] [stdout] error[E0425]: cannot find function, tuple struct or tuple variant `Shell_NotifyIconW` in this scope
[INFO] [stdout]   --> src/main.rs:53:28
[INFO] [stdout]    |
[INFO] [stdout] 53 |     let success = unsafe { Shell_NotifyIconW(shellapi::NIM_ADD, &mut icon_data) != 0 };
[INFO] [stdout]    |                            ^^^^^^^^^^^^^^^^^ not found in this scope
[INFO] [stdout] 
[INFO] [stdout] 
[INFO] [stdout] error[E0412]: cannot find type `GUID` in this scope
[INFO] [stdout]   --> src/main.rs:63:30
[INFO] [stdout]    |
[INFO] [stdout] 63 | fn delete_notification(guid: GUID) -> Result<(), u32> {
[INFO] [stdout]    |                              ^^^^ not found in this scope
[INFO] [stdout] 
[INFO] [stdout] 
[INFO] [stdout] error[E0422]: cannot find struct, variant or union type `NOTIFYICONDATAW` in this scope
[INFO] [stdout]   --> src/main.rs:64:25
[INFO] [stdout]    |
[INFO] [stdout] 64 |     let mut icon_data = NOTIFYICONDATAW {
[INFO] [stdout]    |                         ^^^^^^^^^^^^^^^ not found in this scope
[INFO] [stdout] 
[INFO] [stdout] 
[INFO] [stdout] error[E0412]: cannot find type `NOTIFYICONDATAW` in this scope
[INFO] [stdout]   --> src/main.rs:65:37
[INFO] [stdout]    |
[INFO] [stdout] 63 | fn delete_notification(guid: GUID) -> Result<(), u32> {
[INFO] [stdout]    |                       - help: you might be missing a type parameter: `<NOTIFYICONDATAW>`
[INFO] [stdout] 64 |     let mut icon_data = NOTIFYICONDATAW {
[INFO] [stdout] 65 |         cbSize: std::mem::size_of::<NOTIFYICONDATAW>() as u32,
[INFO] [stdout]    |                                     ^^^^^^^^^^^^^^^ not found in this scope
[INFO] [stdout] 
[INFO] [stdout] 
[INFO] [stdout] error[E0425]: cannot find function, tuple struct or tuple variant `Shell_NotifyIconW` in this scope
[INFO] [stdout]   --> src/main.rs:71:28
[INFO] [stdout]    |
[INFO] [stdout] 71 |     let success = unsafe { Shell_NotifyIconW(shellapi::NIM_DELETE, &mut icon_data) != 0 };
[INFO] [stdout]    |                            ^^^^^^^^^^^^^^^^^ not found in this scope
[INFO] [stdout] 
[INFO] [stdout] 
[INFO] [stdout] error[E0599]: no method named `encode_wide` found for reference `&OsStr` in the current scope
[INFO] [stdout]  --> src/main.rs:9:10
[INFO] [stdout]   |
[INFO] [stdout] 9 |         .encode_wide()
[INFO] [stdout]   |          ^^^^^^^^^^^ method not found in `&OsStr`
[INFO] [stdout] 
[INFO] [stdout] 
[INFO] [stdout] error[E0599]: no method named `encode_wide` found for reference `&OsStr` in the current scope
[INFO] [stdout]   --> src/main.rs:16:10
[INFO] [stdout]    |
[INFO] [stdout] 16 |         .encode_wide()
[INFO] [stdout]    |          ^^^^^^^^^^^ method not found in `&OsStr`
[INFO] [stdout] 
[INFO] [stdout] 
[INFO] [stdout] error: aborting due to 18 previous errors
[INFO] [stdout] 
[INFO] [stdout] 
[INFO] [stdout] Some errors have detailed explanations: E0412, E0422, E0425, E0432, E0433, E0599.
[INFO] [stdout] 
[INFO] [stdout] For more information about an error, try `rustc --explain E0412`.
[INFO] [stdout] 
[INFO] [stderr] error: could not compile `notification-test` due to 19 previous errors
[INFO] running `Command { std: "docker" "inspect" "6a5d82825b2bc93596b89b25833a1e486cd88684d4cec001ea88562a176c2cf3", kill_on_drop: false }`
[INFO] running `Command { std: "docker" "rm" "-f" "6a5d82825b2bc93596b89b25833a1e486cd88684d4cec001ea88562a176c2cf3", kill_on_drop: false }`
[INFO] [stdout] 6a5d82825b2bc93596b89b25833a1e486cd88684d4cec001ea88562a176c2cf3
