[INFO] cloning repository https://github.com/AltOS-Rust/cm0-port
[INFO] running `Command { std: "git" "-c" "credential.helper=" "-c" "credential.helper=/workspace/cargo-home/bin/git-credential-null" "clone" "--bare" "https://github.com/AltOS-Rust/cm0-port" "/workspace/cache/git-repos/https%3A%2F%2Fgithub.com%2FAltOS-Rust%2Fcm0-port", kill_on_drop: false }`
[INFO] [stderr] Cloning into bare repository '/workspace/cache/git-repos/https%3A%2F%2Fgithub.com%2FAltOS-Rust%2Fcm0-port'...
[INFO] running `Command { std: "git" "rev-parse" "HEAD", kill_on_drop: false }`
[INFO] [stdout] 90d34a47dd4cc3d4cad13439d2f1a73a7d79299d
[INFO] testing AltOS-Rust/cm0-port against beta-2021-08-01 for beta-1.55-1
[INFO] running `Command { std: "git" "clone" "/workspace/cache/git-repos/https%3A%2F%2Fgithub.com%2FAltOS-Rust%2Fcm0-port" "/workspace/builds/worker-37/source", kill_on_drop: false }`
[INFO] [stderr] Cloning into '/workspace/builds/worker-37/source'...
[INFO] [stderr] done.
[INFO] validating manifest of git repo https://github.com/AltOS-Rust/cm0-port on toolchain beta-2021-08-01
[INFO] running `Command { std: "/workspace/cargo-home/bin/cargo" "+beta-2021-08-01" "metadata" "--manifest-path" "Cargo.toml" "--no-deps", kill_on_drop: false }`
[INFO] started tweaking git repo https://github.com/AltOS-Rust/cm0-port
[INFO] finished tweaking git repo https://github.com/AltOS-Rust/cm0-port
[INFO] tweaked toml for git repo https://github.com/AltOS-Rust/cm0-port written to /workspace/builds/worker-37/source/Cargo.toml
[INFO] crate git repo https://github.com/AltOS-Rust/cm0-port already has a lockfile, it will not be regenerated
[INFO] running `Command { std: "/workspace/cargo-home/bin/cargo" "+beta-2021-08-01" "fetch" "--manifest-path" "Cargo.toml", kill_on_drop: false }`
[INFO] [stderr]     Blocking waiting for file lock on package cache
[INFO] [stderr]     Updating git repository `https://github.com/AltOS-Rust/altos-core`
[INFO] [stderr]     Updating git repository `https://github.com/AltOS-Rust/volatile`
[INFO] [stderr]     Updating git repository `https://github.com/AltOS-Rust/cm0-atomic`
[INFO] [stderr]     Blocking waiting for file lock on package cache
[INFO] running `Command { std: "docker" "create" "-v" "/var/lib/crater-agent-workspace/builds/worker-37/target:/opt/rustwide/target:rw,Z" "-v" "/var/lib/crater-agent-workspace/builds/worker-37/source:/opt/rustwide/workdir:ro,Z" "-v" "/var/lib/crater-agent-workspace/cargo-home:/opt/rustwide/cargo-home:ro,Z" "-v" "/var/lib/crater-agent-workspace/rustup-home:/opt/rustwide/rustup-home:ro,Z" "-e" "SOURCE_DIR=/opt/rustwide/workdir" "-e" "CARGO_TARGET_DIR=/opt/rustwide/target" "-e" "CARGO_HOME=/opt/rustwide/cargo-home" "-e" "RUSTUP_HOME=/opt/rustwide/rustup-home" "-w" "/opt/rustwide/workdir" "-m" "1610612736" "--user" "0:0" "--network" "none" "ghcr.io/rust-lang/crates-build-env/linux@sha256:34b6a614d2c27851fe6cbf88fbd1137609cefab8b10d0615aaeb6fd47975d74e" "/opt/rustwide/cargo-home/bin/cargo" "+beta-2021-08-01" "metadata" "--no-deps" "--format-version=1", kill_on_drop: false }`
[INFO] [stdout] 28b45bc4c296699b1f745f4918b3f9c0d6a0350afb5d445d48dc151259487041
[INFO] running `Command { std: "docker" "start" "-a" "28b45bc4c296699b1f745f4918b3f9c0d6a0350afb5d445d48dc151259487041", kill_on_drop: false }`
[INFO] running `Command { std: "docker" "inspect" "28b45bc4c296699b1f745f4918b3f9c0d6a0350afb5d445d48dc151259487041", kill_on_drop: false }`
[INFO] running `Command { std: "docker" "rm" "-f" "28b45bc4c296699b1f745f4918b3f9c0d6a0350afb5d445d48dc151259487041", kill_on_drop: false }`
[INFO] [stdout] 28b45bc4c296699b1f745f4918b3f9c0d6a0350afb5d445d48dc151259487041
[INFO] running `Command { std: "docker" "create" "-v" "/var/lib/crater-agent-workspace/builds/worker-37/target:/opt/rustwide/target:rw,Z" "-v" "/var/lib/crater-agent-workspace/builds/worker-37/source:/opt/rustwide/workdir:ro,Z" "-v" "/var/lib/crater-agent-workspace/cargo-home:/opt/rustwide/cargo-home:ro,Z" "-v" "/var/lib/crater-agent-workspace/rustup-home:/opt/rustwide/rustup-home:ro,Z" "-e" "SOURCE_DIR=/opt/rustwide/workdir" "-e" "CARGO_TARGET_DIR=/opt/rustwide/target" "-e" "CARGO_INCREMENTAL=0" "-e" "RUST_BACKTRACE=full" "-e" "RUSTFLAGS=--cap-lints=warn" "-e" "CARGO_HOME=/opt/rustwide/cargo-home" "-e" "RUSTUP_HOME=/opt/rustwide/rustup-home" "-w" "/opt/rustwide/workdir" "-m" "1610612736" "--user" "0:0" "--network" "none" "ghcr.io/rust-lang/crates-build-env/linux@sha256:34b6a614d2c27851fe6cbf88fbd1137609cefab8b10d0615aaeb6fd47975d74e" "/opt/rustwide/cargo-home/bin/cargo" "+beta-2021-08-01" "build" "--frozen" "--message-format=json", kill_on_drop: false }`
[INFO] [stdout] 163bf9dbd57439c93b908075e709143e54c76ecb7294da457867ea81a54ce389
[INFO] running `Command { std: "docker" "start" "-a" "163bf9dbd57439c93b908075e709143e54c76ecb7294da457867ea81a54ce389", kill_on_drop: false }`
[INFO] [stderr]     Blocking waiting for file lock on package cache
[INFO] [stderr]    Compiling cm0_sync v0.1.0 (https://github.com/AltOS-Rust/altos-core#49236794)
[INFO] [stderr]    Compiling altos-macros v0.1.0 (https://github.com/AltOS-Rust/altos-core#49236794)
[INFO] [stderr]    Compiling volatile-ptr v0.1.0 (https://github.com/AltOS-Rust/volatile#a6c4b3d8)
[INFO] [stderr]    Compiling arm v0.1.0 (/opt/rustwide/workdir/libs/arm)
[INFO] [stdout] error[E0554]: `#![feature]` may not be used on the beta release channel
[INFO] [stdout]   --> libs/arm/src/lib.rs:19:1
[INFO] [stdout]    |
[INFO] [stdout] 19 | #![feature(asm)]
[INFO] [stdout]    | ^^^^^^^^^^^^^^^^
[INFO] [stdout] 
[INFO] [stdout] 
[INFO] [stdout] error[E0554]: `#![feature]` may not be used on the beta release channel
[INFO] [stdout]   --> libs/arm/src/lib.rs:20:1
[INFO] [stdout]    |
[INFO] [stdout] 20 | #![feature(naked_functions)]
[INFO] [stdout]    | ^^^^^^^^^^^^^^^^^^^^^^^^^^^^
[INFO] [stdout] 
[INFO] [stdout] 
[INFO] [stdout] warning: unnecessary parentheses around method argument
[INFO] [stdout]   --> libs/arm/src/math.rs:46:41
[INFO] [stdout]    |
[INFO] [stdout] 46 |         ((a >> 32) as u32).wrapping_mul((b as u32))
[INFO] [stdout]    |                                         ^^^^^^^^^^ help: remove these parentheses
[INFO] [stdout]    |
[INFO] [stdout]    = note: `#[warn(unused_parens)]` on by default
[INFO] [stdout] 
[INFO] [stdout] 
[INFO] [stdout] warning: unnecessary parentheses around method argument
[INFO] [stdout]   --> libs/arm/src/math.rs:47:47
[INFO] [stdout]    |
[INFO] [stdout] 47 |         .wrapping_add((a as u32).wrapping_mul(((b >> 32) as u32)))
[INFO] [stdout]    |                                               ^^^^^^^^^^^^^^^^^^ help: remove these parentheses
[INFO] [stdout] 
[INFO] [stdout] 
[INFO] [stdout] error[E0570]: `"aapcs"` is not a supported ABI for the current target
[INFO] [stdout]   --> libs/arm/src/math.rs:54:1
[INFO] [stdout]    |
[INFO] [stdout] 54 | pub extern "aapcs" fn __aeabi_idiv(mut num: i32, mut den: i32) -> i32 {
[INFO] [stdout]    | ^^^^^^^^^^^^^^^^^^^^^^^^^^^^^^^^^^^^^^^^^^^^^^^^^^^^^^^^^^^^^^^^^^^^^
[INFO] [stdout] 
[INFO] [stdout] 
[INFO] [stdout] error[E0570]: `"aapcs"` is not a supported ABI for the current target
[INFO] [stdout]   --> libs/arm/src/mem.rs:20:1
[INFO] [stdout]    |
[INFO] [stdout] 20 | pub unsafe extern "aapcs" fn __aeabi_memclr(dest: *mut u8, n: usize) {
[INFO] [stdout]    | ^^^^^^^^^^^^^^^^^^^^^^^^^^^^^^^^^^^^^^^^^^^^^^^^^^^^^^^^^^^^^^^^^^^^
[INFO] [stdout] 
[INFO] [stdout] 
[INFO] [stdout] error[E0570]: `"aapcs"` is not a supported ABI for the current target
[INFO] [stdout]   --> libs/arm/src/mem.rs:24:1
[INFO] [stdout]    |
[INFO] [stdout] 24 | pub unsafe extern "aapcs" fn __aeabi_memclr4(dest: *mut u8, n: usize) {
[INFO] [stdout]    | ^^^^^^^^^^^^^^^^^^^^^^^^^^^^^^^^^^^^^^^^^^^^^^^^^^^^^^^^^^^^^^^^^^^^^
[INFO] [stdout] 
[INFO] [stdout] 
[INFO] [stdout] error[E0570]: `"aapcs"` is not a supported ABI for the current target
[INFO] [stdout]   --> libs/arm/src/mem.rs:28:1
[INFO] [stdout]    |
[INFO] [stdout] 28 | pub unsafe extern "aapcs" fn __aeabi_memclr8(dest: *mut u8, n: usize) {
[INFO] [stdout]    | ^^^^^^^^^^^^^^^^^^^^^^^^^^^^^^^^^^^^^^^^^^^^^^^^^^^^^^^^^^^^^^^^^^^^^
[INFO] [stdout] 
[INFO] [stdout] 
[INFO] [stdout] error[E0570]: `"aapcs"` is not a supported ABI for the current target
[INFO] [stdout]   --> libs/arm/src/mem.rs:33:1
[INFO] [stdout]    |
[INFO] [stdout] 33 | pub unsafe extern "aapcs" fn __aeabi_memcpy(dest: *mut u8, src: *const u8, n: usize) {
[INFO] [stdout]    | ^^^^^^^^^^^^^^^^^^^^^^^^^^^^^^^^^^^^^^^^^^^^^^^^^^^^^^^^^^^^^^^^^^^^^^^^^^^^^^^^^^^^
[INFO] [stdout] 
[INFO] [stdout] 
[INFO] [stdout] error[E0570]: `"aapcs"` is not a supported ABI for the current target
[INFO] [stdout]   --> libs/arm/src/mem.rs:38:1
[INFO] [stdout]    |
[INFO] [stdout] 38 | pub unsafe extern "aapcs" fn __aeabi_memmove4(dest: *mut u8, src: *const u8, n: usize) {
[INFO] [stdout]    | ^^^^^^^^^^^^^^^^^^^^^^^^^^^^^^^^^^^^^^^^^^^^^^^^^^^^^^^^^^^^^^^^^^^^^^^^^^^^^^^^^^^^^^
[INFO] [stdout] 
[INFO] [stdout] 
[INFO] [stderr] error: could not compile `arm` due to 9 previous errors; 2 warnings emitted
[INFO] [stdout] error: aborting due to 8 previous errors; 2 warnings emitted
[INFO] [stdout] 
[INFO] [stdout] 
[INFO] [stderr] warning: build failed, waiting for other jobs to finish...
[INFO] [stdout] Some errors have detailed explanations: E0554, E0570.
[INFO] [stdout] 
[INFO] [stdout] For more information about an error, try `rustc --explain E0554`.
[INFO] [stdout] 
[INFO] [stdout] error: the legacy LLVM-style asm! syntax is no longer supported
[INFO] [stdout]    --> /opt/rustwide/cargo-home/git/checkouts/volatile-f8b640add15eb786/a6c4b3d/src/lib.rs:379:13
[INFO] [stdout]     |
[INFO] [stdout] 379 |             asm!("" ::: "memory" : "volatile");
[INFO] [stdout]     |             ----^^^^^^^^^^^^^^^^^^^^^^^^^^^^^^^
[INFO] [stdout]     |             |
[INFO] [stdout]     |             help: replace with: `llvm_asm!`
[INFO] [stdout]     |
[INFO] [stdout]     = note: consider migrating to the new asm! syntax specified in RFC 2873
[INFO] [stdout]     = note: alternatively, switch to llvm_asm! to keep your code working as it is
[INFO] [stdout] 
[INFO] [stdout] 
[INFO] [stdout] error: the legacy LLVM-style asm! syntax is no longer supported
[INFO] [stdout]    --> /opt/rustwide/cargo-home/git/checkouts/volatile-f8b640add15eb786/a6c4b3d/src/lib.rs:388:13
[INFO] [stdout]     |
[INFO] [stdout] 388 |             asm!("" ::: "memory" : "volatile");
[INFO] [stdout]     |             ----^^^^^^^^^^^^^^^^^^^^^^^^^^^^^^^
[INFO] [stdout]     |             |
[INFO] [stdout]     |             help: replace with: `llvm_asm!`
[INFO] [stdout]     |
[INFO] [stdout]     = note: consider migrating to the new asm! syntax specified in RFC 2873
[INFO] [stdout]     = note: alternatively, switch to llvm_asm! to keep your code working as it is
[INFO] [stdout] 
[INFO] [stdout] 
[INFO] [stdout] error[E0554]: `#![feature]` may not be used on the beta release channel
[INFO] [stdout]   --> /opt/rustwide/cargo-home/git/checkouts/volatile-f8b640add15eb786/a6c4b3d/src/lib.rs:19:1
[INFO] [stdout]    |
[INFO] [stdout] 19 | #![feature(core_intrinsics)]
[INFO] [stdout]    | ^^^^^^^^^^^^^^^^^^^^^^^^^^^^
[INFO] [stdout] 
[INFO] [stdout] 
[INFO] [stdout] error[E0554]: `#![feature]` may not be used on the beta release channel
[INFO] [stdout]   --> /opt/rustwide/cargo-home/git/checkouts/volatile-f8b640add15eb786/a6c4b3d/src/lib.rs:20:1
[INFO] [stdout]    |
[INFO] [stdout] 20 | #![feature(asm)]
[INFO] [stdout]    | ^^^^^^^^^^^^^^^^
[INFO] [stdout] 
[INFO] [stdout] 
[INFO] [stdout] error[E0554]: `#![feature]` may not be used on the beta release channel
[INFO] [stdout]   --> /opt/rustwide/cargo-home/git/checkouts/volatile-f8b640add15eb786/a6c4b3d/src/lib.rs:21:1
[INFO] [stdout]    |
[INFO] [stdout] 21 | #![feature(unsize)]
[INFO] [stdout]    | ^^^^^^^^^^^^^^^^^^^
[INFO] [stdout] 
[INFO] [stdout] 
[INFO] [stdout] error[E0554]: `#![feature]` may not be used on the beta release channel
[INFO] [stdout]   --> /opt/rustwide/cargo-home/git/checkouts/volatile-f8b640add15eb786/a6c4b3d/src/lib.rs:22:1
[INFO] [stdout]    |
[INFO] [stdout] 22 | #![feature(coerce_unsized)]
[INFO] [stdout]    | ^^^^^^^^^^^^^^^^^^^^^^^^^^^
[INFO] [stdout] 
[INFO] [stdout] 
[INFO] [stdout] error[E0557]: feature has been removed
[INFO] [stdout]   --> /opt/rustwide/cargo-home/git/checkouts/altos-core-ea5d92ea11596cf6/4923679/libs/cm0_sync/src/lib.rs:20:12
[INFO] [stdout]    |
[INFO] [stdout] 20 | #![feature(const_fn)]
[INFO] [stdout]    |            ^^^^^^^^ feature has been removed
[INFO] [stdout]    |
[INFO] [stdout]    = note: split into finer-grained feature gates
[INFO] [stdout] 
[INFO] [stdout] 
[INFO] [stdout] error[E0554]: `#![feature]` may not be used on the beta release channel
[INFO] [stdout]   --> /opt/rustwide/cargo-home/git/checkouts/altos-core-ea5d92ea11596cf6/4923679/libs/cm0_sync/src/lib.rs:19:1
[INFO] [stdout]    |
[INFO] [stdout] 19 | #![feature(cfg_target_has_atomic)]
[INFO] [stdout]    | ^^^^^^^^^^^^^^^^^^^^^^^^^^^^^^^^^^
[INFO] [stdout] 
[INFO] [stdout] 
[INFO] [stdout] error[E0554]: `#![feature]` may not be used on the beta release channel
[INFO] [stdout]   --> /opt/rustwide/cargo-home/git/checkouts/altos-core-ea5d92ea11596cf6/4923679/libs/cm0_sync/src/lib.rs:20:1
[INFO] [stdout]    |
[INFO] [stdout] 20 | #![feature(const_fn)]
[INFO] [stdout]    | ^^^^^^^^^^^^^^^^^^^^^
[INFO] [stdout] 
[INFO] [stdout] 
[INFO] [stdout] error: aborting due to 6 previous errors
[INFO] [stdout] 
[INFO] [stdout] 
[INFO] [stdout] error: aborting due to 3 previous errors
[INFO] [stdout] 
[INFO] [stdout] 
[INFO] [stderr] error: build failed
[INFO] [stdout] For more information about this error, try `rustc --explain E0554`.
[INFO] [stdout] 
[INFO] [stdout] Some errors have detailed explanations: E0554, E0557.
[INFO] [stdout] 
[INFO] [stdout] For more information about an error, try `rustc --explain E0554`.
[INFO] [stdout] 
[INFO] running `Command { std: "docker" "inspect" "163bf9dbd57439c93b908075e709143e54c76ecb7294da457867ea81a54ce389", kill_on_drop: false }`
[INFO] running `Command { std: "docker" "rm" "-f" "163bf9dbd57439c93b908075e709143e54c76ecb7294da457867ea81a54ce389", kill_on_drop: false }`
[INFO] [stdout] 163bf9dbd57439c93b908075e709143e54c76ecb7294da457867ea81a54ce389
