[INFO] cloning repository https://github.com/AlexApps99/angrylion-rdp-plus-sys
[INFO] running `Command { std: "git" "-c" "credential.helper=" "-c" "credential.helper=/workspace/cargo-home/bin/git-credential-null" "clone" "--bare" "https://github.com/AlexApps99/angrylion-rdp-plus-sys" "/workspace/cache/git-repos/https%3A%2F%2Fgithub.com%2FAlexApps99%2Fangrylion-rdp-plus-sys", kill_on_drop: false }`
[INFO] [stderr] Cloning into bare repository '/workspace/cache/git-repos/https%3A%2F%2Fgithub.com%2FAlexApps99%2Fangrylion-rdp-plus-sys'...
[INFO] running `Command { std: "git" "rev-parse" "HEAD", kill_on_drop: false }`
[INFO] [stdout] d02a693495c7a823d0821f8f7bdaa18ccadc0733
[INFO] testing AlexApps99/angrylion-rdp-plus-sys against 1.54.0 for beta-1.55-1
[INFO] running `Command { std: "git" "clone" "/workspace/cache/git-repos/https%3A%2F%2Fgithub.com%2FAlexApps99%2Fangrylion-rdp-plus-sys" "/workspace/builds/worker-18/source", kill_on_drop: false }`
[INFO] [stderr] Cloning into '/workspace/builds/worker-18/source'...
[INFO] [stderr] done.
[INFO] validating manifest of git repo https://github.com/AlexApps99/angrylion-rdp-plus-sys on toolchain 1.54.0
[INFO] running `Command { std: "/workspace/cargo-home/bin/cargo" "+1.54.0" "metadata" "--manifest-path" "Cargo.toml" "--no-deps", kill_on_drop: false }`
[INFO] started tweaking git repo https://github.com/AlexApps99/angrylion-rdp-plus-sys
[INFO] finished tweaking git repo https://github.com/AlexApps99/angrylion-rdp-plus-sys
[INFO] tweaked toml for git repo https://github.com/AlexApps99/angrylion-rdp-plus-sys written to /workspace/builds/worker-18/source/Cargo.toml
[INFO] crate git repo https://github.com/AlexApps99/angrylion-rdp-plus-sys already has a lockfile, it will not be regenerated
[INFO] running `Command { std: "/workspace/cargo-home/bin/cargo" "+1.54.0" "fetch" "--manifest-path" "Cargo.toml", kill_on_drop: false }`
[INFO] running `Command { std: "docker" "create" "-v" "/var/lib/crater-agent-workspace/builds/worker-18/target:/opt/rustwide/target:rw,Z" "-v" "/var/lib/crater-agent-workspace/builds/worker-18/source:/opt/rustwide/workdir:ro,Z" "-v" "/var/lib/crater-agent-workspace/cargo-home:/opt/rustwide/cargo-home:ro,Z" "-v" "/var/lib/crater-agent-workspace/rustup-home:/opt/rustwide/rustup-home:ro,Z" "-e" "SOURCE_DIR=/opt/rustwide/workdir" "-e" "CARGO_TARGET_DIR=/opt/rustwide/target" "-e" "CARGO_HOME=/opt/rustwide/cargo-home" "-e" "RUSTUP_HOME=/opt/rustwide/rustup-home" "-w" "/opt/rustwide/workdir" "-m" "1610612736" "--user" "0:0" "--network" "none" "ghcr.io/rust-lang/crates-build-env/linux@sha256:34b6a614d2c27851fe6cbf88fbd1137609cefab8b10d0615aaeb6fd47975d74e" "/opt/rustwide/cargo-home/bin/cargo" "+1.54.0" "metadata" "--no-deps" "--format-version=1", kill_on_drop: false }`
[INFO] [stdout] 61a3e70c4c9e75df261195062110af0934b3d57ad2fe56d1779346ca4e11982f
[INFO] running `Command { std: "docker" "start" "-a" "61a3e70c4c9e75df261195062110af0934b3d57ad2fe56d1779346ca4e11982f", kill_on_drop: false }`
[INFO] running `Command { std: "docker" "inspect" "61a3e70c4c9e75df261195062110af0934b3d57ad2fe56d1779346ca4e11982f", kill_on_drop: false }`
[INFO] running `Command { std: "docker" "rm" "-f" "61a3e70c4c9e75df261195062110af0934b3d57ad2fe56d1779346ca4e11982f", kill_on_drop: false }`
[INFO] [stdout] 61a3e70c4c9e75df261195062110af0934b3d57ad2fe56d1779346ca4e11982f
[INFO] running `Command { std: "docker" "create" "-v" "/var/lib/crater-agent-workspace/builds/worker-18/target:/opt/rustwide/target:rw,Z" "-v" "/var/lib/crater-agent-workspace/builds/worker-18/source:/opt/rustwide/workdir:ro,Z" "-v" "/var/lib/crater-agent-workspace/cargo-home:/opt/rustwide/cargo-home:ro,Z" "-v" "/var/lib/crater-agent-workspace/rustup-home:/opt/rustwide/rustup-home:ro,Z" "-e" "SOURCE_DIR=/opt/rustwide/workdir" "-e" "CARGO_TARGET_DIR=/opt/rustwide/target" "-e" "CARGO_INCREMENTAL=0" "-e" "RUST_BACKTRACE=full" "-e" "RUSTFLAGS=--cap-lints=warn" "-e" "CARGO_HOME=/opt/rustwide/cargo-home" "-e" "RUSTUP_HOME=/opt/rustwide/rustup-home" "-w" "/opt/rustwide/workdir" "-m" "1610612736" "--user" "0:0" "--network" "none" "ghcr.io/rust-lang/crates-build-env/linux@sha256:34b6a614d2c27851fe6cbf88fbd1137609cefab8b10d0615aaeb6fd47975d74e" "/opt/rustwide/cargo-home/bin/cargo" "+1.54.0" "build" "--frozen" "--message-format=json", kill_on_drop: false }`
[INFO] [stdout] 58c7dd701ff0050339cbc112f775bf97d839547479a1e617853f429ec71b5fd9
[INFO] running `Command { std: "docker" "start" "-a" "58c7dd701ff0050339cbc112f775bf97d839547479a1e617853f429ec71b5fd9", kill_on_drop: false }`
[INFO] [stderr]    Compiling cc v1.0.68
[INFO] [stderr]    Compiling angrylion-rdp-plus-sys v0.2.0 (/opt/rustwide/workdir)
[INFO] [stderr] The following warnings were emitted during compilation:
[INFO] [stderr] 
[INFO] [stderr] warning: c++: error: angrylion-rdp-plus/src/core/parallel.cpp: No such file or directory
[INFO] [stderr] warning: c++: fatal error: no input files
[INFO] [stderr] warning: compilation terminated.
[INFO] [stderr] 
[INFO] [stderr] error: failed to run custom build command for `angrylion-rdp-plus-sys v0.2.0 (/opt/rustwide/workdir)`
[INFO] [stderr] 
[INFO] [stderr] Caused by:
[INFO] [stderr]   process didn't exit successfully: `/opt/rustwide/target/debug/build/angrylion-rdp-plus-sys-fc2b40565097e50c/build-script-build` (exit status: 1)
[INFO] [stderr]   --- stdout
[INFO] [stderr]   running: "c++" "-O3" "-ffunction-sections" "-fdata-sections" "-fPIC" "-m64" "-I" "angrylion-rdp-plus/src/" "-o" "/opt/rustwide/target/debug/build/angrylion-rdp-plus-sys-ad796f2ccda53246/out/angrylion-rdp-plus/src/core/parallel.o" "-c" "angrylion-rdp-plus/src/core/parallel.cpp"
[INFO] [stderr]   cargo:warning=c++: error: angrylion-rdp-plus/src/core/parallel.cpp: No such file or directory
[INFO] [stderr]   cargo:warning=c++: fatal error: no input files
[INFO] [stderr]   cargo:warning=compilation terminated.
[INFO] [stderr]   exit status: 1
[INFO] [stderr] 
[INFO] [stderr]   --- stderr
[INFO] [stderr] 
[INFO] [stderr] 
[INFO] [stderr]   error occurred: Command "c++" "-O3" "-ffunction-sections" "-fdata-sections" "-fPIC" "-m64" "-I" "angrylion-rdp-plus/src/" "-o" "/opt/rustwide/target/debug/build/angrylion-rdp-plus-sys-ad796f2ccda53246/out/angrylion-rdp-plus/src/core/parallel.o" "-c" "angrylion-rdp-plus/src/core/parallel.cpp" with args "c++" did not execute successfully (status code exit status: 1).
[INFO] [stderr] 
[INFO] [stderr] 
[INFO] running `Command { std: "docker" "inspect" "58c7dd701ff0050339cbc112f775bf97d839547479a1e617853f429ec71b5fd9", kill_on_drop: false }`
[INFO] running `Command { std: "docker" "rm" "-f" "58c7dd701ff0050339cbc112f775bf97d839547479a1e617853f429ec71b5fd9", kill_on_drop: false }`
[INFO] [stdout] 58c7dd701ff0050339cbc112f775bf97d839547479a1e617853f429ec71b5fd9
