[INFO] cloning repository https://github.com/AleCandido/AoC
[INFO] running `Command { std: "git" "-c" "credential.helper=" "-c" "credential.helper=/workspace/cargo-home/bin/git-credential-null" "clone" "--bare" "https://github.com/AleCandido/AoC" "/workspace/cache/git-repos/https%3A%2F%2Fgithub.com%2FAleCandido%2FAoC", kill_on_drop: false }`
[INFO] [stderr] Cloning into bare repository '/workspace/cache/git-repos/https%3A%2F%2Fgithub.com%2FAleCandido%2FAoC'...
[INFO] running `Command { std: "git" "rev-parse" "HEAD", kill_on_drop: false }`
[INFO] [stdout] 692b347134cac2ab3d05930696b193f18a372373
[INFO] testing AleCandido/AoC against 1.54.0 for beta-1.55-1
[INFO] running `Command { std: "git" "clone" "/workspace/cache/git-repos/https%3A%2F%2Fgithub.com%2FAleCandido%2FAoC" "/workspace/builds/worker-70/source", kill_on_drop: false }`
[INFO] [stderr] Cloning into '/workspace/builds/worker-70/source'...
[INFO] [stderr] done.
[INFO] validating manifest of git repo https://github.com/AleCandido/AoC on toolchain 1.54.0
[INFO] running `Command { std: "/workspace/cargo-home/bin/cargo" "+1.54.0" "metadata" "--manifest-path" "Cargo.toml" "--no-deps", kill_on_drop: false }`
[INFO] started tweaking git repo https://github.com/AleCandido/AoC
[INFO] finished tweaking git repo https://github.com/AleCandido/AoC
[INFO] tweaked toml for git repo https://github.com/AleCandido/AoC written to /workspace/builds/worker-70/source/Cargo.toml
[INFO] crate git repo https://github.com/AleCandido/AoC already has a lockfile, it will not be regenerated
[INFO] running `Command { std: "/workspace/cargo-home/bin/cargo" "+1.54.0" "fetch" "--manifest-path" "Cargo.toml", kill_on_drop: false }`
[INFO] [stderr]     Blocking waiting for file lock on package cache
[INFO] running `Command { std: "docker" "create" "-v" "/var/lib/crater-agent-workspace/builds/worker-70/target:/opt/rustwide/target:rw,Z" "-v" "/var/lib/crater-agent-workspace/builds/worker-70/source:/opt/rustwide/workdir:ro,Z" "-v" "/var/lib/crater-agent-workspace/cargo-home:/opt/rustwide/cargo-home:ro,Z" "-v" "/var/lib/crater-agent-workspace/rustup-home:/opt/rustwide/rustup-home:ro,Z" "-e" "SOURCE_DIR=/opt/rustwide/workdir" "-e" "CARGO_TARGET_DIR=/opt/rustwide/target" "-e" "CARGO_HOME=/opt/rustwide/cargo-home" "-e" "RUSTUP_HOME=/opt/rustwide/rustup-home" "-w" "/opt/rustwide/workdir" "-m" "1610612736" "--user" "0:0" "--network" "none" "ghcr.io/rust-lang/crates-build-env/linux@sha256:34b6a614d2c27851fe6cbf88fbd1137609cefab8b10d0615aaeb6fd47975d74e" "/opt/rustwide/cargo-home/bin/cargo" "+1.54.0" "metadata" "--no-deps" "--format-version=1", kill_on_drop: false }`
[INFO] [stdout] dcf923db0555d6327356d858370534e26ea8d45a593ea79711591aa8ca4450d0
[INFO] running `Command { std: "docker" "start" "-a" "dcf923db0555d6327356d858370534e26ea8d45a593ea79711591aa8ca4450d0", kill_on_drop: false }`
[INFO] running `Command { std: "docker" "inspect" "dcf923db0555d6327356d858370534e26ea8d45a593ea79711591aa8ca4450d0", kill_on_drop: false }`
[INFO] running `Command { std: "docker" "rm" "-f" "dcf923db0555d6327356d858370534e26ea8d45a593ea79711591aa8ca4450d0", kill_on_drop: false }`
[INFO] [stdout] dcf923db0555d6327356d858370534e26ea8d45a593ea79711591aa8ca4450d0
[INFO] running `Command { std: "docker" "create" "-v" "/var/lib/crater-agent-workspace/builds/worker-70/target:/opt/rustwide/target:rw,Z" "-v" "/var/lib/crater-agent-workspace/builds/worker-70/source:/opt/rustwide/workdir:ro,Z" "-v" "/var/lib/crater-agent-workspace/cargo-home:/opt/rustwide/cargo-home:ro,Z" "-v" "/var/lib/crater-agent-workspace/rustup-home:/opt/rustwide/rustup-home:ro,Z" "-e" "SOURCE_DIR=/opt/rustwide/workdir" "-e" "CARGO_TARGET_DIR=/opt/rustwide/target" "-e" "CARGO_INCREMENTAL=0" "-e" "RUST_BACKTRACE=full" "-e" "RUSTFLAGS=--cap-lints=warn" "-e" "CARGO_HOME=/opt/rustwide/cargo-home" "-e" "RUSTUP_HOME=/opt/rustwide/rustup-home" "-w" "/opt/rustwide/workdir" "-m" "1610612736" "--user" "0:0" "--network" "none" "ghcr.io/rust-lang/crates-build-env/linux@sha256:34b6a614d2c27851fe6cbf88fbd1137609cefab8b10d0615aaeb6fd47975d74e" "/opt/rustwide/cargo-home/bin/cargo" "+1.54.0" "build" "--frozen" "--message-format=json", kill_on_drop: false }`
[INFO] [stdout] bf11458729a7bff205fe95bc64a4f7d1f891cbcd28ae8518db395c7e55786bc4
[INFO] running `Command { std: "docker" "start" "-a" "bf11458729a7bff205fe95bc64a4f7d1f891cbcd28ae8518db395c7e55786bc4", kill_on_drop: false }`
[INFO] [stderr]     Blocking waiting for file lock on package cache
[INFO] [stderr]    Compiling libc v0.2.81
[INFO] [stderr]    Compiling autocfg v1.0.1
[INFO] [stderr]    Compiling proc-macro2 v1.0.24
[INFO] [stderr]    Compiling log v0.4.11
[INFO] [stderr]    Compiling syn v1.0.54
[INFO] [stderr]    Compiling cfg-if v1.0.0
[INFO] [stderr]    Compiling cc v1.0.66
[INFO] [stderr]    Compiling pkg-config v0.3.19
[INFO] [stderr]    Compiling memchr v2.3.4
[INFO] [stderr]    Compiling futures-core v0.3.8
[INFO] [stderr]    Compiling pin-project-internal v0.4.27
[INFO] [stderr]    Compiling pin-project-lite v0.1.11
[INFO] [stderr]    Compiling version_check v0.9.2
[INFO] [stderr]    Compiling once_cell v1.5.2
[INFO] [stderr]    Compiling openssl v0.10.31
[INFO] [stderr]    Compiling pin-project-lite v0.2.0
[INFO] [stderr]    Compiling native-tls v0.2.6
[INFO] [stderr]    Compiling futures-io v0.3.8
[INFO] [stderr]    Compiling futures-sink v0.3.8
[INFO] [stderr]    Compiling hashbrown v0.9.1
[INFO] [stderr]    Compiling serde v1.0.118
[INFO] [stderr]    Compiling tinyvec_macros v0.1.0
[INFO] [stderr]    Compiling try-lock v0.2.3
[INFO] [stderr]    Compiling httpdate v0.3.2
[INFO] [stderr]    Compiling encoding_rs v0.8.26
[INFO] [stderr]    Compiling gcc v0.3.55
[INFO] [stderr]    Compiling tower-service v0.3.0
[INFO] [stderr]    Compiling serde_json v1.0.60
[INFO] [stderr]    Compiling ipnet v2.3.0
[INFO] [stderr]    Compiling rustc-serialize v0.3.24
[INFO] [stderr]    Compiling base64 v0.13.0
[INFO] [stderr]    Compiling ndarray v0.14.0
[INFO] [stderr]    Compiling numtoa v0.1.0
[INFO] [stderr]    Compiling rawpointer v0.2.1
[INFO] [stderr]    Compiling unicode-width v0.1.8
[INFO] [stderr]    Compiling cassowary v0.3.0
[INFO] [stderr]    Compiling either v1.6.1
[INFO] [stderr]    Compiling unicode-segmentation v1.7.1
[INFO] [stderr]    Compiling xmas2019 v0.1.0 (/opt/rustwide/workdir/xmas2019)
[INFO] [stderr]    Compiling tracing-core v0.1.17
[INFO] [stderr]    Compiling http v0.2.1
[INFO] [stderr]    Compiling ryu v1.0.5
[INFO] [stderr]    Compiling httparse v1.3.4
[INFO] [stderr]    Compiling form_urlencoded v1.0.0
[INFO] [stderr]    Compiling futures-channel v0.3.8
[INFO] [stderr]    Compiling indexmap v1.6.0
[INFO] [stderr]    Compiling num-traits v0.2.14
[INFO] [stderr]    Compiling num-integer v0.1.44
[INFO] [stderr]    Compiling matrixmultiply v0.2.4
[INFO] [stderr]    Compiling tinyvec v1.1.0
[INFO] [stderr]    Compiling itertools v0.9.0
[INFO] [stderr]    Compiling futures-task v0.3.8
[INFO] [stderr]    Compiling unicase v2.6.0
[INFO] [stderr]    Compiling rust-crypto v0.2.36
[INFO] [stderr]    Compiling tracing v0.1.22
[INFO] [stderr]    Compiling want v0.3.0
[INFO] [stderr]    Compiling unicode-normalization v0.1.16
[INFO] [stderr]    Compiling openssl-sys v0.9.59
[INFO] [stderr]    Compiling http-body v0.3.1
[INFO] [stderr]    Compiling quote v1.0.7
[INFO] [stderr]    Compiling iovec v0.1.4
[INFO] [stderr]    Compiling net2 v0.2.37
[INFO] [stderr]    Compiling num_cpus v1.13.0
[INFO] [stderr]    Compiling socket2 v0.3.17
[INFO] [stderr]    Compiling rand v0.4.6
[INFO] [stderr]    Compiling time v0.1.44
[INFO] [stderr]    Compiling termion v1.5.5
[INFO] [stderr]    Compiling idna v0.2.0
[INFO] [stderr]    Compiling tui v0.13.0
[INFO] [stderr]    Compiling mio v0.6.23
[INFO] [stderr]    Compiling rand v0.3.23
[INFO] [stderr]    Compiling num-complex v0.3.1
[INFO] [stderr]    Compiling mime_guess v2.0.3
[INFO] [stderr]    Compiling tokio v0.2.24
[INFO] [stderr]    Compiling url v2.2.0
[INFO] [stderr]    Compiling serde_urlencoded v0.7.0
[INFO] [stderr]    Compiling tokio-util v0.3.1
[INFO] [stderr]    Compiling tokio-tls v0.3.1
[INFO] [stderr]    Compiling pin-project-internal v1.0.2
[INFO] [stderr]    Compiling pin-project v1.0.2
[INFO] [stderr]    Compiling futures-util v0.3.8
[INFO] [stderr]    Compiling pin-project v0.4.27
[INFO] [stderr]    Compiling tracing-futures v0.2.4
[INFO] [stderr]    Compiling h2 v0.2.7
[INFO] [stderr]    Compiling hyper v0.13.9
[INFO] [stderr]    Compiling hyper-tls v0.4.3
[INFO] [stderr]    Compiling reqwest v0.10.9
[INFO] [stderr]    Compiling aocinput v0.1.0 (/opt/rustwide/workdir/aocinput)
[INFO] [stderr]    Compiling xmas2020 v0.1.0 (/opt/rustwide/workdir/xmas2020)
[INFO] [stdout] error[E0061]: this function takes 2 arguments but 1 argument was supplied
[INFO] [stdout]   --> aocinput/src/bin/request.rs:19:16
[INFO] [stdout]    |
[INFO] [stdout] 19 |     let resp = request::get_input(input.as_str());
[INFO] [stdout]    |                ^^^^^^^^^^^^^^^^^^ -------------- supplied 1 argument
[INFO] [stdout]    |                |
[INFO] [stdout]    |                expected 2 arguments
[INFO] [stdout]    |
[INFO] [stdout] note: function defined here
[INFO] [stdout]   --> /opt/rustwide/workdir/aocinput/src/request.rs:19:8
[INFO] [stdout]    |
[INFO] [stdout] 19 | pub fn get_input(year: u64, day: u8) -> String {
[INFO] [stdout]    |        ^^^^^^^^^
[INFO] [stdout] 
[INFO] [stdout] 
[INFO] [stdout] error: aborting due to previous error
[INFO] [stdout] 
[INFO] [stdout] 
[INFO] [stdout] For more information about this error, try `rustc --explain E0061`.
[INFO] [stdout] 
[INFO] [stderr] error: could not compile `aocinput`
[INFO] [stderr] 
[INFO] [stderr] To learn more, run the command again with --verbose.
[INFO] [stderr] warning: build failed, waiting for other jobs to finish...
[INFO] [stdout] error[E0425]: cannot find function `user_input` in crate `aocinput`
[INFO] [stdout]   --> aocinput/src/bin/encrypt_token.rs:10:15
[INFO] [stdout]    |
[INFO] [stdout] 10 |     aocinput::user_input(&mut token).unwrap();
[INFO] [stdout]    |               ^^^^^^^^^^ not found in `aocinput`
[INFO] [stdout]    |
[INFO] [stdout] help: consider importing one of these items
[INFO] [stdout]    |
[INFO] [stdout] 1  | use aocinput::user::user_input;
[INFO] [stdout]    |
[INFO] [stdout] 1  | use crate::aocinput::user::user_input;
[INFO] [stdout]    |
[INFO] [stdout] 
[INFO] [stdout] 
[INFO] [stdout] error[E0425]: cannot find function `user_input` in crate `aocinput`
[INFO] [stdout]   --> aocinput/src/bin/encrypt_token.rs:14:15
[INFO] [stdout]    |
[INFO] [stdout] 14 |     aocinput::user_input(&mut password).unwrap();
[INFO] [stdout]    |               ^^^^^^^^^^ not found in `aocinput`
[INFO] [stdout]    |
[INFO] [stdout] help: consider importing one of these items
[INFO] [stdout]    |
[INFO] [stdout] 1  | use aocinput::user::user_input;
[INFO] [stdout]    |
[INFO] [stdout] 1  | use crate::aocinput::user::user_input;
[INFO] [stdout]    |
[INFO] [stdout] 
[INFO] [stdout] 
[INFO] [stdout] warning: unused variable: `resp`
[INFO] [stdout]   --> xmas2020/src/bin/ex16_2y20.rs:54:9
[INFO] [stdout]    |
[INFO] [stdout] 54 |     let resp = "
[INFO] [stdout]    |         ^^^^ help: if this is intentional, prefix it with an underscore: `_resp`
[INFO] [stdout]    |
[INFO] [stdout]    = note: `#[warn(unused_variables)]` on by default
[INFO] [stdout] 
[INFO] [stdout] 
[INFO] [stdout] error: aborting due to 2 previous errors
[INFO] [stdout] 
[INFO] [stdout] 
[INFO] [stdout] For more information about this error, try `rustc --explain E0425`.
[INFO] [stdout] 
[INFO] [stderr] error: build failed
[INFO] running `Command { std: "docker" "inspect" "bf11458729a7bff205fe95bc64a4f7d1f891cbcd28ae8518db395c7e55786bc4", kill_on_drop: false }`
[INFO] running `Command { std: "docker" "rm" "-f" "bf11458729a7bff205fe95bc64a4f7d1f891cbcd28ae8518db395c7e55786bc4", kill_on_drop: false }`
[INFO] [stdout] bf11458729a7bff205fe95bc64a4f7d1f891cbcd28ae8518db395c7e55786bc4
