[INFO] cloning repository https://github.com/ianrrees/atsamd-usbd-uart
[INFO] running `Command { std: "git" "-c" "credential.helper=" "-c" "credential.helper=/workspace/cargo-home/bin/git-credential-null" "clone" "--bare" "https://github.com/ianrrees/atsamd-usbd-uart" "/workspace/cache/git-repos/https%3A%2F%2Fgithub.com%2Fianrrees%2Fatsamd-usbd-uart", kill_on_drop: false }`
[INFO] [stderr] Cloning into bare repository '/workspace/cache/git-repos/https%3A%2F%2Fgithub.com%2Fianrrees%2Fatsamd-usbd-uart'...
[INFO] running `Command { std: "git" "rev-parse" "HEAD", kill_on_drop: false }`
[INFO] [stdout] 79413b59248105ce53658dadc73961c928892b1e
[INFO] testing ianrrees/atsamd-usbd-uart against 1.54.0 for beta-1.55-1
[INFO] running `Command { std: "git" "clone" "/workspace/cache/git-repos/https%3A%2F%2Fgithub.com%2Fianrrees%2Fatsamd-usbd-uart" "/workspace/builds/worker-79/source", kill_on_drop: false }`
[INFO] [stderr] Cloning into '/workspace/builds/worker-79/source'...
[INFO] [stderr] done.
[INFO] validating manifest of git repo https://github.com/ianrrees/atsamd-usbd-uart on toolchain 1.54.0
[INFO] running `Command { std: "/workspace/cargo-home/bin/cargo" "+1.54.0" "metadata" "--manifest-path" "Cargo.toml" "--no-deps", kill_on_drop: false }`
[INFO] started tweaking git repo https://github.com/ianrrees/atsamd-usbd-uart
[INFO] finished tweaking git repo https://github.com/ianrrees/atsamd-usbd-uart
[INFO] tweaked toml for git repo https://github.com/ianrrees/atsamd-usbd-uart written to /workspace/builds/worker-79/source/Cargo.toml
[INFO] crate git repo https://github.com/ianrrees/atsamd-usbd-uart already has a lockfile, it will not be regenerated
[INFO] running `Command { std: "/workspace/cargo-home/bin/cargo" "+1.54.0" "fetch" "--manifest-path" "Cargo.toml", kill_on_drop: false }`
[INFO] [stderr] warning: dependency (atsamd-hal) specified without providing a local path, Git repository, or version to use. This will be considered an error in future versions
[INFO] [stderr]     Blocking waiting for file lock on package cache
[INFO] [stderr]     Updating crates.io index
[INFO] [stderr]     Blocking waiting for file lock on package cache
[INFO] [stderr]  Downloading crates ...
[INFO] [stderr]   Downloaded vcell v0.1.3
[INFO] [stderr]   Downloaded cortex-m v0.6.7
[INFO] [stderr]   Downloaded embedded-hal v0.2.5
[INFO] [stderr]   Downloaded generic-array v0.13.3
[INFO] [stderr]   Downloaded bbqueue v0.4.12
[INFO] [stderr]   Downloaded defmt-parser v0.2.2
[INFO] [stderr]   Downloaded defmt-macros v0.2.3
[INFO] [stderr]   Downloaded as-slice v0.1.5
[INFO] [stderr]   Downloaded defmt v0.2.3
[INFO] [stderr]   Downloaded atsamd-hal v0.12.0
[INFO] [stderr]   Downloaded usb-device v0.2.8
[INFO] [stderr]   Downloaded defmt-rtt v0.2.0
[INFO] [stderr]   Downloaded cortex-m v0.7.3
[INFO] running `Command { std: "docker" "create" "-v" "/var/lib/crater-agent-workspace/builds/worker-79/target:/opt/rustwide/target:rw,Z" "-v" "/var/lib/crater-agent-workspace/builds/worker-79/source:/opt/rustwide/workdir:ro,Z" "-v" "/var/lib/crater-agent-workspace/cargo-home:/opt/rustwide/cargo-home:ro,Z" "-v" "/var/lib/crater-agent-workspace/rustup-home:/opt/rustwide/rustup-home:ro,Z" "-e" "SOURCE_DIR=/opt/rustwide/workdir" "-e" "CARGO_TARGET_DIR=/opt/rustwide/target" "-e" "CARGO_HOME=/opt/rustwide/cargo-home" "-e" "RUSTUP_HOME=/opt/rustwide/rustup-home" "-w" "/opt/rustwide/workdir" "-m" "1610612736" "--user" "0:0" "--network" "none" "ghcr.io/rust-lang/crates-build-env/linux@sha256:34b6a614d2c27851fe6cbf88fbd1137609cefab8b10d0615aaeb6fd47975d74e" "/opt/rustwide/cargo-home/bin/cargo" "+1.54.0" "metadata" "--no-deps" "--format-version=1", kill_on_drop: false }`
[INFO] [stdout] e60901ec61523606d9d1fb08f7591b8a301df3fd37ac2b79bcd390fb89674b0c
[INFO] running `Command { std: "docker" "start" "-a" "e60901ec61523606d9d1fb08f7591b8a301df3fd37ac2b79bcd390fb89674b0c", kill_on_drop: false }`
[INFO] running `Command { std: "docker" "inspect" "e60901ec61523606d9d1fb08f7591b8a301df3fd37ac2b79bcd390fb89674b0c", kill_on_drop: false }`
[INFO] running `Command { std: "docker" "rm" "-f" "e60901ec61523606d9d1fb08f7591b8a301df3fd37ac2b79bcd390fb89674b0c", kill_on_drop: false }`
[INFO] [stdout] e60901ec61523606d9d1fb08f7591b8a301df3fd37ac2b79bcd390fb89674b0c
[INFO] running `Command { std: "docker" "create" "-v" "/var/lib/crater-agent-workspace/builds/worker-79/target:/opt/rustwide/target:rw,Z" "-v" "/var/lib/crater-agent-workspace/builds/worker-79/source:/opt/rustwide/workdir:ro,Z" "-v" "/var/lib/crater-agent-workspace/cargo-home:/opt/rustwide/cargo-home:ro,Z" "-v" "/var/lib/crater-agent-workspace/rustup-home:/opt/rustwide/rustup-home:ro,Z" "-e" "SOURCE_DIR=/opt/rustwide/workdir" "-e" "CARGO_TARGET_DIR=/opt/rustwide/target" "-e" "CARGO_INCREMENTAL=0" "-e" "RUST_BACKTRACE=full" "-e" "RUSTFLAGS=--cap-lints=warn" "-e" "CARGO_HOME=/opt/rustwide/cargo-home" "-e" "RUSTUP_HOME=/opt/rustwide/rustup-home" "-w" "/opt/rustwide/workdir" "-m" "1610612736" "--user" "0:0" "--network" "none" "ghcr.io/rust-lang/crates-build-env/linux@sha256:34b6a614d2c27851fe6cbf88fbd1137609cefab8b10d0615aaeb6fd47975d74e" "/opt/rustwide/cargo-home/bin/cargo" "+1.54.0" "build" "--frozen" "--message-format=json", kill_on_drop: false }`
[INFO] [stdout] 49b49f87327df393b6a8c4f3bc09f823c16fb297107cca1ab01f0f9f7bda80da
[INFO] running `Command { std: "docker" "start" "-a" "49b49f87327df393b6a8c4f3bc09f823c16fb297107cca1ab01f0f9f7bda80da", kill_on_drop: false }`
[INFO] [stderr] warning: dependency (atsamd-hal) specified without providing a local path, Git repository, or version to use. This will be considered an error in future versions
[INFO] [stderr]    Compiling typenum v1.13.0
[INFO] [stderr]    Compiling semver-parser v0.7.0
[INFO] [stderr]    Compiling version_check v0.9.3
[INFO] [stderr]    Compiling proc-macro2 v1.0.27
[INFO] [stderr]    Compiling cortex-m v0.7.3
[INFO] [stderr]    Compiling nb v1.0.0
[INFO] [stderr]    Compiling unicode-xid v0.2.2
[INFO] [stderr]    Compiling semver v1.0.3
[INFO] [stderr]    Compiling vcell v0.1.3
[INFO] [stderr]    Compiling stable_deref_trait v1.2.0
[INFO] [stderr]    Compiling void v1.0.2
[INFO] [stderr]    Compiling bitfield v0.13.2
[INFO] [stderr]    Compiling cortex-m v0.6.7
[INFO] [stderr]    Compiling syn v1.0.73
[INFO] [stderr]    Compiling defmt-parser v0.2.2
[INFO] [stderr]    Compiling rand_core v0.5.1
[INFO] [stderr]    Compiling paste v1.0.5
[INFO] [stderr]    Compiling usb-device v0.2.8
[INFO] [stderr]    Compiling nb v0.1.3
[INFO] [stderr]    Compiling volatile-register v0.2.0
[INFO] [stderr]    Compiling embedded-hal v0.2.5
[INFO] [stderr]    Compiling semver v0.9.0
[INFO] [stderr]    Compiling generic-array v0.14.4
[INFO] [stderr]    Compiling rustc_version v0.2.3
[INFO] [stderr]    Compiling bare-metal v0.2.5
[INFO] [stderr]    Compiling defmt v0.2.3
[INFO] [stderr]    Compiling quote v1.0.9
[INFO] [stderr]    Compiling generic-array v0.12.4
[INFO] [stderr]    Compiling generic-array v0.13.3
[INFO] [stderr]    Compiling as-slice v0.1.5
[INFO] [stderr]    Compiling aligned v0.3.4
[INFO] [stderr]    Compiling atsamd-hal v0.12.0
[INFO] [stderr]    Compiling bbqueue v0.4.12
[INFO] [stdout] error[E0432]: unresolved import `crate::clock`
[INFO] [stdout]  --> /opt/rustwide/cargo-home/registry/src/github.com-1ecc6299db9ec823/atsamd-hal-0.12.0/src/common/delay.rs:6:12
[INFO] [stdout]   |
[INFO] [stdout] 6 | use crate::clock::GenericClockController;
[INFO] [stdout]   |            ^^^^^ could not find `clock` in the crate root
[INFO] [stdout] 
[INFO] [stdout] 
[INFO] [stdout] error[E0432]: unresolved import `crate::target_device`
[INFO] [stdout]   --> /opt/rustwide/cargo-home/registry/src/github.com-1ecc6299db9ec823/atsamd-hal-0.12.0/src/common/gpio/v1.rs:18:12
[INFO] [stdout]    |
[INFO] [stdout] 18 | use crate::target_device::PORT;
[INFO] [stdout]    |            ^^^^^^^^^^^^^ could not find `target_device` in the crate root
[INFO] [stdout] 
[INFO] [stdout] 
[INFO] [stdout] error[E0433]: failed to resolve: could not find `eic` in the crate root
[INFO] [stdout]  --> /opt/rustwide/cargo-home/registry/src/github.com-1ecc6299db9ec823/atsamd-hal-0.12.0/src/common/prelude.rs:2:16
[INFO] [stdout]   |
[INFO] [stdout] 2 | pub use crate::eic::pin::EicPin;
[INFO] [stdout]   |                ^^^ could not find `eic` in the crate root
[INFO] [stdout] 
[INFO] [stdout] 
[INFO] [stdout] error[E0433]: failed to resolve: could not find `target_device` in the crate root
[INFO] [stdout]  --> /opt/rustwide/cargo-home/registry/src/github.com-1ecc6299db9ec823/atsamd-hal-0.12.0/src/common/rtc.rs:2:12
[INFO] [stdout]   |
[INFO] [stdout] 2 | use crate::target_device::rtc::{MODE0, MODE2};
[INFO] [stdout]   |            ^^^^^^^^^^^^^ could not find `target_device` in the crate root
[INFO] [stdout] 
[INFO] [stdout] 
[INFO] [stdout] error[E0432]: unresolved import `crate::target_device`
[INFO] [stdout]    --> /opt/rustwide/cargo-home/registry/src/github.com-1ecc6299db9ec823/atsamd-hal-0.12.0/src/common/gpio/v2/pin.rs:147:12
[INFO] [stdout]     |
[INFO] [stdout] 147 | use crate::target_device::PORT;
[INFO] [stdout]     |            ^^^^^^^^^^^^^ could not find `target_device` in the crate root
[INFO] [stdout] 
[INFO] [stdout] 
[INFO] [stdout] error[E0432]: unresolved import `crate::target_device`
[INFO] [stdout]  --> /opt/rustwide/cargo-home/registry/src/github.com-1ecc6299db9ec823/atsamd-hal-0.12.0/src/common/rtc.rs:3:12
[INFO] [stdout]   |
[INFO] [stdout] 3 | use crate::target_device::RTC;
[INFO] [stdout]   |            ^^^^^^^^^^^^^ could not find `target_device` in the crate root
[INFO] [stdout] 
[INFO] [stdout] 
[INFO] [stdout] error[E0432]: unresolved import `crate::target_device`
[INFO] [stdout]   --> /opt/rustwide/cargo-home/registry/src/github.com-1ecc6299db9ec823/atsamd-hal-0.12.0/src/common/sercom/v2/pads.rs:35:12
[INFO] [stdout]    |
[INFO] [stdout] 35 | use crate::target_device::sercom0;
[INFO] [stdout]    |            ^^^^^^^^^^^^^ could not find `target_device` in the crate root
[INFO] [stdout] 
[INFO] [stdout] 
[INFO] [stdout] error[E0432]: unresolved imports `crate::target_device`, `super::PORT`
[INFO] [stdout]    --> /opt/rustwide/cargo-home/registry/src/github.com-1ecc6299db9ec823/atsamd-hal-0.12.0/src/common/gpio/v2/pin.rs:593:25
[INFO] [stdout]     |
[INFO] [stdout] 593 |     use super::{Sealed, PORT};
[INFO] [stdout]     |                         ^^^^
[INFO] [stdout]     | 
[INFO] [stdout]    ::: /opt/rustwide/cargo-home/registry/src/github.com-1ecc6299db9ec823/atsamd-hal-0.12.0/src/common/sercom/v2/pads.rs:36:12
[INFO] [stdout]     |
[INFO] [stdout] 36  | use crate::target_device::{SERCOM0, SERCOM1};
[INFO] [stdout]     |            ^^^^^^^^^^^^^ could not find `target_device` in the crate root
[INFO] [stdout] 
[INFO] [stdout] 
[INFO] [stdout] error[E0433]: failed to resolve: could not find `target_device` in the crate root
[INFO] [stdout]   --> /opt/rustwide/cargo-home/registry/src/github.com-1ecc6299db9ec823/atsamd-hal-0.12.0/src/common/rtc.rs:34:22
[INFO] [stdout]    |
[INFO] [stdout] 34 | type ClockR = crate::target_device::rtc::mode2::clock::R;
[INFO] [stdout]    |                      ^^^^^^^^^^^^^ could not find `target_device` in the crate root
[INFO] [stdout] 
[INFO] [stdout] 
[INFO] [stdout] error[E0433]: failed to resolve: use of undeclared type `PRESCALER_A`
[INFO] [stdout]    --> /opt/rustwide/cargo-home/registry/src/github.com-1ecc6299db9ec823/atsamd-hal-0.12.0/src/common/rtc.rs:285:18
[INFO] [stdout]     |
[INFO] [stdout] 285 |             1 => PRESCALER_A::DIV1,
[INFO] [stdout]     |                  ^^^^^^^^^^^ use of undeclared type `PRESCALER_A`
[INFO] [stdout] 
[INFO] [stdout] 
[INFO] [stdout] error[E0433]: failed to resolve: use of undeclared type `PRESCALER_A`
[INFO] [stdout]    --> /opt/rustwide/cargo-home/registry/src/github.com-1ecc6299db9ec823/atsamd-hal-0.12.0/src/common/rtc.rs:286:18
[INFO] [stdout]     |
[INFO] [stdout] 286 |             2 => PRESCALER_A::DIV2,
[INFO] [stdout]     |                  ^^^^^^^^^^^ use of undeclared type `PRESCALER_A`
[INFO] [stdout] 
[INFO] [stdout] 
[INFO] [stdout] error[E0433]: failed to resolve: use of undeclared type `PRESCALER_A`
[INFO] [stdout]    --> /opt/rustwide/cargo-home/registry/src/github.com-1ecc6299db9ec823/atsamd-hal-0.12.0/src/common/rtc.rs:287:18
[INFO] [stdout]     |
[INFO] [stdout] 287 |             4 => PRESCALER_A::DIV4,
[INFO] [stdout]     |                  ^^^^^^^^^^^ use of undeclared type `PRESCALER_A`
[INFO] [stdout] 
[INFO] [stdout] 
[INFO] [stdout] error[E0433]: failed to resolve: use of undeclared type `PRESCALER_A`
[INFO] [stdout]    --> /opt/rustwide/cargo-home/registry/src/github.com-1ecc6299db9ec823/atsamd-hal-0.12.0/src/common/rtc.rs:288:18
[INFO] [stdout]     |
[INFO] [stdout] 288 |             8 => PRESCALER_A::DIV8,
[INFO] [stdout]     |                  ^^^^^^^^^^^ use of undeclared type `PRESCALER_A`
[INFO] [stdout] 
[INFO] [stdout] 
[INFO] [stdout] error[E0433]: failed to resolve: use of undeclared type `PRESCALER_A`
[INFO] [stdout]    --> /opt/rustwide/cargo-home/registry/src/github.com-1ecc6299db9ec823/atsamd-hal-0.12.0/src/common/rtc.rs:289:19
[INFO] [stdout]     |
[INFO] [stdout] 289 |             16 => PRESCALER_A::DIV16,
[INFO] [stdout]     |                   ^^^^^^^^^^^ use of undeclared type `PRESCALER_A`
[INFO] [stdout] 
[INFO] [stdout] 
[INFO] [stdout] error[E0433]: failed to resolve: use of undeclared type `PRESCALER_A`
[INFO] [stdout]    --> /opt/rustwide/cargo-home/registry/src/github.com-1ecc6299db9ec823/atsamd-hal-0.12.0/src/common/rtc.rs:290:19
[INFO] [stdout]     |
[INFO] [stdout] 290 |             32 => PRESCALER_A::DIV32,
[INFO] [stdout]     |                   ^^^^^^^^^^^ use of undeclared type `PRESCALER_A`
[INFO] [stdout] 
[INFO] [stdout] 
[INFO] [stdout] error[E0433]: failed to resolve: use of undeclared type `PRESCALER_A`
[INFO] [stdout]    --> /opt/rustwide/cargo-home/registry/src/github.com-1ecc6299db9ec823/atsamd-hal-0.12.0/src/common/rtc.rs:291:19
[INFO] [stdout]     |
[INFO] [stdout] 291 |             64 => PRESCALER_A::DIV64,
[INFO] [stdout]     |                   ^^^^^^^^^^^ use of undeclared type `PRESCALER_A`
[INFO] [stdout] 
[INFO] [stdout] 
[INFO] [stdout] error[E0433]: failed to resolve: use of undeclared type `PRESCALER_A`
[INFO] [stdout]    --> /opt/rustwide/cargo-home/registry/src/github.com-1ecc6299db9ec823/atsamd-hal-0.12.0/src/common/rtc.rs:292:20
[INFO] [stdout]     |
[INFO] [stdout] 292 |             128 => PRESCALER_A::DIV128,
[INFO] [stdout]     |                    ^^^^^^^^^^^ use of undeclared type `PRESCALER_A`
[INFO] [stdout] 
[INFO] [stdout] 
[INFO] [stdout] error[E0433]: failed to resolve: use of undeclared type `PRESCALER_A`
[INFO] [stdout]    --> /opt/rustwide/cargo-home/registry/src/github.com-1ecc6299db9ec823/atsamd-hal-0.12.0/src/common/rtc.rs:293:20
[INFO] [stdout]     |
[INFO] [stdout] 293 |             256 => PRESCALER_A::DIV256,
[INFO] [stdout]     |                    ^^^^^^^^^^^ use of undeclared type `PRESCALER_A`
[INFO] [stdout] 
[INFO] [stdout] 
[INFO] [stdout] error[E0433]: failed to resolve: use of undeclared type `PRESCALER_A`
[INFO] [stdout]    --> /opt/rustwide/cargo-home/registry/src/github.com-1ecc6299db9ec823/atsamd-hal-0.12.0/src/common/rtc.rs:294:20
[INFO] [stdout]     |
[INFO] [stdout] 294 |             512 => PRESCALER_A::DIV512,
[INFO] [stdout]     |                    ^^^^^^^^^^^ use of undeclared type `PRESCALER_A`
[INFO] [stdout] 
[INFO] [stdout] 
[INFO] [stdout] error[E0433]: failed to resolve: use of undeclared type `PRESCALER_A`
[INFO] [stdout]    --> /opt/rustwide/cargo-home/registry/src/github.com-1ecc6299db9ec823/atsamd-hal-0.12.0/src/common/rtc.rs:295:21
[INFO] [stdout]     |
[INFO] [stdout] 295 |             1024 => PRESCALER_A::DIV1024,
[INFO] [stdout]     |                     ^^^^^^^^^^^ use of undeclared type `PRESCALER_A`
[INFO] [stdout] 
[INFO] [stdout] 
[INFO] [stdout] error[E0433]: failed to resolve: use of undeclared type `PRESCALER_A`
[INFO] [stdout]    --> /opt/rustwide/cargo-home/registry/src/github.com-1ecc6299db9ec823/atsamd-hal-0.12.0/src/common/rtc.rs:296:18
[INFO] [stdout]     |
[INFO] [stdout] 296 |             _ => PRESCALER_A::DIV1024, /* would be nice to catch this at compile time
[INFO] [stdout]     |                  ^^^^^^^^^^^ use of undeclared type `PRESCALER_A`
[INFO] [stdout] 
[INFO] [stdout] 
[INFO] [stdout] error[E0412]: cannot find type `DIR` in this scope
[INFO] [stdout]    --> /opt/rustwide/cargo-home/registry/src/github.com-1ecc6299db9ec823/atsamd-hal-0.12.0/src/common/gpio/v2/pin.rs:610:18
[INFO] [stdout]     |
[INFO] [stdout] 610 |         pub dir: DIR,
[INFO] [stdout]     |                  ^^^ not found in this scope
[INFO] [stdout] 
[INFO] [stdout] 
[INFO] [stdout] error[E0412]: cannot find type `DIRCLR` in this scope
[INFO] [stdout]    --> /opt/rustwide/cargo-home/registry/src/github.com-1ecc6299db9ec823/atsamd-hal-0.12.0/src/common/gpio/v2/pin.rs:611:21
[INFO] [stdout]     |
[INFO] [stdout] 611 |         pub dirclr: DIRCLR,
[INFO] [stdout]     |                     ^^^^^^ not found in this scope
[INFO] [stdout] 
[INFO] [stdout] 
[INFO] [stdout] error[E0412]: cannot find type `DIRSET` in this scope
[INFO] [stdout]    --> /opt/rustwide/cargo-home/registry/src/github.com-1ecc6299db9ec823/atsamd-hal-0.12.0/src/common/gpio/v2/pin.rs:612:21
[INFO] [stdout]     |
[INFO] [stdout] 612 |         pub dirset: DIRSET,
[INFO] [stdout]     |                     ^^^^^^ not found in this scope
[INFO] [stdout] 
[INFO] [stdout] 
[INFO] [stdout] error[E0412]: cannot find type `DIRTGL` in this scope
[INFO] [stdout]    --> /opt/rustwide/cargo-home/registry/src/github.com-1ecc6299db9ec823/atsamd-hal-0.12.0/src/common/gpio/v2/pin.rs:613:21
[INFO] [stdout]     |
[INFO] [stdout] 613 |         pub dirtgl: DIRTGL,
[INFO] [stdout]     |                     ^^^^^^ not found in this scope
[INFO] [stdout] 
[INFO] [stdout] 
[INFO] [stdout] error[E0412]: cannot find type `OUT` in this scope
[INFO] [stdout]    --> /opt/rustwide/cargo-home/registry/src/github.com-1ecc6299db9ec823/atsamd-hal-0.12.0/src/common/gpio/v2/pin.rs:614:18
[INFO] [stdout]     |
[INFO] [stdout] 614 |         pub out: OUT,
[INFO] [stdout]     |                  ^^^ not found in this scope
[INFO] [stdout] 
[INFO] [stdout] 
[INFO] [stdout] error[E0412]: cannot find type `OUTCLR` in this scope
[INFO] [stdout]    --> /opt/rustwide/cargo-home/registry/src/github.com-1ecc6299db9ec823/atsamd-hal-0.12.0/src/common/gpio/v2/pin.rs:615:21
[INFO] [stdout]     |
[INFO] [stdout] 615 |         pub outclr: OUTCLR,
[INFO] [stdout]     |                     ^^^^^^ not found in this scope
[INFO] [stdout] 
[INFO] [stdout] 
[INFO] [stdout] error[E0412]: cannot find type `OUTSET` in this scope
[INFO] [stdout]    --> /opt/rustwide/cargo-home/registry/src/github.com-1ecc6299db9ec823/atsamd-hal-0.12.0/src/common/gpio/v2/pin.rs:616:21
[INFO] [stdout]     |
[INFO] [stdout] 616 |         pub outset: OUTSET,
[INFO] [stdout]     |                     ^^^^^^ not found in this scope
[INFO] [stdout] 
[INFO] [stdout] 
[INFO] [stdout] error[E0412]: cannot find type `OUTTGL` in this scope
[INFO] [stdout]    --> /opt/rustwide/cargo-home/registry/src/github.com-1ecc6299db9ec823/atsamd-hal-0.12.0/src/common/gpio/v2/pin.rs:617:21
[INFO] [stdout]     |
[INFO] [stdout] 617 |         pub outtgl: OUTTGL,
[INFO] [stdout]     |                     ^^^^^^ not found in this scope
[INFO] [stdout] 
[INFO] [stdout] 
[INFO] [stdout] error[E0412]: cannot find type `IN` in this scope
[INFO] [stdout]    --> /opt/rustwide/cargo-home/registry/src/github.com-1ecc6299db9ec823/atsamd-hal-0.12.0/src/common/gpio/v2/pin.rs:618:18
[INFO] [stdout]     |
[INFO] [stdout] 618 |         pub in_: IN,
[INFO] [stdout]     |                  ^^ not found in this scope
[INFO] [stdout] 
[INFO] [stdout] 
[INFO] [stdout] error[E0412]: cannot find type `CTRL` in this scope
[INFO] [stdout]    --> /opt/rustwide/cargo-home/registry/src/github.com-1ecc6299db9ec823/atsamd-hal-0.12.0/src/common/gpio/v2/pin.rs:619:19
[INFO] [stdout]     |
[INFO] [stdout] 619 |         pub ctrl: CTRL,
[INFO] [stdout]     |                   ^^^^ not found in this scope
[INFO] [stdout] 
[INFO] [stdout] 
[INFO] [stdout] error[E0412]: cannot find type `WRCONFIG` in this scope
[INFO] [stdout]    --> /opt/rustwide/cargo-home/registry/src/github.com-1ecc6299db9ec823/atsamd-hal-0.12.0/src/common/gpio/v2/pin.rs:620:23
[INFO] [stdout]     |
[INFO] [stdout] 620 |         pub wrconfig: WRCONFIG,
[INFO] [stdout]     |                       ^^^^^^^^ not found in this scope
[INFO] [stdout] 
[INFO] [stdout] 
[INFO] [stdout] error[E0412]: cannot find type `PMUX` in this scope
[INFO] [stdout]    --> /opt/rustwide/cargo-home/registry/src/github.com-1ecc6299db9ec823/atsamd-hal-0.12.0/src/common/gpio/v2/pin.rs:622:20
[INFO] [stdout]     |
[INFO] [stdout] 622 |         pub pmux: [PMUX; 16],
[INFO] [stdout]     |                    ^^^^ not found in this scope
[INFO] [stdout] 
[INFO] [stdout] 
[INFO] [stdout] error[E0412]: cannot find type `PINCFG` in this scope
[INFO] [stdout]    --> /opt/rustwide/cargo-home/registry/src/github.com-1ecc6299db9ec823/atsamd-hal-0.12.0/src/common/gpio/v2/pin.rs:623:22
[INFO] [stdout]     |
[INFO] [stdout] 623 |         pub pincfg: [PINCFG; 32],
[INFO] [stdout]     |                      ^^^^^^ not found in this scope
[INFO] [stdout] 
[INFO] [stdout] 
[INFO] [stdout] error[E0425]: cannot find value `GROUPS` in this scope
[INFO] [stdout]    --> /opt/rustwide/cargo-home/registry/src/github.com-1ecc6299db9ec823/atsamd-hal-0.12.0/src/common/gpio/v2/pin.rs:667:25
[INFO] [stdout]     |
[INFO] [stdout] 667 |             unsafe { &(*GROUPS)[Self::NUM] }
[INFO] [stdout]     |                         ^^^^^^ not found in this scope
[INFO] [stdout] 
[INFO] [stdout] 
[INFO] [stdout] error[E0412]: cannot find type `PM` in this scope
[INFO] [stdout]   --> /opt/rustwide/cargo-home/registry/src/github.com-1ecc6299db9ec823/atsamd-hal-0.12.0/src/common/rtc.rs:58:58
[INFO] [stdout]    |
[INFO] [stdout] 58 |     pub fn new(rtc: RTC, rtc_clock_freq: Hertz, pm: &mut PM) -> Self {
[INFO] [stdout]    |                                                          ^^ not found in this scope
[INFO] [stdout] 
[INFO] [stdout] 
[INFO] [stdout] error[E0412]: cannot find type `MODE0` in this scope
[INFO] [stdout]   --> /opt/rustwide/cargo-home/registry/src/github.com-1ecc6299db9ec823/atsamd-hal-0.12.0/src/common/rtc.rs:73:25
[INFO] [stdout]    |
[INFO] [stdout] 73 |     fn mode0(&self) -> &MODE0 {
[INFO] [stdout]    |                         ^^^^^ not found in this scope
[INFO] [stdout] 
[INFO] [stdout] 
[INFO] [stdout] error[E0412]: cannot find type `MODE2` in this scope
[INFO] [stdout]   --> /opt/rustwide/cargo-home/registry/src/github.com-1ecc6299db9ec823/atsamd-hal-0.12.0/src/common/rtc.rs:78:25
[INFO] [stdout]    |
[INFO] [stdout] 78 |     fn mode2(&self) -> &MODE2 {
[INFO] [stdout]    |                         ^^^^^ not found in this scope
[INFO] [stdout] 
[INFO] [stdout] 
[INFO] [stdout] error[E0412]: cannot find type `MODE0_CTRLA` in this scope
[INFO] [stdout]   --> /opt/rustwide/cargo-home/registry/src/github.com-1ecc6299db9ec823/atsamd-hal-0.12.0/src/common/rtc.rs:83:31
[INFO] [stdout]    |
[INFO] [stdout] 83 |     fn mode0_ctrla(&self) -> &MODE0_CTRLA {
[INFO] [stdout]    |                               ^^^^^^^^^^^ not found in this scope
[INFO] [stdout] 
[INFO] [stdout] 
[INFO] [stdout] error[E0412]: cannot find type `MODE2_CTRLA` in this scope
[INFO] [stdout]   --> /opt/rustwide/cargo-home/registry/src/github.com-1ecc6299db9ec823/atsamd-hal-0.12.0/src/common/rtc.rs:91:31
[INFO] [stdout]    |
[INFO] [stdout] 91 |     fn mode2_ctrla(&self) -> &MODE2_CTRLA {
[INFO] [stdout]    |                               ^^^^^^^^^^^ not found in this scope
[INFO] [stdout] 
[INFO] [stdout] 
[INFO] [stdout] error[E0412]: cannot find type `PRESCALER_A` in this scope
[INFO] [stdout]    --> /opt/rustwide/cargo-home/registry/src/github.com-1ecc6299db9ec823/atsamd-hal-0.12.0/src/common/rtc.rs:254:18
[INFO] [stdout]     |
[INFO] [stdout] 254 |     pub divider: PRESCALER_A,
[INFO] [stdout]     |                  ^^^^^^^^^^^ not found in this scope
[INFO] [stdout] 
[INFO] [stdout] 
[INFO] [stdout] error[E0412]: cannot find type `SPI` in this scope
[INFO] [stdout]   --> /opt/rustwide/cargo-home/registry/src/github.com-1ecc6299db9ec823/atsamd-hal-0.12.0/src/common/spi_common.rs:18:23
[INFO] [stdout]    |
[INFO] [stdout] 18 |     fn spi(&self) -> &SPI;
[INFO] [stdout]    |                       ^^^ not found in this scope
[INFO] [stdout] 
[INFO] [stdout] 
[INFO] [stdout] error[E0412]: cannot find type `SPI` in this scope
[INFO] [stdout]   --> /opt/rustwide/cargo-home/registry/src/github.com-1ecc6299db9ec823/atsamd-hal-0.12.0/src/common/spi_common.rs:21:31
[INFO] [stdout]    |
[INFO] [stdout] 21 |     fn spi_mut(&mut self) -> &SPI;
[INFO] [stdout]    |                               ^^^ not found in this scope
[INFO] [stdout] 
[INFO] [stdout] 
[INFO] [stdout] error: aborting due to 43 previous errors
[INFO] [stdout] 
[INFO] [stdout] 
[INFO] [stdout] Some errors have detailed explanations: E0412, E0425, E0432, E0433.
[INFO] [stdout] 
[INFO] [stdout] For more information about an error, try `rustc --explain E0412`.
[INFO] [stdout] 
[INFO] [stderr] error: could not compile `atsamd-hal`
[INFO] [stderr] 
[INFO] [stderr] To learn more, run the command again with --verbose.
[INFO] [stderr] warning: build failed, waiting for other jobs to finish...
[INFO] [stderr] error: build failed
[INFO] running `Command { std: "docker" "inspect" "49b49f87327df393b6a8c4f3bc09f823c16fb297107cca1ab01f0f9f7bda80da", kill_on_drop: false }`
[INFO] running `Command { std: "docker" "rm" "-f" "49b49f87327df393b6a8c4f3bc09f823c16fb297107cca1ab01f0f9f7bda80da", kill_on_drop: false }`
[INFO] [stdout] 49b49f87327df393b6a8c4f3bc09f823c16fb297107cca1ab01f0f9f7bda80da
