[INFO] cloning repository https://github.com/Moe-Ask/boxcat-log-collector
[INFO] running `Command { std: "git" "-c" "credential.helper=" "-c" "credential.helper=/workspace/cargo-home/bin/git-credential-null" "clone" "--bare" "https://github.com/Moe-Ask/boxcat-log-collector" "/workspace/cache/git-repos/https%3A%2F%2Fgithub.com%2FMoe-Ask%2Fboxcat-log-collector", kill_on_drop: false }`
[INFO] [stderr] Cloning into bare repository '/workspace/cache/git-repos/https%3A%2F%2Fgithub.com%2FMoe-Ask%2Fboxcat-log-collector'...
[INFO] running `Command { std: "git" "rev-parse" "HEAD", kill_on_drop: false }`
[INFO] [stdout] 5f0f45489c95ad2136dbaf74ff0cd9b696b7efaf
[INFO] testing Moe-Ask/boxcat-log-collector against 1.54.0 for beta-1.55-1
[INFO] running `Command { std: "git" "clone" "/workspace/cache/git-repos/https%3A%2F%2Fgithub.com%2FMoe-Ask%2Fboxcat-log-collector" "/workspace/builds/worker-42/source", kill_on_drop: false }`
[INFO] [stderr] Cloning into '/workspace/builds/worker-42/source'...
[INFO] [stderr] done.
[INFO] validating manifest of git repo https://github.com/Moe-Ask/boxcat-log-collector on toolchain 1.54.0
[INFO] running `Command { std: "/workspace/cargo-home/bin/cargo" "+1.54.0" "metadata" "--manifest-path" "Cargo.toml" "--no-deps", kill_on_drop: false }`
[INFO] started tweaking git repo https://github.com/Moe-Ask/boxcat-log-collector
[INFO] finished tweaking git repo https://github.com/Moe-Ask/boxcat-log-collector
[INFO] tweaked toml for git repo https://github.com/Moe-Ask/boxcat-log-collector written to /workspace/builds/worker-42/source/Cargo.toml
[INFO] crate git repo https://github.com/Moe-Ask/boxcat-log-collector already has a lockfile, it will not be regenerated
[INFO] running `Command { std: "/workspace/cargo-home/bin/cargo" "+1.54.0" "fetch" "--manifest-path" "Cargo.toml", kill_on_drop: false }`
[INFO] [stderr] warning: dependency (meilisearch-sdk) specification is ambiguous. Only one of `git` or `path` is allowed. This will be considered an error in future versions
[INFO] [stderr]     Blocking waiting for file lock on package cache
[INFO] [stderr]     Updating git repository `https://github.com/juzi5201314/meilisearch-rust`
[INFO] [stderr]     Blocking waiting for file lock on package cache
[INFO] [stderr]  Downloading crates ...
[INFO] [stderr]   Downloaded sluice v0.5.4
[INFO] [stderr]   Downloaded isahc v1.4.0
[INFO] [stderr]   Downloaded tokio-tungstenite v0.15.0
[INFO] [stderr]   Downloaded tungstenite v0.14.0
[INFO] [stderr]   Downloaded libnghttp2-sys v0.1.6+1.43.0
[INFO] [stderr]   Downloaded curl-sys v0.4.44+curl-7.77.0
[INFO] running `Command { std: "docker" "create" "-v" "/var/lib/crater-agent-workspace/builds/worker-42/target:/opt/rustwide/target:rw,Z" "-v" "/var/lib/crater-agent-workspace/builds/worker-42/source:/opt/rustwide/workdir:ro,Z" "-v" "/var/lib/crater-agent-workspace/cargo-home:/opt/rustwide/cargo-home:ro,Z" "-v" "/var/lib/crater-agent-workspace/rustup-home:/opt/rustwide/rustup-home:ro,Z" "-e" "SOURCE_DIR=/opt/rustwide/workdir" "-e" "CARGO_TARGET_DIR=/opt/rustwide/target" "-e" "CARGO_HOME=/opt/rustwide/cargo-home" "-e" "RUSTUP_HOME=/opt/rustwide/rustup-home" "-w" "/opt/rustwide/workdir" "-m" "1610612736" "--user" "0:0" "--network" "none" "ghcr.io/rust-lang/crates-build-env/linux@sha256:34b6a614d2c27851fe6cbf88fbd1137609cefab8b10d0615aaeb6fd47975d74e" "/opt/rustwide/cargo-home/bin/cargo" "+1.54.0" "metadata" "--no-deps" "--format-version=1", kill_on_drop: false }`
[INFO] [stdout] baa4bf3b94b507e8998cf684599d5578bf8b0978d4dd16b6f75fde61480304c6
[INFO] running `Command { std: "docker" "start" "-a" "baa4bf3b94b507e8998cf684599d5578bf8b0978d4dd16b6f75fde61480304c6", kill_on_drop: false }`
[INFO] running `Command { std: "docker" "inspect" "baa4bf3b94b507e8998cf684599d5578bf8b0978d4dd16b6f75fde61480304c6", kill_on_drop: false }`
[INFO] running `Command { std: "docker" "rm" "-f" "baa4bf3b94b507e8998cf684599d5578bf8b0978d4dd16b6f75fde61480304c6", kill_on_drop: false }`
[INFO] [stdout] baa4bf3b94b507e8998cf684599d5578bf8b0978d4dd16b6f75fde61480304c6
[INFO] running `Command { std: "docker" "create" "-v" "/var/lib/crater-agent-workspace/builds/worker-42/target:/opt/rustwide/target:rw,Z" "-v" "/var/lib/crater-agent-workspace/builds/worker-42/source:/opt/rustwide/workdir:ro,Z" "-v" "/var/lib/crater-agent-workspace/cargo-home:/opt/rustwide/cargo-home:ro,Z" "-v" "/var/lib/crater-agent-workspace/rustup-home:/opt/rustwide/rustup-home:ro,Z" "-e" "SOURCE_DIR=/opt/rustwide/workdir" "-e" "CARGO_TARGET_DIR=/opt/rustwide/target" "-e" "CARGO_INCREMENTAL=0" "-e" "RUST_BACKTRACE=full" "-e" "RUSTFLAGS=--cap-lints=warn" "-e" "CARGO_HOME=/opt/rustwide/cargo-home" "-e" "RUSTUP_HOME=/opt/rustwide/rustup-home" "-w" "/opt/rustwide/workdir" "-m" "1610612736" "--user" "0:0" "--network" "none" "ghcr.io/rust-lang/crates-build-env/linux@sha256:34b6a614d2c27851fe6cbf88fbd1137609cefab8b10d0615aaeb6fd47975d74e" "/opt/rustwide/cargo-home/bin/cargo" "+1.54.0" "build" "--frozen" "--message-format=json", kill_on_drop: false }`
[INFO] [stdout] 2b761fb400788c739b485cd30afe287b419d070ecd155f75f27e9aa16805254e
[INFO] running `Command { std: "docker" "start" "-a" "2b761fb400788c739b485cd30afe287b419d070ecd155f75f27e9aa16805254e", kill_on_drop: false }`
[INFO] [stderr] warning: dependency (meilisearch-sdk) specification is ambiguous. Only one of `git` or `path` is allowed. This will be considered an error in future versions
[INFO] [stderr]     Blocking waiting for file lock on package cache
[INFO] [stderr]    Compiling libc v0.2.98
[INFO] [stderr]    Compiling proc-macro2 v1.0.27
[INFO] [stderr]    Compiling unicode-xid v0.2.2
[INFO] [stderr]    Compiling syn v1.0.73
[INFO] [stderr]    Compiling pkg-config v0.3.19
[INFO] [stderr]    Compiling pin-project-lite v0.2.7
[INFO] [stderr]    Compiling futures-core v0.3.15
[INFO] [stderr]    Compiling futures-channel v0.3.15
[INFO] [stderr]    Compiling once_cell v1.8.0
[INFO] [stderr]    Compiling futures-sink v0.3.15
[INFO] [stderr]    Compiling futures-io v0.3.15
[INFO] [stderr]    Compiling itoa v0.4.7
[INFO] [stderr]    Compiling futures-task v0.3.15
[INFO] [stderr]    Compiling fnv v1.0.7
[INFO] [stderr]    Compiling slab v0.4.3
[INFO] [stderr]    Compiling matches v0.1.8
[INFO] [stderr]    Compiling tinyvec_macros v0.1.0
[INFO] [stderr]    Compiling serde_derive v1.0.126
[INFO] [stderr]    Compiling typenum v1.13.0
[INFO] [stderr]    Compiling percent-encoding v2.1.0
[INFO] [stderr]    Compiling openssl-probe v0.1.4
[INFO] [stderr]    Compiling httparse v1.4.1
[INFO] [stderr]    Compiling serde v1.0.126
[INFO] [stderr]    Compiling foreign-types-shared v0.1.1
[INFO] [stderr]    Compiling openssl v0.10.35
[INFO] [stderr]    Compiling encoding_rs v0.8.28
[INFO] [stderr]    Compiling native-tls v0.2.7
[INFO] [stderr]    Compiling hashbrown v0.11.2
[INFO] [stderr]    Compiling zstd-safe v3.1.0+zstd.1.4.9
[INFO] [stderr]    Compiling curl v0.4.38
[INFO] [stderr]    Compiling cache-padded v1.1.1
[INFO] [stderr]    Compiling ppv-lite86 v0.2.10
[INFO] [stderr]    Compiling try-lock v0.2.3
[INFO] [stderr]    Compiling crossbeam-utils v0.8.5
[INFO] [stderr]    Compiling fastrand v1.4.1
[INFO] [stderr]    Compiling tower-service v0.3.1
[INFO] [stderr]    Compiling event-listener v2.5.1
[INFO] [stderr]    Compiling opaque-debug v0.3.0
[INFO] [stderr]    Compiling serde_json v1.0.64
[INFO] [stderr]    Compiling parking v2.0.0
[INFO] [stderr]    Compiling base64 v0.13.0
[INFO] [stderr]    Compiling cpufeatures v0.1.5
[INFO] [stderr]    Compiling mime v0.3.16
[INFO] [stderr]    Compiling httpdate v1.0.1
[INFO] [stderr]    Compiling waker-fn v1.1.0
[INFO] [stderr]    Compiling isahc v1.4.0
[INFO] [stderr]    Compiling anyhow v1.0.42
[INFO] [stderr]    Compiling regex-syntax v0.6.25
[INFO] [stderr]    Compiling utf-8 v0.7.6
[INFO] [stderr]    Compiling humantime v2.1.0
[INFO] [stderr]    Compiling sha1 v0.6.0
[INFO] [stderr]    Compiling ipnet v2.3.1
[INFO] [stderr]    Compiling dotenv v0.15.0
[INFO] [stderr]    Compiling instant v0.1.10
[INFO] [stderr]    Compiling futures-macro v0.3.15
[INFO] [stderr]    Compiling tokio v1.8.1
[INFO] [stderr]    Compiling lock_api v0.4.4
[INFO] [stderr]    Compiling futures-util v0.3.15
[INFO] [stderr]    Compiling tracing-core v0.1.18
[INFO] [stderr]    Compiling generic-array v0.14.4
[INFO] [stderr]    Compiling indexmap v1.7.0
[INFO] [stderr]    Compiling unicode-bidi v0.3.5
[INFO] [stderr]    Compiling tinyvec v1.2.0
[INFO] [stderr]    Compiling form_urlencoded v1.0.1
[INFO] [stderr]    Compiling want v0.3.0
[INFO] [stderr]    Compiling concurrent-queue v1.2.2
[INFO] [stderr]    Compiling http v0.2.4
[INFO] [stderr]    Compiling foreign-types v0.3.2
[INFO] [stderr]    Compiling unicode-normalization v0.1.19
[INFO] [stderr]    Compiling quote v1.0.9
[INFO] [stderr]    Compiling async-channel v1.6.1
[INFO] [stderr]    Compiling futures-lite v1.12.0
[INFO] [stderr]    Compiling regex v1.4.6
[INFO] [stderr]    Compiling jobserver v0.1.22
[INFO] [stderr]    Compiling parking_lot_core v0.8.3
[INFO] [stderr]    Compiling signal-hook-registry v1.4.0
[INFO] [stderr]    Compiling mio v0.7.13
[INFO] [stderr]    Compiling num_cpus v1.13.0
[INFO] [stderr]    Compiling socket2 v0.4.0
[INFO] [stderr]    Compiling getrandom v0.2.3
[INFO] [stderr]    Compiling polling v2.1.0
[INFO] [stderr]    Compiling time v0.1.44
[INFO] [stderr]    Compiling atty v0.2.14
[INFO] [stderr]    Compiling cc v1.0.69
[INFO] [stderr]    Compiling chrono v0.4.19
[INFO] [stderr]    Compiling idna v0.2.3
[INFO] [stderr]    Compiling sluice v0.5.4
[INFO] [stderr]    Compiling http-body v0.4.2
[INFO] [stderr]    Compiling parking_lot v0.11.1
[INFO] [stderr]    Compiling rand_core v0.6.3
[INFO] [stderr]    Compiling env_logger v0.9.0
[INFO] [stderr]    Compiling rand_chacha v0.3.1
[INFO] [stderr]    Compiling url v2.2.2
[INFO] [stderr]    Compiling digest v0.9.0
[INFO] [stderr]    Compiling block-buffer v0.9.0
[INFO] [stderr]    Compiling sha-1 v0.9.6
[INFO] [stderr]    Compiling rand v0.8.4
[INFO] [stderr]    Compiling openssl-sys v0.9.65
[INFO] [stderr]    Compiling libz-sys v1.1.3
[INFO] [stderr]    Compiling libnghttp2-sys v0.1.6+1.43.0
[INFO] [stderr]    Compiling curl-sys v0.4.44+curl-7.77.0
[INFO] [stderr]    Compiling zstd-sys v1.5.0+zstd.1.4.9
[INFO] [stderr]    Compiling tokio-macros v1.3.0
[INFO] [stderr]    Compiling tracing-attributes v0.1.15
[INFO] [stderr]    Compiling pin-project-internal v1.0.7
[INFO] [stderr]    Compiling thiserror-impl v1.0.26
[INFO] [stderr]    Compiling async-recursion v0.3.2
[INFO] [stderr]    Compiling thiserror v1.0.26
[INFO] [stderr]    Compiling tungstenite v0.14.0
[INFO] [stderr]    Compiling tracing v0.1.26
[INFO] [stderr]    Compiling pin-project v1.0.7
[INFO] [stderr]    Compiling tracing-futures v0.2.5
[INFO] [stderr]    Compiling futures-executor v0.3.15
[INFO] [stderr]    Compiling futures v0.3.15
[INFO] [stderr]    Compiling tokio-util v0.6.7
[INFO] [stderr]    Compiling tokio-native-tls v0.3.0
[INFO] [stderr]    Compiling tokio-tungstenite v0.15.0
[INFO] [stderr]    Compiling h2 v0.3.3
[INFO] [stderr]    Compiling serde_urlencoded v0.7.0
[INFO] [stderr]    Compiling uuid v0.8.2
[INFO] [stderr]    Compiling meilisearch-sdk v0.9.0 (https://github.com/juzi5201314/meilisearch-rust#c356ece6)
[INFO] [stderr]    Compiling hyper v0.14.10
[INFO] [stderr]    Compiling zstd v0.7.0+zstd.1.4.9
[INFO] [stderr]    Compiling async-compression v0.3.8
[INFO] [stderr]    Compiling hyper-tls v0.5.0
[INFO] [stderr]    Compiling reqwest v0.11.4
[INFO] [stderr]    Compiling boxcat-log-collector v0.1.0 (/opt/rustwide/workdir)
[INFO] [stdout] warning: function is never used: `get_stats`
[INFO] [stdout]   --> src/search/mod.rs:87:14
[INFO] [stdout]    |
[INFO] [stdout] 87 | pub async fn get_stats() -> anyhow::Result<IndexStats> {
[INFO] [stdout]    |              ^^^^^^^^^
[INFO] [stdout]    |
[INFO] [stdout]    = note: `#[warn(dead_code)]` on by default
[INFO] [stdout] 
[INFO] [stdout] 
[INFO] [stdout] warning: function is never used: `all_updated`
[INFO] [stdout]   --> src/search/mod.rs:92:14
[INFO] [stdout]    |
[INFO] [stdout] 92 | pub async fn all_updated() -> anyhow::Result<bool> {
[INFO] [stdout]    |              ^^^^^^^^^^^
[INFO] [stdout] 
[INFO] [stdout] 
[INFO] [stdout] warning: function is never used: `dump`
[INFO] [stdout]    --> src/search/mod.rs:107:14
[INFO] [stdout]     |
[INFO] [stdout] 107 | pub async fn dump() -> anyhow::Result<DumpInfo> {
[INFO] [stdout]     |              ^^^^
[INFO] [stdout] 
[INFO] [stdout] 
[INFO] [stdout] warning: function is never used: `wait_for_dump`
[INFO] [stdout]    --> src/search/mod.rs:111:14
[INFO] [stdout]     |
[INFO] [stdout] 111 | pub async fn wait_for_dump(info: &DumpInfo, interval: Option<Duration>) -> anyhow::Result<bool> {
[INFO] [stdout]     |              ^^^^^^^^^^^^^
[INFO] [stdout] 
[INFO] [stdout] 
[INFO] [stdout] warning: 4 warnings emitted
[INFO] [stdout] 
[INFO] [stdout] 
[INFO] [stderr]     Finished dev [unoptimized + debuginfo] target(s) in 1m 14s
[INFO] running `Command { std: "docker" "inspect" "2b761fb400788c739b485cd30afe287b419d070ecd155f75f27e9aa16805254e", kill_on_drop: false }`
[INFO] running `Command { std: "docker" "rm" "-f" "2b761fb400788c739b485cd30afe287b419d070ecd155f75f27e9aa16805254e", kill_on_drop: false }`
[INFO] [stdout] 2b761fb400788c739b485cd30afe287b419d070ecd155f75f27e9aa16805254e
[INFO] running `Command { std: "docker" "create" "-v" "/var/lib/crater-agent-workspace/builds/worker-42/target:/opt/rustwide/target:rw,Z" "-v" "/var/lib/crater-agent-workspace/builds/worker-42/source:/opt/rustwide/workdir:ro,Z" "-v" "/var/lib/crater-agent-workspace/cargo-home:/opt/rustwide/cargo-home:ro,Z" "-v" "/var/lib/crater-agent-workspace/rustup-home:/opt/rustwide/rustup-home:ro,Z" "-e" "SOURCE_DIR=/opt/rustwide/workdir" "-e" "CARGO_TARGET_DIR=/opt/rustwide/target" "-e" "CARGO_INCREMENTAL=0" "-e" "RUST_BACKTRACE=full" "-e" "RUSTFLAGS=--cap-lints=warn" "-e" "CARGO_HOME=/opt/rustwide/cargo-home" "-e" "RUSTUP_HOME=/opt/rustwide/rustup-home" "-w" "/opt/rustwide/workdir" "-m" "1610612736" "--user" "0:0" "--network" "none" "ghcr.io/rust-lang/crates-build-env/linux@sha256:34b6a614d2c27851fe6cbf88fbd1137609cefab8b10d0615aaeb6fd47975d74e" "/opt/rustwide/cargo-home/bin/cargo" "+1.54.0" "test" "--frozen" "--no-run" "--message-format=json", kill_on_drop: false }`
[INFO] [stdout] 07bba32921b67d7f4e6afe801d978f64baabb22207b8cde75ff7c485aca3dde0
[INFO] running `Command { std: "docker" "start" "-a" "07bba32921b67d7f4e6afe801d978f64baabb22207b8cde75ff7c485aca3dde0", kill_on_drop: false }`
[INFO] [stderr] warning: dependency (meilisearch-sdk) specification is ambiguous. Only one of `git` or `path` is allowed. This will be considered an error in future versions
[INFO] [stderr]     Blocking waiting for file lock on package cache
[INFO] [stderr]     Blocking waiting for file lock on package cache
[INFO] [stderr]    Compiling boxcat-log-collector v0.1.0 (/opt/rustwide/workdir)
[INFO] [stdout] warning: unused `Result` that must be used
[INFO] [stdout]   --> src/test.rs:10:5
[INFO] [stdout]    |
[INFO] [stdout] 10 |     init().await;
[INFO] [stdout]    |     ^^^^^^^^^^^^^
[INFO] [stdout]    |
[INFO] [stdout]    = note: `#[warn(unused_must_use)]` on by default
[INFO] [stdout]    = note: this `Result` may be an `Err` variant, which should be handled
[INFO] [stdout] 
[INFO] [stdout] 
[INFO] [stdout] warning: 1 warning emitted
[INFO] [stdout] 
[INFO] [stdout] 
[INFO] [stderr]     Finished test [unoptimized + debuginfo] target(s) in 7.55s
[INFO] running `Command { std: "docker" "inspect" "07bba32921b67d7f4e6afe801d978f64baabb22207b8cde75ff7c485aca3dde0", kill_on_drop: false }`
[INFO] running `Command { std: "docker" "rm" "-f" "07bba32921b67d7f4e6afe801d978f64baabb22207b8cde75ff7c485aca3dde0", kill_on_drop: false }`
[INFO] [stdout] 07bba32921b67d7f4e6afe801d978f64baabb22207b8cde75ff7c485aca3dde0
[INFO] running `Command { std: "docker" "create" "-v" "/var/lib/crater-agent-workspace/builds/worker-42/target:/opt/rustwide/target:rw,Z" "-v" "/var/lib/crater-agent-workspace/builds/worker-42/source:/opt/rustwide/workdir:ro,Z" "-v" "/var/lib/crater-agent-workspace/cargo-home:/opt/rustwide/cargo-home:ro,Z" "-v" "/var/lib/crater-agent-workspace/rustup-home:/opt/rustwide/rustup-home:ro,Z" "-e" "SOURCE_DIR=/opt/rustwide/workdir" "-e" "CARGO_TARGET_DIR=/opt/rustwide/target" "-e" "CARGO_INCREMENTAL=0" "-e" "RUST_BACKTRACE=full" "-e" "RUSTFLAGS=--cap-lints=warn" "-e" "CARGO_HOME=/opt/rustwide/cargo-home" "-e" "RUSTUP_HOME=/opt/rustwide/rustup-home" "-w" "/opt/rustwide/workdir" "-m" "1610612736" "--user" "0:0" "--network" "none" "ghcr.io/rust-lang/crates-build-env/linux@sha256:34b6a614d2c27851fe6cbf88fbd1137609cefab8b10d0615aaeb6fd47975d74e" "/opt/rustwide/cargo-home/bin/cargo" "+1.54.0" "test" "--frozen", kill_on_drop: false }`
[INFO] [stdout] 06b9cf3ddf255826285dba2ecd1b76485ee61219af1716c3e669ff5bee66a85c
[INFO] running `Command { std: "docker" "start" "-a" "06b9cf3ddf255826285dba2ecd1b76485ee61219af1716c3e669ff5bee66a85c", kill_on_drop: false }`
[INFO] [stderr] warning: dependency (meilisearch-sdk) specification is ambiguous. Only one of `git` or `path` is allowed. This will be considered an error in future versions
[INFO] [stderr] warning: unused `Result` that must be used
[INFO] [stderr]   --> src/test.rs:10:5
[INFO] [stderr]    |
[INFO] [stderr] 10 |     init().await;
[INFO] [stderr]    |     ^^^^^^^^^^^^^
[INFO] [stderr]    |
[INFO] [stderr]    = note: `#[warn(unused_must_use)]` on by default
[INFO] [stderr]    = note: this `Result` may be an `Err` variant, which should be handled
[INFO] [stderr] 
[INFO] [stderr] warning: 1 warning emitted
[INFO] [stderr] 
[INFO] [stderr]     Finished test [unoptimized + debuginfo] target(s) in 0.89s
[INFO] [stderr]      Running unittests (/opt/rustwide/target/debug/deps/boxcat_log_collector-f37cad6be69f7dcc)
[INFO] [stdout] 
[INFO] [stdout] running 4 tests
[INFO] [stdout] test message::test_message_ser_de ... ok
[INFO] [stdout] test test::test_message_throughput ... FAILED
[INFO] [stdout] test test::test_dump ... FAILED
[INFO] [stdout] test test::test_message ... FAILED
[INFO] [stdout] 
[INFO] [stdout] failures:
[INFO] [stdout] 
[INFO] [stdout] ---- test::test_message_throughput stdout ----
[INFO] [stdout] thread 'test::test_message_throughput' panicked at 'env_logger::init should not be called after logger initialized: SetLoggerError(())', /opt/rustwide/cargo-home/registry/src/github.com-1ecc6299db9ec823/env_logger-0.9.0/src/lib.rs:1158:16
[INFO] [stdout] stack backtrace:
[INFO] [stdout]    0:     0x56489eb7c3b0 - std::backtrace_rs::backtrace::libunwind::trace::h34055254b57d8e79
[INFO] [stdout]                                at /rustc/a178d0322ce20e33eac124758e837cbd80a6f633/library/std/src/../../backtrace/src/backtrace/libunwind.rs:90:5
[INFO] [stdout]    1:     0x56489eb7c3b0 - std::backtrace_rs::backtrace::trace_unsynchronized::h8f1e3fbd9afff6ec
[INFO] [stdout]                                at /rustc/a178d0322ce20e33eac124758e837cbd80a6f633/library/std/src/../../backtrace/src/backtrace/mod.rs:66:5
[INFO] [stdout]    2:     0x56489eb7c3b0 - std::sys_common::backtrace::_print_fmt::h3a99a796b770c360
[INFO] [stdout]                                at /rustc/a178d0322ce20e33eac124758e837cbd80a6f633/library/std/src/sys_common/backtrace.rs:67:5
[INFO] [stdout]    3:     0x56489eb7c3b0 - <std::sys_common::backtrace::_print::DisplayBacktrace as core::fmt::Display>::fmt::h32d1f94a80615d18
[INFO] [stdout]                                at /rustc/a178d0322ce20e33eac124758e837cbd80a6f633/library/std/src/sys_common/backtrace.rs:46:22
[INFO] [stdout]    4:     0x56489eba00fc - core::fmt::write::h306731c068f7162c
[INFO] [stdout]                                at /rustc/a178d0322ce20e33eac124758e837cbd80a6f633/library/core/src/fmt/mod.rs:1110:17
[INFO] [stdout]    5:     0x56489eb758b5 - std::io::Write::write_fmt::h87f19b0a2cd190bc
[INFO] [stdout]                                at /rustc/a178d0322ce20e33eac124758e837cbd80a6f633/library/std/src/io/mod.rs:1588:15
[INFO] [stdout]    6:     0x56489eb7e58b - std::sys_common::backtrace::_print::h5abaa2601a852287
[INFO] [stdout]                                at /rustc/a178d0322ce20e33eac124758e837cbd80a6f633/library/std/src/sys_common/backtrace.rs:49:5
[INFO] [stdout]    7:     0x56489eb7e58b - std::sys_common::backtrace::print::h8d81445442bb638f
[INFO] [stdout]                                at /rustc/a178d0322ce20e33eac124758e837cbd80a6f633/library/std/src/sys_common/backtrace.rs:36:9
[INFO] [stdout]    8:     0x56489eb7e58b - std::panicking::default_hook::{{closure}}::hcfe804496a9fa747
[INFO] [stdout]                                at /rustc/a178d0322ce20e33eac124758e837cbd80a6f633/library/std/src/panicking.rs:208:50
[INFO] [stdout]    9:     0x56489eb7e09c - std::panicking::default_hook::hbea8e3ccf2ba8901
[INFO] [stdout]                                at /rustc/a178d0322ce20e33eac124758e837cbd80a6f633/library/std/src/panicking.rs:222:9
[INFO] [stdout]   10:     0x56489eb7ec54 - std::panicking::rust_panic_with_hook::h7ee9e1a2d0f8975a
[INFO] [stdout]                                at /rustc/a178d0322ce20e33eac124758e837cbd80a6f633/library/std/src/panicking.rs:622:17
[INFO] [stdout]   11:     0x56489eb7e737 - std::panicking::begin_panic_handler::{{closure}}::h8ab3b4491718b2c7
[INFO] [stdout]                                at /rustc/a178d0322ce20e33eac124758e837cbd80a6f633/library/std/src/panicking.rs:519:13
[INFO] [stdout]   12:     0x56489eb7c8ac - std::sys_common::backtrace::__rust_end_short_backtrace::hd489062ffa586a9f
[INFO] [stdout]                                at /rustc/a178d0322ce20e33eac124758e837cbd80a6f633/library/std/src/sys_common/backtrace.rs:141:18
[INFO] [stdout]   13:     0x56489eb7e699 - rust_begin_unwind
[INFO] [stdout]                                at /rustc/a178d0322ce20e33eac124758e837cbd80a6f633/library/std/src/panicking.rs:515:5
[INFO] [stdout]   14:     0x56489e342d91 - core::panicking::panic_fmt::hca6330e3e14086b4
[INFO] [stdout]                                at /rustc/a178d0322ce20e33eac124758e837cbd80a6f633/library/core/src/panicking.rs:92:14
[INFO] [stdout]   15:     0x56489e342e83 - core::result::unwrap_failed::h6160d2b4bfbb0e87
[INFO] [stdout]                                at /rustc/a178d0322ce20e33eac124758e837cbd80a6f633/library/core/src/result.rs:1355:5
[INFO] [stdout]   16:     0x56489e49256f - core::result::Result<T,E>::expect::h3772d44c173bb69d
[INFO] [stdout]                                at /rustc/a178d0322ce20e33eac124758e837cbd80a6f633/library/core/src/result.rs:997:23
[INFO] [stdout]   17:     0x56489e487711 - env_logger::init::hd4ae21f0f85ab8a9
[INFO] [stdout]                                at /opt/rustwide/cargo-home/registry/src/github.com-1ecc6299db9ec823/env_logger-0.9.0/src/lib.rs:1158:5
[INFO] [stdout]   18:     0x56489e3ce399 - boxcat_log_collector::init::{{closure}}::ha9aa45485830fd22
[INFO] [stdout]                                at /opt/rustwide/workdir/src/main.rs:32:5
[INFO] [stdout]   19:     0x56489e44cf89 - <core::future::from_generator::GenFuture<T> as core::future::future::Future>::poll::hf35b31ddac991cef
[INFO] [stdout]                                at /rustc/a178d0322ce20e33eac124758e837cbd80a6f633/library/core/src/future/mod.rs:80:19
[INFO] [stdout]   20:     0x56489e41e6cd - boxcat_log_collector::test::test_message_throughput::{{closure}}::h7f7991e408d1bf38
[INFO] [stdout]                                at /opt/rustwide/workdir/src/test.rs:37:5
[INFO] [stdout]   21:     0x56489e44a1cb - <core::future::from_generator::GenFuture<T> as core::future::future::Future>::poll::h32eef7b93bdf463c
[INFO] [stdout]                                at /rustc/a178d0322ce20e33eac124758e837cbd80a6f633/library/core/src/future/mod.rs:80:19
[INFO] [stdout]   22:     0x56489e3a2caf - <core::pin::Pin<P> as core::future::future::Future>::poll::hae7901c67108f9ce
[INFO] [stdout]                                at /rustc/a178d0322ce20e33eac124758e837cbd80a6f633/library/core/src/future/future.rs:119:9
[INFO] [stdout]   23:     0x56489e39fae0 - tokio::runtime::basic_scheduler::Inner<P>::block_on::{{closure}}::{{closure}}::hf889cdd29104a25b
[INFO] [stdout]                                at /opt/rustwide/cargo-home/registry/src/github.com-1ecc6299db9ec823/tokio-1.8.1/src/runtime/basic_scheduler.rs:213:62
[INFO] [stdout]   24:     0x56489e39ce8c - tokio::coop::with_budget::{{closure}}::h9803f6bfbb408f81
[INFO] [stdout]                                at /opt/rustwide/cargo-home/registry/src/github.com-1ecc6299db9ec823/tokio-1.8.1/src/coop.rs:106:9
[INFO] [stdout]   25:     0x56489e360071 - std::thread::local::LocalKey<T>::try_with::h9c4e04dda2c2db78
[INFO] [stdout]                                at /rustc/a178d0322ce20e33eac124758e837cbd80a6f633/library/std/src/thread/local.rs:400:16
[INFO] [stdout]   26:     0x56489e35f2ad - std::thread::local::LocalKey<T>::with::h33e3388f4ac31c65
[INFO] [stdout]                                at /rustc/a178d0322ce20e33eac124758e837cbd80a6f633/library/std/src/thread/local.rs:376:9
[INFO] [stdout]   27:     0x56489e39ef4c - tokio::coop::with_budget::h6aa17ce701184f1e
[INFO] [stdout]                                at /opt/rustwide/cargo-home/registry/src/github.com-1ecc6299db9ec823/tokio-1.8.1/src/coop.rs:99:5
[INFO] [stdout]   28:     0x56489e39ef4c - tokio::coop::budget::h1bd5d38e564e42f2
[INFO] [stdout]                                at /opt/rustwide/cargo-home/registry/src/github.com-1ecc6299db9ec823/tokio-1.8.1/src/coop.rs:76:5
[INFO] [stdout]   29:     0x56489e39ef4c - tokio::runtime::basic_scheduler::Inner<P>::block_on::{{closure}}::hfe2ec27770b56ca7
[INFO] [stdout]                                at /opt/rustwide/cargo-home/registry/src/github.com-1ecc6299db9ec823/tokio-1.8.1/src/runtime/basic_scheduler.rs:213:39
[INFO] [stdout]   30:     0x56489e3a17e1 - tokio::runtime::basic_scheduler::enter::{{closure}}::hb955e4d679690419
[INFO] [stdout]                                at /opt/rustwide/cargo-home/registry/src/github.com-1ecc6299db9ec823/tokio-1.8.1/src/runtime/basic_scheduler.rs:323:29
[INFO] [stdout]   31:     0x56489e40d0ed - tokio::macros::scoped_tls::ScopedKey<T>::set::h0bfd2cb16c568ec6
[INFO] [stdout]                                at /opt/rustwide/cargo-home/registry/src/github.com-1ecc6299db9ec823/tokio-1.8.1/src/macros/scoped_tls.rs:61:9
[INFO] [stdout]   32:     0x56489e3a136c - tokio::runtime::basic_scheduler::enter::h4c4bb55801f25f82
[INFO] [stdout]                                at /opt/rustwide/cargo-home/registry/src/github.com-1ecc6299db9ec823/tokio-1.8.1/src/runtime/basic_scheduler.rs:323:5
[INFO] [stdout]   33:     0x56489e39d6ab - tokio::runtime::basic_scheduler::Inner<P>::block_on::h60af3e8a2d8afc3e
[INFO] [stdout]                                at /opt/rustwide/cargo-home/registry/src/github.com-1ecc6299db9ec823/tokio-1.8.1/src/runtime/basic_scheduler.rs:202:9
[INFO] [stdout]   34:     0x56489e39fb74 - tokio::runtime::basic_scheduler::InnerGuard<P>::block_on::h19b2e01e7cd59bbf
[INFO] [stdout]                                at /opt/rustwide/cargo-home/registry/src/github.com-1ecc6299db9ec823/tokio-1.8.1/src/runtime/basic_scheduler.rs:516:9
[INFO] [stdout]   35:     0x56489e3a035c - tokio::runtime::basic_scheduler::BasicScheduler<P>::block_on::h2b874a26cdb2a10c
[INFO] [stdout]                                at /opt/rustwide/cargo-home/registry/src/github.com-1ecc6299db9ec823/tokio-1.8.1/src/runtime/basic_scheduler.rs:162:24
[INFO] [stdout]   36:     0x56489e4570ac - tokio::runtime::Runtime::block_on::h0082ef8147dddd27
[INFO] [stdout]                                at /opt/rustwide/cargo-home/registry/src/github.com-1ecc6299db9ec823/tokio-1.8.1/src/runtime/mod.rs:450:46
[INFO] [stdout]   37:     0x56489e41dd47 - boxcat_log_collector::test::test_message_throughput::h4446d77211177139
[INFO] [stdout]                                at /opt/rustwide/workdir/src/test.rs:76:5
[INFO] [stdout]   38:     0x56489e41dc5a - boxcat_log_collector::test::test_message_throughput::{{closure}}::h0ca2974eed70f152
[INFO] [stdout]                                at /opt/rustwide/workdir/src/test.rs:33:7
[INFO] [stdout]   39:     0x56489e3480fe - core::ops::function::FnOnce::call_once::h93dc9c54e4ecc895
[INFO] [stdout]                                at /rustc/a178d0322ce20e33eac124758e837cbd80a6f633/library/core/src/ops/function.rs:227:5
[INFO] [stdout]   40:     0x56489e677a73 - core::ops::function::FnOnce::call_once::h152e7e439ff59e19
[INFO] [stdout]                                at /rustc/a178d0322ce20e33eac124758e837cbd80a6f633/library/core/src/ops/function.rs:227:5
[INFO] [stdout]   41:     0x56489e677a73 - test::__rust_begin_short_backtrace::h0908f3b1fdbb72ab
[INFO] [stdout]                                at /rustc/a178d0322ce20e33eac124758e837cbd80a6f633/library/test/src/lib.rs:577:5
[INFO] [stdout]   42:     0x56489e676530 - <alloc::boxed::Box<F,A> as core::ops::function::FnOnce<Args>>::call_once::hf6d2a51e5587546c
[INFO] [stdout]                                at /rustc/a178d0322ce20e33eac124758e837cbd80a6f633/library/alloc/src/boxed.rs:1575:9
[INFO] [stdout]   43:     0x56489e676530 - <std::panic::AssertUnwindSafe<F> as core::ops::function::FnOnce<()>>::call_once::h8af660f3a89ef593
[INFO] [stdout]                                at /rustc/a178d0322ce20e33eac124758e837cbd80a6f633/library/std/src/panic.rs:347:9
[INFO] [stdout]   44:     0x56489e676530 - std::panicking::try::do_call::hd36aef60f84b6d36
[INFO] [stdout]                                at /rustc/a178d0322ce20e33eac124758e837cbd80a6f633/library/std/src/panicking.rs:401:40
[INFO] [stdout]   45:     0x56489e676530 - std::panicking::try::h9932b4480e69817c
[INFO] [stdout]                                at /rustc/a178d0322ce20e33eac124758e837cbd80a6f633/library/std/src/panicking.rs:365:19
[INFO] [stdout]   46:     0x56489e676530 - std::panic::catch_unwind::h6aa177099cfff5f8
[INFO] [stdout]                                at /rustc/a178d0322ce20e33eac124758e837cbd80a6f633/library/std/src/panic.rs:434:14
[INFO] [stdout]   47:     0x56489e676530 - test::run_test_in_process::h5884d6f2d99e20c3
[INFO] [stdout]                                at /rustc/a178d0322ce20e33eac124758e837cbd80a6f633/library/test/src/lib.rs:600:18
[INFO] [stdout]   48:     0x56489e676530 - test::run_test::run_test_inner::{{closure}}::h6fdc58c6d5f5b6e3
[INFO] [stdout]                                at /rustc/a178d0322ce20e33eac124758e837cbd80a6f633/library/test/src/lib.rs:492:39
[INFO] [stdout]   49:     0x56489e64fbe2 - test::run_test::run_test_inner::{{closure}}::h408365d67a78ade8
[INFO] [stdout]                                at /rustc/a178d0322ce20e33eac124758e837cbd80a6f633/library/test/src/lib.rs:519:37
[INFO] [stdout]   50:     0x56489e64fbe2 - std::sys_common::backtrace::__rust_begin_short_backtrace::hb560b77c4f701523
[INFO] [stdout]                                at /rustc/a178d0322ce20e33eac124758e837cbd80a6f633/library/std/src/sys_common/backtrace.rs:125:18
[INFO] [stdout]   51:     0x56489e653798 - std::thread::Builder::spawn_unchecked::{{closure}}::{{closure}}::hf2e7831dad93c597
[INFO] [stdout]                                at /rustc/a178d0322ce20e33eac124758e837cbd80a6f633/library/std/src/thread/mod.rs:481:17
[INFO] [stdout]   52:     0x56489e653798 - <std::panic::AssertUnwindSafe<F> as core::ops::function::FnOnce<()>>::call_once::hd2e08783d8be4d02
[INFO] [stdout]                                at /rustc/a178d0322ce20e33eac124758e837cbd80a6f633/library/std/src/panic.rs:347:9
[INFO] [stdout]   53:     0x56489e653798 - std::panicking::try::do_call::h062597b7acfd6b82
[INFO] [stdout]                                at /rustc/a178d0322ce20e33eac124758e837cbd80a6f633/library/std/src/panicking.rs:401:40
[INFO] [stdout]   54:     0x56489e653798 - std::panicking::try::h0d7b79db04c14552
[INFO] [stdout]                                at /rustc/a178d0322ce20e33eac124758e837cbd80a6f633/library/std/src/panicking.rs:365:19
[INFO] [stdout]   55:     0x56489e653798 - std::panic::catch_unwind::hb01a0b5e7c8cd43b
[INFO] [stdout]                                at /rustc/a178d0322ce20e33eac124758e837cbd80a6f633/library/std/src/panic.rs:434:14
[INFO] [stdout]   56:     0x56489e653798 - std::thread::Builder::spawn_unchecked::{{closure}}::h5bde48cc887e0d1e
[INFO] [stdout]                                at /rustc/a178d0322ce20e33eac124758e837cbd80a6f633/library/std/src/thread/mod.rs:480:30
[INFO] [stdout]   57:     0x56489e653798 - core::ops::function::FnOnce::call_once{{vtable.shim}}::h745ea30807a29e55
[INFO] [stdout]                                at /rustc/a178d0322ce20e33eac124758e837cbd80a6f633/library/core/src/ops/function.rs:227:5
[INFO] [stdout]   58:     0x56489eb84437 - <alloc::boxed::Box<F,A> as core::ops::function::FnOnce<Args>>::call_once::h7ece6cfefaff1005
[INFO] [stdout]                                at /rustc/a178d0322ce20e33eac124758e837cbd80a6f633/library/alloc/src/boxed.rs:1575:9
[INFO] [stdout]   59:     0x56489eb84437 - <alloc::boxed::Box<F,A> as core::ops::function::FnOnce<Args>>::call_once::hb8b48e55c21f193e
[INFO] [stdout]                                at /rustc/a178d0322ce20e33eac124758e837cbd80a6f633/library/alloc/src/boxed.rs:1575:9
[INFO] [stdout]   60:     0x56489eb84437 - std::sys::unix::thread::Thread::new::thread_start::h8c7c4450dba62914
[INFO] [stdout]                                at /rustc/a178d0322ce20e33eac124758e837cbd80a6f633/library/std/src/sys/unix/thread.rs:71:17
[INFO] [stdout]   61:     0x7fedba29b609 - start_thread
[INFO] [stdout]   62:     0x7fedba06b293 - clone
[INFO] [stdout]   63:                0x0 - <unknown>
[INFO] [stdout] 
[INFO] [stdout] ---- test::test_dump stdout ----
[INFO] [stdout] thread 'test::test_dump' panicked at 'env_logger::init should not be called after logger initialized: SetLoggerError(())', /opt/rustwide/cargo-home/registry/src/github.com-1ecc6299db9ec823/env_logger-0.9.0/src/lib.rs:1158:16
[INFO] [stdout] stack backtrace:
[INFO] [stdout]    0:     0x56489eb7c3b0 - std::backtrace_rs::backtrace::libunwind::trace::h34055254b57d8e79
[INFO] [stdout]                                at /rustc/a178d0322ce20e33eac124758e837cbd80a6f633/library/std/src/../../backtrace/src/backtrace/libunwind.rs:90:5
[INFO] [stdout]    1:     0x56489eb7c3b0 - std::backtrace_rs::backtrace::trace_unsynchronized::h8f1e3fbd9afff6ec
[INFO] [stdout]                                at /rustc/a178d0322ce20e33eac124758e837cbd80a6f633/library/std/src/../../backtrace/src/backtrace/mod.rs:66:5
[INFO] [stdout]    2:     0x56489eb7c3b0 - std::sys_common::backtrace::_print_fmt::h3a99a796b770c360
[INFO] [stdout]                                at /rustc/a178d0322ce20e33eac124758e837cbd80a6f633/library/std/src/sys_common/backtrace.rs:67:5
[INFO] [stdout]    3:     0x56489eb7c3b0 - <std::sys_common::backtrace::_print::DisplayBacktrace as core::fmt::Display>::fmt::h32d1f94a80615d18
[INFO] [stdout]                                at /rustc/a178d0322ce20e33eac124758e837cbd80a6f633/library/std/src/sys_common/backtrace.rs:46:22
[INFO] [stdout]    4:     0x56489eba00fc - core::fmt::write::h306731c068f7162c
[INFO] [stdout]                                at /rustc/a178d0322ce20e33eac124758e837cbd80a6f633/library/core/src/fmt/mod.rs:1110:17
[INFO] [stdout]    5:     0x56489eb758b5 - std::io::Write::write_fmt::h87f19b0a2cd190bc
[INFO] [stdout]                                at /rustc/a178d0322ce20e33eac124758e837cbd80a6f633/library/std/src/io/mod.rs:1588:15
[INFO] [stdout]    6:     0x56489eb7e58b - std::sys_common::backtrace::_print::h5abaa2601a852287
[INFO] [stdout]                                at /rustc/a178d0322ce20e33eac124758e837cbd80a6f633/library/std/src/sys_common/backtrace.rs:49:5
[INFO] [stdout]    7:     0x56489eb7e58b - std::sys_common::backtrace::print::h8d81445442bb638f
[INFO] [stdout]                                at /rustc/a178d0322ce20e33eac124758e837cbd80a6f633/library/std/src/sys_common/backtrace.rs:36:9
[INFO] [stdout]    8:     0x56489eb7e58b - std::panicking::default_hook::{{closure}}::hcfe804496a9fa747
[INFO] [stdout]                                at /rustc/a178d0322ce20e33eac124758e837cbd80a6f633/library/std/src/panicking.rs:208:50
[INFO] [stdout]    9:     0x56489eb7e09c - std::panicking::default_hook::hbea8e3ccf2ba8901
[INFO] [stdout]                                at /rustc/a178d0322ce20e33eac124758e837cbd80a6f633/library/std/src/panicking.rs:222:9
[INFO] [stdout]   10:     0x56489eb7ec54 - std::panicking::rust_panic_with_hook::h7ee9e1a2d0f8975a
[INFO] [stdout]                                at /rustc/a178d0322ce20e33eac124758e837cbd80a6f633/library/std/src/panicking.rs:622:17
[INFO] [stdout]   11:     0x56489eb7e737 - std::panicking::begin_panic_handler::{{closure}}::h8ab3b4491718b2c7
[INFO] [stdout]                                at /rustc/a178d0322ce20e33eac124758e837cbd80a6f633/library/std/src/panicking.rs:519:13
[INFO] [stdout]   12:     0x56489eb7c8ac - std::sys_common::backtrace::__rust_end_short_backtrace::hd489062ffa586a9f
[INFO] [stdout]                                at /rustc/a178d0322ce20e33eac124758e837cbd80a6f633/library/std/src/sys_common/backtrace.rs:141:18
[INFO] [stdout]   13:     0x56489eb7e699 - rust_begin_unwind
[INFO] [stdout]                                at /rustc/a178d0322ce20e33eac124758e837cbd80a6f633/library/std/src/panicking.rs:515:5
[INFO] [stdout]   14:     0x56489e342d91 - core::panicking::panic_fmt::hca6330e3e14086b4
[INFO] [stdout]                                at /rustc/a178d0322ce20e33eac124758e837cbd80a6f633/library/core/src/panicking.rs:92:14
[INFO] [stdout]   15:     0x56489e342e83 - core::result::unwrap_failed::h6160d2b4bfbb0e87
[INFO] [stdout]                                at /rustc/a178d0322ce20e33eac124758e837cbd80a6f633/library/core/src/result.rs:1355:5
[INFO] [stdout]   16:     0x56489e49256f - core::result::Result<T,E>::expect::h3772d44c173bb69d
[INFO] [stdout]                                at /rustc/a178d0322ce20e33eac124758e837cbd80a6f633/library/core/src/result.rs:997:23
[INFO] [stdout]   17:     0x56489e487711 - env_logger::init::hd4ae21f0f85ab8a9
[INFO] [stdout]                                at /opt/rustwide/cargo-home/registry/src/github.com-1ecc6299db9ec823/env_logger-0.9.0/src/lib.rs:1158:5
[INFO] [stdout]   18:     0x56489e3ce399 - boxcat_log_collector::init::{{closure}}::ha9aa45485830fd22
[INFO] [stdout]                                at /opt/rustwide/workdir/src/main.rs:32:5
[INFO] [stdout]   19:     0x56489e44cf89 - <core::future::from_generator::GenFuture<T> as core::future::future::Future>::poll::hf35b31ddac991cef
[INFO] [stdout]                                at /rustc/a178d0322ce20e33eac124758e837cbd80a6f633/library/core/src/future/mod.rs:80:19
[INFO] [stdout]   20:     0x56489e41d145 - boxcat_log_collector::test::test_dump::{{closure}}::hab00f103e763147b
[INFO] [stdout]                                at /opt/rustwide/workdir/src/test.rs:10:5
[INFO] [stdout]   21:     0x56489e44bfbb - <core::future::from_generator::GenFuture<T> as core::future::future::Future>::poll::haa5a5af2001618ca
[INFO] [stdout]                                at /rustc/a178d0322ce20e33eac124758e837cbd80a6f633/library/core/src/future/mod.rs:80:19
[INFO] [stdout]   22:     0x56489e3a2bcf - <core::pin::Pin<P> as core::future::future::Future>::poll::h289d2ae7a4a82e2e
[INFO] [stdout]                                at /rustc/a178d0322ce20e33eac124758e837cbd80a6f633/library/core/src/future/future.rs:119:9
[INFO] [stdout]   23:     0x56489e39f820 - tokio::runtime::basic_scheduler::Inner<P>::block_on::{{closure}}::{{closure}}::h4853f116d95b14aa
[INFO] [stdout]                                at /opt/rustwide/cargo-home/registry/src/github.com-1ecc6299db9ec823/tokio-1.8.1/src/runtime/basic_scheduler.rs:213:62
[INFO] [stdout]   24:     0x56489e39cd5c - tokio::coop::with_budget::{{closure}}::h39359547fc75b119
[INFO] [stdout]                                at /opt/rustwide/cargo-home/registry/src/github.com-1ecc6299db9ec823/tokio-1.8.1/src/coop.rs:106:9
[INFO] [stdout]   25:     0x56489e35fb81 - std::thread::local::LocalKey<T>::try_with::h2dcb0f631af68d50
[INFO] [stdout]                                at /rustc/a178d0322ce20e33eac124758e837cbd80a6f633/library/std/src/thread/local.rs:400:16
[INFO] [stdout]   26:     0x56489e35f3dd - std::thread::local::LocalKey<T>::with::h7ba5a12c6ff2d9b5
[INFO] [stdout]                                at /rustc/a178d0322ce20e33eac124758e837cbd80a6f633/library/std/src/thread/local.rs:376:9
[INFO] [stdout]   27:     0x56489e39d9ec - tokio::coop::with_budget::hf638fb064c4e4867
[INFO] [stdout]                                at /opt/rustwide/cargo-home/registry/src/github.com-1ecc6299db9ec823/tokio-1.8.1/src/coop.rs:99:5
[INFO] [stdout]   28:     0x56489e39d9ec - tokio::coop::budget::h014022d5a736b89c
[INFO] [stdout]                                at /opt/rustwide/cargo-home/registry/src/github.com-1ecc6299db9ec823/tokio-1.8.1/src/coop.rs:76:5
[INFO] [stdout]   29:     0x56489e39d9ec - tokio::runtime::basic_scheduler::Inner<P>::block_on::{{closure}}::hbd6620eb263bff26
[INFO] [stdout]                                at /opt/rustwide/cargo-home/registry/src/github.com-1ecc6299db9ec823/tokio-1.8.1/src/runtime/basic_scheduler.rs:213:39
[INFO] [stdout]   30:     0x56489e3a1761 - tokio::runtime::basic_scheduler::enter::{{closure}}::h0ef1be65a11a5fd7
[INFO] [stdout]                                at /opt/rustwide/cargo-home/registry/src/github.com-1ecc6299db9ec823/tokio-1.8.1/src/runtime/basic_scheduler.rs:323:29
[INFO] [stdout]   31:     0x56489e40d2cd - tokio::macros::scoped_tls::ScopedKey<T>::set::ha4006e701c8b42ab
[INFO] [stdout]                                at /opt/rustwide/cargo-home/registry/src/github.com-1ecc6299db9ec823/tokio-1.8.1/src/macros/scoped_tls.rs:61:9
[INFO] [stdout]   32:     0x56489e3a16dc - tokio::runtime::basic_scheduler::enter::hae0e099f4194f103
[INFO] [stdout]                                at /opt/rustwide/cargo-home/registry/src/github.com-1ecc6299db9ec823/tokio-1.8.1/src/runtime/basic_scheduler.rs:323:5
[INFO] [stdout]   33:     0x56489e39d68b - tokio::runtime::basic_scheduler::Inner<P>::block_on::h196d795eb9290751
[INFO] [stdout]                                at /opt/rustwide/cargo-home/registry/src/github.com-1ecc6299db9ec823/tokio-1.8.1/src/runtime/basic_scheduler.rs:202:9
[INFO] [stdout]   34:     0x56489e39fc04 - tokio::runtime::basic_scheduler::InnerGuard<P>::block_on::h67a449d9557fa582
[INFO] [stdout]                                at /opt/rustwide/cargo-home/registry/src/github.com-1ecc6299db9ec823/tokio-1.8.1/src/runtime/basic_scheduler.rs:516:9
[INFO] [stdout]   35:     0x56489e3a0708 - tokio::runtime::basic_scheduler::BasicScheduler<P>::block_on::he5fd3517af753a7a
[INFO] [stdout]                                at /opt/rustwide/cargo-home/registry/src/github.com-1ecc6299db9ec823/tokio-1.8.1/src/runtime/basic_scheduler.rs:162:24
[INFO] [stdout]   36:     0x56489e4573c0 - tokio::runtime::Runtime::block_on::h70e7f1ae87fd882c
[INFO] [stdout]                                at /opt/rustwide/cargo-home/registry/src/github.com-1ecc6299db9ec823/tokio-1.8.1/src/runtime/mod.rs:450:46
[INFO] [stdout]   37:     0x56489e41cec7 - boxcat_log_collector::test::test_dump::h2c6e2b513a269b03
[INFO] [stdout]                                at /opt/rustwide/workdir/src/test.rs:13:5
[INFO] [stdout]   38:     0x56489e41cdea - boxcat_log_collector::test::test_dump::{{closure}}::h738fb25203f2caa0
[INFO] [stdout]                                at /opt/rustwide/workdir/src/test.rs:8:7
[INFO] [stdout]   39:     0x56489e3485de - core::ops::function::FnOnce::call_once::hf6e5dc60ea8188b1
[INFO] [stdout]                                at /rustc/a178d0322ce20e33eac124758e837cbd80a6f633/library/core/src/ops/function.rs:227:5
[INFO] [stdout]   40:     0x56489e677a73 - core::ops::function::FnOnce::call_once::h152e7e439ff59e19
[INFO] [stdout]                                at /rustc/a178d0322ce20e33eac124758e837cbd80a6f633/library/core/src/ops/function.rs:227:5
[INFO] [stdout]   41:     0x56489e677a73 - test::__rust_begin_short_backtrace::h0908f3b1fdbb72ab
[INFO] [stdout]                                at /rustc/a178d0322ce20e33eac124758e837cbd80a6f633/library/test/src/lib.rs:577:5
[INFO] [stdout]   42:     0x56489e676530 - <alloc::boxed::Box<F,A> as core::ops::function::FnOnce<Args>>::call_once::hf6d2a51e5587546c
[INFO] [stdout]                                at /rustc/a178d0322ce20e33eac124758e837cbd80a6f633/library/alloc/src/boxed.rs:1575:9
[INFO] [stdout]   43:     0x56489e676530 - <std::panic::AssertUnwindSafe<F> as core::ops::function::FnOnce<()>>::call_once::h8af660f3a89ef593
[INFO] [stdout]                                at /rustc/a178d0322ce20e33eac124758e837cbd80a6f633/library/std/src/panic.rs:347:9
[INFO] [stdout]   44:     0x56489e676530 - std::panicking::try::do_call::hd36aef60f84b6d36
[INFO] [stdout]                                at /rustc/a178d0322ce20e33eac124758e837cbd80a6f633/library/std/src/panicking.rs:401:40
[INFO] [stdout]   45:     0x56489e676530 - std::panicking::try::h9932b4480e69817c
[INFO] [stdout]                                at /rustc/a178d0322ce20e33eac124758e837cbd80a6f633/library/std/src/panicking.rs:365:19
[INFO] [stdout]   46:     0x56489e676530 - std::panic::catch_unwind::h6aa177099cfff5f8
[INFO] [stdout]                                at /rustc/a178d0322ce20e33eac124758e837cbd80a6f633/library/std/src/panic.rs:434:14
[INFO] [stdout]   47:     0x56489e676530 - test::run_test_in_process::h5884d6f2d99e20c3
[INFO] [stdout]                                at /rustc/a178d0322ce20e33eac124758e837cbd80a6f633/library/test/src/lib.rs:600:18
[INFO] [stdout]   48:     0x56489e676530 - test::run_test::run_test_inner::{{closure}}::h6fdc58c6d5f5b6e3
[INFO] [stdout]                                at /rustc/a178d0322ce20e33eac124758e837cbd80a6f633/library/test/src/lib.rs:492:39
[INFO] [stdout]   49:     0x56489e64fbe2 - test::run_test::run_test_inner::{{closure}}::h408365d67a78ade8
[INFO] [stdout]                                at /rustc/a178d0322ce20e33eac124758e837cbd80a6f633/library/test/src/lib.rs:519:37
[INFO] [stdout]   50:     0x56489e64fbe2 - std::sys_common::backtrace::__rust_begin_short_backtrace::hb560b77c4f701523
[INFO] [stdout]                                at /rustc/a178d0322ce20e33eac124758e837cbd80a6f633/library/std/src/sys_common/backtrace.rs:125:18
[INFO] [stdout]   51:     0x56489e653798 - std::thread::Builder::spawn_unchecked::{{closure}}::{{closure}}::hf2e7831dad93c597
[INFO] [stdout]                                at /rustc/a178d0322ce20e33eac124758e837cbd80a6f633/library/std/src/thread/mod.rs:481:17
[INFO] [stdout]   52:     0x56489e653798 - <std::panic::AssertUnwindSafe<F> as core::ops::function::FnOnce<()>>::call_once::hd2e08783d8be4d02
[INFO] [stdout]                                at /rustc/a178d0322ce20e33eac124758e837cbd80a6f633/library/std/src/panic.rs:347:9
[INFO] [stdout]   53:     0x56489e653798 - std::panicking::try::do_call::h062597b7acfd6b82
[INFO] [stdout]                                at /rustc/a178d0322ce20e33eac124758e837cbd80a6f633/library/std/src/panicking.rs:401:40
[INFO] [stdout]   54:     0x56489e653798 - std::panicking::try::h0d7b79db04c14552
[INFO] [stdout]                                at /rustc/a178d0322ce20e33eac124758e837cbd80a6f633/library/std/src/panicking.rs:365:19
[INFO] [stdout]   55:     0x56489e653798 - std::panic::catch_unwind::hb01a0b5e7c8cd43b
[INFO] [stdout]                                at /rustc/a178d0322ce20e33eac124758e837cbd80a6f633/library/std/src/panic.rs:434:14
[INFO] [stdout]   56:     0x56489e653798 - std::thread::Builder::spawn_unchecked::{{closure}}::h5bde48cc887e0d1e
[INFO] [stdout]                                at /rustc/a178d0322ce20e33eac124758e837cbd80a6f633/library/std/src/thread/mod.rs:480:30
[INFO] [stdout]   57:     0x56489e653798 - core::ops::function::FnOnce::call_once{{vtable.shim}}::h745ea30807a29e55
[INFO] [stdout]                                at /rustc/a178d0322ce20e33eac124758e837cbd80a6f633/library/core/src/ops/function.rs:227:5
[INFO] [stdout]   58:     0x56489eb84437 - <alloc::boxed::Box<F,A> as core::ops::function::FnOnce<Args>>::call_once::h7ece6cfefaff1005
[INFO] [stdout]                                at /rustc/a178d0322ce20e33eac124758e837cbd80a6f633/library/alloc/src/boxed.rs:1575:9
[INFO] [stdout]   59:     0x56489eb84437 - <alloc::boxed::Box<F,A> as core::ops::function::FnOnce<Args>>::call_once::hb8b48e55c21f193e
[INFO] [stdout]                                at /rustc/a178d0322ce20e33eac124758e837cbd80a6f633/library/alloc/src/boxed.rs:1575:9
[INFO] [stdout]   60:     0x56489eb84437 - std::sys::unix::thread::Thread::new::thread_start::h8c7c4450dba62914
[INFO] [stdout]                                at /rustc/a178d0322ce20e33eac124758e837cbd80a6f633/library/std/src/sys/unix/thread.rs:71:17
[INFO] [stdout]   61:     0x7fedba29b609 - start_thread
[INFO] [stdout]   62:     0x7fedba06b293 - clone
[INFO] [stdout]   63:                0x0 - <unknown>
[INFO] [stdout] 
[INFO] [stdout] ---- test::test_message stdout ----
[INFO] [stdout] thread 'test::test_message' panicked at 'called `Result::unwrap()` on an `Err` value: 找不到环境变量: SEARCH_HOST', src/search/mod.rs:22:28
[INFO] [stdout] stack backtrace:
[INFO] [stdout]    0:     0x56489eb7c3b0 - std::backtrace_rs::backtrace::libunwind::trace::h34055254b57d8e79
[INFO] [stdout]                                at /rustc/a178d0322ce20e33eac124758e837cbd80a6f633/library/std/src/../../backtrace/src/backtrace/libunwind.rs:90:5
[INFO] [stdout]    1:     0x56489eb7c3b0 - std::backtrace_rs::backtrace::trace_unsynchronized::h8f1e3fbd9afff6ec
[INFO] [stdout]                                at /rustc/a178d0322ce20e33eac124758e837cbd80a6f633/library/std/src/../../backtrace/src/backtrace/mod.rs:66:5
[INFO] [stdout]    2:     0x56489eb7c3b0 - std::sys_common::backtrace::_print_fmt::h3a99a796b770c360
[INFO] [stdout]                                at /rustc/a178d0322ce20e33eac124758e837cbd80a6f633/library/std/src/sys_common/backtrace.rs:67:5
[INFO] [stdout]    3:     0x56489eb7c3b0 - <std::sys_common::backtrace::_print::DisplayBacktrace as core::fmt::Display>::fmt::h32d1f94a80615d18
[INFO] [stdout]                                at /rustc/a178d0322ce20e33eac124758e837cbd80a6f633/library/std/src/sys_common/backtrace.rs:46:22
[INFO] [stdout]    4:     0x56489eba00fc - core::fmt::write::h306731c068f7162c
[INFO] [stdout]                                at /rustc/a178d0322ce20e33eac124758e837cbd80a6f633/library/core/src/fmt/mod.rs:1110:17
[INFO] [stdout]    5:     0x56489eb758b5 - std::io::Write::write_fmt::h87f19b0a2cd190bc
[INFO] [stdout]                                at /rustc/a178d0322ce20e33eac124758e837cbd80a6f633/library/std/src/io/mod.rs:1588:15
[INFO] [stdout]    6:     0x56489eb7e58b - std::sys_common::backtrace::_print::h5abaa2601a852287
[INFO] [stdout]                                at /rustc/a178d0322ce20e33eac124758e837cbd80a6f633/library/std/src/sys_common/backtrace.rs:49:5
[INFO] [stdout]    7:     0x56489eb7e58b - std::sys_common::backtrace::print::h8d81445442bb638f
[INFO] [stdout]                                at /rustc/a178d0322ce20e33eac124758e837cbd80a6f633/library/std/src/sys_common/backtrace.rs:36:9
[INFO] [stdout]    8:     0x56489eb7e58b - std::panicking::default_hook::{{closure}}::hcfe804496a9fa747
[INFO] [stdout]                                at /rustc/a178d0322ce20e33eac124758e837cbd80a6f633/library/std/src/panicking.rs:208:50
[INFO] [stdout]    9:     0x56489eb7e09c - std::panicking::default_hook::hbea8e3ccf2ba8901
[INFO] [stdout]                                at /rustc/a178d0322ce20e33eac124758e837cbd80a6f633/library/std/src/panicking.rs:222:9
[INFO] [stdout]   10:     0x56489eb7ec54 - std::panicking::rust_panic_with_hook::h7ee9e1a2d0f8975a
[INFO] [stdout]                                at /rustc/a178d0322ce20e33eac124758e837cbd80a6f633/library/std/src/panicking.rs:622:17
[INFO] [stdout]   11:     0x56489eb7e737 - std::panicking::begin_panic_handler::{{closure}}::h8ab3b4491718b2c7
[INFO] [stdout]                                at /rustc/a178d0322ce20e33eac124758e837cbd80a6f633/library/std/src/panicking.rs:519:13
[INFO] [stdout]   12:     0x56489eb7c8ac - std::sys_common::backtrace::__rust_end_short_backtrace::hd489062ffa586a9f
[INFO] [stdout]                                at /rustc/a178d0322ce20e33eac124758e837cbd80a6f633/library/std/src/sys_common/backtrace.rs:141:18
[INFO] [stdout]   13:     0x56489eb7e699 - rust_begin_unwind
[INFO] [stdout]                                at /rustc/a178d0322ce20e33eac124758e837cbd80a6f633/library/std/src/panicking.rs:515:5
[INFO] [stdout]   14:     0x56489e342d91 - core::panicking::panic_fmt::hca6330e3e14086b4
[INFO] [stdout]                                at /rustc/a178d0322ce20e33eac124758e837cbd80a6f633/library/core/src/panicking.rs:92:14
[INFO] [stdout]   15:     0x56489e342e83 - core::result::unwrap_failed::h6160d2b4bfbb0e87
[INFO] [stdout]                                at /rustc/a178d0322ce20e33eac124758e837cbd80a6f633/library/core/src/result.rs:1355:5
[INFO] [stdout]   16:     0x56489e371374 - core::result::Result<T,E>::unwrap::h36a412a4ac57f867
[INFO] [stdout]                                at /rustc/a178d0322ce20e33eac124758e837cbd80a6f633/library/core/src/result.rs:1037:23
[INFO] [stdout]   17:     0x56489e459aca - boxcat_log_collector::search::get_host::h2641905eeda867c2
[INFO] [stdout]                                at /opt/rustwide/workdir/src/search/mod.rs:22:5
[INFO] [stdout]   18:     0x56489e4599bd - boxcat_log_collector::search::CLIENT::{{closure}}::h55ed9bddbd3ca106
[INFO] [stdout]                                at /opt/rustwide/workdir/src/search/mod.rs:15:56
[INFO] [stdout]   19:     0x56489e34833e - core::ops::function::FnOnce::call_once::hb48698d1f50b2937
[INFO] [stdout]                                at /rustc/a178d0322ce20e33eac124758e837cbd80a6f633/library/core/src/ops/function.rs:227:5
[INFO] [stdout]   20:     0x56489e34820b - core::ops::function::FnOnce::call_once::ha426673ebddec85c
[INFO] [stdout]                                at /rustc/a178d0322ce20e33eac124758e837cbd80a6f633/library/core/src/ops/function.rs:227:5
[INFO] [stdout]   21:     0x56489e36b5ed - once_cell::sync::Lazy<T,F>::force::{{closure}}::h24fe5d8699c403f4
[INFO] [stdout]                                at /opt/rustwide/cargo-home/registry/src/github.com-1ecc6299db9ec823/once_cell-1.8.0/src/lib.rs:1115:28
[INFO] [stdout]   22:     0x56489e36b8de - once_cell::sync::OnceCell<T>::get_or_init::{{closure}}::hc51e795a4235e977
[INFO] [stdout]                                at /opt/rustwide/cargo-home/registry/src/github.com-1ecc6299db9ec823/once_cell-1.8.0/src/lib.rs:938:57
[INFO] [stdout]   23:     0x56489e430a89 - once_cell::imp::OnceCell<T>::initialize::{{closure}}::h8a1c342b32366f53
[INFO] [stdout]                                at /opt/rustwide/cargo-home/registry/src/github.com-1ecc6299db9ec823/once_cell-1.8.0/src/imp_std.rs:95:19
[INFO] [stdout]   24:     0x56489ea9e7e3 - once_cell::imp::initialize_inner::hb2e3a7a9cb2843bb
[INFO] [stdout]                                at /opt/rustwide/cargo-home/registry/src/github.com-1ecc6299db9ec823/once_cell-1.8.0/src/imp_std.rs:171:31
[INFO] [stdout]   25:     0x56489e430a36 - once_cell::imp::OnceCell<T>::initialize::h6c54dc2fc262defd
[INFO] [stdout]                                at /opt/rustwide/cargo-home/registry/src/github.com-1ecc6299db9ec823/once_cell-1.8.0/src/imp_std.rs:93:9
[INFO] [stdout]   26:     0x56489e36b9ef - once_cell::sync::OnceCell<T>::get_or_try_init::h7c7585762c8eecc6
[INFO] [stdout]                                at /opt/rustwide/cargo-home/registry/src/github.com-1ecc6299db9ec823/once_cell-1.8.0/src/lib.rs:978:13
[INFO] [stdout]   27:     0x56489e36b81d - once_cell::sync::OnceCell<T>::get_or_init::h569bdb8d9c8a8df3
[INFO] [stdout]                                at /opt/rustwide/cargo-home/registry/src/github.com-1ecc6299db9ec823/once_cell-1.8.0/src/lib.rs:938:19
[INFO] [stdout]   28:     0x56489e36b582 - once_cell::sync::Lazy<T,F>::force::h47831b25f4203ae4
[INFO] [stdout]                                at /opt/rustwide/cargo-home/registry/src/github.com-1ecc6299db9ec823/once_cell-1.8.0/src/lib.rs:1114:13
[INFO] [stdout]   29:     0x56489e36b00e - <once_cell::sync::Lazy<T,F> as core::ops::deref::Deref>::deref::h32fb2f828266528a
[INFO] [stdout]                                at /opt/rustwide/cargo-home/registry/src/github.com-1ecc6299db9ec823/once_cell-1.8.0/src/lib.rs:1124:13
[INFO] [stdout]   30:     0x56489e459b6d - boxcat_log_collector::search::is_meilisearch_running::{{closure}}::h909c4b30950746ef
[INFO] [stdout]                                at /opt/rustwide/workdir/src/search/mod.rs:26:5
[INFO] [stdout]   31:     0x56489e44b23b - <core::future::from_generator::GenFuture<T> as core::future::future::Future>::poll::h6a09259fb3ddcb09
[INFO] [stdout]                                at /rustc/a178d0322ce20e33eac124758e837cbd80a6f633/library/core/src/future/mod.rs:80:19
[INFO] [stdout]   32:     0x56489e3ce411 - boxcat_log_collector::init::{{closure}}::ha9aa45485830fd22
[INFO] [stdout]                                at /opt/rustwide/workdir/src/main.rs:34:9
[INFO] [stdout]   33:     0x56489e44cf89 - <core::future::from_generator::GenFuture<T> as core::future::future::Future>::poll::hf35b31ddac991cef
[INFO] [stdout]                                at /rustc/a178d0322ce20e33eac124758e837cbd80a6f633/library/core/src/future/mod.rs:80:19
[INFO] [stdout]   34:     0x56489e3ceed9 - boxcat_log_collector::run::{{closure}}::hb04783a3c38e2071
[INFO] [stdout]                                at /opt/rustwide/workdir/src/main.rs:43:5
[INFO] [stdout]   35:     0x56489e44a3b9 - <core::future::from_generator::GenFuture<T> as core::future::future::Future>::poll::h44274cb5bd53fc16
[INFO] [stdout]                                at /rustc/a178d0322ce20e33eac124758e837cbd80a6f633/library/core/src/future/mod.rs:80:19
[INFO] [stdout]   36:     0x56489e411739 - tokio::runtime::task::core::CoreStage<T>::poll::{{closure}}::h7ab2200e6d2bc575
[INFO] [stdout]                                at /opt/rustwide/cargo-home/registry/src/github.com-1ecc6299db9ec823/tokio-1.8.1/src/runtime/task/core.rs:243:17
[INFO] [stdout]   37:     0x56489e40cad5 - tokio::loom::std::unsafe_cell::UnsafeCell<T>::with_mut::hd8fc13113a5ba270
[INFO] [stdout]                                at /opt/rustwide/cargo-home/registry/src/github.com-1ecc6299db9ec823/tokio-1.8.1/src/loom/std/unsafe_cell.rs:14:9
[INFO] [stdout]   38:     0x56489e411377 - tokio::runtime::task::core::CoreStage<T>::poll::hdb41659795954858
[INFO] [stdout]                                at /opt/rustwide/cargo-home/registry/src/github.com-1ecc6299db9ec823/tokio-1.8.1/src/runtime/task/core.rs:233:13
[INFO] [stdout]   39:     0x56489e47d18a - tokio::runtime::task::harness::poll_future::{{closure}}::h4bec8f5b203d849c
[INFO] [stdout]                                at /opt/rustwide/cargo-home/registry/src/github.com-1ecc6299db9ec823/tokio-1.8.1/src/runtime/task/harness.rs:438:23
[INFO] [stdout]   40:     0x56489e343933 - <std::panic::AssertUnwindSafe<F> as core::ops::function::FnOnce<()>>::call_once::he37167599bf827a4
[INFO] [stdout]                                at /rustc/a178d0322ce20e33eac124758e837cbd80a6f633/library/std/src/panic.rs:347:9
[INFO] [stdout]   41:     0x56489e438493 - std::panicking::try::do_call::h60f6f062c2833c4e
[INFO] [stdout]                                at /rustc/a178d0322ce20e33eac124758e837cbd80a6f633/library/std/src/panicking.rs:401:40
[INFO] [stdout]   42:     0x56489e443e1d - __rust_try
[INFO] [stdout]   43:     0x56489e4379b0 - std::panicking::try::h35005f05c09c1c3f
[INFO] [stdout]                                at /rustc/a178d0322ce20e33eac124758e837cbd80a6f633/library/std/src/panicking.rs:365:19
[INFO] [stdout]   44:     0x56489e34696a - std::panic::catch_unwind::h83082ae140ccf917
[INFO] [stdout]                                at /rustc/a178d0322ce20e33eac124758e837cbd80a6f633/library/std/src/panic.rs:434:14
[INFO] [stdout]   45:     0x56489e47b440 - tokio::runtime::task::harness::poll_future::h08b438a9c5a6ac7d
[INFO] [stdout]                                at /opt/rustwide/cargo-home/registry/src/github.com-1ecc6299db9ec823/tokio-1.8.1/src/runtime/task/harness.rs:425:19
[INFO] [stdout]   46:     0x56489e47da72 - tokio::runtime::task::harness::Harness<T,S>::poll_inner::h3730f09a37927d03
[INFO] [stdout]                                at /opt/rustwide/cargo-home/registry/src/github.com-1ecc6299db9ec823/tokio-1.8.1/src/runtime/task/harness.rs:89:9
[INFO] [stdout]   47:     0x56489e4815bb - tokio::runtime::task::harness::Harness<T,S>::poll::h7ea8772cf5f99d48
[INFO] [stdout]                                at /opt/rustwide/cargo-home/registry/src/github.com-1ecc6299db9ec823/tokio-1.8.1/src/runtime/task/harness.rs:59:15
[INFO] [stdout]   48:     0x56489e42f000 - tokio::runtime::task::raw::poll::h6b87ce3e75b50e04
[INFO] [stdout]                                at /opt/rustwide/cargo-home/registry/src/github.com-1ecc6299db9ec823/tokio-1.8.1/src/runtime/task/raw.rs:113:5
[INFO] [stdout]   49:     0x56489ea3797f - tokio::runtime::task::raw::RawTask::poll::hfde70e2864012ab1
[INFO] [stdout]                                at /opt/rustwide/cargo-home/registry/src/github.com-1ecc6299db9ec823/tokio-1.8.1/src/runtime/task/raw.rs:70:18
[INFO] [stdout]   50:     0x56489e3c4531 - tokio::runtime::task::Notified<S>::run::hcbfd01cf449a4d93
[INFO] [stdout]                                at /opt/rustwide/cargo-home/registry/src/github.com-1ecc6299db9ec823/tokio-1.8.1/src/runtime/task/mod.rs:171:9
[INFO] [stdout]   51:     0x56489e39fa3a - tokio::runtime::basic_scheduler::Inner<P>::block_on::{{closure}}::{{closure}}::ha942095aedc5db0f
[INFO] [stdout]                                at /opt/rustwide/cargo-home/registry/src/github.com-1ecc6299db9ec823/tokio-1.8.1/src/runtime/basic_scheduler.rs:254:73
[INFO] [stdout]   52:     0x56489e39caf9 - tokio::coop::with_budget::{{closure}}::h23b71808b6d2f2dd
[INFO] [stdout]                                at /opt/rustwide/cargo-home/registry/src/github.com-1ecc6299db9ec823/tokio-1.8.1/src/coop.rs:106:9
[INFO] [stdout]   53:     0x56489e36094e - std::thread::local::LocalKey<T>::try_with::hfaef355f7131eea8
[INFO] [stdout]                                at /rustc/a178d0322ce20e33eac124758e837cbd80a6f633/library/std/src/thread/local.rs:400:16
[INFO] [stdout]   54:     0x56489e35f456 - std::thread::local::LocalKey<T>::with::h7d4083c4bcadfffd
[INFO] [stdout]                                at /rustc/a178d0322ce20e33eac124758e837cbd80a6f633/library/std/src/thread/local.rs:376:9
[INFO] [stdout]   55:     0x56489e39e9ab - tokio::coop::with_budget::he4e1de709ec2607b
[INFO] [stdout]                                at /opt/rustwide/cargo-home/registry/src/github.com-1ecc6299db9ec823/tokio-1.8.1/src/coop.rs:99:5
[INFO] [stdout]   56:     0x56489e39e9ab - tokio::coop::budget::h0ea5747fc6045dca
[INFO] [stdout]                                at /opt/rustwide/cargo-home/registry/src/github.com-1ecc6299db9ec823/tokio-1.8.1/src/coop.rs:76:5
[INFO] [stdout]   57:     0x56489e39e9ab - tokio::runtime::basic_scheduler::Inner<P>::block_on::{{closure}}::hc48738c027277500
[INFO] [stdout]                                at /opt/rustwide/cargo-home/registry/src/github.com-1ecc6299db9ec823/tokio-1.8.1/src/runtime/basic_scheduler.rs:254:50
[INFO] [stdout]   58:     0x56489e3a17a1 - tokio::runtime::basic_scheduler::enter::{{closure}}::h143d0a6c22ca2bba
[INFO] [stdout]                                at /opt/rustwide/cargo-home/registry/src/github.com-1ecc6299db9ec823/tokio-1.8.1/src/runtime/basic_scheduler.rs:323:29
[INFO] [stdout]   59:     0x56489e40d1dd - tokio::macros::scoped_tls::ScopedKey<T>::set::h70364789bafdc24a
[INFO] [stdout]                                at /opt/rustwide/cargo-home/registry/src/github.com-1ecc6299db9ec823/tokio-1.8.1/src/macros/scoped_tls.rs:61:9
[INFO] [stdout]   60:     0x56489e3a0ffc - tokio::runtime::basic_scheduler::enter::h2054dc05aaaf9995
[INFO] [stdout]                                at /opt/rustwide/cargo-home/registry/src/github.com-1ecc6299db9ec823/tokio-1.8.1/src/runtime/basic_scheduler.rs:323:5
[INFO] [stdout]   61:     0x56489e39d6cb - tokio::runtime::basic_scheduler::Inner<P>::block_on::ha56db072f2282caf
[INFO] [stdout]                                at /opt/rustwide/cargo-home/registry/src/github.com-1ecc6299db9ec823/tokio-1.8.1/src/runtime/basic_scheduler.rs:202:9
[INFO] [stdout]   62:     0x56489e39fc94 - tokio::runtime::basic_scheduler::InnerGuard<P>::block_on::h73379cb7315df7aa
[INFO] [stdout]                                at /opt/rustwide/cargo-home/registry/src/github.com-1ecc6299db9ec823/tokio-1.8.1/src/runtime/basic_scheduler.rs:516:9
[INFO] [stdout]   63:     0x56489e39ff98 - tokio::runtime::basic_scheduler::BasicScheduler<P>::block_on::h1a15f082cd2eb700
[INFO] [stdout]                                at /opt/rustwide/cargo-home/registry/src/github.com-1ecc6299db9ec823/tokio-1.8.1/src/runtime/basic_scheduler.rs:162:24
[INFO] [stdout]   64:     0x56489e457240 - tokio::runtime::Runtime::block_on::h4f40b5e25c2ec1d9
[INFO] [stdout]                                at /opt/rustwide/cargo-home/registry/src/github.com-1ecc6299db9ec823/tokio-1.8.1/src/runtime/mod.rs:450:46
[INFO] [stdout]   65:     0x56489e41d637 - boxcat_log_collector::test::test_message::h81e641e143e559eb
[INFO] [stdout]                                at /opt/rustwide/workdir/src/test.rs:29:5
[INFO] [stdout]   66:     0x56489e41d55a - boxcat_log_collector::test::test_message::{{closure}}::ha11f1704e9f99fb4
[INFO] [stdout]                                at /opt/rustwide/workdir/src/test.rs:17:7
[INFO] [stdout]   67:     0x56489e347f9e - core::ops::function::FnOnce::call_once::h80da63e840eb35f1
[INFO] [stdout]                                at /rustc/a178d0322ce20e33eac124758e837cbd80a6f633/library/core/src/ops/function.rs:227:5
[INFO] [stdout]   68:     0x56489e677a73 - core::ops::function::FnOnce::call_once::h152e7e439ff59e19
[INFO] [stdout]                                at /rustc/a178d0322ce20e33eac124758e837cbd80a6f633/library/core/src/ops/function.rs:227:5
[INFO] [stdout]   69:     0x56489e677a73 - test::__rust_begin_short_backtrace::h0908f3b1fdbb72ab
[INFO] [stdout]                                at /rustc/a178d0322ce20e33eac124758e837cbd80a6f633/library/test/src/lib.rs:577:5
[INFO] [stdout]   70:     0x56489e676530 - <alloc::boxed::Box<F,A> as core::ops::function::FnOnce<Args>>::call_once::hf6d2a51e5587546c
[INFO] [stdout]                                at /rustc/a178d0322ce20e33eac124758e837cbd80a6f633/library/alloc/src/boxed.rs:1575:9
[INFO] [stdout]   71:     0x56489e676530 - <std::panic::AssertUnwindSafe<F> as core::ops::function::FnOnce<()>>::call_once::h8af660f3a89ef593
[INFO] [stdout]                                at /rustc/a178d0322ce20e33eac124758e837cbd80a6f633/library/std/src/panic.rs:347:9
[INFO] [stdout]   72:     0x56489e676530 - std::panicking::try::do_call::hd36aef60f84b6d36
[INFO] [stdout]                                at /rustc/a178d0322ce20e33eac124758e837cbd80a6f633/library/std/src/panicking.rs:401:40
[INFO] [stdout]   73:     0x56489e676530 - std::panicking::try::h9932b4480e69817c
[INFO] [stdout]                                at /rustc/a178d0322ce20e33eac124758e837cbd80a6f633/library/std/src/panicking.rs:365:19
[INFO] [stdout]   74:     0x56489e676530 - std::panic::catch_unwind::h6aa177099cfff5f8
[INFO] [stdout]                                at /rustc/a178d0322ce20e33eac124758e837cbd80a6f633/library/std/src/panic.rs:434:14
[INFO] [stdout]   75:     0x56489e676530 - test::run_test_in_process::h5884d6f2d99e20c3
[INFO] [stdout]                                at /rustc/a178d0322ce20e33eac124758e837cbd80a6f633/library/test/src/lib.rs:600:18
[INFO] [stdout]   76:     0x56489e676530 - test::run_test::run_test_inner::{{closure}}::h6fdc58c6d5f5b6e3
[INFO] [stdout]                                at /rustc/a178d0322ce20e33eac124758e837cbd80a6f633/library/test/src/lib.rs:492:39
[INFO] [stdout]   77:     0x56489e64fbe2 - test::run_test::run_test_inner::{{closure}}::h408365d67a78ade8
[INFO] [stdout]                                at /rustc/a178d0322ce20e33eac124758e837cbd80a6f633/library/test/src/lib.rs:519:37
[INFO] [stdout]   78:     0x56489e64fbe2 - std::sys_common::backtrace::__rust_begin_short_backtrace::hb560b77c4f701523
[INFO] [stdout]                                at /rustc/a178d0322ce20e33eac124758e837cbd80a6f633/library/std/src/sys_common/backtrace.rs:125:18
[INFO] [stdout]   79:     0x56489e653798 - std::thread::Builder::spawn_unchecked::{{closure}}::{{closure}}::hf2e7831dad93c597
[INFO] [stdout]                                at /rustc/a178d0322ce20e33eac124758e837cbd80a6f633/library/std/src/thread/mod.rs:481:17
[INFO] [stdout]   80:     0x56489e653798 - <std::panic::AssertUnwindSafe<F> as core::ops::function::FnOnce<()>>::call_once::hd2e08783d8be4d02
[INFO] [stdout]                                at /rustc/a178d0322ce20e33eac124758e837cbd80a6f633/library/std/src/panic.rs:347:9
[INFO] [stdout]   81:     0x56489e653798 - std::panicking::try::do_call::h062597b7acfd6b82
[INFO] [stdout]                                at /rustc/a178d0322ce20e33eac124758e837cbd80a6f633/library/std/src/panicking.rs:401:40
[INFO] [stdout]   82:     0x56489e653798 - std::panicking::try::h0d7b79db04c14552
[INFO] [stdout]                                at /rustc/a178d0322ce20e33eac124758e837cbd80a6f633/library/std/src/panicking.rs:365:19
[INFO] [stdout]   83:     0x56489e653798 - std::panic::catch_unwind::hb01a0b5e7c8cd43b
[INFO] [stdout]                                at /rustc/a178d0322ce20e33eac124758e837cbd80a6f633/library/std/src/panic.rs:434:14
[INFO] [stdout]   84:     0x56489e653798 - std::thread::Builder::spawn_unchecked::{{closure}}::h5bde48cc887e0d1e
[INFO] [stdout]                                at /rustc/a178d0322ce20e33eac124758e837cbd80a6f633/library/std/src/thread/mod.rs:480:30
[INFO] [stdout]   85:     0x56489e653798 - core::ops::function::FnOnce::call_once{{vtable.shim}}::h745ea30807a29e55
[INFO] [stdout]                                at /rustc/a178d0322ce20e33eac124758e837cbd80a6f633/library/core/src/ops/function.rs:227:5
[INFO] [stdout]   86:     0x56489eb84437 - <alloc::boxed::Box<F,A> as core::ops::function::FnOnce<Args>>::call_once::h7ece6cfefaff1005
[INFO] [stdout]                                at /rustc/a178d0322ce20e33eac124758e837cbd80a6f633/library/alloc/src/boxed.rs:1575:9
[INFO] [stdout]   87:     0x56489eb84437 - <alloc::boxed::Box<F,A> as core::ops::function::FnOnce<Args>>::call_once::hb8b48e55c21f193e
[INFO] [stdout]                                at /rustc/a178d0322ce20e33eac124758e837cbd80a6f633/library/alloc/src/boxed.rs:1575:9
[INFO] [stdout]   88:     0x56489eb84437 - std::sys::unix::thread::Thread::new::thread_start::h8c7c4450dba62914
[INFO] [stdout]                                at /rustc/a178d0322ce20e33eac124758e837cbd80a6f633/library/std/src/sys/unix/thread.rs:71:17
[INFO] [stdout]   89:     0x7fedba29b609 - start_thread
[INFO] [stdout]   90:     0x7fedba06b293 - clone
[INFO] [stdout]   91:                0x0 - <unknown>
[INFO] [stdout] thread 'test::test_message' panicked at 'called `Result::unwrap()` on an `Err` value: Read-only file system (os error 30)', src/test.rs:29:31
[INFO] [stdout] stack backtrace:
[INFO] [stdout]    0:     0x56489eb7c3b0 - std::backtrace_rs::backtrace::libunwind::trace::h34055254b57d8e79
[INFO] [stdout]                                at /rustc/a178d0322ce20e33eac124758e837cbd80a6f633/library/std/src/../../backtrace/src/backtrace/libunwind.rs:90:5
[INFO] [stdout]    1:     0x56489eb7c3b0 - std::backtrace_rs::backtrace::trace_unsynchronized::h8f1e3fbd9afff6ec
[INFO] [stdout]                                at /rustc/a178d0322ce20e33eac124758e837cbd80a6f633/library/std/src/../../backtrace/src/backtrace/mod.rs:66:5
[INFO] [stdout]    2:     0x56489eb7c3b0 - std::sys_common::backtrace::_print_fmt::h3a99a796b770c360
[INFO] [stdout]                                at /rustc/a178d0322ce20e33eac124758e837cbd80a6f633/library/std/src/sys_common/backtrace.rs:67:5
[INFO] [stdout]    3:     0x56489eb7c3b0 - <std::sys_common::backtrace::_print::DisplayBacktrace as core::fmt::Display>::fmt::h32d1f94a80615d18
[INFO] [stdout]                                at /rustc/a178d0322ce20e33eac124758e837cbd80a6f633/library/std/src/sys_common/backtrace.rs:46:22
[INFO] [stdout]    4:     0x56489eba00fc - core::fmt::write::h306731c068f7162c
[INFO] [stdout]                                at /rustc/a178d0322ce20e33eac124758e837cbd80a6f633/library/core/src/fmt/mod.rs:1110:17
[INFO] [stdout]    5:     0x56489eb758b5 - std::io::Write::write_fmt::h87f19b0a2cd190bc
[INFO] [stdout]                                at /rustc/a178d0322ce20e33eac124758e837cbd80a6f633/library/std/src/io/mod.rs:1588:15
[INFO] [stdout]    6:     0x56489eb7e58b - std::sys_common::backtrace::_print::h5abaa2601a852287
[INFO] [stdout]                                at /rustc/a178d0322ce20e33eac124758e837cbd80a6f633/library/std/src/sys_common/backtrace.rs:49:5
[INFO] [stdout]    7:     0x56489eb7e58b - std::sys_common::backtrace::print::h8d81445442bb638f
[INFO] [stdout]                                at /rustc/a178d0322ce20e33eac124758e837cbd80a6f633/library/std/src/sys_common/backtrace.rs:36:9
[INFO] [stdout]    8:     0x56489eb7e58b - std::panicking::default_hook::{{closure}}::hcfe804496a9fa747
[INFO] [stdout]                                at /rustc/a178d0322ce20e33eac124758e837cbd80a6f633/library/std/src/panicking.rs:208:50
[INFO] [stdout]    9:     0x56489eb7e09c - std::panicking::default_hook::hbea8e3ccf2ba8901
[INFO] [stdout]                                at /rustc/a178d0322ce20e33eac124758e837cbd80a6f633/library/std/src/panicking.rs:222:9
[INFO] [stdout]   10:     0x56489eb7ec54 - std::panicking::rust_panic_with_hook::h7ee9e1a2d0f8975a
[INFO] [stdout]                                at /rustc/a178d0322ce20e33eac124758e837cbd80a6f633/library/std/src/panicking.rs:622:17
[INFO] [stdout]   11:     0x56489eb7e737 - std::panicking::begin_panic_handler::{{closure}}::h8ab3b4491718b2c7
[INFO] [stdout]                                at /rustc/a178d0322ce20e33eac124758e837cbd80a6f633/library/std/src/panicking.rs:519:13
[INFO] [stdout]   12:     0x56489eb7c8ac - std::sys_common::backtrace::__rust_end_short_backtrace::hd489062ffa586a9f
[INFO] [stdout]                                at /rustc/a178d0322ce20e33eac124758e837cbd80a6f633/library/std/src/sys_common/backtrace.rs:141:18
[INFO] [stdout]   13:     0x56489eb7e699 - rust_begin_unwind
[INFO] [stdout]                                at /rustc/a178d0322ce20e33eac124758e837cbd80a6f633/library/std/src/panicking.rs:515:5
[INFO] [stdout]   14:     0x56489e342d91 - core::panicking::panic_fmt::hca6330e3e14086b4
[INFO] [stdout]                                at /rustc/a178d0322ce20e33eac124758e837cbd80a6f633/library/core/src/panicking.rs:92:14
[INFO] [stdout]   15:     0x56489e342e83 - core::result::unwrap_failed::h6160d2b4bfbb0e87
[INFO] [stdout]                                at /rustc/a178d0322ce20e33eac124758e837cbd80a6f633/library/core/src/result.rs:1355:5
[INFO] [stdout]   16:     0x56489e37158b - core::result::Result<T,E>::unwrap::h41649700d868d72c
[INFO] [stdout]                                at /rustc/a178d0322ce20e33eac124758e837cbd80a6f633/library/core/src/result.rs:1037:23
[INFO] [stdout]   17:     0x56489e41dc1d - boxcat_log_collector::test::test_message::{{closure}}::h6f793c038e5097ba
[INFO] [stdout]                                at /opt/rustwide/workdir/src/test.rs:29:5
[INFO] [stdout]   18:     0x56489e44a32b - <core::future::from_generator::GenFuture<T> as core::future::future::Future>::poll::h3e71357de71e2b96
[INFO] [stdout]                                at /rustc/a178d0322ce20e33eac124758e837cbd80a6f633/library/core/src/future/mod.rs:80:19
[INFO] [stdout]   19:     0x56489e3a2d1f - <core::pin::Pin<P> as core::future::future::Future>::poll::hc05dc775bb496e4a
[INFO] [stdout]                                at /rustc/a178d0322ce20e33eac124758e837cbd80a6f633/library/core/src/future/future.rs:119:9
[INFO] [stdout]   20:     0x56489e39f880 - tokio::runtime::basic_scheduler::Inner<P>::block_on::{{closure}}::{{closure}}::h62d97f4f068abf11
[INFO] [stdout]                                at /opt/rustwide/cargo-home/registry/src/github.com-1ecc6299db9ec823/tokio-1.8.1/src/runtime/basic_scheduler.rs:213:62
[INFO] [stdout]   21:     0x56489e39d5ac - tokio::coop::with_budget::{{closure}}::hff7c5d7b288fd150
[INFO] [stdout]                                at /opt/rustwide/cargo-home/registry/src/github.com-1ecc6299db9ec823/tokio-1.8.1/src/coop.rs:106:9
[INFO] [stdout]   22:     0x56489e3605a1 - std::thread::local::LocalKey<T>::try_with::he28d5b731bb1b932
[INFO] [stdout]                                at /rustc/a178d0322ce20e33eac124758e837cbd80a6f633/library/std/src/thread/local.rs:400:16
[INFO] [stdout]   23:     0x56489e35f56d - std::thread::local::LocalKey<T>::with::hee9f5e9aaf6dab22
[INFO] [stdout]                                at /rustc/a178d0322ce20e33eac124758e837cbd80a6f633/library/std/src/thread/local.rs:376:9
[INFO] [stdout]   24:     0x56489e39e49c - tokio::coop::with_budget::h3b246ff0aeffc2ac
[INFO] [stdout]                                at /opt/rustwide/cargo-home/registry/src/github.com-1ecc6299db9ec823/tokio-1.8.1/src/coop.rs:99:5
[INFO] [stdout]   25:     0x56489e39e49c - tokio::coop::budget::h7408b8cbae5201a1
[INFO] [stdout]                                at /opt/rustwide/cargo-home/registry/src/github.com-1ecc6299db9ec823/tokio-1.8.1/src/coop.rs:76:5
[INFO] [stdout]   26:     0x56489e39e49c - tokio::runtime::basic_scheduler::Inner<P>::block_on::{{closure}}::hc48738c027277500
[INFO] [stdout]                                at /opt/rustwide/cargo-home/registry/src/github.com-1ecc6299db9ec823/tokio-1.8.1/src/runtime/basic_scheduler.rs:213:39
[INFO] [stdout]   27:     0x56489e3a17a1 - tokio::runtime::basic_scheduler::enter::{{closure}}::h143d0a6c22ca2bba
[INFO] [stdout]                                at /opt/rustwide/cargo-home/registry/src/github.com-1ecc6299db9ec823/tokio-1.8.1/src/runtime/basic_scheduler.rs:323:29
[INFO] [stdout]   28:     0x56489e40d1dd - tokio::macros::scoped_tls::ScopedKey<T>::set::h70364789bafdc24a
[INFO] [stdout]                                at /opt/rustwide/cargo-home/registry/src/github.com-1ecc6299db9ec823/tokio-1.8.1/src/macros/scoped_tls.rs:61:9
[INFO] [stdout]   29:     0x56489e3a0ffc - tokio::runtime::basic_scheduler::enter::h2054dc05aaaf9995
[INFO] [stdout]                                at /opt/rustwide/cargo-home/registry/src/github.com-1ecc6299db9ec823/tokio-1.8.1/src/runtime/basic_scheduler.rs:323:5
[INFO] [stdout]   30:     0x56489e39d6cb - tokio::runtime::basic_scheduler::Inner<P>::block_on::ha56db072f2282caf
[INFO] [stdout]                                at /opt/rustwide/cargo-home/registry/src/github.com-1ecc6299db9ec823/tokio-1.8.1/src/runtime/basic_scheduler.rs:202:9
[INFO] [stdout]   31:     0x56489e39fc94 - tokio::runtime::basic_scheduler::InnerGuard<P>::block_on::h73379cb7315df7aa
[INFO] [stdout]                                at /opt/rustwide/cargo-home/registry/src/github.com-1ecc6299db9ec823/tokio-1.8.1/src/runtime/basic_scheduler.rs:516:9
[INFO] [stdout]   32:     0x56489e39ff98 - tokio::runtime::basic_scheduler::BasicScheduler<P>::block_on::h1a15f082cd2eb700
[INFO] [stdout]                                at /opt/rustwide/cargo-home/registry/src/github.com-1ecc6299db9ec823/tokio-1.8.1/src/runtime/basic_scheduler.rs:162:24
[INFO] [stdout]   33:     0x56489e457240 - tokio::runtime::Runtime::block_on::h4f40b5e25c2ec1d9
[INFO] [stdout]                                at /opt/rustwide/cargo-home/registry/src/github.com-1ecc6299db9ec823/tokio-1.8.1/src/runtime/mod.rs:450:46
[INFO] [stdout]   34:     0x56489e41d637 - boxcat_log_collector::test::test_message::h81e641e143e559eb
[INFO] [stdout]                                at /opt/rustwide/workdir/src/test.rs:29:5
[INFO] [stdout]   35:     0x56489e41d55a - boxcat_log_collector::test::test_message::{{closure}}::ha11f1704e9f99fb4
[INFO] [stdout]                                at /opt/rustwide/workdir/src/test.rs:17:7
[INFO] [stdout]   36:     0x56489e347f9e - core::ops::function::FnOnce::call_once::h80da63e840eb35f1
[INFO] [stdout]                                at /rustc/a178d0322ce20e33eac124758e837cbd80a6f633/library/core/src/ops/function.rs:227:5
[INFO] [stdout]   37:     0x56489e677a73 - core::ops::function::FnOnce::call_once::h152e7e439ff59e19
[INFO] [stdout]                                at /rustc/a178d0322ce20e33eac124758e837cbd80a6f633/library/core/src/ops/function.rs:227:5
[INFO] [stdout]   38:     0x56489e677a73 - test::__rust_begin_short_backtrace::h0908f3b1fdbb72ab
[INFO] [stdout]                                at /rustc/a178d0322ce20e33eac124758e837cbd80a6f633/library/test/src/lib.rs:577:5
[INFO] [stdout]   39:     0x56489e676530 - <alloc::boxed::Box<F,A> as core::ops::function::FnOnce<Args>>::call_once::hf6d2a51e5587546c
[INFO] [stdout]                                at /rustc/a178d0322ce20e33eac124758e837cbd80a6f633/library/alloc/src/boxed.rs:1575:9
[INFO] [stdout]   40:     0x56489e676530 - <std::panic::AssertUnwindSafe<F> as core::ops::function::FnOnce<()>>::call_once::h8af660f3a89ef593
[INFO] [stdout]                                at /rustc/a178d0322ce20e33eac124758e837cbd80a6f633/library/std/src/panic.rs:347:9
[INFO] [stdout]   41:     0x56489e676530 - std::panicking::try::do_call::hd36aef60f84b6d36
[INFO] [stdout]                                at /rustc/a178d0322ce20e33eac124758e837cbd80a6f633/library/std/src/panicking.rs:401:40
[INFO] [stdout]   42:     0x56489e676530 - std::panicking::try::h9932b4480e69817c
[INFO] [stdout]                                at /rustc/a178d0322ce20e33eac124758e837cbd80a6f633/library/std/src/panicking.rs:365:19
[INFO] [stdout]   43:     0x56489e676530 - std::panic::catch_unwind::h6aa177099cfff5f8
[INFO] [stdout]                                at /rustc/a178d0322ce20e33eac124758e837cbd80a6f633/library/std/src/panic.rs:434:14
[INFO] [stdout]   44:     0x56489e676530 - test::run_test_in_process::h5884d6f2d99e20c3
[INFO] [stdout]                                at /rustc/a178d0322ce20e33eac124758e837cbd80a6f633/library/test/src/lib.rs:600:18
[INFO] [stdout]   45:     0x56489e676530 - test::run_test::run_test_inner::{{closure}}::h6fdc58c6d5f5b6e3
[INFO] [stdout]                                at /rustc/a178d0322ce20e33eac124758e837cbd80a6f633/library/test/src/lib.rs:492:39
[INFO] [stdout]   46:     0x56489e64fbe2 - test::run_test::run_test_inner::{{closure}}::h408365d67a78ade8
[INFO] [stdout]                                at /rustc/a178d0322ce20e33eac124758e837cbd80a6f633/library/test/src/lib.rs:519:37
[INFO] [stdout]   47:     0x56489e64fbe2 - std::sys_common::backtrace::__rust_begin_short_backtrace::hb560b77c4f701523
[INFO] [stdout]                                at /rustc/a178d0322ce20e33eac124758e837cbd80a6f633/library/std/src/sys_common/backtrace.rs:125:18
[INFO] [stdout]   48:     0x56489e653798 - std::thread::Builder::spawn_unchecked::{{closure}}::{{closure}}::hf2e7831dad93c597
[INFO] [stdout]                                at /rustc/a178d0322ce20e33eac124758e837cbd80a6f633/library/std/src/thread/mod.rs:481:17
[INFO] [stdout]   49:     0x56489e653798 - <std::panic::AssertUnwindSafe<F> as core::ops::function::FnOnce<()>>::call_once::hd2e08783d8be4d02
[INFO] [stdout]                                at /rustc/a178d0322ce20e33eac124758e837cbd80a6f633/library/std/src/panic.rs:347:9
[INFO] [stdout]   50:     0x56489e653798 - std::panicking::try::do_call::h062597b7acfd6b82
[INFO] [stdout]                                at /rustc/a178d0322ce20e33eac124758e837cbd80a6f633/library/std/src/panicking.rs:401:40
[INFO] [stdout]   51:     0x56489e653798 - std::panicking::try::h0d7b79db04c14552
[INFO] [stdout]                                at /rustc/a178d0322ce20e33eac124758e837cbd80a6f633/library/std/src/panicking.rs:365:19
[INFO] [stdout]   52:     0x56489e653798 - std::panic::catch_unwind::hb01a0b5e7c8cd43b
[INFO] [stdout]                                at /rustc/a178d0322ce20e33eac124758e837cbd80a6f633/library/std/src/panic.rs:434:14
[INFO] [stdout]   53:     0x56489e653798 - std::thread::Builder::spawn_unchecked::{{closure}}::h5bde48cc887e0d1e
[INFO] [stdout]                                at /rustc/a178d0322ce20e33eac124758e837cbd80a6f633/library/std/src/thread/mod.rs:480:30
[INFO] [stdout]   54:     0x56489e653798 - core::ops::function::FnOnce::call_once{{vtable.shim}}::h745ea30807a29e55
[INFO] [stdout]                                at /rustc/a178d0322ce20e33eac124758e837cbd80a6f633/library/core/src/ops/function.rs:227:5
[INFO] [stdout]   55:     0x56489eb84437 - <alloc::boxed::Box<F,A> as core::ops::function::FnOnce<Args>>::call_once::h7ece6cfefaff1005
[INFO] [stdout]                                at /rustc/a178d0322ce20e33eac124758e837cbd80a6f633/library/alloc/src/boxed.rs:1575:9
[INFO] [stdout]   56:     0x56489eb84437 - <alloc::boxed::Box<F,A> as core::ops::function::FnOnce<Args>>::call_once::hb8b48e55c21f193e
[INFO] [stdout]                                at /rustc/a178d0322ce20e33eac124758e837cbd80a6f633/library/alloc/src/boxed.rs:1575:9
[INFO] [stdout]   57:     0x56489eb84437 - std::sys::unix::thread::Thread::new::thread_start::h8c7c4450dba62914
[INFO] [stdout]                                at /rustc/a178d0322ce20e33eac124758e837cbd80a6f633/library/std/src/sys/unix/thread.rs:71:17
[INFO] [stdout]   58:     0x7fedba29b609 - start_thread
[INFO] [stdout]   59:     0x7fedba06b293 - clone
[INFO] [stdout]   60:                0x0 - <unknown>
[INFO] [stdout] 
[INFO] [stdout] 
[INFO] [stdout] failures:
[INFO] [stdout]     test::test_dump
[INFO] [stdout]     test::test_message
[INFO] [stdout]     test::test_message_throughput
[INFO] [stdout] 
[INFO] [stdout] test result: FAILED. 1 passed; 3 failed; 0 ignored; 0 measured; 0 filtered out; finished in 0.18s
[INFO] [stdout] 
[INFO] [stderr] error: test failed, to rerun pass '--bin boxcat-log-collector'
[INFO] running `Command { std: "docker" "inspect" "06b9cf3ddf255826285dba2ecd1b76485ee61219af1716c3e669ff5bee66a85c", kill_on_drop: false }`
[INFO] running `Command { std: "docker" "rm" "-f" "06b9cf3ddf255826285dba2ecd1b76485ee61219af1716c3e669ff5bee66a85c", kill_on_drop: false }`
[INFO] [stdout] 06b9cf3ddf255826285dba2ecd1b76485ee61219af1716c3e669ff5bee66a85c
