Dec 01 11:08:13.341 INFO testing llde/rCrawly against 1.30.1 for beta-1.31-5
Dec 01 11:08:13.341 INFO running `"docker" "create" "-v" "/mnt/big/crater/work/local/target-dirs/beta-1.31-5/worker-7/1.30.1:/target:rw,Z" "-v" "/mnt/big/crater/work/local/test-source/worker-7/beta-1.31-5/1.30.1:/source:ro,Z" "-v" "/mnt/big/crater/work/local/cargo-home:/cargo-home:ro,Z" "-v" "/mnt/big/crater/work/local/rustup-home:/rustup-home:ro,Z" "-e" "USER_ID=1000" "-e" "SOURCE_DIR=/source" "-e" "USER_ID=1000" "-e" "CMD=cargo +1.30.1 build --frozen" "-e" "CARGO_TARGET_DIR=/target" "-e" "CARGO_INCREMENTAL=0" "-e" "RUST_BACKTRACE=full" "-e" "RUSTFLAGS=--cap-lints=warn" "-e" "CARGO_HOME=/cargo-home" "-e" "RUSTUP_HOME=/rustup-home" "-m" "1536M" "--network" "none" "crater"`
Dec 01 11:08:13.832 INFO [stdout] 9bbe7c7eca95ae2235bf88e3169693c99921ef5810eea27650063193d614f3cd
Dec 01 11:08:13.841 INFO running `"docker" "start" "-a" "9bbe7c7eca95ae2235bf88e3169693c99921ef5810eea27650063193d614f3cd"`
Dec 01 11:08:14.811 INFO [stderr] usermod: no changes
Dec 01 11:08:15.079 INFO [stderr]    Compiling deque v0.3.2
Dec 01 11:08:15.079 INFO [stderr]    Compiling num_cpus v1.5.0
Dec 01 11:08:15.096 INFO [stderr]    Compiling unicode-bidi v0.3.2
Dec 01 11:08:15.096 INFO [stderr]    Compiling utf-8 v0.6.0
Dec 01 11:08:15.096 INFO [stderr]    Compiling mime v0.2.5
Dec 01 11:08:15.101 INFO [stderr]    Compiling string_cache_codegen v0.3.1
Dec 01 11:08:15.101 INFO [stderr]    Compiling html5ever v0.14.1
Dec 01 11:08:21.675 INFO [stderr]    Compiling tendril v0.2.4
Dec 01 11:08:21.707 INFO [stderr]    Compiling rayon-core v1.0.0
Dec 01 11:08:21.735 INFO [stderr]    Compiling string_cache v0.4.0
Dec 01 11:08:21.871 INFO [stderr]    Compiling html5ever-atoms v0.2.2
Dec 01 11:08:21.871 INFO [stderr]    Compiling idna v0.1.2
Dec 01 11:08:27.120 INFO [stderr]    Compiling rayon v0.7.0
Dec 01 11:08:30.523 INFO [stderr]    Compiling url v1.4.1
Dec 01 11:08:31.691 INFO [stderr]    Compiling ring v0.9.7
Dec 01 11:08:34.895 INFO [stderr]    Compiling hyper v0.10.10
Dec 01 11:08:41.407 INFO [stderr]    Compiling select v0.4.0
Dec 01 11:08:45.079 INFO [stderr]    Compiling webpki v0.12.1
Dec 01 11:08:51.384 INFO [stderr]    Compiling rustls v0.8.0
Dec 01 11:08:51.386 INFO [stderr]    Compiling webpki-roots v0.10.0
Dec 01 11:09:03.369 INFO [stderr]    Compiling hyper-rustls v0.6.0
Dec 01 11:09:05.311 INFO [stderr]    Compiling rCrawly v0.1.0 (/source)
Dec 01 11:09:07.026 INFO [stderr] warning: unused import: `std::sync::Arc`
Dec 01 11:09:07.026 INFO [stderr]  --> src/main.rs:4:5
Dec 01 11:09:07.027 INFO [stderr]   |
Dec 01 11:09:07.027 INFO [stderr] 4 | use std::sync::Arc;
Dec 01 11:09:07.027 INFO [stderr]   |     ^^^^^^^^^^^^^^
Dec 01 11:09:07.028 INFO [stderr]   |
Dec 01 11:09:07.028 INFO [stderr]   = note: #[warn(unused_imports)] on by default
Dec 01 11:09:07.028 INFO [stderr] 
Dec 01 11:09:07.029 INFO [stderr] warning: unused imports: `thread`, `time`
Dec 01 11:09:07.029 INFO [stderr]  --> src/main.rs:6:11
Dec 01 11:09:07.029 INFO [stderr]   |
Dec 01 11:09:07.030 INFO [stderr] 6 | use std::{time,thread};
Dec 01 11:09:07.030 INFO [stderr]   |           ^^^^ ^^^^^^
Dec 01 11:09:07.030 INFO [stderr] 
Dec 01 11:09:07.032 INFO [stderr] warning: unused imports: `Arc`, `Mutex`, `mpsc`
Dec 01 11:09:07.032 INFO [stderr]  --> src/API/future.rs:2:17
Dec 01 11:09:07.033 INFO [stderr]   |
Dec 01 11:09:07.033 INFO [stderr] 2 | use std::sync::{Arc, Mutex,RwLock,mpsc};
Dec 01 11:09:07.033 INFO [stderr]   |                 ^^^  ^^^^^        ^^^^
Dec 01 11:09:07.033 INFO [stderr] 
Dec 01 11:09:07.034 INFO [stderr] warning: unused imports: `Receiver`, `Sender`
Dec 01 11:09:07.034 INFO [stderr]  --> src/API/future.rs:3:23
Dec 01 11:09:07.035 INFO [stderr]   |
Dec 01 11:09:07.035 INFO [stderr] 3 | use std::sync::mpsc::{Sender, Receiver};
Dec 01 11:09:07.035 INFO [stderr]   |                       ^^^^^^  ^^^^^^^^
Dec 01 11:09:07.036 INFO [stderr] 
Dec 01 11:09:07.263 INFO [stderr] warning: unused variable: `content`
Dec 01 11:09:07.263 INFO [stderr]   --> src/LoaderCore/loader.rs:36:20
Dec 01 11:09:07.263 INFO [stderr]    |
Dec 01 11:09:07.263 INFO [stderr] 36 |             Ok(mut content) => {
Dec 01 11:09:07.263 INFO [stderr]    |                    ^^^^^^^ help: consider using `_content` instead
Dec 01 11:09:07.263 INFO [stderr]    |
Dec 01 11:09:07.263 INFO [stderr]    = note: #[warn(unused_variables)] on by default
Dec 01 11:09:07.263 INFO [stderr] 
Dec 01 11:09:07.263 INFO [stderr] warning: unused variable: `n`
Dec 01 11:09:07.263 INFO [stderr]   --> src/AsyncLoaderCore/mod.rs:25:13
Dec 01 11:09:07.263 INFO [stderr]    |
Dec 01 11:09:07.263 INFO [stderr] 25 |         for n in 0..(num+1){
Dec 01 11:09:07.263 INFO [stderr]    |             ^ help: consider using `_n` instead
Dec 01 11:09:07.263 INFO [stderr] 
Dec 01 11:09:07.267 INFO [stderr] warning: unused variable: `cont`
Dec 01 11:09:07.267 INFO [stderr]    --> src/CrawlerCore/mod.rs:188:13
Dec 01 11:09:07.267 INFO [stderr]     |
Dec 01 11:09:07.267 INFO [stderr] 188 |         let cont = self.loaded.lock().unwrap().contains(&url);
Dec 01 11:09:07.267 INFO [stderr]     |             ^^^^ help: consider using `_cont` instead
Dec 01 11:09:07.267 INFO [stderr] 
Dec 01 11:09:07.267 INFO [stderr] warning: unused variable: `url`
Dec 01 11:09:07.267 INFO [stderr]    --> src/CrawlerCore/mod.rs:202:23
Dec 01 11:09:07.267 INFO [stderr]     |
Dec 01 11:09:07.267 INFO [stderr] 202 |     fn get_uri(&self, url : Url) -> CrawlerResult{
Dec 01 11:09:07.267 INFO [stderr]     |                       ^^^ help: consider using `_url` instead
Dec 01 11:09:07.267 INFO [stderr] 
Dec 01 11:09:07.279 INFO [stderr] warning: variable does not need to be mutable
Dec 01 11:09:07.279 INFO [stderr]   --> src/LoaderCore/loader.rs:36:16
Dec 01 11:09:07.279 INFO [stderr]    |
Dec 01 11:09:07.279 INFO [stderr] 36 |             Ok(mut content) => {
Dec 01 11:09:07.279 INFO [stderr]    |                ----^^^^^^^
Dec 01 11:09:07.279 INFO [stderr]    |                |
Dec 01 11:09:07.279 INFO [stderr]    |                help: remove this `mut`
Dec 01 11:09:07.279 INFO [stderr]    |
Dec 01 11:09:07.279 INFO [stderr]    = note: #[warn(unused_mut)] on by default
Dec 01 11:09:07.279 INFO [stderr] 
Dec 01 11:09:07.331 INFO [stderr] warning: variant is never constructed: `SUSPENDED`
Dec 01 11:09:07.331 INFO [stderr]   --> src/CrawlerCore/mod.rs:17:5
Dec 01 11:09:07.331 INFO [stderr]    |
Dec 01 11:09:07.331 INFO [stderr] 17 |     SUSPENDED,
Dec 01 11:09:07.331 INFO [stderr]    |     ^^^^^^^^^
Dec 01 11:09:07.331 INFO [stderr]    |
Dec 01 11:09:07.331 INFO [stderr]    = note: #[warn(dead_code)] on by default
Dec 01 11:09:07.331 INFO [stderr] 
Dec 01 11:09:07.331 INFO [stderr] warning: variant is never constructed: `TERMINATED_UNEXPECTLY`
Dec 01 11:09:07.331 INFO [stderr]   --> src/CrawlerCore/mod.rs:19:5
Dec 01 11:09:07.331 INFO [stderr]    |
Dec 01 11:09:07.331 INFO [stderr] 19 |     TERMINATED_UNEXPECTLY,
Dec 01 11:09:07.334 INFO [stderr]    |     ^^^^^^^^^^^^^^^^^^^^^
Dec 01 11:09:07.335 INFO [stderr] 
Dec 01 11:09:07.335 INFO [stderr] warning: variant is never constructed: `CANCELLED`
Dec 01 11:09:07.335 INFO [stderr]   --> src/CrawlerCore/mod.rs:20:5
Dec 01 11:09:07.335 INFO [stderr]    |
Dec 01 11:09:07.335 INFO [stderr] 20 |     CANCELLED,
Dec 01 11:09:07.335 INFO [stderr]    |     ^^^^^^^^^
Dec 01 11:09:07.335 INFO [stderr] 
Dec 01 11:09:07.335 INFO [stderr] warning: field is never used: `url`
Dec 01 11:09:07.335 INFO [stderr]   --> src/CrawlerCore/mod.rs:24:5
Dec 01 11:09:07.335 INFO [stderr]    |
Dec 01 11:09:07.335 INFO [stderr] 24 |     url : Url,
Dec 01 11:09:07.335 INFO [stderr]    |     ^^^^^^^^^
Dec 01 11:09:07.335 INFO [stderr] 
Dec 01 11:09:07.335 INFO [stderr] warning: field is never used: `follow`
Dec 01 11:09:07.335 INFO [stderr]   --> src/CrawlerCore/mod.rs:25:5
Dec 01 11:09:07.335 INFO [stderr]    |
Dec 01 11:09:07.335 INFO [stderr] 25 |     follow : bool,
Dec 01 11:09:07.335 INFO [stderr]    |     ^^^^^^^^^^^^^
Dec 01 11:09:07.335 INFO [stderr] 
Dec 01 11:09:07.335 INFO [stderr] warning: field is never used: `links`
Dec 01 11:09:07.339 INFO [stderr]   --> src/CrawlerCore/mod.rs:26:5
Dec 01 11:09:07.339 INFO [stderr]    |
Dec 01 11:09:07.339 INFO [stderr] 26 |     links : Option<Vec<Url>>,
Dec 01 11:09:07.339 INFO [stderr]    |     ^^^^^^^^^^^^^^^^^^^^^^^^
Dec 01 11:09:07.339 INFO [stderr] 
Dec 01 11:09:07.339 INFO [stderr] warning: field is never used: `bad_links`
Dec 01 11:09:07.339 INFO [stderr]   --> src/CrawlerCore/mod.rs:27:5
Dec 01 11:09:07.339 INFO [stderr]    |
Dec 01 11:09:07.339 INFO [stderr] 27 |     bad_links : Option<Vec<String>>,
Dec 01 11:09:07.339 INFO [stderr]    |     ^^^^^^^^^^^^^^^^^^^^^^^^^^^^^^^
Dec 01 11:09:07.339 INFO [stderr] 
Dec 01 11:09:07.339 INFO [stderr] warning: field is never used: `error`
Dec 01 11:09:07.339 INFO [stderr]   --> src/CrawlerCore/mod.rs:28:5
Dec 01 11:09:07.339 INFO [stderr]    |
Dec 01 11:09:07.339 INFO [stderr] 28 |     error : Option<Error>
Dec 01 11:09:07.339 INFO [stderr]    |     ^^^^^^^^^^^^^^^^^^^^^
Dec 01 11:09:07.339 INFO [stderr] 
Dec 01 11:09:07.339 INFO [stderr] warning: method is never used: `cancel`
Dec 01 11:09:07.339 INFO [stderr]    --> src/CrawlerCore/mod.rs:192:5
Dec 01 11:09:07.339 INFO [stderr]     |
Dec 01 11:09:07.342 INFO [stderr] 192 |     fn cancel(&self){
Dec 01 11:09:07.343 INFO [stderr]     |     ^^^^^^^^^^^^^^^^
Dec 01 11:09:07.343 INFO [stderr] 
Dec 01 11:09:07.343 INFO [stderr] warning: method is never used: `get_uri`
Dec 01 11:09:07.343 INFO [stderr]    --> src/CrawlerCore/mod.rs:202:5
Dec 01 11:09:07.343 INFO [stderr]     |
Dec 01 11:09:07.343 INFO [stderr] 202 |     fn get_uri(&self, url : Url) -> CrawlerResult{
Dec 01 11:09:07.343 INFO [stderr]     |     ^^^^^^^^^^^^^^^^^^^^^^^^^^^^^^^^^^^^^^^^^^^^^
Dec 01 11:09:07.343 INFO [stderr] 
Dec 01 11:09:07.343 INFO [stderr] warning: method is never used: `get_progressions`
Dec 01 11:09:07.343 INFO [stderr]    --> src/CrawlerCore/mod.rs:206:5
Dec 01 11:09:07.343 INFO [stderr]     |
Dec 01 11:09:07.343 INFO [stderr] 206 |     fn get_progressions(&self) -> MutexGuard<VecDeque<CrawlerResult>>{
Dec 01 11:09:07.343 INFO [stderr]     |     ^^^^^^^^^^^^^^^^^^^^^^^^^^^^^^^^^^^^^^^^^^^^^^^^^^^^^^^^^^^^^^^^^
Dec 01 11:09:07.343 INFO [stderr] 
Dec 01 11:09:07.343 INFO [stderr] warning: field is never used: `name`
Dec 01 11:09:07.343 INFO [stderr]  --> src/GUI/mod.rs:3:5
Dec 01 11:09:07.343 INFO [stderr]   |
Dec 01 11:09:07.343 INFO [stderr] 3 |     name : String,
Dec 01 11:09:07.343 INFO [stderr]   |     ^^^^^^^^^^^^^
Dec 01 11:09:07.343 INFO [stderr] 
Dec 01 11:09:07.343 INFO [stderr] warning: field is never used: `version`
Dec 01 11:09:07.343 INFO [stderr]  --> src/GUI/mod.rs:4:5
Dec 01 11:09:07.343 INFO [stderr]   |
Dec 01 11:09:07.343 INFO [stderr] 4 |     version : u8,
Dec 01 11:09:07.343 INFO [stderr]   |     ^^^^^^^^^^^^
Dec 01 11:09:07.343 INFO [stderr] 
Dec 01 11:09:07.343 INFO [stderr] warning: variant is never constructed: `PAUSED`
Dec 01 11:09:07.343 INFO [stderr]  --> src/API/executors.rs:9:5
Dec 01 11:09:07.343 INFO [stderr]   |
Dec 01 11:09:07.343 INFO [stderr] 9 |     PAUSED,
Dec 01 11:09:07.343 INFO [stderr]   |     ^^^^^^
Dec 01 11:09:07.343 INFO [stderr] 
Dec 01 11:09:07.343 INFO [stderr] warning: field is never used: `task_count`
Dec 01 11:09:07.343 INFO [stderr]   --> src/API/executors.rs:19:5
Dec 01 11:09:07.343 INFO [stderr]    |
Dec 01 11:09:07.343 INFO [stderr] 19 |     task_count : u32,
Dec 01 11:09:07.343 INFO [stderr]    |     ^^^^^^^^^^^^^^^^
Dec 01 11:09:07.343 INFO [stderr] 
Dec 01 11:09:07.343 INFO [stderr] warning: variant is never constructed: `FAILED`
Dec 01 11:09:07.343 INFO [stderr]   --> src/API/future.rs:19:5
Dec 01 11:09:07.343 INFO [stderr]    |
Dec 01 11:09:07.343 INFO [stderr] 19 |     FAILED,
Dec 01 11:09:07.343 INFO [stderr]    |     ^^^^^^
Dec 01 11:09:07.343 INFO [stderr] 
Dec 01 11:09:07.346 INFO [stderr] warning: unused `std::result::Result` which must be used
Dec 01 11:09:07.347 INFO [stderr]   --> src/LoaderCore/loader.rs:23:17
Dec 01 11:09:07.347 INFO [stderr]    |
Dec 01 11:09:07.347 INFO [stderr] 23 |                 content.read_to_string(&mut resp);
Dec 01 11:09:07.347 INFO [stderr]    |                 ^^^^^^^^^^^^^^^^^^^^^^^^^^^^^^^^^^
Dec 01 11:09:07.347 INFO [stderr]    |
Dec 01 11:09:07.347 INFO [stderr]    = note: #[warn(unused_must_use)] on by default
Dec 01 11:09:07.347 INFO [stderr]    = note: this `Result` may be an `Err` variant, which should be handled
Dec 01 11:09:07.347 INFO [stderr] 
Dec 01 11:09:07.347 INFO [stderr] warning: unused `std::result::Result` which must be used
Dec 01 11:09:07.347 INFO [stderr]   --> src/AsyncLoaderCore/mod.rs:65:9
Dec 01 11:09:07.347 INFO [stderr]    |
Dec 01 11:09:07.347 INFO [stderr] 65 |         self.workers.shutdown(now);
Dec 01 11:09:07.347 INFO [stderr]    |         ^^^^^^^^^^^^^^^^^^^^^^^^^^^
Dec 01 11:09:07.347 INFO [stderr]    |
Dec 01 11:09:07.347 INFO [stderr]    = note: this `Result` may be an `Err` variant, which should be handled
Dec 01 11:09:07.347 INFO [stderr] 
Dec 01 11:09:07.347 INFO [stderr] warning: unused `std::result::Result` which must be used
Dec 01 11:09:07.347 INFO [stderr]   --> src/API/executors.rs:52:25
Dec 01 11:09:07.347 INFO [stderr]    |
Dec 01 11:09:07.347 INFO [stderr] 52 |                         el.run();
Dec 01 11:09:07.347 INFO [stderr]    |                         ^^^^^^^^^
Dec 01 11:09:07.347 INFO [stderr]    |
Dec 01 11:09:07.347 INFO [stderr]    = note: this `Result` may be an `Err` variant, which should be handled
Dec 01 11:09:07.347 INFO [stderr] 
Dec 01 11:09:11.328 INFO [stderr]     Finished dev [unoptimized + debuginfo] target(s) in 56.49s
Dec 01 11:09:11.338 INFO [stderr] su: No module specific data is present
Dec 01 11:09:12.676 INFO running `"docker" "inspect" "9bbe7c7eca95ae2235bf88e3169693c99921ef5810eea27650063193d614f3cd"`
Dec 01 11:09:12.997 INFO running `"docker" "rm" "-f" "9bbe7c7eca95ae2235bf88e3169693c99921ef5810eea27650063193d614f3cd"`
Dec 01 11:09:13.423 INFO [stdout] 9bbe7c7eca95ae2235bf88e3169693c99921ef5810eea27650063193d614f3cd
Dec 01 11:09:13.425 INFO running `"docker" "create" "-v" "/mnt/big/crater/work/local/target-dirs/beta-1.31-5/worker-7/1.30.1:/target:rw,Z" "-v" "/mnt/big/crater/work/local/test-source/worker-7/beta-1.31-5/1.30.1:/source:ro,Z" "-v" "/mnt/big/crater/work/local/cargo-home:/cargo-home:ro,Z" "-v" "/mnt/big/crater/work/local/rustup-home:/rustup-home:ro,Z" "-e" "USER_ID=1000" "-e" "SOURCE_DIR=/source" "-e" "USER_ID=1000" "-e" "CMD=cargo +1.30.1 test --frozen --no-run" "-e" "CARGO_TARGET_DIR=/target" "-e" "CARGO_INCREMENTAL=0" "-e" "RUST_BACKTRACE=full" "-e" "RUSTFLAGS=--cap-lints=warn" "-e" "CARGO_HOME=/cargo-home" "-e" "RUSTUP_HOME=/rustup-home" "-m" "1536M" "--network" "none" "crater"`
Dec 01 11:09:13.869 INFO [stdout] cf47ca2c700b368c0a22fbf5dd4211571d2dca246133f33baf452bde67162498
Dec 01 11:09:13.879 INFO running `"docker" "start" "-a" "cf47ca2c700b368c0a22fbf5dd4211571d2dca246133f33baf452bde67162498"`
Dec 01 11:09:15.235 INFO [stderr] usermod: no changes
Dec 01 11:09:15.495 INFO [stderr]    Compiling rCrawly v0.1.0 (/source)
Dec 01 11:09:17.494 INFO [stderr] warning: unused import: `std::sync::Arc`
Dec 01 11:09:17.494 INFO [stderr]  --> src/main.rs:4:5
Dec 01 11:09:17.494 INFO [stderr]   |
Dec 01 11:09:17.494 INFO [stderr] 4 | use std::sync::Arc;
Dec 01 11:09:17.494 INFO [stderr]   |     ^^^^^^^^^^^^^^
Dec 01 11:09:17.494 INFO [stderr]   |
Dec 01 11:09:17.494 INFO [stderr]   = note: #[warn(unused_imports)] on by default
Dec 01 11:09:17.494 INFO [stderr] 
Dec 01 11:09:17.494 INFO [stderr] warning: unused imports: `thread`, `time`
Dec 01 11:09:17.494 INFO [stderr]  --> src/main.rs:6:11
Dec 01 11:09:17.494 INFO [stderr]   |
Dec 01 11:09:17.494 INFO [stderr] 6 | use std::{time,thread};
Dec 01 11:09:17.494 INFO [stderr]   |           ^^^^ ^^^^^^
Dec 01 11:09:17.494 INFO [stderr] 
Dec 01 11:09:17.495 INFO [stderr] warning: unused imports: `Arc`, `Mutex`, `mpsc`
Dec 01 11:09:17.495 INFO [stderr]  --> src/API/future.rs:2:17
Dec 01 11:09:17.495 INFO [stderr]   |
Dec 01 11:09:17.495 INFO [stderr] 2 | use std::sync::{Arc, Mutex,RwLock,mpsc};
Dec 01 11:09:17.495 INFO [stderr]   |                 ^^^  ^^^^^        ^^^^
Dec 01 11:09:17.495 INFO [stderr] 
Dec 01 11:09:17.495 INFO [stderr] warning: unused imports: `Receiver`, `Sender`
Dec 01 11:09:17.495 INFO [stderr]  --> src/API/future.rs:3:23
Dec 01 11:09:17.495 INFO [stderr]   |
Dec 01 11:09:17.495 INFO [stderr] 3 | use std::sync::mpsc::{Sender, Receiver};
Dec 01 11:09:17.495 INFO [stderr]   |                       ^^^^^^  ^^^^^^^^
Dec 01 11:09:17.495 INFO [stderr] 
Dec 01 11:09:17.691 INFO [stderr] warning: unused variable: `content`
Dec 01 11:09:17.691 INFO [stderr]   --> src/LoaderCore/loader.rs:36:20
Dec 01 11:09:17.691 INFO [stderr]    |
Dec 01 11:09:17.691 INFO [stderr] 36 |             Ok(mut content) => {
Dec 01 11:09:17.691 INFO [stderr]    |                    ^^^^^^^ help: consider using `_content` instead
Dec 01 11:09:17.691 INFO [stderr]    |
Dec 01 11:09:17.691 INFO [stderr]    = note: #[warn(unused_variables)] on by default
Dec 01 11:09:17.691 INFO [stderr] 
Dec 01 11:09:17.691 INFO [stderr] warning: unused variable: `n`
Dec 01 11:09:17.691 INFO [stderr]   --> src/AsyncLoaderCore/mod.rs:25:13
Dec 01 11:09:17.691 INFO [stderr]    |
Dec 01 11:09:17.691 INFO [stderr] 25 |         for n in 0..(num+1){
Dec 01 11:09:17.691 INFO [stderr]    |             ^ help: consider using `_n` instead
Dec 01 11:09:17.691 INFO [stderr] 
Dec 01 11:09:17.692 INFO [stderr] warning: unused variable: `cont`
Dec 01 11:09:17.692 INFO [stderr]    --> src/CrawlerCore/mod.rs:188:13
Dec 01 11:09:17.692 INFO [stderr]     |
Dec 01 11:09:17.692 INFO [stderr] 188 |         let cont = self.loaded.lock().unwrap().contains(&url);
Dec 01 11:09:17.692 INFO [stderr]     |             ^^^^ help: consider using `_cont` instead
Dec 01 11:09:17.692 INFO [stderr] 
Dec 01 11:09:17.692 INFO [stderr] warning: unused variable: `url`
Dec 01 11:09:17.692 INFO [stderr]    --> src/CrawlerCore/mod.rs:202:23
Dec 01 11:09:17.692 INFO [stderr]     |
Dec 01 11:09:17.692 INFO [stderr] 202 |     fn get_uri(&self, url : Url) -> CrawlerResult{
Dec 01 11:09:17.692 INFO [stderr]     |                       ^^^ help: consider using `_url` instead
Dec 01 11:09:17.692 INFO [stderr] 
Dec 01 11:09:17.698 INFO [stderr] warning: variable does not need to be mutable
Dec 01 11:09:17.698 INFO [stderr]   --> src/LoaderCore/loader.rs:36:16
Dec 01 11:09:17.698 INFO [stderr]    |
Dec 01 11:09:17.698 INFO [stderr] 36 |             Ok(mut content) => {
Dec 01 11:09:17.698 INFO [stderr]    |                ----^^^^^^^
Dec 01 11:09:17.698 INFO [stderr]    |                |
Dec 01 11:09:17.698 INFO [stderr]    |                help: remove this `mut`
Dec 01 11:09:17.698 INFO [stderr]    |
Dec 01 11:09:17.698 INFO [stderr]    = note: #[warn(unused_mut)] on by default
Dec 01 11:09:17.698 INFO [stderr] 
Dec 01 11:09:17.756 INFO [stderr] warning: variant is never constructed: `SUSPENDED`
Dec 01 11:09:17.756 INFO [stderr]   --> src/CrawlerCore/mod.rs:17:5
Dec 01 11:09:17.756 INFO [stderr]    |
Dec 01 11:09:17.756 INFO [stderr] 17 |     SUSPENDED,
Dec 01 11:09:17.756 INFO [stderr]    |     ^^^^^^^^^
Dec 01 11:09:17.757 INFO [stderr]    |
Dec 01 11:09:17.757 INFO [stderr]    = note: #[warn(dead_code)] on by default
Dec 01 11:09:17.757 INFO [stderr] 
Dec 01 11:09:17.757 INFO [stderr] warning: variant is never constructed: `TERMINATED_UNEXPECTLY`
Dec 01 11:09:17.757 INFO [stderr]   --> src/CrawlerCore/mod.rs:19:5
Dec 01 11:09:17.757 INFO [stderr]    |
Dec 01 11:09:17.757 INFO [stderr] 19 |     TERMINATED_UNEXPECTLY,
Dec 01 11:09:17.757 INFO [stderr]    |     ^^^^^^^^^^^^^^^^^^^^^
Dec 01 11:09:17.757 INFO [stderr] 
Dec 01 11:09:17.757 INFO [stderr] warning: variant is never constructed: `CANCELLED`
Dec 01 11:09:17.757 INFO [stderr]   --> src/CrawlerCore/mod.rs:20:5
Dec 01 11:09:17.757 INFO [stderr]    |
Dec 01 11:09:17.757 INFO [stderr] 20 |     CANCELLED,
Dec 01 11:09:17.757 INFO [stderr]    |     ^^^^^^^^^
Dec 01 11:09:17.757 INFO [stderr] 
Dec 01 11:09:17.757 INFO [stderr] warning: field is never used: `url`
Dec 01 11:09:17.757 INFO [stderr]   --> src/CrawlerCore/mod.rs:24:5
Dec 01 11:09:17.757 INFO [stderr]    |
Dec 01 11:09:17.757 INFO [stderr] 24 |     url : Url,
Dec 01 11:09:17.757 INFO [stderr]    |     ^^^^^^^^^
Dec 01 11:09:17.757 INFO [stderr] 
Dec 01 11:09:17.757 INFO [stderr] warning: field is never used: `follow`
Dec 01 11:09:17.757 INFO [stderr]   --> src/CrawlerCore/mod.rs:25:5
Dec 01 11:09:17.757 INFO [stderr]    |
Dec 01 11:09:17.757 INFO [stderr] 25 |     follow : bool,
Dec 01 11:09:17.757 INFO [stderr]    |     ^^^^^^^^^^^^^
Dec 01 11:09:17.757 INFO [stderr] 
Dec 01 11:09:17.757 INFO [stderr] warning: field is never used: `links`
Dec 01 11:09:17.757 INFO [stderr]   --> src/CrawlerCore/mod.rs:26:5
Dec 01 11:09:17.757 INFO [stderr]    |
Dec 01 11:09:17.757 INFO [stderr] 26 |     links : Option<Vec<Url>>,
Dec 01 11:09:17.757 INFO [stderr]    |     ^^^^^^^^^^^^^^^^^^^^^^^^
Dec 01 11:09:17.758 INFO [stderr] 
Dec 01 11:09:17.758 INFO [stderr] warning: field is never used: `bad_links`
Dec 01 11:09:17.758 INFO [stderr]   --> src/CrawlerCore/mod.rs:27:5
Dec 01 11:09:17.758 INFO [stderr]    |
Dec 01 11:09:17.758 INFO [stderr] 27 |     bad_links : Option<Vec<String>>,
Dec 01 11:09:17.758 INFO [stderr]    |     ^^^^^^^^^^^^^^^^^^^^^^^^^^^^^^^
Dec 01 11:09:17.758 INFO [stderr] 
Dec 01 11:09:17.758 INFO [stderr] warning: field is never used: `error`
Dec 01 11:09:17.758 INFO [stderr]   --> src/CrawlerCore/mod.rs:28:5
Dec 01 11:09:17.758 INFO [stderr]    |
Dec 01 11:09:17.758 INFO [stderr] 28 |     error : Option<Error>
Dec 01 11:09:17.758 INFO [stderr]    |     ^^^^^^^^^^^^^^^^^^^^^
Dec 01 11:09:17.758 INFO [stderr] 
Dec 01 11:09:17.758 INFO [stderr] warning: method is never used: `cancel`
Dec 01 11:09:17.758 INFO [stderr]    --> src/CrawlerCore/mod.rs:192:5
Dec 01 11:09:17.758 INFO [stderr]     |
Dec 01 11:09:17.758 INFO [stderr] 192 |     fn cancel(&self){
Dec 01 11:09:17.758 INFO [stderr]     |     ^^^^^^^^^^^^^^^^
Dec 01 11:09:17.758 INFO [stderr] 
Dec 01 11:09:17.758 INFO [stderr] warning: method is never used: `get_uri`
Dec 01 11:09:17.758 INFO [stderr]    --> src/CrawlerCore/mod.rs:202:5
Dec 01 11:09:17.758 INFO [stderr]     |
Dec 01 11:09:17.758 INFO [stderr] 202 |     fn get_uri(&self, url : Url) -> CrawlerResult{
Dec 01 11:09:17.758 INFO [stderr]     |     ^^^^^^^^^^^^^^^^^^^^^^^^^^^^^^^^^^^^^^^^^^^^^
Dec 01 11:09:17.758 INFO [stderr] 
Dec 01 11:09:17.758 INFO [stderr] warning: method is never used: `get_progressions`
Dec 01 11:09:17.758 INFO [stderr]    --> src/CrawlerCore/mod.rs:206:5
Dec 01 11:09:17.758 INFO [stderr]     |
Dec 01 11:09:17.758 INFO [stderr] 206 |     fn get_progressions(&self) -> MutexGuard<VecDeque<CrawlerResult>>{
Dec 01 11:09:17.758 INFO [stderr]     |     ^^^^^^^^^^^^^^^^^^^^^^^^^^^^^^^^^^^^^^^^^^^^^^^^^^^^^^^^^^^^^^^^^
Dec 01 11:09:17.758 INFO [stderr] 
Dec 01 11:09:17.758 INFO [stderr] warning: field is never used: `name`
Dec 01 11:09:17.758 INFO [stderr]  --> src/GUI/mod.rs:3:5
Dec 01 11:09:17.758 INFO [stderr]   |
Dec 01 11:09:17.758 INFO [stderr] 3 |     name : String,
Dec 01 11:09:17.758 INFO [stderr]   |     ^^^^^^^^^^^^^
Dec 01 11:09:17.758 INFO [stderr] 
Dec 01 11:09:17.758 INFO [stderr] warning: field is never used: `version`
Dec 01 11:09:17.758 INFO [stderr]  --> src/GUI/mod.rs:4:5
Dec 01 11:09:17.758 INFO [stderr]   |
Dec 01 11:09:17.758 INFO [stderr] 4 |     version : u8,
Dec 01 11:09:17.758 INFO [stderr]   |     ^^^^^^^^^^^^
Dec 01 11:09:17.758 INFO [stderr] 
Dec 01 11:09:17.758 INFO [stderr] warning: variant is never constructed: `PAUSED`
Dec 01 11:09:17.758 INFO [stderr]  --> src/API/executors.rs:9:5
Dec 01 11:09:17.758 INFO [stderr]   |
Dec 01 11:09:17.758 INFO [stderr] 9 |     PAUSED,
Dec 01 11:09:17.758 INFO [stderr]   |     ^^^^^^
Dec 01 11:09:17.758 INFO [stderr] 
Dec 01 11:09:17.758 INFO [stderr] warning: field is never used: `task_count`
Dec 01 11:09:17.758 INFO [stderr]   --> src/API/executors.rs:19:5
Dec 01 11:09:17.758 INFO [stderr]    |
Dec 01 11:09:17.758 INFO [stderr] 19 |     task_count : u32,
Dec 01 11:09:17.758 INFO [stderr]    |     ^^^^^^^^^^^^^^^^
Dec 01 11:09:17.758 INFO [stderr] 
Dec 01 11:09:17.758 INFO [stderr] warning: variant is never constructed: `FAILED`
Dec 01 11:09:17.758 INFO [stderr]   --> src/API/future.rs:19:5
Dec 01 11:09:17.758 INFO [stderr]    |
Dec 01 11:09:17.758 INFO [stderr] 19 |     FAILED,
Dec 01 11:09:17.758 INFO [stderr]    |     ^^^^^^
Dec 01 11:09:17.758 INFO [stderr] 
Dec 01 11:09:17.759 INFO [stderr] warning: unused `std::result::Result` which must be used
Dec 01 11:09:17.759 INFO [stderr]   --> src/LoaderCore/loader.rs:23:17
Dec 01 11:09:17.759 INFO [stderr]    |
Dec 01 11:09:17.759 INFO [stderr] 23 |                 content.read_to_string(&mut resp);
Dec 01 11:09:17.759 INFO [stderr]    |                 ^^^^^^^^^^^^^^^^^^^^^^^^^^^^^^^^^^
Dec 01 11:09:17.759 INFO [stderr]    |
Dec 01 11:09:17.759 INFO [stderr]    = note: #[warn(unused_must_use)] on by default
Dec 01 11:09:17.759 INFO [stderr]    = note: this `Result` may be an `Err` variant, which should be handled
Dec 01 11:09:17.759 INFO [stderr] 
Dec 01 11:09:17.760 INFO [stderr] warning: unused `std::result::Result` which must be used
Dec 01 11:09:17.760 INFO [stderr]   --> src/AsyncLoaderCore/mod.rs:65:9
Dec 01 11:09:17.760 INFO [stderr]    |
Dec 01 11:09:17.760 INFO [stderr] 65 |         self.workers.shutdown(now);
Dec 01 11:09:17.760 INFO [stderr]    |         ^^^^^^^^^^^^^^^^^^^^^^^^^^^
Dec 01 11:09:17.760 INFO [stderr]    |
Dec 01 11:09:17.760 INFO [stderr]    = note: this `Result` may be an `Err` variant, which should be handled
Dec 01 11:09:17.760 INFO [stderr] 
Dec 01 11:09:17.762 INFO [stderr] warning: unused `std::result::Result` which must be used
Dec 01 11:09:17.762 INFO [stderr]   --> src/API/executors.rs:52:25
Dec 01 11:09:17.762 INFO [stderr]    |
Dec 01 11:09:17.762 INFO [stderr] 52 |                         el.run();
Dec 01 11:09:17.762 INFO [stderr]    |                         ^^^^^^^^^
Dec 01 11:09:17.762 INFO [stderr]    |
Dec 01 11:09:17.762 INFO [stderr]    = note: this `Result` may be an `Err` variant, which should be handled
Dec 01 11:09:17.762 INFO [stderr] 
Dec 01 11:09:18.356 INFO [stderr]     Finished dev [unoptimized + debuginfo] target(s) in 3.09s
Dec 01 11:09:18.365 INFO [stderr] su: No module specific data is present
Dec 01 11:09:19.260 INFO running `"docker" "inspect" "cf47ca2c700b368c0a22fbf5dd4211571d2dca246133f33baf452bde67162498"`
Dec 01 11:09:19.523 INFO running `"docker" "rm" "-f" "cf47ca2c700b368c0a22fbf5dd4211571d2dca246133f33baf452bde67162498"`
Dec 01 11:09:19.879 INFO [stdout] cf47ca2c700b368c0a22fbf5dd4211571d2dca246133f33baf452bde67162498
Dec 01 11:09:19.883 INFO running `"docker" "create" "-v" "/mnt/big/crater/work/local/target-dirs/beta-1.31-5/worker-7/1.30.1:/target:rw,Z" "-v" "/mnt/big/crater/work/local/test-source/worker-7/beta-1.31-5/1.30.1:/source:ro,Z" "-v" "/mnt/big/crater/work/local/cargo-home:/cargo-home:ro,Z" "-v" "/mnt/big/crater/work/local/rustup-home:/rustup-home:ro,Z" "-e" "USER_ID=1000" "-e" "SOURCE_DIR=/source" "-e" "USER_ID=1000" "-e" "CMD=cargo +1.30.1 test --frozen" "-e" "CARGO_TARGET_DIR=/target" "-e" "CARGO_INCREMENTAL=0" "-e" "RUST_BACKTRACE=full" "-e" "RUSTFLAGS=--cap-lints=warn" "-e" "CARGO_HOME=/cargo-home" "-e" "RUSTUP_HOME=/rustup-home" "-m" "1536M" "--network" "none" "crater"`
Dec 01 11:09:20.315 INFO [stdout] 7eccd6cbe9d045391c10b5780184ca53b4711457b630ca1190f68cca1f8fab3e
Dec 01 11:09:20.321 INFO running `"docker" "start" "-a" "7eccd6cbe9d045391c10b5780184ca53b4711457b630ca1190f68cca1f8fab3e"`
Dec 01 11:09:21.423 INFO [stderr] usermod: no changes
Dec 01 11:09:21.644 INFO [stderr]     Finished dev [unoptimized + debuginfo] target(s) in 0.18s
Dec 01 11:09:21.665 INFO [stderr]      Running /target/debug/deps/rCrawly-ba4b74f21f2267d6
Dec 01 11:09:21.669 INFO [stdout] 
Dec 01 11:09:21.669 INFO [stdout] running 0 tests
Dec 01 11:09:21.669 INFO [stdout] 
Dec 01 11:09:21.669 INFO [stdout] test result: ok. 0 passed; 0 failed; 0 ignored; 0 measured; 0 filtered out
Dec 01 11:09:21.670 INFO [stdout] 
Dec 01 11:09:21.671 INFO [stderr] su: No module specific data is present
Dec 01 11:09:22.323 INFO running `"docker" "inspect" "7eccd6cbe9d045391c10b5780184ca53b4711457b630ca1190f68cca1f8fab3e"`
Dec 01 11:09:22.631 INFO running `"docker" "rm" "-f" "7eccd6cbe9d045391c10b5780184ca53b4711457b630ca1190f68cca1f8fab3e"`
Dec 01 11:09:22.971 INFO [stdout] 7eccd6cbe9d045391c10b5780184ca53b4711457b630ca1190f68cca1f8fab3e
