Dec 02 11:01:47.612 INFO testing whois-rust-1.1.4 against 1.30.1 for beta-1.31-5
Dec 02 11:01:47.612 INFO running `"docker" "create" "-v" "/mnt/big/crater/work/local/target-dirs/beta-1.31-5/worker-3/1.30.1:/target:rw,Z" "-v" "/mnt/big/crater/work/local/test-source/worker-3/beta-1.31-5/1.30.1:/source:ro,Z" "-v" "/mnt/big/crater/work/local/cargo-home:/cargo-home:ro,Z" "-v" "/mnt/big/crater/work/local/rustup-home:/rustup-home:ro,Z" "-e" "USER_ID=1000" "-e" "SOURCE_DIR=/source" "-e" "USER_ID=1000" "-e" "CMD=cargo +1.30.1 build --frozen" "-e" "CARGO_TARGET_DIR=/target" "-e" "CARGO_INCREMENTAL=0" "-e" "RUST_BACKTRACE=full" "-e" "RUSTFLAGS=--cap-lints=warn" "-e" "CARGO_HOME=/cargo-home" "-e" "RUSTUP_HOME=/rustup-home" "-m" "1536M" "--network" "none" "crater"`
Dec 02 11:01:47.978 INFO [stdout] 96087acb691c303c5394b75d89863a7723f4e0378d278ee2b75d6d2c7ddac5f6
Dec 02 11:01:47.987 INFO running `"docker" "start" "-a" "96087acb691c303c5394b75d89863a7723f4e0378d278ee2b75d6d2c7ddac5f6"`
Dec 02 11:01:49.253 INFO [stderr] usermod: no changes
Dec 02 11:01:49.321 INFO [stderr]    Compiling libc v0.2.44
Dec 02 11:01:49.321 INFO [stderr]    Compiling number-as v1.0.2
Dec 02 11:01:52.931 INFO [stderr]    Compiling memchr v2.1.1
Dec 02 11:01:54.511 INFO [stderr]    Compiling aho-corasick v0.6.9
Dec 02 11:01:56.183 INFO [stderr]    Compiling regex v1.1.0
Dec 02 11:02:07.009 INFO [stderr]    Compiling validators v0.18.8
Dec 02 11:02:15.561 INFO [stderr]    Compiling whois-rust v1.1.4 (/source)
Dec 02 11:02:18.100 INFO [stderr]     Finished dev [unoptimized + debuginfo] target(s) in 28.82s
Dec 02 11:02:18.104 INFO [stderr] su: No module specific data is present
Dec 02 11:02:18.811 INFO running `"docker" "inspect" "96087acb691c303c5394b75d89863a7723f4e0378d278ee2b75d6d2c7ddac5f6"`
Dec 02 11:02:19.116 INFO running `"docker" "rm" "-f" "96087acb691c303c5394b75d89863a7723f4e0378d278ee2b75d6d2c7ddac5f6"`
Dec 02 11:02:19.471 INFO [stdout] 96087acb691c303c5394b75d89863a7723f4e0378d278ee2b75d6d2c7ddac5f6
Dec 02 11:02:19.479 INFO running `"docker" "create" "-v" "/mnt/big/crater/work/local/target-dirs/beta-1.31-5/worker-3/1.30.1:/target:rw,Z" "-v" "/mnt/big/crater/work/local/test-source/worker-3/beta-1.31-5/1.30.1:/source:ro,Z" "-v" "/mnt/big/crater/work/local/cargo-home:/cargo-home:ro,Z" "-v" "/mnt/big/crater/work/local/rustup-home:/rustup-home:ro,Z" "-e" "USER_ID=1000" "-e" "SOURCE_DIR=/source" "-e" "USER_ID=1000" "-e" "CMD=cargo +1.30.1 test --frozen --no-run" "-e" "CARGO_TARGET_DIR=/target" "-e" "CARGO_INCREMENTAL=0" "-e" "RUST_BACKTRACE=full" "-e" "RUSTFLAGS=--cap-lints=warn" "-e" "CARGO_HOME=/cargo-home" "-e" "RUSTUP_HOME=/rustup-home" "-m" "1536M" "--network" "none" "crater"`
Dec 02 11:02:20.048 INFO [stdout] fc8ddd3646c04ad2b8a93522548e17b2d8ce03e0e2fbd2a0a255f665357457cd
Dec 02 11:02:20.051 INFO running `"docker" "start" "-a" "fc8ddd3646c04ad2b8a93522548e17b2d8ce03e0e2fbd2a0a255f665357457cd"`
Dec 02 11:02:22.526 INFO [stderr] usermod: no changes
Dec 02 11:02:22.643 INFO [stderr]    Compiling whois-rust v1.1.4 (/source)
Dec 02 11:02:29.427 INFO [stderr]     Finished dev [unoptimized + debuginfo] target(s) in 6.88s
Dec 02 11:02:29.431 INFO [stderr] su: No module specific data is present
Dec 02 11:02:29.993 INFO running `"docker" "inspect" "fc8ddd3646c04ad2b8a93522548e17b2d8ce03e0e2fbd2a0a255f665357457cd"`
Dec 02 11:02:30.208 INFO running `"docker" "rm" "-f" "fc8ddd3646c04ad2b8a93522548e17b2d8ce03e0e2fbd2a0a255f665357457cd"`
Dec 02 11:02:30.416 INFO [stdout] fc8ddd3646c04ad2b8a93522548e17b2d8ce03e0e2fbd2a0a255f665357457cd
Dec 02 11:02:30.423 INFO running `"docker" "create" "-v" "/mnt/big/crater/work/local/target-dirs/beta-1.31-5/worker-3/1.30.1:/target:rw,Z" "-v" "/mnt/big/crater/work/local/test-source/worker-3/beta-1.31-5/1.30.1:/source:ro,Z" "-v" "/mnt/big/crater/work/local/cargo-home:/cargo-home:ro,Z" "-v" "/mnt/big/crater/work/local/rustup-home:/rustup-home:ro,Z" "-e" "USER_ID=1000" "-e" "SOURCE_DIR=/source" "-e" "USER_ID=1000" "-e" "CMD=cargo +1.30.1 test --frozen" "-e" "CARGO_TARGET_DIR=/target" "-e" "CARGO_INCREMENTAL=0" "-e" "RUST_BACKTRACE=full" "-e" "RUSTFLAGS=--cap-lints=warn" "-e" "CARGO_HOME=/cargo-home" "-e" "RUSTUP_HOME=/rustup-home" "-m" "1536M" "--network" "none" "crater"`
Dec 02 11:02:30.932 INFO [stdout] 3a00d0dabcc1a5d05803e4a3e87b1c1963c32555ea8763ba0b9c3d88822fa78e
Dec 02 11:02:30.943 INFO running `"docker" "start" "-a" "3a00d0dabcc1a5d05803e4a3e87b1c1963c32555ea8763ba0b9c3d88822fa78e"`
Dec 02 11:02:32.440 INFO [stderr] usermod: no changes
Dec 02 11:02:32.564 INFO [stderr]     Finished dev [unoptimized + debuginfo] target(s) in 0.10s
Dec 02 11:02:32.573 INFO [stderr]      Running /target/debug/deps/whois_rust-b0db0ed4608f9a83
Dec 02 11:02:32.575 INFO [stdout] 
Dec 02 11:02:32.575 INFO [stdout] running 0 tests
Dec 02 11:02:32.575 INFO [stdout] 
Dec 02 11:02:32.575 INFO [stdout] test result: ok. 0 passed; 0 failed; 0 ignored; 0 measured; 0 filtered out
Dec 02 11:02:32.575 INFO [stdout] 
Dec 02 11:02:32.575 INFO [stderr]      Running /target/debug/deps/test-a86570c3723ea7b8
Dec 02 11:02:32.580 INFO [stdout] 
Dec 02 11:02:32.580 INFO [stdout] running 1 test
Dec 02 11:02:32.787 INFO [stdout] test test ... FAILED
Dec 02 11:02:32.787 INFO [stdout] 
Dec 02 11:02:32.787 INFO [stdout] failures:
Dec 02 11:02:32.787 INFO [stdout] 
Dec 02 11:02:32.787 INFO [stdout] ---- test stdout ----
Dec 02 11:02:32.787 INFO [stdout] thread 'test' panicked at 'called `Result::unwrap()` on an `Err` value: IOError(Custom { kind: Other, error: StringError("failed to lookup address information: Temporary failure in name resolution") })', libcore/result.rs:1009:5
Dec 02 11:02:32.787 INFO [stdout] stack backtrace:
Dec 02 11:02:32.787 INFO [stdout]    0:     0x55f7ec44edce - std::sys::unix::backtrace::tracing::imp::unwind_backtrace::h15749a98198ba25f
Dec 02 11:02:32.787 INFO [stdout]                                at libstd/sys/unix/backtrace/tracing/gcc_s.rs:49
Dec 02 11:02:32.787 INFO [stdout]    1:     0x55f7ec440836 - std::sys_common::backtrace::print::h0ba65c811294dbf0
Dec 02 11:02:32.787 INFO [stdout]                                at libstd/sys_common/backtrace.rs:71
Dec 02 11:02:32.787 INFO [stdout]                                at libstd/sys_common/backtrace.rs:59
Dec 02 11:02:32.787 INFO [stdout]    2:     0x55f7ec43ec5d - std::panicking::default_hook::{{closure}}::h42bb31757f0fee64
Dec 02 11:02:32.787 INFO [stdout]                                at libstd/panicking.rs:211
Dec 02 11:02:32.787 INFO [stdout]    3:     0x55f7ec43e96b - std::panicking::default_hook::hebc8848d7aa7dbd9
Dec 02 11:02:32.787 INFO [stdout]                                at libstd/panicking.rs:221
Dec 02 11:02:32.787 INFO [stdout]    4:     0x55f7ec43f30c - std::panicking::rust_panic_with_hook::h86e619a638415243
Dec 02 11:02:32.787 INFO [stdout]                                at libstd/panicking.rs:477
Dec 02 11:02:32.787 INFO [stdout]    5:     0x55f7ec43eec9 - std::panicking::continue_panic_fmt::h2d2d2bfb065a70b2
Dec 02 11:02:32.787 INFO [stdout]                                at libstd/panicking.rs:391
Dec 02 11:02:32.787 INFO [stdout]    6:     0x55f7ec43edc5 - rust_begin_unwind
Dec 02 11:02:32.787 INFO [stdout]                                at libstd/panicking.rs:326
Dec 02 11:02:32.787 INFO [stdout]    7:     0x55f7ec49161b - core::panicking::panic_fmt::h2155aa66b67fe83c
Dec 02 11:02:32.787 INFO [stdout]                                at libcore/panicking.rs:77
Dec 02 11:02:32.787 INFO [stdout]    8:     0x55f7ec1692b3 - core::result::unwrap_failed::h8bdded418553062c
Dec 02 11:02:32.787 INFO [stdout]                                at libcore/macros.rs:26
Dec 02 11:02:32.787 INFO [stdout]    9:     0x55f7ec16804b - <core::result::Result<T, E>>::unwrap::hc6218eef157b0e73
Dec 02 11:02:32.787 INFO [stdout]                                at libcore/result.rs:808
Dec 02 11:02:32.787 INFO [stdout]   10:     0x55f7ec16d0a6 - test::test::h9ddc7ee00c8d5d36
Dec 02 11:02:32.787 INFO [stdout]                                at tests/test.rs:9
Dec 02 11:02:32.787 INFO [stdout]   11:     0x55f7ec16cfd9 - test::test::{{closure}}::h41212cedcfdb88c3
Dec 02 11:02:32.787 INFO [stdout]                                at tests/test.rs:6
Dec 02 11:02:32.787 INFO [stdout]   12:     0x55f7ec166bad - core::ops::function::FnOnce::call_once::hc444a3833d363610
Dec 02 11:02:32.787 INFO [stdout]                                at libcore/ops/function.rs:238
Dec 02 11:02:32.787 INFO [stdout]   13:     0x55f7ec16f1ee - <F as alloc::boxed::FnBox<A>>::call_box::hbea525814fa423cc
Dec 02 11:02:32.787 INFO [stdout]                                at libtest/lib.rs:1461
Dec 02 11:02:32.787 INFO [stdout]                                at libcore/ops/function.rs:238
Dec 02 11:02:32.787 INFO [stdout]                                at liballoc/boxed.rs:646
Dec 02 11:02:32.787 INFO [stdout]   14:     0x55f7ec45dcb9 - __rust_maybe_catch_panic
Dec 02 11:02:32.787 INFO [stdout]                                at libpanic_unwind/lib.rs:103
Dec 02 11:02:32.787 INFO [stdout]   15:     0x55f7ec17ab4d - std::sys_common::backtrace::__rust_begin_short_backtrace::h0ff507d7422944d3
Dec 02 11:02:32.787 INFO [stdout]                                at libstd/panicking.rs:289
Dec 02 11:02:32.787 INFO [stdout]                                at libstd/panic.rs:392
Dec 02 11:02:32.787 INFO [stdout]                                at libtest/lib.rs:1416
Dec 02 11:02:32.787 INFO [stdout]                                at libstd/sys_common/backtrace.rs:136
Dec 02 11:02:32.787 INFO [stdout]   16:     0x55f7ec193184 - std::panicking::try::do_call::hba0bdcc3670471cc
Dec 02 11:02:32.787 INFO [stdout]                                at libstd/thread/mod.rs:409
Dec 02 11:02:32.787 INFO [stdout]                                at libstd/panic.rs:313
Dec 02 11:02:32.787 INFO [stdout]                                at libstd/panicking.rs:310
Dec 02 11:02:32.787 INFO [stdout]   17:     0x55f7ec45dcb9 - __rust_maybe_catch_panic
Dec 02 11:02:32.787 INFO [stdout]                                at libpanic_unwind/lib.rs:103
Dec 02 11:02:32.787 INFO [stdout]   18:     0x55f7ec183a56 - <F as alloc::boxed::FnBox<A>>::call_box::hdac52587b00591af
Dec 02 11:02:32.787 INFO [stdout]                                at libstd/panicking.rs:289
Dec 02 11:02:32.787 INFO [stdout]                                at libstd/panic.rs:392
Dec 02 11:02:32.787 INFO [stdout]                                at libstd/thread/mod.rs:408
Dec 02 11:02:32.787 INFO [stdout]                                at liballoc/boxed.rs:646
Dec 02 11:02:32.787 INFO [stdout]   19:     0x55f7ec45086a - std::sys_common::thread::start_thread::h75d887c7d2cc4479
Dec 02 11:02:32.787 INFO [stdout]                                at liballoc/boxed.rs:656
Dec 02 11:02:32.787 INFO [stdout]                                at libstd/sys_common/thread.rs:24
Dec 02 11:02:32.787 INFO [stdout]   20:     0x55f7ec43fa75 - std::sys::unix::thread::Thread::new::thread_start::h8414caee632bf9ed
Dec 02 11:02:32.787 INFO [stdout]                                at libstd/sys/unix/thread.rs:90
Dec 02 11:02:32.787 INFO [stdout]   21:     0x7f8fda7ad6b9 - start_thread
Dec 02 11:02:32.787 INFO [stdout]   22:     0x7f8fda2cd41c - clone
Dec 02 11:02:32.787 INFO [stdout]   23:                0x0 - <unknown>
Dec 02 11:02:32.787 INFO [stdout] 
Dec 02 11:02:32.787 INFO [stdout] 
Dec 02 11:02:32.787 INFO [stdout] failures:
Dec 02 11:02:32.787 INFO [stdout]     test
Dec 02 11:02:32.787 INFO [stdout] 
Dec 02 11:02:32.787 INFO [stdout] test result: FAILED. 0 passed; 1 failed; 0 ignored; 0 measured; 0 filtered out
Dec 02 11:02:32.787 INFO [stdout] 
Dec 02 11:02:32.791 INFO [stderr] error: test failed, to rerun pass '--test test'
Dec 02 11:02:32.791 INFO [stderr] su: No module specific data is present
Dec 02 11:02:33.997 INFO running `"docker" "inspect" "3a00d0dabcc1a5d05803e4a3e87b1c1963c32555ea8763ba0b9c3d88822fa78e"`
Dec 02 11:02:34.371 INFO running `"docker" "rm" "-f" "3a00d0dabcc1a5d05803e4a3e87b1c1963c32555ea8763ba0b9c3d88822fa78e"`
Dec 02 11:02:34.600 INFO [stdout] 3a00d0dabcc1a5d05803e4a3e87b1c1963c32555ea8763ba0b9c3d88822fa78e
