Dec 02 12:37:02.236 INFO testing tztail-1.0.0 against 1.30.1 for beta-1.31-5
Dec 02 12:37:02.236 INFO running `"docker" "create" "-v" "/mnt/big/crater/work/local/target-dirs/beta-1.31-5/worker-4/1.30.1:/target:rw,Z" "-v" "/mnt/big/crater/work/local/test-source/worker-4/beta-1.31-5/1.30.1:/source:ro,Z" "-v" "/mnt/big/crater/work/local/cargo-home:/cargo-home:ro,Z" "-v" "/mnt/big/crater/work/local/rustup-home:/rustup-home:ro,Z" "-e" "USER_ID=1000" "-e" "SOURCE_DIR=/source" "-e" "USER_ID=1000" "-e" "CMD=cargo +1.30.1 build --frozen" "-e" "CARGO_TARGET_DIR=/target" "-e" "CARGO_INCREMENTAL=0" "-e" "RUST_BACKTRACE=full" "-e" "RUSTFLAGS=--cap-lints=warn" "-e" "CARGO_HOME=/cargo-home" "-e" "RUSTUP_HOME=/rustup-home" "-m" "1536M" "--network" "none" "crater"`
Dec 02 12:37:02.434 INFO [stdout] 85a39c854655f85a184e48e5289428d34e20da03f06e081f95ec2e1eff23b326
Dec 02 12:37:02.436 INFO running `"docker" "start" "-a" "85a39c854655f85a184e48e5289428d34e20da03f06e081f95ec2e1eff23b326"`
Dec 02 12:37:02.978 INFO [stderr] usermod: no changes
Dec 02 12:37:03.023 INFO [stderr] warning: only one of `license` or `license-file` is necessary
Dec 02 12:37:03.090 INFO [stderr]    Compiling term_size v0.3.1
Dec 02 12:37:03.090 INFO [stderr]    Compiling hourglass v0.7.1
Dec 02 12:37:03.091 INFO [stderr]    Compiling parse-zoneinfo v0.2.0
Dec 02 12:37:04.328 INFO [stderr]    Compiling textwrap v0.10.0
Dec 02 12:37:06.640 INFO [stderr]    Compiling clap v2.32.0
Dec 02 12:37:08.581 INFO [stderr]    Compiling chrono-tz v0.5.0
Dec 02 12:37:29.936 INFO [stderr]    Compiling tztail v1.0.0 (/source)
Dec 02 12:37:33.804 INFO [stderr]     Finished dev [unoptimized + debuginfo] target(s) in 30.79s
Dec 02 12:37:33.811 INFO [stderr] su: No module specific data is present
Dec 02 12:37:34.396 INFO running `"docker" "inspect" "85a39c854655f85a184e48e5289428d34e20da03f06e081f95ec2e1eff23b326"`
Dec 02 12:37:34.473 INFO running `"docker" "rm" "-f" "85a39c854655f85a184e48e5289428d34e20da03f06e081f95ec2e1eff23b326"`
Dec 02 12:37:34.576 INFO [stdout] 85a39c854655f85a184e48e5289428d34e20da03f06e081f95ec2e1eff23b326
Dec 02 12:37:34.582 INFO running `"docker" "create" "-v" "/mnt/big/crater/work/local/target-dirs/beta-1.31-5/worker-4/1.30.1:/target:rw,Z" "-v" "/mnt/big/crater/work/local/test-source/worker-4/beta-1.31-5/1.30.1:/source:ro,Z" "-v" "/mnt/big/crater/work/local/cargo-home:/cargo-home:ro,Z" "-v" "/mnt/big/crater/work/local/rustup-home:/rustup-home:ro,Z" "-e" "USER_ID=1000" "-e" "SOURCE_DIR=/source" "-e" "USER_ID=1000" "-e" "CMD=cargo +1.30.1 test --frozen --no-run" "-e" "CARGO_TARGET_DIR=/target" "-e" "CARGO_INCREMENTAL=0" "-e" "RUST_BACKTRACE=full" "-e" "RUSTFLAGS=--cap-lints=warn" "-e" "CARGO_HOME=/cargo-home" "-e" "RUSTUP_HOME=/rustup-home" "-m" "1536M" "--network" "none" "crater"`
Dec 02 12:37:34.757 INFO [stdout] bb870735200047bd90e4b1f291146e6aaec3bc3b6a3fc4b2f7a26c54722af9b5
Dec 02 12:37:34.764 INFO running `"docker" "start" "-a" "bb870735200047bd90e4b1f291146e6aaec3bc3b6a3fc4b2f7a26c54722af9b5"`
Dec 02 12:37:35.155 INFO [stderr] usermod: no changes
Dec 02 12:37:35.195 INFO [stderr] warning: only one of `license` or `license-file` is necessary
Dec 02 12:37:35.243 INFO [stderr]    Compiling tztail v1.0.0 (/source)
Dec 02 12:37:39.439 INFO [stderr]     Finished dev [unoptimized + debuginfo] target(s) in 4.25s
Dec 02 12:37:39.440 INFO [stderr] su: No module specific data is present
Dec 02 12:37:39.917 INFO running `"docker" "inspect" "bb870735200047bd90e4b1f291146e6aaec3bc3b6a3fc4b2f7a26c54722af9b5"`
Dec 02 12:37:40.056 INFO running `"docker" "rm" "-f" "bb870735200047bd90e4b1f291146e6aaec3bc3b6a3fc4b2f7a26c54722af9b5"`
Dec 02 12:37:40.294 INFO [stdout] bb870735200047bd90e4b1f291146e6aaec3bc3b6a3fc4b2f7a26c54722af9b5
Dec 02 12:37:40.297 INFO running `"docker" "create" "-v" "/mnt/big/crater/work/local/target-dirs/beta-1.31-5/worker-4/1.30.1:/target:rw,Z" "-v" "/mnt/big/crater/work/local/test-source/worker-4/beta-1.31-5/1.30.1:/source:ro,Z" "-v" "/mnt/big/crater/work/local/cargo-home:/cargo-home:ro,Z" "-v" "/mnt/big/crater/work/local/rustup-home:/rustup-home:ro,Z" "-e" "USER_ID=1000" "-e" "SOURCE_DIR=/source" "-e" "USER_ID=1000" "-e" "CMD=cargo +1.30.1 test --frozen" "-e" "CARGO_TARGET_DIR=/target" "-e" "CARGO_INCREMENTAL=0" "-e" "RUST_BACKTRACE=full" "-e" "RUSTFLAGS=--cap-lints=warn" "-e" "CARGO_HOME=/cargo-home" "-e" "RUSTUP_HOME=/rustup-home" "-m" "1536M" "--network" "none" "crater"`
Dec 02 12:37:40.638 INFO [stdout] 51e72724e77bdd94af9f9802bc17deb14ba46de6fd763f99da2633d0665212ba
Dec 02 12:37:40.645 INFO running `"docker" "start" "-a" "51e72724e77bdd94af9f9802bc17deb14ba46de6fd763f99da2633d0665212ba"`
Dec 02 12:37:41.131 INFO [stderr] usermod: no changes
Dec 02 12:37:41.163 INFO [stderr] warning: only one of `license` or `license-file` is necessary
Dec 02 12:37:41.197 INFO [stderr]     Finished dev [unoptimized + debuginfo] target(s) in 0.04s
Dec 02 12:37:41.210 INFO [stderr]      Running /target/debug/deps/tztail-69d4ad44b9529b31
Dec 02 12:37:41.213 INFO [stdout] 
Dec 02 12:37:41.213 INFO [stdout] running 4 tests
Dec 02 12:37:41.239 INFO [stdout] test format::format_tests::test_new ... ok
Dec 02 12:37:41.258 INFO [stdout] test format::format_tests::test_new_with_timezone ... ok
Dec 02 12:37:41.289 INFO [stdout] test converter::converter_tests::test_convert ... FAILED
Dec 02 12:37:41.525 INFO [stdout] test converter::converter_tests::test_new ... ok
Dec 02 12:37:41.525 INFO [stdout] 
Dec 02 12:37:41.525 INFO [stdout] failures:
Dec 02 12:37:41.525 INFO [stdout] 
Dec 02 12:37:41.525 INFO [stdout] ---- converter::converter_tests::test_convert stdout ----
Dec 02 12:37:41.525 INFO [stdout] thread 'converter::converter_tests::test_convert' panicked at 'assertion failed: `(left == right)`
Dec 02 12:37:41.525 INFO [stdout]   left: `"2018-11-03 22:39:33 Some random log"`,
Dec 02 12:37:41.525 INFO [stdout]  right: `"2018-11-04 04:09:33 Some random log"`', src/converter.rs:271:17
Dec 02 12:37:41.525 INFO [stdout] stack backtrace:
Dec 02 12:37:41.525 INFO [stdout]    0:     0x562e50690d4e - std::sys::unix::backtrace::tracing::imp::unwind_backtrace::h15749a98198ba25f
Dec 02 12:37:41.525 INFO [stdout]                                at libstd/sys/unix/backtrace/tracing/gcc_s.rs:49
Dec 02 12:37:41.525 INFO [stdout]    1:     0x562e50683d66 - std::sys_common::backtrace::print::h0ba65c811294dbf0
Dec 02 12:37:41.525 INFO [stdout]                                at libstd/sys_common/backtrace.rs:71
Dec 02 12:37:41.525 INFO [stdout]                                at libstd/sys_common/backtrace.rs:59
Dec 02 12:37:41.525 INFO [stdout]    2:     0x562e5068218d - std::panicking::default_hook::{{closure}}::h42bb31757f0fee64
Dec 02 12:37:41.525 INFO [stdout]                                at libstd/panicking.rs:211
Dec 02 12:37:41.525 INFO [stdout]    3:     0x562e50681e9b - std::panicking::default_hook::hebc8848d7aa7dbd9
Dec 02 12:37:41.525 INFO [stdout]                                at libstd/panicking.rs:221
Dec 02 12:37:41.525 INFO [stdout]    4:     0x562e5068283c - std::panicking::rust_panic_with_hook::h86e619a638415243
Dec 02 12:37:41.525 INFO [stdout]                                at libstd/panicking.rs:477
Dec 02 12:37:41.525 INFO [stdout]    5:     0x562e506823f9 - std::panicking::continue_panic_fmt::h2d2d2bfb065a70b2
Dec 02 12:37:41.525 INFO [stdout]                                at libstd/panicking.rs:391
Dec 02 12:37:41.525 INFO [stdout]    6:     0x562e5068235d - std::panicking::begin_panic_fmt::ha5097e2056ef3d5a
Dec 02 12:37:41.525 INFO [stdout]                                at libstd/panicking.rs:346
Dec 02 12:37:41.525 INFO [stdout]    7:     0x562e5045d511 - tztail::converter::converter_tests::test_convert::hdeacb9054805500d
Dec 02 12:37:41.525 INFO [stdout]                                at src/converter.rs:271
Dec 02 12:37:41.525 INFO [stdout]    8:     0x562e5045c729 - tztail::converter::converter_tests::test_convert::{{closure}}::hab794743922922ea
Dec 02 12:37:41.526 INFO [stdout]                                at src/converter.rs:177
Dec 02 12:37:41.526 INFO [stdout]    9:     0x562e5045922d - core::ops::function::FnOnce::call_once::h22cc07179ea61e86
Dec 02 12:37:41.526 INFO [stdout]                                at libcore/ops/function.rs:238
Dec 02 12:37:41.526 INFO [stdout]   10:     0x562e5046517e - <F as alloc::boxed::FnBox<A>>::call_box::hbea525814fa423cc
Dec 02 12:37:41.526 INFO [stdout]                                at libtest/lib.rs:1461
Dec 02 12:37:41.526 INFO [stdout]                                at libcore/ops/function.rs:238
Dec 02 12:37:41.526 INFO [stdout]                                at liballoc/boxed.rs:646
Dec 02 12:37:41.526 INFO [stdout]   11:     0x562e5069fbb9 - __rust_maybe_catch_panic
Dec 02 12:37:41.526 INFO [stdout]                                at libpanic_unwind/lib.rs:103
Dec 02 12:37:41.526 INFO [stdout]   12:     0x562e50470add - std::sys_common::backtrace::__rust_begin_short_backtrace::h0ff507d7422944d3
Dec 02 12:37:41.526 INFO [stdout]                                at libstd/panicking.rs:289
Dec 02 12:37:41.526 INFO [stdout]                                at libstd/panic.rs:392
Dec 02 12:37:41.526 INFO [stdout]                                at libtest/lib.rs:1416
Dec 02 12:37:41.526 INFO [stdout]                                at libstd/sys_common/backtrace.rs:136
Dec 02 12:37:41.526 INFO [stdout]   13:     0x562e50489114 - std::panicking::try::do_call::hba0bdcc3670471cc
Dec 02 12:37:41.526 INFO [stdout]                                at libstd/thread/mod.rs:409
Dec 02 12:37:41.526 INFO [stdout]                                at libstd/panic.rs:313
Dec 02 12:37:41.526 INFO [stdout]                                at libstd/panicking.rs:310
Dec 02 12:37:41.526 INFO [stdout]   14:     0x562e5069fbb9 - __rust_maybe_catch_panic
Dec 02 12:37:41.526 INFO [stdout]                                at libpanic_unwind/lib.rs:103
Dec 02 12:37:41.526 INFO [stdout]   15:     0x562e504799e6 - <F as alloc::boxed::FnBox<A>>::call_box::hdac52587b00591af
Dec 02 12:37:41.526 INFO [stdout]                                at libstd/panicking.rs:289
Dec 02 12:37:41.526 INFO [stdout]                                at libstd/panic.rs:392
Dec 02 12:37:41.526 INFO [stdout]                                at libstd/thread/mod.rs:408
Dec 02 12:37:41.526 INFO [stdout]                                at liballoc/boxed.rs:646
Dec 02 12:37:41.526 INFO [stdout]   16:     0x562e5069265a - std::sys_common::thread::start_thread::h75d887c7d2cc4479
Dec 02 12:37:41.526 INFO [stdout]                                at liballoc/boxed.rs:656
Dec 02 12:37:41.526 INFO [stdout]                                at libstd/sys_common/thread.rs:24
Dec 02 12:37:41.526 INFO [stdout]   17:     0x562e50682fa5 - std::sys::unix::thread::Thread::new::thread_start::h8414caee632bf9ed
Dec 02 12:37:41.526 INFO [stdout]                                at libstd/sys/unix/thread.rs:90
Dec 02 12:37:41.526 INFO [stdout]   18:     0x7f86725e26b9 - start_thread
Dec 02 12:37:41.526 INFO [stdout]   19:     0x7f867210241c - clone
Dec 02 12:37:41.526 INFO [stdout]   20:                0x0 - <unknown>
Dec 02 12:37:41.526 INFO [stdout] 
Dec 02 12:37:41.526 INFO [stdout] 
Dec 02 12:37:41.526 INFO [stdout] failures:
Dec 02 12:37:41.526 INFO [stdout]     converter::converter_tests::test_convert
Dec 02 12:37:41.526 INFO [stdout] 
Dec 02 12:37:41.526 INFO [stdout] test result: FAILED. 3 passed; 1 failed; 0 ignored; 0 measured; 0 filtered out
Dec 02 12:37:41.526 INFO [stdout] 
Dec 02 12:37:41.527 INFO [stderr] error: test failed, to rerun pass '--bin tztail'
Dec 02 12:37:41.527 INFO [stderr] su: No module specific data is present
Dec 02 12:37:41.802 INFO running `"docker" "inspect" "51e72724e77bdd94af9f9802bc17deb14ba46de6fd763f99da2633d0665212ba"`
Dec 02 12:37:41.904 INFO running `"docker" "rm" "-f" "51e72724e77bdd94af9f9802bc17deb14ba46de6fd763f99da2633d0665212ba"`
Dec 02 12:37:41.995 INFO [stdout] 51e72724e77bdd94af9f9802bc17deb14ba46de6fd763f99da2633d0665212ba
