Dec 02 14:55:20.699 INFO testing symbolic-unreal-5.7.0 against 1.30.1 for beta-1.31-5
Dec 02 14:55:20.699 INFO running `"docker" "create" "-v" "/mnt/big/crater/work/local/target-dirs/beta-1.31-5/worker-2/1.30.1:/target:rw,Z" "-v" "/mnt/big/crater/work/local/test-source/worker-2/beta-1.31-5/1.30.1:/source:ro,Z" "-v" "/mnt/big/crater/work/local/cargo-home:/cargo-home:ro,Z" "-v" "/mnt/big/crater/work/local/rustup-home:/rustup-home:ro,Z" "-e" "USER_ID=1000" "-e" "SOURCE_DIR=/source" "-e" "USER_ID=1000" "-e" "CMD=cargo +1.30.1 build --frozen" "-e" "CARGO_TARGET_DIR=/target" "-e" "CARGO_INCREMENTAL=0" "-e" "RUST_BACKTRACE=full" "-e" "RUSTFLAGS=--cap-lints=warn" "-e" "CARGO_HOME=/cargo-home" "-e" "RUSTUP_HOME=/rustup-home" "-m" "1536M" "--network" "none" "crater"`
Dec 02 14:55:21.364 INFO [stdout] b1f58e7e1f48dedb3803fdaf7038210a7e543d171cf67b833bdc9e74886326ca
Dec 02 14:55:21.366 INFO running `"docker" "start" "-a" "b1f58e7e1f48dedb3803fdaf7038210a7e543d171cf67b833bdc9e74886326ca"`
Dec 02 14:55:22.012 INFO [stderr] usermod: no changes
Dec 02 14:55:22.108 INFO [stderr]    Compiling compress v0.1.2
Dec 02 14:55:25.041 INFO [stderr]    Compiling symbolic-unreal v5.7.0 (/source)
Dec 02 14:55:27.324 INFO [stderr]     Finished dev [unoptimized + debuginfo] target(s) in 5.29s
Dec 02 14:55:27.329 INFO [stderr] su: No module specific data is present
Dec 02 14:55:27.604 INFO running `"docker" "inspect" "b1f58e7e1f48dedb3803fdaf7038210a7e543d171cf67b833bdc9e74886326ca"`
Dec 02 14:55:27.749 INFO running `"docker" "rm" "-f" "b1f58e7e1f48dedb3803fdaf7038210a7e543d171cf67b833bdc9e74886326ca"`
Dec 02 14:55:28.107 INFO [stdout] b1f58e7e1f48dedb3803fdaf7038210a7e543d171cf67b833bdc9e74886326ca
Dec 02 14:55:28.111 INFO running `"docker" "create" "-v" "/mnt/big/crater/work/local/target-dirs/beta-1.31-5/worker-2/1.30.1:/target:rw,Z" "-v" "/mnt/big/crater/work/local/test-source/worker-2/beta-1.31-5/1.30.1:/source:ro,Z" "-v" "/mnt/big/crater/work/local/cargo-home:/cargo-home:ro,Z" "-v" "/mnt/big/crater/work/local/rustup-home:/rustup-home:ro,Z" "-e" "USER_ID=1000" "-e" "SOURCE_DIR=/source" "-e" "USER_ID=1000" "-e" "CMD=cargo +1.30.1 test --frozen --no-run" "-e" "CARGO_TARGET_DIR=/target" "-e" "CARGO_INCREMENTAL=0" "-e" "RUST_BACKTRACE=full" "-e" "RUSTFLAGS=--cap-lints=warn" "-e" "CARGO_HOME=/cargo-home" "-e" "RUSTUP_HOME=/rustup-home" "-m" "1536M" "--network" "none" "crater"`
Dec 02 14:55:28.579 INFO [stdout] e436ce503c79f0265f91452d8720b6d0a4f24d2a2e20ca674b3af28ee5d48f79
Dec 02 14:55:28.581 INFO running `"docker" "start" "-a" "e436ce503c79f0265f91452d8720b6d0a4f24d2a2e20ca674b3af28ee5d48f79"`
Dec 02 14:55:29.591 INFO [stderr] usermod: no changes
Dec 02 14:55:29.711 INFO [stderr]    Compiling symbolic-testutils v5.7.1
Dec 02 14:55:30.519 INFO [stderr]    Compiling symbolic-unreal v5.7.0 (/source)
Dec 02 14:55:36.299 INFO [stderr]     Finished dev [unoptimized + debuginfo] target(s) in 6.69s
Dec 02 14:55:36.311 INFO [stderr] su: No module specific data is present
Dec 02 14:55:37.515 INFO running `"docker" "inspect" "e436ce503c79f0265f91452d8720b6d0a4f24d2a2e20ca674b3af28ee5d48f79"`
Dec 02 14:55:37.801 INFO running `"docker" "rm" "-f" "e436ce503c79f0265f91452d8720b6d0a4f24d2a2e20ca674b3af28ee5d48f79"`
Dec 02 14:55:38.215 INFO [stdout] e436ce503c79f0265f91452d8720b6d0a4f24d2a2e20ca674b3af28ee5d48f79
Dec 02 14:55:38.223 INFO running `"docker" "create" "-v" "/mnt/big/crater/work/local/target-dirs/beta-1.31-5/worker-2/1.30.1:/target:rw,Z" "-v" "/mnt/big/crater/work/local/test-source/worker-2/beta-1.31-5/1.30.1:/source:ro,Z" "-v" "/mnt/big/crater/work/local/cargo-home:/cargo-home:ro,Z" "-v" "/mnt/big/crater/work/local/rustup-home:/rustup-home:ro,Z" "-e" "USER_ID=1000" "-e" "SOURCE_DIR=/source" "-e" "USER_ID=1000" "-e" "CMD=cargo +1.30.1 test --frozen" "-e" "CARGO_TARGET_DIR=/target" "-e" "CARGO_INCREMENTAL=0" "-e" "RUST_BACKTRACE=full" "-e" "RUSTFLAGS=--cap-lints=warn" "-e" "CARGO_HOME=/cargo-home" "-e" "RUSTUP_HOME=/rustup-home" "-m" "1536M" "--network" "none" "crater"`
Dec 02 14:55:38.607 INFO [stdout] cc855ad39af1578b172aed40abffba76636b6309de18b9c948c140f4f0266a3d
Dec 02 14:55:38.619 INFO running `"docker" "start" "-a" "cc855ad39af1578b172aed40abffba76636b6309de18b9c948c140f4f0266a3d"`
Dec 02 14:55:40.659 INFO [stderr] usermod: no changes
Dec 02 14:55:40.807 INFO [stderr]     Finished dev [unoptimized + debuginfo] target(s) in 0.12s
Dec 02 14:55:40.811 INFO [stderr]      Running /target/debug/deps/symbolic_unreal-724f1917c839167b
Dec 02 14:55:40.819 INFO [stdout] 
Dec 02 14:55:40.819 INFO [stdout] running 2 tests
Dec 02 14:55:40.819 INFO [stdout] test test_from_slice_empty_buffer ... ok
Dec 02 14:55:40.827 INFO [stdout] test test_from_slice_invalid_input ... ok
Dec 02 14:55:40.827 INFO [stdout] 
Dec 02 14:55:40.827 INFO [stdout] test result: ok. 2 passed; 0 failed; 0 ignored; 0 measured; 0 filtered out
Dec 02 14:55:40.827 INFO [stdout] 
Dec 02 14:55:40.827 INFO [stdout] 
Dec 02 14:55:40.827 INFO [stdout] running 1 test
Dec 02 14:55:40.827 INFO [stderr]      Running /target/debug/deps/test_unreal_crash_parse-60a96842aa5ba0ba
Dec 02 14:55:40.899 INFO [stdout] test parse_unreal_crash ... FAILED
Dec 02 14:55:40.899 INFO [stdout] 
Dec 02 14:55:40.899 INFO [stdout] failures:
Dec 02 14:55:40.899 INFO [stdout] 
Dec 02 14:55:40.899 INFO [stdout] ---- parse_unreal_crash stdout ----
Dec 02 14:55:40.899 INFO [stdout] thread 'parse_unreal_crash' panicked at 'example file opens: Os { code: 2, kind: NotFound, message: "No such file or directory" }', libcore/result.rs:1009:5
Dec 02 14:55:40.900 INFO [stdout] stack backtrace:
Dec 02 14:55:40.900 INFO [stdout]    0:     0x5630fe76d31e - std::sys::unix::backtrace::tracing::imp::unwind_backtrace::h15749a98198ba25f
Dec 02 14:55:40.900 INFO [stdout]                                at libstd/sys/unix/backtrace/tracing/gcc_s.rs:49
Dec 02 14:55:40.900 INFO [stdout]    1:     0x5630fe760616 - std::sys_common::backtrace::print::h0ba65c811294dbf0
Dec 02 14:55:40.900 INFO [stdout]                                at libstd/sys_common/backtrace.rs:71
Dec 02 14:55:40.900 INFO [stdout]                                at libstd/sys_common/backtrace.rs:59
Dec 02 14:55:40.900 INFO [stdout]    2:     0x5630fe75ea3d - std::panicking::default_hook::{{closure}}::h42bb31757f0fee64
Dec 02 14:55:40.900 INFO [stdout]                                at libstd/panicking.rs:211
Dec 02 14:55:40.900 INFO [stdout]    3:     0x5630fe75e74b - std::panicking::default_hook::hebc8848d7aa7dbd9
Dec 02 14:55:40.900 INFO [stdout]                                at libstd/panicking.rs:221
Dec 02 14:55:40.900 INFO [stdout]    4:     0x5630fe75f0ec - std::panicking::rust_panic_with_hook::h86e619a638415243
Dec 02 14:55:40.900 INFO [stdout]                                at libstd/panicking.rs:477
Dec 02 14:55:40.900 INFO [stdout]    5:     0x5630fe75eca9 - std::panicking::continue_panic_fmt::h2d2d2bfb065a70b2
Dec 02 14:55:40.900 INFO [stdout]                                at libstd/panicking.rs:391
Dec 02 14:55:40.900 INFO [stdout]    6:     0x5630fe75eba5 - rust_begin_unwind
Dec 02 14:55:40.900 INFO [stdout]                                at libstd/panicking.rs:326
Dec 02 14:55:40.900 INFO [stdout]    7:     0x5630fe7abdbb - core::panicking::panic_fmt::h2155aa66b67fe83c
Dec 02 14:55:40.900 INFO [stdout]                                at libcore/panicking.rs:77
Dec 02 14:55:40.900 INFO [stdout]    8:     0x5630fe7581f3 - core::result::unwrap_failed::h9de4e8e05a803135
Dec 02 14:55:40.900 INFO [stdout]                                at libcore/macros.rs:26
Dec 02 14:55:40.900 INFO [stdout]    9:     0x5630fe6fcbd6 - <core::result::Result<T, E>>::expect::h06ee9b145828e2ed
Dec 02 14:55:40.900 INFO [stdout]                                at libcore/result.rs:835
Dec 02 14:55:40.900 INFO [stdout]   10:     0x5630fe6fad78 - test_unreal_crash_parse::parse_unreal_crash::hbaae49a492349651
Dec 02 14:55:40.900 INFO [stdout]                                at tests/test_unreal_crash_parse.rs:14
Dec 02 14:55:40.900 INFO [stdout]   11:     0x5630fe6facf9 - test_unreal_crash_parse::parse_unreal_crash::{{closure}}::ha3753de4f629c5ff
Dec 02 14:55:40.900 INFO [stdout]                                at tests/test_unreal_crash_parse.rs:13
Dec 02 14:55:40.900 INFO [stdout]   12:     0x5630fe6fc74d - core::ops::function::FnOnce::call_once::h39b2f783b769bf4f
Dec 02 14:55:40.900 INFO [stdout]                                at libcore/ops/function.rs:238
Dec 02 14:55:40.900 INFO [stdout]   13:     0x5630fe6ff7be - <F as alloc::boxed::FnBox<A>>::call_box::hbea525814fa423cc
Dec 02 14:55:40.900 INFO [stdout]                                at libtest/lib.rs:1461
Dec 02 14:55:40.900 INFO [stdout]                                at libcore/ops/function.rs:238
Dec 02 14:55:40.900 INFO [stdout]                                at liballoc/boxed.rs:646
Dec 02 14:55:40.900 INFO [stdout]   14:     0x5630fe77c189 - __rust_maybe_catch_panic
Dec 02 14:55:40.900 INFO [stdout]                                at libpanic_unwind/lib.rs:103
Dec 02 14:55:40.900 INFO [stdout]   15:     0x5630fe70b11d - std::sys_common::backtrace::__rust_begin_short_backtrace::h0ff507d7422944d3
Dec 02 14:55:40.900 INFO [stdout]                                at libstd/panicking.rs:289
Dec 02 14:55:40.900 INFO [stdout]                                at libstd/panic.rs:392
Dec 02 14:55:40.900 INFO [stdout]                                at libtest/lib.rs:1416
Dec 02 14:55:40.900 INFO [stdout]                                at libstd/sys_common/backtrace.rs:136
Dec 02 14:55:40.900 INFO [stdout]   16:     0x5630fe723754 - std::panicking::try::do_call::hba0bdcc3670471cc
Dec 02 14:55:40.900 INFO [stdout]                                at libstd/thread/mod.rs:409
Dec 02 14:55:40.900 INFO [stdout]                                at libstd/panic.rs:313
Dec 02 14:55:40.900 INFO [stdout]                                at libstd/panicking.rs:310
Dec 02 14:55:40.900 INFO [stdout]   17:     0x5630fe77c189 - __rust_maybe_catch_panic
Dec 02 14:55:40.900 INFO [stdout]                                at libpanic_unwind/lib.rs:103
Dec 02 14:55:40.900 INFO [stdout]   18:     0x5630fe714026 - <F as alloc::boxed::FnBox<A>>::call_box::hdac52587b00591af
Dec 02 14:55:40.900 INFO [stdout]                                at libstd/panicking.rs:289
Dec 02 14:55:40.900 INFO [stdout]                                at libstd/panic.rs:392
Dec 02 14:55:40.900 INFO [stdout]                                at libstd/thread/mod.rs:408
Dec 02 14:55:40.900 INFO [stdout]                                at liballoc/boxed.rs:646
Dec 02 14:55:40.900 INFO [stdout]   19:     0x5630fe76ec2a - std::sys_common::thread::start_thread::h75d887c7d2cc4479
Dec 02 14:55:40.900 INFO [stdout]                                at liballoc/boxed.rs:656
Dec 02 14:55:40.900 INFO [stdout]                                at libstd/sys_common/thread.rs:24
Dec 02 14:55:40.900 INFO [stdout]   20:     0x5630fe75f855 - std::sys::unix::thread::Thread::new::thread_start::h8414caee632bf9ed
Dec 02 14:55:40.900 INFO [stdout]                                at libstd/sys/unix/thread.rs:90
Dec 02 14:55:40.900 INFO [stdout]   21:     0x7fd12c8926b9 - start_thread
Dec 02 14:55:40.900 INFO [stdout]   22:     0x7fd12c3b241c - clone
Dec 02 14:55:40.900 INFO [stdout]   23:                0x0 - <unknown>
Dec 02 14:55:40.900 INFO [stdout] 
Dec 02 14:55:40.900 INFO [stdout] 
Dec 02 14:55:40.900 INFO [stdout] failures:
Dec 02 14:55:40.900 INFO [stdout]     parse_unreal_crash
Dec 02 14:55:40.900 INFO [stdout] 
Dec 02 14:55:40.900 INFO [stdout] test result: FAILED. 0 passed; 1 failed; 0 ignored; 0 measured; 0 filtered out
Dec 02 14:55:40.900 INFO [stdout] 
Dec 02 14:55:40.901 INFO [stderr] error: test failed, to rerun pass '--test test_unreal_crash_parse'
Dec 02 14:55:40.902 INFO [stderr] su: No module specific data is present
Dec 02 14:55:42.250 INFO running `"docker" "inspect" "cc855ad39af1578b172aed40abffba76636b6309de18b9c948c140f4f0266a3d"`
Dec 02 14:55:42.477 INFO running `"docker" "rm" "-f" "cc855ad39af1578b172aed40abffba76636b6309de18b9c948c140f4f0266a3d"`
Dec 02 14:55:42.825 INFO [stdout] cc855ad39af1578b172aed40abffba76636b6309de18b9c948c140f4f0266a3d
