Dec 02 15:17:39.112 INFO testing strava-0.2.0 against 1.30.1 for beta-1.31-5
Dec 02 15:17:39.112 INFO running `"docker" "create" "-v" "/mnt/big/crater/work/local/target-dirs/beta-1.31-5/worker-1/1.30.1:/target:rw,Z" "-v" "/mnt/big/crater/work/local/test-source/worker-1/beta-1.31-5/1.30.1:/source:ro,Z" "-v" "/mnt/big/crater/work/local/cargo-home:/cargo-home:ro,Z" "-v" "/mnt/big/crater/work/local/rustup-home:/rustup-home:ro,Z" "-e" "USER_ID=1000" "-e" "SOURCE_DIR=/source" "-e" "USER_ID=1000" "-e" "CMD=cargo +1.30.1 build --frozen" "-e" "CARGO_TARGET_DIR=/target" "-e" "CARGO_INCREMENTAL=0" "-e" "RUST_BACKTRACE=full" "-e" "RUSTFLAGS=--cap-lints=warn" "-e" "CARGO_HOME=/cargo-home" "-e" "RUSTUP_HOME=/rustup-home" "-m" "1536M" "--network" "none" "crater"`
Dec 02 15:17:39.611 INFO [stdout] c30092194315fc6f0b052c0582ddd296cb682e5c9302d6652bec7ecf221e0bb5
Dec 02 15:17:39.619 INFO running `"docker" "start" "-a" "c30092194315fc6f0b052c0582ddd296cb682e5c9302d6652bec7ecf221e0bb5"`
Dec 02 15:17:40.703 INFO [stderr] usermod: no changes
Dec 02 15:17:40.887 INFO [stderr]    Compiling strava v0.2.0 (/source)
Dec 02 15:17:46.313 INFO [stderr]     Finished dev [unoptimized + debuginfo] target(s) in 5.58s
Dec 02 15:17:46.322 INFO [stderr] su: No module specific data is present
Dec 02 15:17:46.712 INFO running `"docker" "inspect" "c30092194315fc6f0b052c0582ddd296cb682e5c9302d6652bec7ecf221e0bb5"`
Dec 02 15:17:46.805 INFO running `"docker" "rm" "-f" "c30092194315fc6f0b052c0582ddd296cb682e5c9302d6652bec7ecf221e0bb5"`
Dec 02 15:17:46.929 INFO [stdout] c30092194315fc6f0b052c0582ddd296cb682e5c9302d6652bec7ecf221e0bb5
Dec 02 15:17:46.931 INFO running `"docker" "create" "-v" "/mnt/big/crater/work/local/target-dirs/beta-1.31-5/worker-1/1.30.1:/target:rw,Z" "-v" "/mnt/big/crater/work/local/test-source/worker-1/beta-1.31-5/1.30.1:/source:ro,Z" "-v" "/mnt/big/crater/work/local/cargo-home:/cargo-home:ro,Z" "-v" "/mnt/big/crater/work/local/rustup-home:/rustup-home:ro,Z" "-e" "USER_ID=1000" "-e" "SOURCE_DIR=/source" "-e" "USER_ID=1000" "-e" "CMD=cargo +1.30.1 test --frozen --no-run" "-e" "CARGO_TARGET_DIR=/target" "-e" "CARGO_INCREMENTAL=0" "-e" "RUST_BACKTRACE=full" "-e" "RUSTFLAGS=--cap-lints=warn" "-e" "CARGO_HOME=/cargo-home" "-e" "RUSTUP_HOME=/rustup-home" "-m" "1536M" "--network" "none" "crater"`
Dec 02 15:17:47.086 INFO [stdout] 22a98cab60ecb537203f496f4cb1e8a68199f0d7e51c4e495baa943d6526e9ea
Dec 02 15:17:47.088 INFO running `"docker" "start" "-a" "22a98cab60ecb537203f496f4cb1e8a68199f0d7e51c4e495baa943d6526e9ea"`
Dec 02 15:17:47.584 INFO [stderr] usermod: no changes
Dec 02 15:17:47.673 INFO [stderr]    Compiling strava v0.2.0 (/source)
Dec 02 15:17:52.964 INFO [stderr]     Finished dev [unoptimized + debuginfo] target(s) in 5.36s
Dec 02 15:17:52.972 INFO [stderr] su: No module specific data is present
Dec 02 15:17:53.364 INFO running `"docker" "inspect" "22a98cab60ecb537203f496f4cb1e8a68199f0d7e51c4e495baa943d6526e9ea"`
Dec 02 15:17:53.592 INFO running `"docker" "rm" "-f" "22a98cab60ecb537203f496f4cb1e8a68199f0d7e51c4e495baa943d6526e9ea"`
Dec 02 15:17:53.699 INFO [stdout] 22a98cab60ecb537203f496f4cb1e8a68199f0d7e51c4e495baa943d6526e9ea
Dec 02 15:17:53.701 INFO running `"docker" "create" "-v" "/mnt/big/crater/work/local/target-dirs/beta-1.31-5/worker-1/1.30.1:/target:rw,Z" "-v" "/mnt/big/crater/work/local/test-source/worker-1/beta-1.31-5/1.30.1:/source:ro,Z" "-v" "/mnt/big/crater/work/local/cargo-home:/cargo-home:ro,Z" "-v" "/mnt/big/crater/work/local/rustup-home:/rustup-home:ro,Z" "-e" "USER_ID=1000" "-e" "SOURCE_DIR=/source" "-e" "USER_ID=1000" "-e" "CMD=cargo +1.30.1 test --frozen" "-e" "CARGO_TARGET_DIR=/target" "-e" "CARGO_INCREMENTAL=0" "-e" "RUST_BACKTRACE=full" "-e" "RUSTFLAGS=--cap-lints=warn" "-e" "CARGO_HOME=/cargo-home" "-e" "RUSTUP_HOME=/rustup-home" "-m" "1536M" "--network" "none" "crater"`
Dec 02 15:17:53.982 INFO [stdout] b3da37241d434a0d5ea903ad3edfef03e34a5e173ce6fa6aa47494ee014d25c9
Dec 02 15:17:53.985 INFO running `"docker" "start" "-a" "b3da37241d434a0d5ea903ad3edfef03e34a5e173ce6fa6aa47494ee014d25c9"`
Dec 02 15:17:54.350 INFO [stderr] usermod: no changes
Dec 02 15:17:54.423 INFO [stderr]     Finished dev [unoptimized + debuginfo] target(s) in 0.06s
Dec 02 15:17:54.439 INFO [stderr]      Running /target/debug/deps/strava-9e0bb8bdd0026232
Dec 02 15:17:54.442 INFO [stdout] 
Dec 02 15:17:54.442 INFO [stdout] running 4 tests
Dec 02 15:17:54.442 INFO [stdout] test api::resource_state_tests::default ... ok
Dec 02 15:17:54.442 INFO [stdout] test api::resource_state_tests::values ... ok
Dec 02 15:17:54.444 INFO [stdout] test api::paginated_tests::last_page ... ok
Dec 02 15:17:54.489 INFO [stdout] test http::tests::request_wrapper_can_fetch ... FAILED
Dec 02 15:17:54.489 INFO [stdout] 
Dec 02 15:17:54.489 INFO [stdout] failures:
Dec 02 15:17:54.489 INFO [stdout] 
Dec 02 15:17:54.489 INFO [stdout] ---- http::tests::request_wrapper_can_fetch stdout ----
Dec 02 15:17:54.489 INFO [stdout] thread 'http::tests::request_wrapper_can_fetch' panicked at 'called `Result::unwrap()` on an `Err` value: Io(Custom { kind: Other, error: StringError("failed to lookup address information: Temporary failure in name resolution") })', libcore/result.rs:1009:5
Dec 02 15:17:54.489 INFO [stdout] stack backtrace:
Dec 02 15:17:54.489 INFO [stdout]    0:     0x561ef487924e - std::sys::unix::backtrace::tracing::imp::unwind_backtrace::h15749a98198ba25f
Dec 02 15:17:54.489 INFO [stdout]                                at libstd/sys/unix/backtrace/tracing/gcc_s.rs:49
Dec 02 15:17:54.489 INFO [stdout]    1:     0x561ef486b306 - std::sys_common::backtrace::print::h0ba65c811294dbf0
Dec 02 15:17:54.489 INFO [stdout]                                at libstd/sys_common/backtrace.rs:71
Dec 02 15:17:54.489 INFO [stdout]                                at libstd/sys_common/backtrace.rs:59
Dec 02 15:17:54.489 INFO [stdout]    2:     0x561ef486966d - std::panicking::default_hook::{{closure}}::h42bb31757f0fee64
Dec 02 15:17:54.489 INFO [stdout]                                at libstd/panicking.rs:211
Dec 02 15:17:54.489 INFO [stdout]    3:     0x561ef486937b - std::panicking::default_hook::hebc8848d7aa7dbd9
Dec 02 15:17:54.489 INFO [stdout]                                at libstd/panicking.rs:221
Dec 02 15:17:54.489 INFO [stdout]    4:     0x561ef4869d1c - std::panicking::rust_panic_with_hook::h86e619a638415243
Dec 02 15:17:54.489 INFO [stdout]                                at libstd/panicking.rs:477
Dec 02 15:17:54.489 INFO [stdout]    5:     0x561ef48698d9 - std::panicking::continue_panic_fmt::h2d2d2bfb065a70b2
Dec 02 15:17:54.489 INFO [stdout]                                at libstd/panicking.rs:391
Dec 02 15:17:54.489 INFO [stdout]    6:     0x561ef48697d5 - rust_begin_unwind
Dec 02 15:17:54.489 INFO [stdout]                                at libstd/panicking.rs:326
Dec 02 15:17:54.489 INFO [stdout]    7:     0x561ef48b8e3b - core::panicking::panic_fmt::h2155aa66b67fe83c
Dec 02 15:17:54.489 INFO [stdout]                                at libcore/panicking.rs:77
Dec 02 15:17:54.489 INFO [stdout]    8:     0x561ef4776d03 - core::result::unwrap_failed::h21439de2c1d1e79a
Dec 02 15:17:54.489 INFO [stdout]                                at libcore/macros.rs:26
Dec 02 15:17:54.489 INFO [stdout]    9:     0x561ef46cb7c1 - <core::result::Result<T, E>>::unwrap::hb13f483ee7dfe6e8
Dec 02 15:17:54.489 INFO [stdout]                                at libcore/result.rs:808
Dec 02 15:17:54.489 INFO [stdout]   10:     0x561ef46d4217 - strava::http::tests::request_wrapper_can_fetch::h542cbc6ea0a14686
Dec 02 15:17:54.489 INFO [stdout]                                at src/http.rs:136
Dec 02 15:17:54.489 INFO [stdout]   11:     0x561ef46d41b9 - strava::http::tests::request_wrapper_can_fetch::{{closure}}::h6002804e25bc9b05
Dec 02 15:17:54.489 INFO [stdout]                                at src/http.rs:135
Dec 02 15:17:54.489 INFO [stdout]   12:     0x561ef46cc4ed - core::ops::function::FnOnce::call_once::h6ee2e17ad719b088
Dec 02 15:17:54.489 INFO [stdout]                                at libcore/ops/function.rs:238
Dec 02 15:17:54.489 INFO [stdout]   13:     0x561ef46d8e8e - <F as alloc::boxed::FnBox<A>>::call_box::hbea525814fa423cc
Dec 02 15:17:54.489 INFO [stdout]                                at libtest/lib.rs:1461
Dec 02 15:17:54.489 INFO [stdout]                                at libcore/ops/function.rs:238
Dec 02 15:17:54.489 INFO [stdout]                                at liballoc/boxed.rs:646
Dec 02 15:17:54.489 INFO [stdout]   14:     0x561ef48881d9 - __rust_maybe_catch_panic
Dec 02 15:17:54.489 INFO [stdout]                                at libpanic_unwind/lib.rs:103
Dec 02 15:17:54.489 INFO [stdout]   15:     0x561ef46e47ed - std::sys_common::backtrace::__rust_begin_short_backtrace::h0ff507d7422944d3
Dec 02 15:17:54.490 INFO [stdout]                                at libstd/panicking.rs:289
Dec 02 15:17:54.490 INFO [stdout]                                at libstd/panic.rs:392
Dec 02 15:17:54.490 INFO [stdout]                                at libtest/lib.rs:1416
Dec 02 15:17:54.490 INFO [stdout]                                at libstd/sys_common/backtrace.rs:136
Dec 02 15:17:54.490 INFO [stdout]   16:     0x561ef46fce24 - std::panicking::try::do_call::hba0bdcc3670471cc
Dec 02 15:17:54.490 INFO [stdout]                                at libstd/thread/mod.rs:409
Dec 02 15:17:54.490 INFO [stdout]                                at libstd/panic.rs:313
Dec 02 15:17:54.490 INFO [stdout]                                at libstd/panicking.rs:310
Dec 02 15:17:54.490 INFO [stdout]   17:     0x561ef48881d9 - __rust_maybe_catch_panic
Dec 02 15:17:54.490 INFO [stdout]                                at libpanic_unwind/lib.rs:103
Dec 02 15:17:54.490 INFO [stdout]   18:     0x561ef46ed6f6 - <F as alloc::boxed::FnBox<A>>::call_box::hdac52587b00591af
Dec 02 15:17:54.490 INFO [stdout]                                at libstd/panicking.rs:289
Dec 02 15:17:54.490 INFO [stdout]                                at libstd/panic.rs:392
Dec 02 15:17:54.490 INFO [stdout]                                at libstd/thread/mod.rs:408
Dec 02 15:17:54.490 INFO [stdout]                                at liballoc/boxed.rs:646
Dec 02 15:17:54.490 INFO [stdout]   19:     0x561ef487ad8a - std::sys_common::thread::start_thread::h75d887c7d2cc4479
Dec 02 15:17:54.490 INFO [stdout]                                at liballoc/boxed.rs:656
Dec 02 15:17:54.490 INFO [stdout]                                at libstd/sys_common/thread.rs:24
Dec 02 15:17:54.490 INFO [stdout]   20:     0x561ef486a545 - std::sys::unix::thread::Thread::new::thread_start::h8414caee632bf9ed
Dec 02 15:17:54.490 INFO [stdout]                                at libstd/sys/unix/thread.rs:90
Dec 02 15:17:54.490 INFO [stdout]   21:     0x7f1abda706b9 - start_thread
Dec 02 15:17:54.490 INFO [stdout]   22:     0x7f1abd59041c - clone
Dec 02 15:17:54.490 INFO [stdout]   23:                0x0 - <unknown>
Dec 02 15:17:54.490 INFO [stdout] 
Dec 02 15:17:54.490 INFO [stdout] 
Dec 02 15:17:54.490 INFO [stdout] failures:
Dec 02 15:17:54.490 INFO [stdout]     http::tests::request_wrapper_can_fetch
Dec 02 15:17:54.490 INFO [stdout] 
Dec 02 15:17:54.490 INFO [stdout] test result: FAILED. 3 passed; 1 failed; 0 ignored; 0 measured; 0 filtered out
Dec 02 15:17:54.490 INFO [stdout] 
Dec 02 15:17:54.491 INFO [stderr] error: test failed, to rerun pass '--lib'
Dec 02 15:17:54.493 INFO [stderr] su: No module specific data is present
Dec 02 15:17:54.763 INFO running `"docker" "inspect" "b3da37241d434a0d5ea903ad3edfef03e34a5e173ce6fa6aa47494ee014d25c9"`
Dec 02 15:17:54.917 INFO running `"docker" "rm" "-f" "b3da37241d434a0d5ea903ad3edfef03e34a5e173ce6fa6aa47494ee014d25c9"`
Dec 02 15:17:55.102 INFO [stdout] b3da37241d434a0d5ea903ad3edfef03e34a5e173ce6fa6aa47494ee014d25c9
