Dec 02 15:18:19.537 INFO testing storyboard-client-0.2.1 against 1.30.1 for beta-1.31-5
Dec 02 15:18:19.537 INFO running `"docker" "create" "-v" "/mnt/big/crater/work/local/target-dirs/beta-1.31-5/worker-5/1.30.1:/target:rw,Z" "-v" "/mnt/big/crater/work/local/test-source/worker-5/beta-1.31-5/1.30.1:/source:ro,Z" "-v" "/mnt/big/crater/work/local/cargo-home:/cargo-home:ro,Z" "-v" "/mnt/big/crater/work/local/rustup-home:/rustup-home:ro,Z" "-e" "USER_ID=1000" "-e" "SOURCE_DIR=/source" "-e" "USER_ID=1000" "-e" "CMD=cargo +1.30.1 build --frozen" "-e" "CARGO_TARGET_DIR=/target" "-e" "CARGO_INCREMENTAL=0" "-e" "RUST_BACKTRACE=full" "-e" "RUSTFLAGS=--cap-lints=warn" "-e" "CARGO_HOME=/cargo-home" "-e" "RUSTUP_HOME=/rustup-home" "-m" "1536M" "--network" "none" "crater"`
Dec 02 15:18:19.907 INFO [stdout] 930ddf1a49f80b8492bccd38ac219ae2d1dbe374c378ad2a9b1957281c838e8d
Dec 02 15:18:19.911 INFO running `"docker" "start" "-a" "930ddf1a49f80b8492bccd38ac219ae2d1dbe374c378ad2a9b1957281c838e8d"`
Dec 02 15:18:21.003 INFO [stderr] usermod: no changes
Dec 02 15:18:21.399 INFO [stderr]    Compiling storyboard-client v0.2.1 (/source)
Dec 02 15:18:45.067 INFO [stderr]     Finished dev [unoptimized + debuginfo] target(s) in 24.02s
Dec 02 15:18:45.087 INFO [stderr] su: No module specific data is present
Dec 02 15:18:46.255 INFO running `"docker" "inspect" "930ddf1a49f80b8492bccd38ac219ae2d1dbe374c378ad2a9b1957281c838e8d"`
Dec 02 15:18:46.577 INFO running `"docker" "rm" "-f" "930ddf1a49f80b8492bccd38ac219ae2d1dbe374c378ad2a9b1957281c838e8d"`
Dec 02 15:18:46.847 INFO [stdout] 930ddf1a49f80b8492bccd38ac219ae2d1dbe374c378ad2a9b1957281c838e8d
Dec 02 15:18:46.849 INFO running `"docker" "create" "-v" "/mnt/big/crater/work/local/target-dirs/beta-1.31-5/worker-5/1.30.1:/target:rw,Z" "-v" "/mnt/big/crater/work/local/test-source/worker-5/beta-1.31-5/1.30.1:/source:ro,Z" "-v" "/mnt/big/crater/work/local/cargo-home:/cargo-home:ro,Z" "-v" "/mnt/big/crater/work/local/rustup-home:/rustup-home:ro,Z" "-e" "USER_ID=1000" "-e" "SOURCE_DIR=/source" "-e" "USER_ID=1000" "-e" "CMD=cargo +1.30.1 test --frozen --no-run" "-e" "CARGO_TARGET_DIR=/target" "-e" "CARGO_INCREMENTAL=0" "-e" "RUST_BACKTRACE=full" "-e" "RUSTFLAGS=--cap-lints=warn" "-e" "CARGO_HOME=/cargo-home" "-e" "RUSTUP_HOME=/rustup-home" "-m" "1536M" "--network" "none" "crater"`
Dec 02 15:18:47.339 INFO [stdout] 58f8649d9ee6fb080e5ed2c5d2a402465d5a51dc6d7860eeb8a6ef47369ba85c
Dec 02 15:18:47.341 INFO running `"docker" "start" "-a" "58f8649d9ee6fb080e5ed2c5d2a402465d5a51dc6d7860eeb8a6ef47369ba85c"`
Dec 02 15:18:48.336 INFO [stderr] usermod: no changes
Dec 02 15:18:48.542 INFO [stderr]    Compiling storyboard-client v0.2.1 (/source)
Dec 02 15:19:01.213 INFO [stderr]     Finished dev [unoptimized + debuginfo] target(s) in 12.85s
Dec 02 15:19:01.229 INFO [stderr] su: No module specific data is present
Dec 02 15:19:01.675 INFO running `"docker" "inspect" "58f8649d9ee6fb080e5ed2c5d2a402465d5a51dc6d7860eeb8a6ef47369ba85c"`
Dec 02 15:19:01.880 INFO running `"docker" "rm" "-f" "58f8649d9ee6fb080e5ed2c5d2a402465d5a51dc6d7860eeb8a6ef47369ba85c"`
Dec 02 15:19:02.079 INFO [stdout] 58f8649d9ee6fb080e5ed2c5d2a402465d5a51dc6d7860eeb8a6ef47369ba85c
Dec 02 15:19:02.081 INFO running `"docker" "create" "-v" "/mnt/big/crater/work/local/target-dirs/beta-1.31-5/worker-5/1.30.1:/target:rw,Z" "-v" "/mnt/big/crater/work/local/test-source/worker-5/beta-1.31-5/1.30.1:/source:ro,Z" "-v" "/mnt/big/crater/work/local/cargo-home:/cargo-home:ro,Z" "-v" "/mnt/big/crater/work/local/rustup-home:/rustup-home:ro,Z" "-e" "USER_ID=1000" "-e" "SOURCE_DIR=/source" "-e" "USER_ID=1000" "-e" "CMD=cargo +1.30.1 test --frozen" "-e" "CARGO_TARGET_DIR=/target" "-e" "CARGO_INCREMENTAL=0" "-e" "RUST_BACKTRACE=full" "-e" "RUSTFLAGS=--cap-lints=warn" "-e" "CARGO_HOME=/cargo-home" "-e" "RUSTUP_HOME=/rustup-home" "-m" "1536M" "--network" "none" "crater"`
Dec 02 15:19:02.474 INFO [stdout] a1c5603cf848c4b847da6f9f92bc0de6a0975e2ac1a1122cf5710c6a5f07decc
Dec 02 15:19:02.476 INFO running `"docker" "start" "-a" "a1c5603cf848c4b847da6f9f92bc0de6a0975e2ac1a1122cf5710c6a5f07decc"`
Dec 02 15:19:02.940 INFO [stderr] usermod: no changes
Dec 02 15:19:03.120 INFO [stderr]     Finished dev [unoptimized + debuginfo] target(s) in 0.16s
Dec 02 15:19:03.142 INFO [stderr]      Running /target/debug/deps/storyboard_client-ca636f1691869422
Dec 02 15:19:03.146 INFO [stdout] 
Dec 02 15:19:03.146 INFO [stdout] running 0 tests
Dec 02 15:19:03.146 INFO [stdout] 
Dec 02 15:19:03.146 INFO [stdout] test result: ok. 0 passed; 0 failed; 0 ignored; 0 measured; 0 filtered out
Dec 02 15:19:03.146 INFO [stdout] 
Dec 02 15:19:03.147 INFO [stderr]      Running /target/debug/deps/main-4cb72a8072a70b6b
Dec 02 15:19:03.152 INFO [stdout] 
Dec 02 15:19:03.152 INFO [stdout] running 0 tests
Dec 02 15:19:03.152 INFO [stdout] 
Dec 02 15:19:03.152 INFO [stdout] test result: ok. 0 passed; 0 failed; 0 ignored; 0 measured; 0 filtered out
Dec 02 15:19:03.152 INFO [stdout] 
Dec 02 15:19:03.153 INFO [stderr]    Doc-tests storyboard-client
Dec 02 15:19:15.151 INFO [stdout] 
Dec 02 15:19:15.151 INFO [stdout] running 9 tests
Dec 02 15:20:15.151 INFO [stdout] test src/projects.rs - projects::Client::get_all_projects (line 56) ... test src/projects.rs - projects::Client::get_all_projects (line 56) has been running for over 60 seconds
Dec 02 15:20:15.151 INFO [stdout] test src/projects.rs - projects::Client::get_projects_in_group (line 120) ... test src/projects.rs - projects::Client::get_projects_in_group (line 120) has been running for over 60 seconds
Dec 02 15:20:15.151 INFO [stdout] test src/projects.rs - projects::Client::search_projects (line 80) ... test src/projects.rs - projects::Client::search_projects (line 80) has been running for over 60 seconds
Dec 02 15:20:15.151 INFO [stdout] test src/client.rs - client::Client::new (line 17) ... test src/client.rs - client::Client::new (line 17) has been running for over 60 seconds
Dec 02 15:20:15.163 INFO [stdout] test src/stories.rs - stories::Client::get_tasks_in_story (line 85) ... test src/stories.rs - stories::Client::get_tasks_in_story (line 85) has been running for over 60 seconds
Dec 02 15:20:15.167 INFO [stdout] test src/tasks.rs - tasks::Client::get_tasks_in_project_group (line 77) ... test src/tasks.rs - tasks::Client::get_tasks_in_project_group (line 77) has been running for over 60 seconds
Dec 02 15:20:15.167 INFO [stdout] test src/tasks.rs - tasks::Client::search_tasks (line 54) ... test src/tasks.rs - tasks::Client::search_tasks (line 54) has been running for over 60 seconds
Dec 02 15:20:15.167 INFO [stdout] test src/stories.rs - stories::Client::search_stories (line 62) ... test src/stories.rs - stories::Client::search_stories (line 62) has been running for over 60 seconds
Dec 02 15:20:28.903 INFO [stdout] test src/stories.rs - stories::Client::search_stories (line 62) ... FAILED
Dec 02 15:20:28.903 INFO [stdout] test src/projects.rs - projects::Client::get_projects_in_group (line 120) ... FAILED
Dec 02 15:20:31.814 INFO [stdout] test src/projects.rs - projects::Client::search_projects (line 80) ... FAILED
Dec 02 15:20:31.875 INFO [stdout] test src/projects.rs - projects::Client::get_all_projects (line 56) ... FAILED
Dec 02 15:20:32.060 INFO [stdout] test src/client.rs - client::Client::new (line 17) ... ok
Dec 02 15:20:32.158 INFO [stderr] su: No module specific data is present
Dec 02 15:20:32.419 INFO running `"docker" "inspect" "a1c5603cf848c4b847da6f9f92bc0de6a0975e2ac1a1122cf5710c6a5f07decc"`
Dec 02 15:20:32.540 INFO running `"docker" "rm" "-f" "a1c5603cf848c4b847da6f9f92bc0de6a0975e2ac1a1122cf5710c6a5f07decc"`
Dec 02 15:20:32.667 INFO [stdout] a1c5603cf848c4b847da6f9f92bc0de6a0975e2ac1a1122cf5710c6a5f07decc
